-- https://www.phpmyadmin.net/
--
-- إصدار الخادم: 10.2.44-MariaDB

START TRANSACTION;



-- --------------------------------------------------------

--
-- بنية الجدول `admin_logs`
--

CREATE TABLE `admin_logs` (
  `id` int(100) NOT NULL,
  `admin_id` int(100) NOT NULL,
  `work` varchar(255) COLLATE utf8mb4_unicode_ci NOT NULL,
  `work_id` int(255) NOT NULL,
  `date` varchar(255) COLLATE utf8mb4_unicode_ci NOT NULL,
  `status` varchar(255) COLLATE utf8mb4_unicode_ci NOT NULL
) ENGINE=InnoDB DEFAULT CHARSET=utf8mb4 COLLATE=utf8mb4_unicode_ci;

--
-- إرجاع أو استيراد بيانات الجدول `admin_logs`
--

INSERT INTO `admin_logs` (`id`, `admin_id`, `work`, `work_id`, `date`, `status`) VALUES
(10, 1, 'general_settings', 0, 'January 05, 2021 09:28:52', 'updated'),
(11, 1, 'general_settings', 0, 'January 05, 2021 09:39:07', 'updated'),
(12, 1, 'general_settings', 0, 'January 05, 2021 09:40:35', 'updated'),
(13, 1, 'home_section', 0, 'January 05, 2021 09:42:04', 'updated'),
(14, 1, 'home_slide', 4, 'January 05, 2021 09:42:13', 'deleted'),
(15, 1, 'home_slide', 3, 'January 05, 2021 09:42:18', 'deleted'),
(16, 1, 'home_slide', 2, 'January 05, 2021 09:42:23', 'deleted'),
(17, 1, 'home_slide', 1, 'January 05, 2021 09:42:40', 'updated'),
(18, 1, 'language', 2, 'January 05, 2021 09:47:31', 'inserted'),
(19, 1, 'language', 2, 'January 05, 2021 09:48:13', 'updated'),
(20, 1, 'cat', 1, 'January 05, 2021 10:28:22', 'updated'),
(21, 1, 'cat', 2, 'January 05, 2021 10:28:48', 'updated'),
(22, 1, 'cat', 3, 'January 05, 2021 10:29:12', 'updated'),
(23, 1, 'cat', 4, 'January 05, 2021 10:29:35', 'updated'),
(24, 1, 'cat', 6, 'January 05, 2021 10:30:07', 'updated'),
(25, 1, 'cat', 7, 'January 05, 2021 10:30:29', 'updated'),
(26, 1, 'cat', 8, 'January 05, 2021 10:30:56', 'updated'),
(27, 1, 'cat', 9, 'January 05, 2021 10:31:11', 'updated'),
(28, 1, 'child_cat', 94, 'January 05, 2021 10:33:07', 'updated'),
(29, 10, 'general_settings', 0, 'January 05, 2021 13:14:43', 'updated'),
(30, 10, 'home_slide', 7, 'January 05, 2021 13:22:14', 'inserted'),
(31, 10, 'card', 1, 'January 05, 2021 13:25:44', 'updated'),
(32, 10, 'card', 2, 'January 05, 2021 13:26:00', 'updated'),
(33, 10, 'card', 3, 'January 05, 2021 13:26:27', 'updated'),
(34, 10, 'card', 4, 'January 05, 2021 13:26:33', 'updated'),
(35, 10, 'card', 5, 'January 05, 2021 13:26:39', 'updated'),
(36, 10, 'card', 6, 'January 05, 2021 13:27:27', 'updated'),
(37, 10, 'card', 6, 'January 05, 2021 13:30:49', 'updated'),
(38, 1, 'seller_language', 1, 'January 05, 2021 14:54:59', 'inserted'),
(39, 1, 'seller_language', 2, 'January 05, 2021 14:55:11', 'inserted'),
(40, 1, 'proposal', 1, 'January 05, 2021 15:17:38', 'approved'),
(41, 1, 'term', 1, 'January 05, 2021 15:31:21', 'updated'),
(42, 1, 'term', 1, 'January 05, 2021 15:32:12', 'updated'),
(43, 1, 'term', 1, 'January 05, 2021 15:32:36', 'updated'),
(44, 1, 'term', 3, 'January 05, 2021 15:33:00', 'inserted'),
(45, 1, 'custom_css', 0, 'January 05, 2021 15:33:38', 'updated'),
(46, 1, 'article_cat', 1, 'January 05, 2021 19:56:10', 'inserted'),
(47, 1, 'article', 1, 'January 05, 2021 19:56:54', 'inserted'),
(48, 1, 'payoneer_settings', 0, 'January 05, 2021 20:08:42', 'updated'),
(49, 1, 'paypal_settings', 0, 'January 05, 2021 20:11:08', 'updated'),
(50, 1, 'general_settings', 0, 'January 05, 2021 20:43:29', 'updated'),
(51, 1, 'seller_settings', 0, 'January 05, 2021 20:44:43', 'updated'),
(52, 1, 'footer_link', 20, 'January 05, 2021 21:01:01', 'deleted'),
(53, 1, 'paypal_settings', 0, 'January 05, 2021 21:24:39', 'updated'),
(54, 10, 'seller_settings', 0, 'January 05, 2021 22:25:56', 'updated'),
(55, 10, 'proposal', 2, 'January 05, 2021 22:27:33', 'approved'),
(56, 1, 'post_cat', 40, 'January 06, 2021 06:36:00', 'updated'),
(57, 1, 'post', 40, 'January 06, 2021 06:36:11', 'deleted'),
(58, 1, 'post_cat', 41, 'January 06, 2021 06:37:10', 'updated'),
(59, 1, 'post', 25, 'January 06, 2021 06:40:15', 'inserted'),
(60, 1, 'slide', 32, 'January 06, 2021 13:19:38', 'deleted'),
(61, 1, 'slide', 33, 'January 06, 2021 13:19:41', 'deleted'),
(62, 1, 'slide', 27, 'January 06, 2021 13:20:08', 'updated'),
(63, 1, 'general_settings', 0, 'January 06, 2021 19:56:02', 'updated'),
(64, 1, 'general_settings', 0, 'January 06, 2021 19:56:59', 'updated'),
(65, 1, 'general_settings', 0, 'January 06, 2021 20:00:42', 'updated'),
(66, 10, 'post', 26, 'January 07, 2021 06:45:47', 'inserted'),
(67, 10, 'post', 27, 'January 07, 2021 07:06:02', 'inserted'),
(68, 10, 'post', 26, 'January 07, 2021 07:06:28', 'deleted'),
(69, 1, 'language_settings', 2, 'January 11, 2021 19:20:41', 'updated'),
(70, 1, 'language_settings', 2, 'January 11, 2021 19:25:01', 'updated'),
(71, 1, 'language_settings', 2, 'January 11, 2021 19:25:44', 'updated'),
(72, 1, 'language', 2, 'January 11, 2021 19:26:18', 'updated'),
(73, 1, 'language_settings', 2, 'January 11, 2021 19:27:46', 'updated'),
(74, 1, 'language_settings', 2, 'January 11, 2021 19:28:33', 'updated'),
(75, 1, 'language_settings', 2, 'January 11, 2021 19:29:06', 'updated'),
(76, 1, 'language_settings', 2, 'January 12, 2021 08:36:22', 'updated'),
(77, 1, 'language_settings', 2, 'January 12, 2021 08:50:01', 'updated'),
(78, 1, 'language_settings', 2, 'January 12, 2021 09:51:59', 'updated'),
(79, 1, 'language_settings', 2, 'January 12, 2021 09:52:42', 'updated'),
(80, 1, 'language_settings', 2, 'January 12, 2021 09:53:19', 'updated'),
(81, 1, 'language_settings', 2, 'January 12, 2021 09:55:45', 'updated'),
(82, 1, 'language_settings', 1, 'January 12, 2021 10:07:00', 'updated'),
(83, 1, 'language_settings', 2, 'January 12, 2021 10:13:45', 'updated'),
(84, 1, 'proposal', 2, 'January 13, 2021 07:45:26', 'paused'),
(85, 1, 'proposal', 2, 'January 13, 2021 07:45:37', 'activated'),
(86, 1, 'seller_settings', 0, 'January 13, 2021 08:17:52', 'updated'),
(87, 1, 'card', 1, 'January 13, 2021 08:22:16', 'updated'),
(88, 1, 'card', 1, 'January 13, 2021 08:31:07', 'updated'),
(89, 1, 'card', 1, 'January 13, 2021 08:31:49', 'updated'),
(90, 1, 'card', 1, 'January 13, 2021 08:32:23', 'updated'),
(91, 1, 'card', 1, 'January 13, 2021 08:32:44', 'updated'),
(92, 1, 'card', 1, 'January 13, 2021 08:33:18', 'updated'),
(93, 1, 'card', 2, 'January 13, 2021 08:35:00', 'updated'),
(94, 1, 'card', 3, 'January 13, 2021 08:38:41', 'updated'),
(95, 1, 'card', 3, 'January 13, 2021 08:38:58', 'updated'),
(96, 1, 'card', 3, 'January 13, 2021 08:40:09', 'updated'),
(97, 1, 'card', 4, 'January 13, 2021 08:45:50', 'updated'),
(98, 1, 'card', 4, 'January 13, 2021 08:46:43', 'updated'),
(99, 1, 'card', 5, 'January 13, 2021 08:48:41', 'updated'),
(100, 1, 'cat', 8, 'January 13, 2021 17:21:36', 'updated'),
(101, 1, 'cat', 10, 'January 13, 2021 17:22:16', 'inserted'),
(102, 1, 'card', 6, 'January 13, 2021 17:38:42', 'updated'),
(103, 1, 'section_card', 7, 'January 13, 2021 17:49:50', 'inserted'),
(104, 1, 'card', 7, 'January 13, 2021 17:52:07', 'updated'),
(105, 1, 'section_card', 8, 'January 13, 2021 17:54:01', 'inserted'),
(106, 1, 'section_card', 9, 'January 13, 2021 17:56:29', 'inserted'),
(107, 1, 'section_card', 10, 'January 13, 2021 17:58:17', 'inserted'),
(108, 1, 'card', 10, 'January 13, 2021 18:04:08', 'updated'),
(109, 1, 'card', 9, 'January 13, 2021 18:05:00', 'updated'),
(110, 1, 'section_card', 11, 'January 14, 2021 08:35:04', 'inserted'),
(111, 1, 'card', 11, 'January 14, 2021 08:35:37', 'updated'),
(112, 1, 'section_card', 12, 'January 14, 2021 08:37:08', 'inserted'),
(113, 1, 'proposal', 3, 'January 15, 2021 18:03:42', 'paused'),
(114, 1, 'general_settings', 0, 'January 16, 2021 14:11:29', 'updated'),
(115, 1, 'proposal', 37, 'January 16, 2021 21:42:37', 'approved'),
(116, 1, 'proposal', 38, 'January 16, 2021 22:11:14', 'approved'),
(117, 1, 'proposal', 37, 'January 16, 2021 22:11:54', 'trashed'),
(118, 1, 'proposal', 37, 'January 16, 2021 22:12:07', 'deleted'),
(119, 10, 'proposal', 36, 'January 17, 2021 05:11:43', 'approved'),
(120, 10, 'proposal', 35, 'January 17, 2021 05:12:09', 'approved'),
(121, 10, 'proposal', 34, 'January 17, 2021 05:12:30', 'approved'),
(122, 10, 'proposal', 33, 'January 17, 2021 05:13:22', 'approved'),
(123, 10, 'proposal', 32, 'January 17, 2021 05:13:48', 'approved'),
(124, 10, 'proposal', 31, 'January 17, 2021 05:14:06', 'approved'),
(125, 10, 'proposal', 30, 'January 17, 2021 05:14:24', 'approved'),
(126, 10, 'proposal', 28, 'January 17, 2021 05:14:43', 'approved'),
(127, 10, 'proposal', 29, 'January 17, 2021 05:15:02', 'approved'),
(128, 10, 'proposal', 27, 'January 17, 2021 05:15:42', 'approved'),
(129, 10, 'proposal', 26, 'January 17, 2021 05:16:01', 'approved'),
(130, 10, 'proposal', 25, 'January 17, 2021 05:16:18', 'approved'),
(131, 10, 'proposal', 24, 'January 17, 2021 05:16:33', 'approved'),
(132, 10, 'proposal', 23, 'January 17, 2021 05:16:49', 'approved'),
(133, 10, 'proposal', 22, 'January 17, 2021 05:17:02', 'approved'),
(134, 10, 'proposal', 21, 'January 17, 2021 05:17:16', 'approved'),
(135, 10, 'proposal', 20, 'January 17, 2021 05:17:35', 'approved'),
(136, 10, 'proposal', 19, 'January 17, 2021 05:17:52', 'approved'),
(137, 10, 'proposal', 18, 'January 17, 2021 05:18:06', 'approved'),
(138, 10, 'proposal', 16, 'January 17, 2021 05:18:26', 'approved'),
(139, 10, 'proposal', 15, 'January 17, 2021 05:18:40', 'approved'),
(140, 10, 'proposal', 13, 'January 17, 2021 05:18:57', 'approved'),
(141, 10, 'proposal', 17, 'January 17, 2021 05:19:09', 'approved'),
(142, 10, 'proposal', 14, 'January 17, 2021 05:19:22', 'approved'),
(143, 10, 'proposal', 12, 'January 17, 2021 05:19:33', 'approved'),
(144, 10, 'proposal', 9, 'January 17, 2021 05:19:46', 'approved'),
(145, 10, 'proposal', 11, 'January 17, 2021 06:16:11', 'approved'),
(146, 10, 'proposal', 8, 'January 17, 2021 06:16:24', 'approved'),
(147, 10, 'proposal', 4, 'January 17, 2021 06:16:37', 'approved'),
(148, 10, 'proposal', 7, 'January 17, 2021 06:16:49', 'approved'),
(149, 1, 'cat', 1, 'January 17, 2021 06:18:45', 'updated'),
(150, 1, 'cat', 2, 'January 17, 2021 06:19:09', 'updated'),
(151, 1, 'cat', 3, 'January 17, 2021 06:19:28', 'updated'),
(152, 1, 'cat', 4, 'January 17, 2021 06:38:23', 'updated'),
(153, 1, 'cat', 6, 'January 17, 2021 06:39:24', 'updated'),
(154, 1, 'cat', 7, 'January 17, 2021 06:39:30', 'deleted'),
(155, 1, 'cat', 10, 'January 17, 2021 06:39:36', 'deleted'),
(156, 1, 'cat', 8, 'January 17, 2021 06:39:41', 'deleted'),
(157, 1, 'child_cat', 69, 'January 17, 2021 06:40:19', 'deleted'),
(158, 1, 'cat', 9, 'January 17, 2021 06:47:38', 'updated'),
(159, 1, 'cat', 2, 'January 17, 2021 06:48:13', 'updated'),
(160, 1, 'cat', 1, 'January 17, 2021 08:23:40', 'updated'),
(161, 1, 'cat', 2, 'January 17, 2021 08:23:54', 'updated'),
(162, 1, 'cat', 3, 'January 17, 2021 08:24:08', 'updated'),
(163, 1, 'cat', 4, 'January 17, 2021 08:24:57', 'updated'),
(164, 1, 'cat', 6, 'January 17, 2021 08:25:12', 'updated'),
(165, 1, 'cat', 9, 'January 17, 2021 08:26:58', 'updated'),
(166, 1, 'cat', 1, 'January 17, 2021 08:36:22', 'updated'),
(167, 1, 'cat', 2, 'January 17, 2021 08:37:49', 'updated'),
(168, 1, 'cat', 3, 'January 17, 2021 08:39:04', 'updated'),
(169, 1, 'cat', 3, 'January 17, 2021 08:46:33', 'updated'),
(170, 1, 'cat', 4, 'January 17, 2021 08:46:46', 'updated'),
(171, 1, 'cat', 6, 'January 17, 2021 08:47:04', 'updated'),
(172, 1, 'cat', 9, 'January 17, 2021 08:47:24', 'updated'),
(173, 1, 'proposal', 35, 'January 17, 2021 08:49:01', 'trashed'),
(174, 1, 'child_cat', 104, 'January 17, 2021 08:57:44', 'inserted'),
(175, 1, 'child_cat', 104, 'January 17, 2021 08:58:17', 'updated'),
(176, 1, 'proposal', 39, 'January 17, 2021 09:02:35', 'approved'),
(177, 1, 'seller', 38, 'January 17, 2021 09:08:10', 'block-ban'),
(178, 1, 'seller', 39, 'January 17, 2021 09:08:27', 'block-ban'),
(179, 1, 'proposal', 44, 'January 17, 2021 11:59:26', 'approved'),
(180, 1, 'proposal', 43, 'January 17, 2021 11:59:39', 'approved'),
(181, 1, 'proposal', 42, 'January 17, 2021 11:59:49', 'approved'),
(182, 1, 'proposal', 41, 'January 17, 2021 11:59:59', 'approved'),
(183, 1, 'proposal', 40, 'January 17, 2021 12:00:08', 'approved'),
(184, 1, 'child_cat', 105, 'January 17, 2021 12:04:55', 'inserted'),
(185, 1, 'child_cat', 105, 'January 17, 2021 12:05:31', 'updated'),
(186, 1, 'cat', 3, 'January 18, 2021 09:33:46', 'updated'),
(187, 1, 'child_cat', 106, 'January 18, 2021 09:34:27', 'inserted'),
(188, 1, 'child_cat', 107, 'January 18, 2021 09:34:41', 'inserted'),
(189, 1, 'child_cat', 107, 'January 18, 2021 12:46:45', 'updated'),
(190, 1, 'proposal', 45, 'January 18, 2021 14:44:49', 'approved'),
(191, 1, 'proposal', 46, 'January 18, 2021 14:45:03', 'approved'),
(192, 1, 'proposal', 47, 'January 18, 2021 14:45:15', 'approved'),
(193, 1, 'proposal', 48, 'January 18, 2021 14:45:43', 'approved'),
(194, 1, 'proposal', 49, 'January 18, 2021 14:45:56', 'approved'),
(195, 1, 'proposal', 55, 'January 18, 2021 14:46:07', 'approved'),
(196, 1, 'proposal', 54, 'January 18, 2021 14:46:27', 'approved'),
(197, 1, 'proposal', 53, 'January 18, 2021 14:46:36', 'approved'),
(198, 1, 'proposal', 52, 'January 18, 2021 14:46:45', 'approved'),
(199, 1, 'proposal', 51, 'January 18, 2021 14:46:53', 'approved'),
(200, 1, 'proposal', 50, 'January 18, 2021 14:47:06', 'approved'),
(201, 1, 'delivery_time', 8, 'January 18, 2021 15:34:12', 'inserted'),
(202, 1, 'custom_css', 0, 'January 20, 2021 06:12:56', 'updated'),
(203, 1, 'custom_css', 0, 'January 20, 2021 06:14:03', 'updated'),
(204, 1, 'cat', 11, 'January 20, 2021 13:39:37', 'inserted'),
(205, 1, 'cat', 11, 'January 20, 2021 13:40:21', 'updated'),
(206, 1, 'cat', 11, 'January 20, 2021 13:46:42', 'updated'),
(207, 1, 'child_cat', 108, 'January 20, 2021 13:47:54', 'inserted'),
(208, 1, 'child_cat', 109, 'January 20, 2021 13:48:12', 'inserted'),
(209, 1, 'proposal', 56, 'January 20, 2021 14:23:06', 'approved'),
(210, 1, 'proposal', 58, 'January 20, 2021 14:23:53', 'approved'),
(211, 1, 'proposal', 57, 'January 20, 2021 14:27:42', 'approved'),
(212, 1, 'child_cat', 110, 'January 20, 2021 14:48:39', 'inserted'),
(213, 1, 'child_cat', 111, 'January 20, 2021 14:48:58', 'inserted'),
(214, 1, 'child_cat', 112, 'January 20, 2021 19:11:24', 'inserted'),
(215, 1, 'child_cat', 113, 'January 20, 2021 19:11:39', 'inserted'),
(216, 1, 'child_cat', 114, 'January 20, 2021 19:41:26', 'inserted'),
(217, 1, 'child_cat', 115, 'January 20, 2021 19:42:01', 'inserted'),
(218, 1, 'general_settings', 0, 'January 20, 2021 20:12:40', 'updated'),
(219, 1, 'proposal', 66, 'January 20, 2021 20:12:57', 'approved'),
(220, 1, 'proposal', 65, 'January 20, 2021 20:13:06', 'approved'),
(221, 1, 'general_settings', 0, 'January 20, 2021 20:14:26', 'updated'),
(222, 1, 'proposal', 64, 'January 20, 2021 20:16:05', 'approved'),
(223, 1, 'proposal', 63, 'January 20, 2021 20:16:17', 'approved'),
(224, 1, 'proposal', 62, 'January 20, 2021 20:16:36', 'approved'),
(225, 1, 'proposal', 61, 'January 20, 2021 20:16:47', 'declined'),
(226, 1, 'proposal', 60, 'January 20, 2021 20:16:57', 'approved'),
(227, 1, 'proposal', 59, 'January 20, 2021 20:17:23', 'approved'),
(228, 1, 'cat', 11, 'January 20, 2021 20:23:42', 'updated'),
(229, 1, 'box', 4, 'January 20, 2021 20:34:22', 'updated'),
(230, 1, 'section_box', 7, 'January 20, 2021 20:37:12', 'inserted'),
(231, 1, 'section_box', 8, 'January 20, 2021 20:39:17', 'inserted'),
(232, 1, 'section_box', 9, 'January 20, 2021 20:42:03', 'inserted'),
(233, 1, 'box', 6, 'January 20, 2021 20:42:45', 'updated'),
(234, 1, 'home_slide', 8, 'January 20, 2021 21:00:26', 'inserted'),
(235, 1, 'home_slide', 8, 'January 20, 2021 21:05:24', 'updated'),
(236, 1, 'paypal_settings', 0, 'January 23, 2021 15:16:30', 'updated'),
(237, 1, 'paypal_settings', 0, 'January 23, 2021 15:19:37', 'updated'),
(238, 1, 'smtp_settings', 0, 'January 24, 2021 12:59:02', 'updated'),
(239, 1, 'smtp_settings', 0, 'January 24, 2021 13:02:36', 'updated'),
(240, 1, 'smtp_settings', 0, 'January 24, 2021 13:04:53', 'updated'),
(241, 1, 'currency_converter_settings', 0, 'January 25, 2021 09:36:15', 'updated'),
(242, 1, 'site_currency', 6, 'January 25, 2021 09:38:49', 'inserted'),
(243, 1, 'customer_support_settings', 0, 'January 25, 2021 11:45:37', 'updated'),
(244, 1, 'footer_link', 22, 'January 25, 2021 11:46:52', 'deleted'),
(245, 1, 'site_currency', 6, 'January 25, 2021 11:51:10', 'deleted'),
(246, 1, 'seller_level', 4, 'January 25, 2021 11:52:11', 'updated'),
(247, 1, 'seller_level', 3, 'January 25, 2021 11:52:52', 'updated'),
(248, 1, 'seller_level', 2, 'January 25, 2021 11:53:07', 'updated'),
(249, 1, 'seller_level', 1, 'January 25, 2021 11:53:25', 'updated'),
(250, 1, 'paypal_settings', 0, 'January 25, 2021 13:52:53', 'updated'),
(251, 1, 'paypal_settings', 0, 'January 25, 2021 14:05:43', 'updated'),
(252, 1, 'paypal_settings', 0, 'January 25, 2021 14:09:11', 'updated'),
(253, 1, 'paypal_settings', 0, 'January 25, 2021 14:09:42', 'updated'),
(254, 1, 'currency_converter_settings', 0, 'January 25, 2021 14:12:17', 'updated'),
(255, 1, 'currency_converter_settings', 0, 'January 25, 2021 14:13:00', 'updated'),
(256, 1, 'general_settings', 0, 'January 25, 2021 14:15:12', 'updated'),
(257, 1, 'site_currency', 7, 'January 25, 2021 14:27:46', 'inserted'),
(258, 1, 'site_currency', 7, 'January 25, 2021 14:28:22', 'updated'),
(259, 1, 'stripe_settings', 0, 'January 26, 2021 03:59:47', 'updated'),
(260, 1, 'seller', 53, 'January 28, 2021 06:32:45', 'block-ban'),
(261, 1, 'seller', 53, 'January 28, 2021 06:33:22', 'unblocked'),
(262, 1, 'seller', 1, 'January 28, 2021 06:33:44', 'block-ban'),
(263, 1, 'seller', 1, 'January 28, 2021 06:35:30', 'block-ban'),
(264, 1, 'tap_settings', 0, 'January 30, 2021 07:19:30', 'updated'),
(265, 1, 'paypal_settings', 0, 'January 30, 2021 07:30:26', 'updated'),
(266, 1, 'paypal_settings', 0, 'January 30, 2021 07:55:48', 'updated'),
(267, 1, 'stripe_settings', 0, 'January 30, 2021 07:56:00', 'updated'),
(268, 1, 'currency_converter_settings', 0, 'January 30, 2021 08:23:04', 'updated'),
(269, 1, 'site_currency', 7, 'January 30, 2021 08:23:43', 'updated'),
(270, 1, 'general_payment_settings', 0, 'January 31, 2021 21:48:22', 'updated'),
(271, 1, 'general_settings', 0, 'February 01, 2021 09:01:49', 'updated'),
(272, 1, 'general_settings', 0, 'February 01, 2021 20:25:40', 'updated'),
(273, 1, 'site_currency', 7, 'February 02, 2021 15:24:45', 'deleted'),
(274, 1, 'paypal_settings', 0, 'February 03, 2021 11:03:03', 'updated'),
(275, 1, 'home_slide', 1, 'February 07, 2021 08:39:22', 'updated'),
(276, 1, 'home_slide', 8, 'February 07, 2021 08:39:46', 'deleted'),
(277, 1, 'home_slide', 1, 'February 07, 2021 08:41:19', 'updated'),
(278, 1, 'box', 4, 'February 07, 2021 10:29:52', 'updated'),
(279, 1, 'box', 4, 'February 07, 2021 10:30:45', 'updated'),
(280, 1, 'box', 4, 'February 07, 2021 10:47:24', 'updated'),
(281, 1, 'box', 5, 'February 07, 2021 10:47:45', 'updated'),
(282, 1, 'box', 5, 'February 07, 2021 10:48:07', 'updated'),
(283, 1, 'box', 8, 'February 07, 2021 10:49:08', 'updated'),
(284, 1, 'box', 9, 'February 07, 2021 10:59:12', 'updated'),
(285, 1, 'box', 6, 'February 07, 2021 12:12:29', 'updated'),
(286, 10, 'proposal', 67, 'February 10, 2021 12:45:42', 'approved'),
(287, 10, 'post', 28, 'February 10, 2021 13:13:18', 'inserted'),
(288, 1, 'post', 25, 'February 10, 2021 13:17:25', 'deleted'),
(289, 1, 'post', 28, 'February 10, 2021 13:22:52', 'updated'),
(290, 1, 'post', 28, 'February 10, 2021 13:23:33', 'updated'),
(291, 1, 'post', 28, 'February 10, 2021 13:28:19', 'updated'),
(292, 1, 'post', 28, 'February 10, 2021 13:40:02', 'updated'),
(293, 1, 'general_settings', 0, 'February 13, 2021 18:12:37', 'updated'),
(294, 1, 'support_request', 2, 'February 13, 2021 18:18:30', 'Close'),
(295, 1, 'support_request', 1, 'February 13, 2021 18:18:45', 'close'),
(296, 1, 'seller', 26, 'February 13, 2021 18:21:45', 'block-ban'),
(297, 1, 'seller_settings', 0, 'February 13, 2021 18:24:20', 'updated'),
(298, 1, 'customer_support_settings', 0, 'February 13, 2021 18:25:15', 'updated'),
(299, 1, 'seller', 26, 'February 13, 2021 18:26:09', 'unblocked'),
(300, 1, 'smtp_settings', 0, 'February 13, 2021 18:31:52', 'updated'),
(301, 1, 'smtp_settings', 0, 'February 13, 2021 18:36:23', 'updated'),
(302, 1, 'proposal', 70, 'February 14, 2021 07:45:38', 'approved'),
(303, 1, 'proposal', 70, 'February 14, 2021 07:46:15', 'paused'),
(304, 1, 'proposal', 70, 'February 14, 2021 08:00:53', 'activated'),
(305, 1, 'proposal', 70, 'February 14, 2021 08:01:51', 'paused'),
(306, 10, 'proposal', 70, 'February 14, 2021 09:03:20', 'trashed'),
(307, 10, 'proposal', 70, 'February 14, 2021 09:03:30', 'deleted'),
(308, 10, 'proposal', 77, 'February 16, 2021 08:17:13', 'approved'),
(309, 10, 'proposal', 78, 'February 16, 2021 17:14:32', 'approved'),
(310, 1, 'term', 3, 'February 22, 2021 18:51:27', 'updated'),
(311, 1, 'term', 4, 'February 22, 2021 19:10:51', 'inserted'),
(312, 1, 'term', 4, 'February 22, 2021 19:13:59', 'updated'),
(313, 1, 'footer_link', 28, 'February 24, 2021 09:26:47', 'deleted'),
(314, 1, 'general_settings', 0, 'February 28, 2021 06:37:06', 'updated'),
(315, 1, 'general_settings', 0, 'February 28, 2021 06:46:57', 'updated'),
(316, 1, 'general_settings', 0, 'February 28, 2021 06:48:10', 'updated'),
(317, 1, 'seller_settings', 0, 'February 28, 2021 06:49:46', 'updated'),
(318, 1, 'general_settings', 0, 'March 01, 2021 18:23:08', 'updated'),
(319, 1, 'general_payment_settings', 0, 'March 01, 2021 19:00:40', 'updated'),
(320, 1, 'stripe_settings', 0, 'March 01, 2021 19:31:06', 'updated'),
(321, 1, 'stripe_settings', 0, 'March 01, 2021 19:32:20', 'updated'),
(322, 1, 'general_payment_settings', 0, 'March 01, 2021 21:04:34', 'updated'),
(323, 1, 'proposal', 84, 'March 01, 2021 21:05:23', 'declined'),
(324, 1, 'proposal', 75, 'March 01, 2021 21:05:36', 'declined'),
(325, 1, 'proposal', 84, 'March 01, 2021 21:05:48', 'deleted'),
(326, 1, 'proposal', 75, 'March 01, 2021 21:06:19', 'deleted'),
(327, 10, 'cat', 1, 'March 03, 2021 11:29:12', 'updated'),
(328, 10, 'proposal', 96, 'March 11, 2021 06:44:49', 'approved'),
(329, 10, 'proposal', 96, 'March 11, 2021 06:45:22', 'approved'),
(330, 10, 'proposal', 93, 'March 11, 2021 06:45:48', 'approved'),
(331, 10, 'proposal', 101, 'March 13, 2021 14:34:58', 'approved'),
(332, 10, 'proposal', 104, 'March 18, 2021 07:33:44', 'approved'),
(333, 10, 'proposal', 109, 'March 21, 2021 13:10:48', 'approved'),
(334, 10, 'cat', 2, 'March 22, 2021 19:10:25', 'updated'),
(335, 10, 'cat', 3, 'March 22, 2021 19:11:21', 'updated'),
(336, 10, 'cat', 4, 'March 22, 2021 19:11:49', 'updated'),
(337, 10, 'cat', 6, 'March 22, 2021 19:12:16', 'updated'),
(338, 10, 'cat', 9, 'March 22, 2021 19:12:44', 'updated'),
(339, 1, 'proposal', 109, 'March 25, 2021 07:18:29', 'paused'),
(340, 1, 'proposal', 109, 'March 25, 2021 07:18:42', 'activated'),
(341, 10, 'term', 3, 'March 26, 2021 20:45:39', 'updated'),
(342, 10, 'term', 4, 'March 26, 2021 20:45:56', 'updated'),
(343, 10, 'term', 3, 'March 26, 2021 20:46:41', 'updated'),
(344, 10, 'term', 4, 'March 26, 2021 20:46:57', 'updated'),
(345, 10, 'term', 4, 'March 26, 2021 20:49:55', 'updated'),
(346, 10, 'term', 4, 'March 26, 2021 20:50:18', 'updated'),
(347, 10, 'proposal', 112, 'March 26, 2021 20:50:41', 'approved'),
(348, 10, 'proposal', 43, 'March 26, 2021 20:51:09', 'trashed'),
(349, 10, 'proposal', 43, 'March 26, 2021 20:51:20', 'deleted'),
(350, 10, 'proposal', 65, 'March 26, 2021 20:52:37', 'trashed'),
(351, 10, 'proposal', 65, 'March 26, 2021 20:52:46', 'deleted'),
(352, 10, 'proposal', 67, 'March 26, 2021 20:53:08', 'trashed'),
(353, 10, 'proposal', 67, 'March 26, 2021 20:53:16', 'deleted'),
(354, 10, 'proposal', 101, 'March 26, 2021 20:53:48', 'trashed'),
(355, 10, 'proposal', 101, 'March 26, 2021 20:53:57', 'deleted'),
(356, 10, 'proposal', 63, 'March 26, 2021 20:54:32', 'trashed'),
(357, 10, 'proposal', 63, 'March 26, 2021 20:54:42', 'deleted'),
(358, 10, 'proposal', 113, 'April 05, 2021 05:34:18', 'approved'),
(359, 10, 'proposal', 62, 'April 05, 2021 05:34:44', 'trashed'),
(360, 10, 'proposal', 62, 'April 05, 2021 05:34:53', 'deleted'),
(361, 10, 'proposal', 61, 'April 05, 2021 05:35:14', 'deleted'),
(362, 10, 'proposal', 60, 'April 05, 2021 05:35:39', 'trashed'),
(363, 10, 'proposal', 60, 'April 05, 2021 05:35:47', 'deleted'),
(364, 10, 'proposal', 59, 'April 05, 2021 05:36:00', 'trashed'),
(365, 10, 'proposal', 59, 'April 05, 2021 05:36:08', 'deleted'),
(366, 10, 'proposal', 55, 'April 05, 2021 05:36:33', 'trashed'),
(367, 10, 'proposal', 55, 'April 05, 2021 05:36:41', 'deleted'),
(368, 10, 'proposal', 54, 'April 05, 2021 05:37:00', 'trashed'),
(369, 10, 'proposal', 54, 'April 05, 2021 05:37:09', 'deleted'),
(370, 10, 'proposal', 53, 'April 05, 2021 05:37:24', 'trashed'),
(371, 10, 'proposal', 53, 'April 05, 2021 05:37:32', 'deleted'),
(372, 10, 'proposal', 52, 'April 05, 2021 05:37:57', 'trashed'),
(373, 10, 'proposal', 52, 'April 05, 2021 05:38:04', 'deleted'),
(374, 10, 'proposal', 51, 'April 05, 2021 05:38:20', 'trashed'),
(375, 10, 'proposal', 51, 'April 05, 2021 05:38:28', 'deleted'),
(376, 10, 'proposal', 45, 'April 05, 2021 05:38:52', 'trashed'),
(377, 10, 'proposal', 45, 'April 05, 2021 05:38:59', 'deleted'),
(378, 10, 'proposal', 41, 'April 05, 2021 05:39:17', 'trashed'),
(379, 10, 'proposal', 41, 'April 05, 2021 05:39:24', 'deleted'),
(380, 10, 'proposal', 46, 'April 05, 2021 05:39:52', 'trashed'),
(381, 10, 'proposal', 46, 'April 05, 2021 05:40:00', 'deleted'),
(382, 10, 'proposal', 47, 'April 05, 2021 05:40:26', 'trashed'),
(383, 10, 'proposal', 47, 'April 05, 2021 05:40:33', 'deleted'),
(384, 10, 'proposal', 49, 'April 05, 2021 05:40:52', 'trashed'),
(385, 10, 'proposal', 49, 'April 05, 2021 05:41:00', 'deleted'),
(386, 10, 'proposal', 50, 'April 05, 2021 05:41:15', 'trashed'),
(387, 10, 'proposal', 50, 'April 05, 2021 05:41:22', 'deleted'),
(388, 10, 'proposal', 48, 'April 05, 2021 05:41:49', 'trashed'),
(389, 10, 'proposal', 48, 'April 05, 2021 05:42:00', 'deleted'),
(390, 1, 'card', 7, 'April 06, 2021 17:21:40', 'updated'),
(391, 10, 'footer_link', 8, 'April 10, 2021 18:08:21', 'deleted'),
(392, 10, 'footer_link', 7, 'April 10, 2021 18:08:29', 'deleted'),
(393, 10, 'footer_link', 5, 'April 10, 2021 18:08:37', 'deleted'),
(394, 10, 'footer_link', 3, 'April 10, 2021 18:08:46', 'deleted'),
(395, 10, 'footer_link', 1, 'April 10, 2021 18:08:53', 'deleted'),
(396, 10, 'footer_link', 2, 'April 10, 2021 18:09:00', 'deleted'),
(397, 10, 'footer_link', 27, 'April 10, 2021 18:09:15', 'deleted'),
(398, 10, 'footer_link', 24, 'April 10, 2021 18:09:22', 'deleted'),
(399, 10, 'footer_link', 25, 'April 10, 2021 18:09:28', 'deleted'),
(400, 10, 'footer_link', 26, 'April 10, 2021 18:09:34', 'deleted'),
(401, 10, 'home_slide', 7, 'April 10, 2021 18:10:06', 'deleted'),
(402, 10, 'home_slide', 1, 'April 10, 2021 18:10:16', 'deleted'),
(403, 1, 'card', 7, 'April 18, 2021 07:59:49', 'updated'),
(404, 1, 'card', 7, 'April 18, 2021 08:00:32', 'updated'),
(405, 1, 'card', 7, 'April 18, 2021 08:06:04', 'updated'),
(406, 1, 'card', 8, 'April 18, 2021 08:14:50', 'updated'),
(407, 1, 'card', 8, 'April 18, 2021 08:16:08', 'updated'),
(408, 1, 'card', 7, 'April 18, 2021 08:17:22', 'updated'),
(409, 1, 'card', 9, 'April 18, 2021 20:08:56', 'updated'),
(410, 1, 'card', 10, 'April 18, 2021 20:13:41', 'updated'),
(411, 1, 'card', 11, 'April 18, 2021 20:16:50', 'updated'),
(412, 1, 'card', 12, 'April 18, 2021 20:23:50', 'updated'),
(413, 1, 'home_slide', 9, 'April 25, 2021 06:59:12', 'inserted'),
(414, 1, 'home_slide', 9, 'April 25, 2021 06:59:31', 'deleted'),
(415, 1, 'footer_link', 32, 'April 28, 2021 09:00:52', 'deleted'),
(416, 1, 'term', 4, 'April 28, 2021 18:00:08', 'updated'),
(417, 1, 'term', 3, 'April 28, 2021 18:31:22', 'updated'),
(418, 1, 'term', 3, 'April 28, 2021 18:32:19', 'updated'),
(419, 1, 'term', 3, 'April 28, 2021 18:32:46', 'updated'),
(420, 1, 'term', 3, 'April 28, 2021 18:34:22', 'updated'),
(421, 1, 'term', 3, 'April 28, 2021 18:35:42', 'updated'),
(422, 1, 'term', 3, 'April 28, 2021 18:41:59', 'updated'),
(423, 1, 'term', 4, 'April 28, 2021 18:42:35', 'updated'),
(424, 1, 'term', 4, 'April 28, 2021 18:43:05', 'updated'),
(425, 1, 'term', 4, 'April 28, 2021 18:47:25', 'updated'),
(426, 1, 'term', 4, 'April 28, 2021 18:50:43', 'updated'),
(427, 10, 'proposal', 120, 'May 01, 2021 07:47:43', 'approved'),
(428, 10, 'post', 29, 'May 03, 2021 16:04:55', 'inserted'),
(429, 10, 'post', 30, 'May 03, 2021 16:06:22', 'inserted'),
(430, 10, 'post', 31, 'May 03, 2021 16:07:37', 'inserted'),
(431, 10, 'post', 32, 'May 03, 2021 16:09:13', 'inserted'),
(432, 10, 'proposal', 126, 'May 08, 2021 07:40:08', 'approved'),
(433, 1, 'page', 10, 'May 08, 2021 07:57:16', 'updated'),
(434, 1, 'page', 10, 'May 08, 2021 08:00:54', 'updated'),
(435, 1, 'footer_link', 23, 'May 08, 2021 08:05:29', 'deleted'),
(436, 1, 'child_cat', 111, 'May 09, 2021 15:47:41', 'deleted'),
(437, 1, 'child_cat', 110, 'May 09, 2021 15:47:47', 'deleted'),
(438, 1, 'child_cat', 115, 'May 09, 2021 15:48:35', 'deleted'),
(439, 1, 'child_cat', 114, 'May 09, 2021 15:48:48', 'deleted'),
(440, 1, 'child_cat', 104, 'May 09, 2021 15:48:54', 'deleted'),
(441, 1, 'child_cat', 113, 'May 09, 2021 15:48:59', 'deleted'),
(442, 1, 'child_cat', 112, 'May 09, 2021 15:49:03', 'deleted'),
(443, 1, 'child_cat', 109, 'May 09, 2021 15:49:08', 'deleted'),
(444, 1, 'child_cat', 108, 'May 09, 2021 15:49:12', 'deleted'),
(445, 1, 'child_cat', 107, 'May 09, 2021 15:49:16', 'deleted'),
(446, 1, 'child_cat', 106, 'May 09, 2021 15:49:21', 'deleted'),
(447, 1, 'child_cat', 105, 'May 09, 2021 15:49:24', 'deleted'),
(448, 1, 'page', 10, 'May 17, 2021 14:29:30', 'updated'),
(449, 1, 'page', 10, 'May 17, 2021 14:29:58', 'updated'),
(450, 1, 'page', 10, 'May 17, 2021 14:31:26', 'updated'),
(451, 1, 'page', 10, 'May 17, 2021 14:34:19', 'updated'),
(452, 1, 'page', 10, 'May 17, 2021 14:34:56', 'updated'),
(453, 1, 'page', 11, 'May 17, 2021 14:35:42', 'updated'),
(454, 1, 'page', 11, 'May 17, 2021 14:36:57', 'updated'),
(455, 1, 'pages', 10, 'May 17, 2021 14:54:56', 'deleted'),
(456, 1, 'pages', 11, 'May 17, 2021 14:55:02', 'deleted'),
(457, 1, 'child_cat', 116, 'May 19, 2021 17:39:20', 'inserted'),
(458, 1, 'child_cat', 116, 'May 19, 2021 17:44:01', 'deleted'),
(459, 1, 'child_cat', 117, 'May 29, 2021 17:13:29', 'inserted'),
(460, 1, 'child_cat', 118, 'May 29, 2021 17:13:39', 'inserted'),
(461, 1, 'child_cat', 119, 'May 29, 2021 17:13:53', 'inserted'),
(462, 1, 'child_cat', 120, 'May 29, 2021 17:14:05', 'inserted'),
(463, 1, 'child_cat', 121, 'May 29, 2021 17:14:18', 'inserted'),
(464, 1, 'child_cat', 122, 'May 29, 2021 17:14:30', 'inserted'),
(465, 1, 'child_cat', 123, 'May 29, 2021 17:14:40', 'inserted'),
(466, 1, 'general_settings', 0, 'December 12, 2021 08:34:38', 'updated'),
(467, 1, 'cat', 1, 'March 08, 2022 06:39:35', 'updated'),
(468, 1, 'child_cat', 117, 'March 08, 2022 06:40:18', 'updated'),
(469, 1, 'video_chat_settings', 0, 'March 08, 2022 07:16:50', 'updated'),
(470, 1, 'bank_settings', 0, 'March 08, 2022 07:39:14', 'updated'),
(471, 1, 'moneygram_settings', 0, 'March 08, 2022 07:39:55', 'updated'),
(472, 1, '2checkout_settings', 0, 'March 08, 2022 07:41:06', 'updated'),
(473, 1, 'proposal', 130, 'March 08, 2022 16:54:27', 'approved'),
(474, 1, 'paypal_settings', 0, 'March 08, 2022 16:59:58', 'updated'),
(475, 1, 'paypal_settings', 0, 'March 08, 2022 17:16:56', 'updated'),
(476, 1, 'paypal_settings', 0, 'March 08, 2022 17:17:30', 'updated'),
(477, 1, 'paypal_settings', 0, 'March 08, 2022 17:18:47', 'updated'),
(478, 1, 'paypal_settings', 0, 'March 08, 2022 17:39:30', 'updated'),
(479, 1, '2checkout_settings', 0, 'March 08, 2022 17:40:15', 'updated'),
(480, 1, 'paypal_settings', 0, 'March 08, 2022 17:51:56', 'updated'),
(481, 1, 'paypal_settings', 0, 'March 08, 2022 17:52:09', 'updated'),
(482, 1, 'cat', 2, 'March 09, 2022 15:58:51', 'updated'),
(483, 1, 'cat', 2, 'March 09, 2022 16:01:16', 'updated'),
(484, 1, 'cat', 2, 'March 09, 2022 16:04:34', 'updated'),
(485, 1, 'child_cat', 118, 'March 09, 2022 16:05:04', 'updated'),
(486, 1, 'proposal', 131, 'March 09, 2022 16:16:21', 'approved'),
(487, 1, 'smtp_settings', 0, 'March 09, 2022 16:30:42', 'updated'),
(488, 1, 'smtp_settings', 0, 'March 09, 2022 16:31:01', 'updated'),
(489, 1, 'proposal', 132, 'March 09, 2022 16:34:16', 'approved'),
(490, 1, 'video_chat_settings', 0, 'March 09, 2022 16:49:12', 'updated'),
(491, 1, 'video_chat_settings', 0, 'March 11, 2022 19:18:22', 'updated'),
(492, 1, 'video_chat_settings', 0, 'March 11, 2022 19:31:16', 'updated'),
(493, 1, 'cat', 2, 'March 12, 2022 16:31:06', 'updated'),
(494, 1, 'child_cat', 118, 'March 12, 2022 16:31:32', 'updated'),
(495, 1, 'proposal', 133, 'March 12, 2022 16:40:23', 'approved'),
(496, 1, 'cat', 1, 'March 12, 2022 16:48:20', 'updated'),
(497, 1, 'video_chat_settings', 0, 'March 12, 2022 17:09:16', 'updated'),
(498, 1, 'video_chat_settings', 0, 'March 12, 2022 17:21:23', 'updated'),
(499, 1, 'video_chat_settings', 0, 'March 12, 2022 17:36:35', 'updated');

-- --------------------------------------------------------

--
-- بنية الجدول `admin_notifications`
--

CREATE TABLE `admin_notifications` (
  `id` int(10) NOT NULL,
  `seller_id` int(10) NOT NULL,
  `content_id` int(10) NOT NULL,
  `proposal_id` int(10) NOT NULL,
  `reason` varchar(255) COLLATE utf8mb4_unicode_ci NOT NULL,
  `date` varchar(255) COLLATE utf8mb4_unicode_ci NOT NULL,
  `status` varchar(255) COLLATE utf8mb4_unicode_ci NOT NULL
) ENGINE=InnoDB DEFAULT CHARSET=utf8mb4 COLLATE=utf8mb4_unicode_ci;

-- --------------------------------------------------------

--
-- بنية الجدول `admin_rights`
--

CREATE TABLE `admin_rights` (
  `id` int(10) NOT NULL,
  `admin_id` varchar(10) COLLATE utf8mb4_unicode_ci NOT NULL,
  `settings` int(11) NOT NULL,
  `plugins` int(10) NOT NULL,
  `pages` int(11) NOT NULL,
  `blog` int(10) NOT NULL,
  `feedback` int(10) NOT NULL,
  `video_schedules` int(10) NOT NULL,
  `proposals` int(11) NOT NULL,
  `accounting` int(10) NOT NULL,
  `payouts` int(10) NOT NULL,
  `reports` int(11) NOT NULL,
  `inbox` int(11) NOT NULL,
  `reviews` int(11) NOT NULL,
  `buyer_requests` int(11) NOT NULL,
  `restricted_words` int(11) NOT NULL,
  `notifications` int(11) NOT NULL,
  `cats` int(11) NOT NULL,
  `delivery_times` int(11) NOT NULL,
  `seller_languages` int(11) NOT NULL,
  `seller_skills` int(11) NOT NULL,
  `seller_levels` int(10) NOT NULL,
  `customer_support` int(11) NOT NULL,
  `coupons` int(11) NOT NULL,
  `slides` int(11) NOT NULL,
  `terms` int(11) NOT NULL,
  `sellers` int(11) NOT NULL,
  `orders` int(11) NOT NULL,
  `referrals` int(11) NOT NULL,
  `files` int(11) NOT NULL,
  `knowledge_bank` int(10) NOT NULL,
  `currencies` int(10) NOT NULL,
  `languages` int(11) NOT NULL,
  `admins` int(11) NOT NULL
) ENGINE=InnoDB DEFAULT CHARSET=utf8mb4 COLLATE=utf8mb4_unicode_ci;

--
-- إرجاع أو استيراد بيانات الجدول `admin_rights`
--

INSERT INTO `admin_rights` (`id`, `admin_id`, `settings`, `plugins`, `pages`, `blog`, `feedback`, `video_schedules`, `proposals`, `accounting`, `payouts`, `reports`, `inbox`, `reviews`, `buyer_requests`, `restricted_words`, `notifications`, `cats`, `delivery_times`, `seller_languages`, `seller_skills`, `seller_levels`, `customer_support`, `coupons`, `slides`, `terms`, `sellers`, `orders`, `referrals`, `files`, `knowledge_bank`, `currencies`, `languages`, `admins`) VALUES
(1, '1', 1, 1, 1, 1, 1, 1, 1, 1, 1, 1, 1, 1, 1, 1, 1, 1, 1, 1, 1, 1, 1, 1, 1, 1, 1, 1, 1, 1, 1, 1, 1, 1),
(2, '10', 1, 1, 1, 1, 0, 1, 1, 1, 1, 1, 1, 1, 1, 1, 0, 1, 1, 1, 1, 0, 1, 1, 1, 1, 1, 1, 1, 1, 1, 0, 1, 1);

-- --------------------------------------------------------

--
-- بنية الجدول `announcement_bar`
--

CREATE TABLE `announcement_bar` (
  `id` int(10) NOT NULL,
  `enable_bar` int(10) NOT NULL,
  `bg_color` varchar(255) COLLATE utf8mb4_unicode_ci NOT NULL,
  `text_color` varchar(255) COLLATE utf8mb4_unicode_ci NOT NULL,
  `bar_text` varchar(255) COLLATE utf8mb4_unicode_ci NOT NULL,
  `last_updated` varchar(255) COLLATE utf8mb4_unicode_ci NOT NULL,
  `language_id` int(10) NOT NULL
) ENGINE=InnoDB DEFAULT CHARSET=utf8mb4 COLLATE=utf8mb4_unicode_ci;

--
-- إرجاع أو استيراد بيانات الجدول `announcement_bar`
--

INSERT INTO `announcement_bar` (`id`, `enable_bar`, `bg_color`, `text_color`, `bar_text`, `last_updated`, `language_id`) VALUES
(1, 0, '#e70808', '#ffffff', '\n&#1610;&#1605;&#1603;&#1606; &#1573;&#1590;&#1575;&#1601;&#1577; &#1575;&#1604;&#1573;&#1593;&#1604;&#1575;&#1606;&#1575;&#1578; &#1607;&#1606;&#1575;\r\n\r\n\n', '1618732678', 1),
(4, 0, '#ff0000', '#ffffff', '\n&#1610;&#1605;&#1603;&#1606; &#1573;&#1590;&#1575;&#1601;&#1577; &#1575;&#1604;&#1573;&#1593;&#1604;&#1575;&#1606;&#1575;&#1578; &#1607;&#1606;&#1575; <i class=\"fa fa-info-circle\" aria-hidden=\"true\"></i>\r\n\r\n\r\n\r\n\n', '1619638564', 2);

-- --------------------------------------------------------

--
-- بنية الجدول `app_info`
--

CREATE TABLE `app_info` (
  `id` int(100) NOT NULL,
  `version` varchar(255) COLLATE utf8mb4_unicode_ci NOT NULL,
  `r_date` varchar(255) COLLATE utf8mb4_unicode_ci NOT NULL
) ENGINE=InnoDB DEFAULT CHARSET=utf8mb4 COLLATE=utf8mb4_unicode_ci;

--
-- إرجاع أو استيراد بيانات الجدول `app_info`
--

INSERT INTO `app_info` (`id`, `version`, `r_date`) VALUES
(1, '1.5.4', '5 Feb 2020');

-- --------------------------------------------------------

--
-- بنية الجدول `app_license`
--

CREATE TABLE `app_license` (
  `id` int(100) NOT NULL,
  `purchase_code` varchar(255) COLLATE utf8mb4_unicode_ci NOT NULL,
  `license_type` varchar(255) COLLATE utf8mb4_unicode_ci NOT NULL,
  `website` varchar(255) COLLATE utf8mb4_unicode_ci NOT NULL
) ENGINE=InnoDB DEFAULT CHARSET=utf8mb4 COLLATE=utf8mb4_unicode_ci;

--
-- إرجاع أو استيراد بيانات الجدول `app_license`
--

INSERT INTO `app_license` (`id`, `purchase_code`, `license_type`, `website`) VALUES
(1, '', '', '');

-- --------------------------------------------------------

--
-- بنية الجدول `archived_messages`
--

CREATE TABLE `archived_messages` (
  `id` int(10) NOT NULL,
  `seller_id` int(10) NOT NULL,
  `message_group_id` int(10) NOT NULL
) ENGINE=InnoDB DEFAULT CHARSET=utf8mb4 COLLATE=utf8mb4_unicode_ci;

-- --------------------------------------------------------

--
-- بنية الجدول `article_cat`
--

CREATE TABLE `article_cat` (
  `article_cat_id` int(11) NOT NULL,
  `language_id` int(10) NOT NULL,
  `article_cat_title` text COLLATE utf8mb4_unicode_ci NOT NULL,
  `position` varchar(20) COLLATE utf8mb4_unicode_ci NOT NULL
) ENGINE=InnoDB DEFAULT CHARSET=utf8mb4 COLLATE=utf8mb4_unicode_ci;

--
-- إرجاع أو استيراد بيانات الجدول `article_cat`
--

INSERT INTO `article_cat` (`article_cat_id`, `language_id`, `article_cat_title`, `position`) VALUES
(1, 1, 'ALL', 'left');

-- --------------------------------------------------------

--
-- بنية الجدول `buyer_requests`
--

CREATE TABLE `buyer_requests` (
  `request_id` int(10) NOT NULL,
  `seller_id` int(10) NOT NULL,
  `cat_id` int(10) NOT NULL,
  `child_id` int(10) NOT NULL,
  `request_title` text COLLATE utf8mb4_unicode_ci NOT NULL,
  `request_description` text COLLATE utf8mb4_unicode_ci NOT NULL,
  `request_file` text COLLATE utf8mb4_unicode_ci NOT NULL,
  `delivery_time` text COLLATE utf8mb4_unicode_ci NOT NULL,
  `request_budget` text COLLATE utf8mb4_unicode_ci NOT NULL,
  `request_date` text COLLATE utf8mb4_unicode_ci NOT NULL,
  `request_status` text COLLATE utf8mb4_unicode_ci NOT NULL,
  `isS3` int(10) NOT NULL
) ENGINE=InnoDB DEFAULT CHARSET=utf8mb4 COLLATE=utf8mb4_unicode_ci;

--
-- إرجاع أو استيراد بيانات الجدول `buyer_requests`
--

INSERT INTO `buyer_requests` (`request_id`, `seller_id`, `cat_id`, `child_id`, `request_title`, `request_description`, `request_file`, `delivery_time`, `request_budget`, `request_date`, `request_status`, `isS3`) VALUES
(1, 64, 4, 110, 'كتابة المقالات وتحرير التقارير', '\r\nأستقبل طلبات الكتابة والتحرير باللغة العربية وبإمكاني كتابة مقال من 250 كلمة وأكثر خلال أقل من يوم واحد\r\nكما يمكنني استقبال طلبات كتابة التقارير ومواد صناعة المحتوى بسعر متفق عليه سعر اعمالي حوالي 250 كلمة بقيمة 10 دولارات ويمكنكم التفاوض على الاسعار بناء على الجهد المبذول وقيمة المادة المكتوبة', 'E610E8E1-8DB5-474F-8410-09205E52235C_1613931767.jpeg', '2 Days', '10', 'February 21, 2021', 'pending', 0);

-- --------------------------------------------------------

--
-- بنية الجدول `buyer_reviews`
--

CREATE TABLE `buyer_reviews` (
  `review_id` int(10) NOT NULL,
  `proposal_id` int(10) NOT NULL,
  `order_id` int(10) NOT NULL,
  `review_buyer_id` int(10) NOT NULL,
  `buyer_rating` int(10) NOT NULL,
  `buyer_review` text COLLATE utf8mb4_unicode_ci NOT NULL,
  `review_seller_id` int(10) NOT NULL,
  `review_date` text COLLATE utf8mb4_unicode_ci NOT NULL
) ENGINE=InnoDB DEFAULT CHARSET=utf8mb4 COLLATE=utf8mb4_unicode_ci;

-- --------------------------------------------------------

--
-- بنية الجدول `cart`
--

CREATE TABLE `cart` (
  `cart_id` int(10) NOT NULL,
  `seller_id` int(10) NOT NULL,
  `proposal_id` int(10) NOT NULL,
  `proposal_price` varchar(255) COLLATE utf8mb4_unicode_ci NOT NULL DEFAULT '0',
  `proposal_qty` int(10) NOT NULL,
  `video` int(10) NOT NULL,
  `delivery_id` int(10) NOT NULL,
  `revisions` varchar(255) COLLATE utf8mb4_unicode_ci NOT NULL,
  `coupon_used` int(100) NOT NULL
) ENGINE=InnoDB DEFAULT CHARSET=utf8mb4 COLLATE=utf8mb4_unicode_ci;

--
-- إرجاع أو استيراد بيانات الجدول `cart`
--

INSERT INTO `cart` (`cart_id`, `seller_id`, `proposal_id`, `proposal_price`, `proposal_qty`, `video`, `delivery_id`, `revisions`, `coupon_used`) VALUES
(2, 69, 1, '10', 1, 0, 1, '1', 0),
(3, 1, 53, '2', 1, 0, 1, '0', 0),
(4, 71, 45, '2', 1, 0, 2, '0', 0),
(11, 123, 39, '5', 1, 0, 1, '0', 0),
(12, 72, 46, '5', 1, 0, 2, '0', 0),
(13, 94, 109, '10', 1, 0, 5, '0', 0),
(14, 72, 112, '020', 1, 0, 3, '2', 0),
(15, 146, 120, '10', 1, 0, 1, '0', 0),
(16, 145, 120, '10', 1, 0, 1, '0', 0),
(18, 147, 126, '26', 1, 0, 2, '7', 0),
(19, 147, 109, '10', 1, 0, 5, '0', 0),
(20, 148, 56, '5', 1, 0, 1, '0', 0),
(21, 148, 112, '020', 1, 0, 3, '2', 0);

-- --------------------------------------------------------

--
-- بنية الجدول `cart_extras`
--

CREATE TABLE `cart_extras` (
  `id` int(10) NOT NULL,
  `seller_id` int(10) NOT NULL,
  `proposal_id` int(10) NOT NULL,
  `name` text COLLATE utf8mb4_unicode_ci NOT NULL,
  `price` text COLLATE utf8mb4_unicode_ci NOT NULL
) ENGINE=InnoDB DEFAULT CHARSET=utf8mb4 COLLATE=utf8mb4_unicode_ci;

-- --------------------------------------------------------

--
-- بنية الجدول `categories`
--

CREATE TABLE `categories` (
  `cat_id` int(10) NOT NULL,
  `cat_url` text COLLATE utf8mb4_unicode_ci NOT NULL,
  `cat_image` text COLLATE utf8mb4_unicode_ci NOT NULL,
  `cat_featured` text COLLATE utf8mb4_unicode_ci NOT NULL,
  `video` int(10) NOT NULL,
  `reminder_emails` int(10) NOT NULL,
  `missed_session_emails` int(10) NOT NULL,
  `warning_message` int(10) NOT NULL,
  `enable_watermark` int(10) NOT NULL,
  `isS3` int(10) NOT NULL
) ENGINE=InnoDB DEFAULT CHARSET=utf8mb4 COLLATE=utf8mb4_unicode_ci;

--
-- إرجاع أو استيراد بيانات الجدول `categories`
--

INSERT INTO `categories` (`cat_id`, `cat_url`, `cat_image`, `cat_featured`, `video`, `reminder_emails`, `missed_session_emails`, `warning_message`, `enable_watermark`, `isS3`) VALUES
(1, 'distance-courses', 'p1.png', 'yes', 1, 10, 30, 5, 0, 0),
(2, 'video-design-amp-voiceover', 'p2.png', 'yes', 1, 10, 30, 5, 0, 0),
(3, '%D8%A7%D8%B3%D8%AA%D8%B4%D8%A7%D8%B1%D8%A7%D8%AA+%D8%A7%D8%B3%D8%B1%D9%8A%D8%A9+%D9%88%D8%B2%D9%88%D8%AC%D9%8A%D8%A9', 'p3.png', 'yes', 0, 0, 0, 0, 0, 0),
(4, '%D8%A7%D8%B3%D8%AA%D8%B4%D8%A7%D8%B1%D8%A7%D8%AA+%D9%86%D9%81%D8%B3%D9%8A%D8%A9', 'p4.png', 'yes', 0, 0, 0, 0, 0, 0),
(6, '%D8%A7%D8%B3%D8%AA%D8%B4%D8%A7%D8%B1%D8%A7%D8%AA+%D8%AA%D9%86%D9%85%D9%8A%D9%87+%D9%88%D8%AA%D8%B7%D9%88%D9%8A%D8%B1+%D8%B0%D8%A7%D8%AA', 'p5.png', 'yes', 0, 0, 0, 0, 0, 0),
(9, '%D9%85%D9%86%D8%AA%D8%AC%D8%A7%D8%AA+%D8%AA%D8%B9%D9%84%D9%8A%D9%85%D9%8A%D8%A9', 'p6.png', 'yes', 0, 0, 0, 0, 0, 0),
(11, '%D8%A7%D8%B3%D8%AA%D8%B4%D8%A7%D8%B1%D8%A7%D8%AA+%D8%AA%D8%B1%D8%A8%D9%88%D9%8A%D8%A9+%D9%88%D8%A7%D9%84%D8%AA%D8%B9%D9%84%D9%8A%D9%85%D9%8A%D8%A9', 'p7.png', 'yes', 0, 0, 0, 0, 1, 0);

-- --------------------------------------------------------

--
-- بنية الجدول `categories_children`
--

CREATE TABLE `categories_children` (
  `child_id` int(10) NOT NULL,
  `child_url` text COLLATE utf8mb4_unicode_ci NOT NULL,
  `child_parent_id` int(10) NOT NULL,
  `video` int(10) NOT NULL,
  `reminder_emails` int(10) NOT NULL,
  `missed_session_emails` int(10) NOT NULL,
  `warning_message` int(255) NOT NULL
) ENGINE=InnoDB DEFAULT CHARSET=utf8mb4 COLLATE=utf8mb4_unicode_ci;

--
-- إرجاع أو استيراد بيانات الجدول `categories_children`
--

INSERT INTO `categories_children` (`child_id`, `child_url`, `child_parent_id`, `video`, `reminder_emails`, `missed_session_emails`, `warning_message`) VALUES
(117, '%D9%83%D8%A7%D9%85%D9%84+%D8%A7%D9%84%D8%AE%D8%AF%D9%85%D8%A7%D8%AA', 1, 1, 0, 0, 0),
(118, '%D9%83%D8%A7%D9%85%D9%84+%D8%A7%D9%84%D8%AE%D8%AF%D9%85%D8%A7%D8%AA', 2, 1, 0, 0, 0),
(119, '%D9%83%D8%A7%D9%85%D9%84+%D8%A7%D9%84%D8%AE%D8%AF%D9%85%D8%A7%D8%AA', 3, 0, 0, 0, 0),
(120, '%D9%83%D8%A7%D9%85%D9%84+%D8%A7%D9%84%D8%AE%D8%AF%D9%85%D8%A7%D8%AA', 4, 0, 0, 0, 0),
(121, '%D9%83%D8%A7%D9%85%D9%84+%D8%A7%D9%84%D8%AE%D8%AF%D9%85%D8%A7%D8%AA', 6, 0, 0, 0, 0),
(122, '%D9%83%D8%A7%D9%85%D9%84+%D8%A7%D9%84%D8%AE%D8%AF%D9%85%D8%A7%D8%AA', 9, 0, 0, 0, 0),
(123, '%D9%83%D8%A7%D9%85%D9%84+%D8%A7%D9%84%D8%AE%D8%AF%D9%85%D8%A7%D8%AA', 11, 0, 0, 0, 0);

-- --------------------------------------------------------

--
-- بنية الجدول `cats_meta`
--

CREATE TABLE `cats_meta` (
  `id` int(10) NOT NULL,
  `cat_id` int(10) NOT NULL,
  `language_id` int(10) NOT NULL,
  `cat_title` text COLLATE utf8mb4_unicode_ci NOT NULL,
  `cat_desc` text COLLATE utf8mb4_unicode_ci NOT NULL
) ENGINE=InnoDB DEFAULT CHARSET=utf8mb4 COLLATE=utf8mb4_unicode_ci;

--
-- إرجاع أو استيراد بيانات الجدول `cats_meta`
--

INSERT INTO `cats_meta` (`id`, `cat_id`, `language_id`, `cat_title`, `cat_desc`) VALUES
(1, 1, 1, 'Distance Courses', ' '),
(2, 2, 1, 'Video Design &amp; Voiceover', ' '),
(3, 3, 1, 'Linguistic Checking And Translation', ' '),
(4, 4, 1, 'Writing &amp; Research', ' '),
(5, 6, 1, 'Educational Design &amp; Programming', ' '),
(8, 9, 1, 'Management &amp; business', ' '),
(808, 1, 2, 'دورات ودروس عن بعد ', ' '),
(809, 2, 2, 'استشارات إضرابات نطق وتربيه خاصة', ' '),
(810, 3, 2, 'استشارات اسرية وزوجية', ' '),
(811, 4, 2, 'استشارات نفسية', ' '),
(812, 6, 2, 'استشارات تنميه وتطوير ذات', ' '),
(815, 9, 2, 'منتجات تعليمية', ' '),
(818, 11, 1, 'Educational Design And Programming', ' '),
(819, 11, 2, 'استشارات تربوية والتعليمية', ' ');

-- --------------------------------------------------------

--
-- بنية الجدول `chat_type_status`
--

CREATE TABLE `chat_type_status` (
  `id` int(10) NOT NULL,
  `seller_id` int(10) NOT NULL,
  `call_id` int(10) NOT NULL,
  `time` varchar(255) COLLATE utf8mb4_unicode_ci NOT NULL,
  `status` text COLLATE utf8mb4_unicode_ci NOT NULL
) ENGINE=InnoDB DEFAULT CHARSET=utf8mb4 COLLATE=utf8mb4_unicode_ci;

-- --------------------------------------------------------

--
-- بنية الجدول `child_cats_meta`
--

CREATE TABLE `child_cats_meta` (
  `id` int(10) NOT NULL,
  `child_id` int(10) NOT NULL,
  `child_parent_id` int(10) NOT NULL,
  `language_id` int(10) NOT NULL,
  `child_title` varchar(255) COLLATE utf8mb4_unicode_ci NOT NULL,
  `child_desc` text COLLATE utf8mb4_unicode_ci NOT NULL
) ENGINE=InnoDB DEFAULT CHARSET=utf8mb4 COLLATE=utf8mb4_unicode_ci;

--
-- إرجاع أو استيراد بيانات الجدول `child_cats_meta`
--

INSERT INTO `child_cats_meta` (`id`, `child_id`, `child_parent_id`, `language_id`, `child_title`, `child_desc`) VALUES
(6941, 117, 1, 1, 'ALL', 'All Distance Courses'),
(6942, 117, 1, 2, 'كامل الخدمات', 'كامل الخدمات'),
(6943, 118, 2, 1, 'ALL', 'ALL'),
(6944, 118, 2, 2, 'كامل الخدمات', 'كامل الخدمات'),
(6945, 119, 0, 1, '', ''),
(6946, 119, 0, 2, 'كامل الخدمات', 'كامل الخدمات'),
(6947, 120, 0, 1, '', ''),
(6948, 120, 0, 2, 'كامل الخدمات', 'كامل الخدمات'),
(6949, 121, 0, 1, '', ''),
(6950, 121, 0, 2, 'كامل الخدمات', 'كامل الخدمات'),
(6951, 122, 0, 1, '', ''),
(6952, 122, 0, 2, 'كامل الخدمات', 'كامل الخدمات'),
(6953, 123, 0, 1, '', ''),
(6954, 123, 0, 2, 'كامل الخدمات', 'كامل الخدمات');

-- --------------------------------------------------------

--
-- بنية الجدول `comments`
--

CREATE TABLE `comments` (
  `id` int(10) NOT NULL,
  `idea_id` int(100) NOT NULL,
  `seller_id` int(100) NOT NULL,
  `comment` text COLLATE utf8mb4_unicode_ci NOT NULL,
  `date` varchar(255) COLLATE utf8mb4_unicode_ci NOT NULL
) ENGINE=InnoDB DEFAULT CHARSET=utf8mb4 COLLATE=utf8mb4_unicode_ci;

-- --------------------------------------------------------

--
-- بنية الجدول `contact_support`
--

CREATE TABLE `contact_support` (
  `contact_id` int(10) NOT NULL,
  `contact_email` text COLLATE utf8mb4_unicode_ci NOT NULL
) ENGINE=InnoDB DEFAULT CHARSET=utf8mb4 COLLATE=utf8mb4_unicode_ci;

--
-- إرجاع أو استيراد بيانات الجدول `contact_support`
--

INSERT INTO `contact_support` (`contact_id`, `contact_email`) VALUES
(1, 'altamkin@altamkin.com');

-- --------------------------------------------------------

--
-- بنية الجدول `contact_support_meta`
--

CREATE TABLE `contact_support_meta` (
  `id` int(10) NOT NULL,
  `language_id` int(10) NOT NULL,
  `contact_heading` text COLLATE utf8mb4_unicode_ci NOT NULL,
  `contact_desc` text COLLATE utf8mb4_unicode_ci NOT NULL
) ENGINE=InnoDB DEFAULT CHARSET=utf8mb4 COLLATE=utf8mb4_unicode_ci;

--
-- إرجاع أو استيراد بيانات الجدول `contact_support_meta`
--

INSERT INTO `contact_support_meta` (`id`, `language_id`, `contact_heading`, `contact_desc`) VALUES
(1, 1, 'Submit A Support Request', 'If you have any questions, please feel free to contact us, Our customer service center is online 24/7.\r\n\r\n');

-- --------------------------------------------------------

--
-- بنية الجدول `countries`
--

CREATE TABLE `countries` (
  `id` int(10) NOT NULL,
  `name` mediumtext COLLATE utf8mb4_unicode_ci NOT NULL,
  `code` int(10) NOT NULL
) ENGINE=InnoDB DEFAULT CHARSET=utf8mb4 COLLATE=utf8mb4_unicode_ci ROW_FORMAT=COMPACT;

--
-- إرجاع أو استيراد بيانات الجدول `countries`
--

INSERT INTO `countries` (`id`, `name`, `code`) VALUES
(1, 'سلطنة عمان', 968),
(2, 'الكويت', 965),
(3, 'البحرين', 973),
(4, 'قطر', 974),
(5, 'العربية السعودية', 966),
(6, 'الإمارات', 971);

-- --------------------------------------------------------

--
-- بنية الجدول `coupons`
--

CREATE TABLE `coupons` (
  `coupon_id` int(10) NOT NULL,
  `proposal_id` int(10) NOT NULL,
  `coupon_title` text COLLATE utf8mb4_unicode_ci NOT NULL,
  `coupon_type` varchar(255) COLLATE utf8mb4_unicode_ci NOT NULL,
  `coupon_price` varchar(255) COLLATE utf8mb4_unicode_ci NOT NULL,
  `coupon_code` text COLLATE utf8mb4_unicode_ci NOT NULL,
  `coupon_limit` int(10) NOT NULL,
  `coupon_used` int(10) NOT NULL
) ENGINE=InnoDB DEFAULT CHARSET=utf8mb4 COLLATE=utf8mb4_unicode_ci;

-- --------------------------------------------------------

--
-- بنية الجدول `coupons_used`
--

CREATE TABLE `coupons_used` (
  `id` int(100) NOT NULL,
  `proposal_id` varchar(255) COLLATE utf8mb4_unicode_ci NOT NULL,
  `seller_id` varchar(255) COLLATE utf8mb4_unicode_ci NOT NULL,
  `coupon_used` varchar(255) COLLATE utf8mb4_unicode_ci NOT NULL,
  `coupon_price` varchar(255) COLLATE utf8mb4_unicode_ci NOT NULL
) ENGINE=InnoDB DEFAULT CHARSET=utf8mb4 COLLATE=utf8mb4_unicode_ci;

-- --------------------------------------------------------

--
-- بنية الجدول `currencies`
--

CREATE TABLE `currencies` (
  `id` int(10) NOT NULL,
  `name` varchar(255) COLLATE utf8mb4_unicode_ci NOT NULL,
  `symbol` varchar(255) COLLATE utf8mb4_unicode_ci NOT NULL
) ENGINE=InnoDB DEFAULT CHARSET=utf8mb4 COLLATE=utf8mb4_unicode_ci;

--
-- إرجاع أو استيراد بيانات الجدول `currencies`
--

INSERT INTO `currencies` (`id`, `name`, `symbol`) VALUES
(1, 'Afghan afghani', '&#065;&#102;'),
(2, 'Albanian lek', '&#076;&#101;&#107;'),
(3, 'Algerian dinar', '&#1583;&#1580;'),
(4, 'Euro', '&#8364;'),
(5, 'Angolan kwanza', '&#075;&#122;'),
(6, 'East Caribbean dollar', '&#036;'),
(7, 'Argentine peso', '&#036;'),
(8, 'Armenian dram', 'AMD'),
(9, 'Aruban florin', '&#402;'),
(10, 'Australian dollar', '&#036;'),
(11, 'Azerbaijani manat', '&#1084;&#1072;&#1085;'),
(12, 'Bahamian dollar', '&#036;'),
(13, 'Bahraini dinar', '.&#1583;.&#1576;'),
(14, 'Bangladeshi taka', '&#2547;'),
(15, 'Barbadian dollar', '&#036;'),
(16, 'Belarusian ruble', '&#112;&#046;'),
(17, 'Belizean dollar', '&#066;&#090;&#036;'),
(18, 'West African CFA franc', 'CFA'),
(19, 'Bermudian dollar', '&#036;'),
(20, 'Bhutanese ngultrum', '&#078;&#117;&#046;'),
(21, 'Bolivian boliviano', '&#036;&#098;'),
(22, 'US dollar', '&#036;'),
(23, 'Bosnia and Herzegovina convertible mark', '&#075;&#077;'),
(24, 'Botswana pula', '&#080;'),
(25, 'Brazilian real', '&#082;&#036;'),
(26, 'Brunei dollar', '&#036;'),
(27, 'Bulgarian lev', '&#1083;&#1074;'),
(28, 'Burmese kyat', '&#075;'),
(29, 'Burundian franc', '&#070;&#066;&#117;'),
(30, 'Cambodian riel', '&#6107;'),
(31, 'Central African CFA franc', '&#070;&#067;&#070;&#065;'),
(32, 'Canadian dollar', '&#036;'),
(33, 'Cape Verdean escudo', '&#036;'),
(34, 'Cayman Islands dollar', '&#036;'),
(35, 'Chilean peso', '&#036;'),
(36, 'Chinese renminbi', '&#165;'),
(37, 'Colombian peso', '&#036;'),
(38, 'Comorian franc', '&#067;&#070;'),
(39, 'Congolese franc', '&#070;&#067;'),
(40, 'New Zealand dollar', 'NZ&#036;'),
(41, 'Costa Rican colón', '&#8353;'),
(42, 'Croatian kuna', '&#107;&#110;'),
(43, 'Cuban peso', '&#8369;'),
(44, 'Netherlands Antilles guilder', '&#402;'),
(45, 'Czech koruna', '&#075;&#269;'),
(46, 'Danish krone', '&#107;&#114;'),
(47, 'Djiboutian franc', '&#070;&#100;&#106;'),
(48, 'Dominican peso', '&#082;&#068;&#036;'),
(49, 'Egyptian pound', 'EGP'),
(50, 'Salvadoran colón', '&#036;'),
(51, 'Eritrean nakfa', 'Nfk'),
(52, 'Ethiopian birr', '&#066;&#114;'),
(53, 'Falkland Islands pound', '&#163;'),
(54, 'Fijian dollar', '&#036;'),
(55, 'CFP franc', '&#070;'),
(56, 'Gambian dalasi', '&#068;'),
(57, 'Georgian lari', '&#4314;'),
(58, 'Ghanian cedi', '&#162;'),
(59, 'Gibraltar pound', '&#163;'),
(60, 'Guatemalan quetzal', '&#081;'),
(61, 'British pound', '&#163;'),
(62, 'Guinean franc', '&#070;&#071;'),
(63, 'Guyanese dollar', '&#036;'),
(64, 'Haitian gourde', '&#071;'),
(65, 'Honduran lempira', '&#076;'),
(66, 'Hong Kong dollar', '&#036;'),
(67, 'Hungarian forint', '&#070;&#116;'),
(68, 'Icelandic króna', '&#107;&#114;'),
(69, 'Indian rupee', '&#8377;'),
(70, 'Indonesian rupiah', '&#082;&#112;'),
(71, 'Iranian rial', '&#65020;'),
(72, 'Iraqi dinar', '&#1593;.&#1583;'),
(73, 'Israeli new sheqel', '&#8362;'),
(74, 'Jamaican dollar', '&#074;&#036;'),
(75, 'Japanese yen ', '&#165;'),
(76, 'Jordanian dinar', '&#074;&#068;'),
(77, 'Kazakhstani tenge', '&#1083;&#1074;'),
(78, 'Kenyan shilling', '&#075;&#083;&#104;'),
(79, 'North Korean won', '&#8361;'),
(80, 'Kuwaiti dinar', '&#1583;.&#1603;'),
(81, 'Kyrgyzstani som', '&#1083;&#1074;'),
(82, 'South Korean won', '&#8361;'),
(83, 'Lao kip', '&#8365;'),
(84, 'Latvian lats', '&#076;&#115;'),
(85, 'Lebanese pound', '&#163;'),
(86, 'Lesotho loti', '&#076;'),
(87, 'Liberian dollar', '&#036;'),
(88, 'Libyan dinar', '?.?'),
(89, 'Swiss franc', '&#067;&#072;&#070;'),
(90, 'Lithuanian litas', '&#076;&#116;'),
(91, 'Macanese pataca', '&#077;&#079;&#080;&#036;'),
(92, 'Macedonian denar', '&#1076;&#1077;&#1085;'),
(93, 'Malagasy ariary', '&#065;&#114;'),
(94, 'Malawian kwacha', '&#077;&#075;'),
(95, 'Malaysian ringgit', '&#082;&#077;'),
(96, 'Maldivian rufiyaa', '.&#1923;'),
(97, 'Mauritanian ouguiya', '&#085;&#077;'),
(98, 'Mauritian rupee', '&#8360;'),
(99, 'Mexican peso', '&#036;'),
(100, 'Moldovan leu', '&#076;'),
(101, 'Mongolian tugrik', '&#8366;'),
(102, 'Moroccan dirham', '&#1583;.&#1605;.'),
(103, 'Mozambican metical', '&#077;&#084;'),
(104, 'Namibian dollar', '&#036;'),
(105, 'Nepalese rupee', '&#8360;'),
(106, 'Nicaraguan córdoba', '&#067;&#036;'),
(107, 'Nigerian naira', '&#8358;'),
(108, 'Norwegian krone', '&#107;&#114;'),
(109, 'Omani rial', '&#65020;'),
(110, 'Pakistani rupee', '&#8360;'),
(111, 'Panamanian balboa', '&#066;&#047;&#046;'),
(112, 'Papua New Guinea kina', '&#075;'),
(113, 'Paraguayan guarani', '&#071;&#115;'),
(114, 'Peruvian nuevo sol', '&#083;&#047;&#046;'),
(115, 'Philippine peso', '&#8369;'),
(116, 'Polish zloty', '&#122;&#322;'),
(117, 'Qatari riyal', '&#65020;'),
(118, 'Romanian leu', '&#108;&#101;&#105;'),
(119, 'Russian ruble', '&#1088;&#1091;&#1073;'),
(120, 'Rwandan franc', '&#1585;.&#1587;'),
(121, 'Samoan t?l?', '&#087;&#083;&#036;'),
(122, 'São Tomé and Príncipe dobra', '&#068;&#098;'),
(123, 'Saudi riyal', '&#65020;'),
(124, 'Serbian dinar', '&#1044;&#1080;&#1085;&#046;'),
(125, 'Seychellois rupee', '&#8360;'),
(126, 'Sierra Leonean leone', '&#076;&#101;'),
(127, 'Singapore dollar', 'S&#036;'),
(128, 'Solomon Islands dollar', '&#036;'),
(129, 'Somali shilling', '&#083;'),
(130, 'South African rand', '&#082;'),
(131, 'Sri Lankan rupee', '&#8360;'),
(132, 'St. Helena pound', '&#163;'),
(133, 'Sudanese pound', '&#163;'),
(134, 'Surinamese dollar', '&#036;'),
(135, 'Swazi lilangeni', '&#076;'),
(136, 'Swedish krona', '&#107;&#114;'),
(137, 'Syrian pound', '&#163;'),
(138, 'New Taiwan dollar', '&#078;&#084;&#036;'),
(139, 'Tajikistani somoni', '&#084;&#074;&#083;'),
(140, 'Tanzanian shilling', 'Sh'),
(141, 'Thai baht ', '&#3647;'),
(142, 'Tongan pa’anga', '&#084;&#036;'),
(143, 'Trinidad and Tobago dollar', '&#036;'),
(144, 'Tunisian dinar', '&#1583;.&#1578;'),
(145, 'Turkish lira', '&#x20BA;'),
(146, 'Turkmenistani manat', '&#109;'),
(147, 'Ugandan shilling', '&#085;&#083;&#104;'),
(148, 'Ukrainian hryvnia', '&#8372;'),
(149, 'United Arab Emirates dirham', '&#1583;.&#1573;'),
(150, 'Uruguayan peso', '&#036;&#085;'),
(151, 'Uzbekistani som', '&#1083;&#1074;'),
(152, 'Vanuatu vatu', '&#086;&#084;'),
(153, 'Venezuelan bolivar', '&#066;&#115;'),
(154, 'Vietnamese dong', '&#8363;'),
(155, 'Yemeni rial', '&#65020;'),
(156, 'Zambian kwacha', '&#090;&#075;'),
(157, 'Zimbabwean dollar', '&#090;&#036;'),
(158, 'Jersey pound', '&#163;'),
(159, 'Libyan dinar', '&#1604;.&#1583;');

-- --------------------------------------------------------

--
-- بنية الجدول `delivery_times`
--

CREATE TABLE `delivery_times` (
  `delivery_id` int(10) NOT NULL,
  `delivery_title` text COLLATE utf8mb4_unicode_ci NOT NULL,
  `delivery_proposal_title` text COLLATE utf8mb4_unicode_ci NOT NULL
) ENGINE=InnoDB DEFAULT CHARSET=utf8mb4 COLLATE=utf8mb4_unicode_ci;

--
-- إرجاع أو استيراد بيانات الجدول `delivery_times`
--

INSERT INTO `delivery_times` (`delivery_id`, `delivery_title`, `delivery_proposal_title`) VALUES
(1, 'Up to 24 hours', '1 Day'),
(2, 'Up to 2 Days', '2 Days'),
(3, 'Up to 3 Days', '3 Days'),
(4, 'Up to 4 Days', '4 Days'),
(5, 'Up to 5 Days', '5 Days'),
(6, 'Up to 6 Days', '6 Days'),
(7, 'Up to 7 Days', '7 Days'),
(8, 'Up to 1 Hour', '1 Hour');

-- --------------------------------------------------------

--
-- بنية الجدول `dusupay_orders`
--

CREATE TABLE `dusupay_orders` (
  `id` int(10) NOT NULL,
  `order_id` varchar(255) COLLATE utf8mb4_unicode_ci NOT NULL,
  `reference_no` varchar(255) COLLATE utf8mb4_unicode_ci NOT NULL,
  `buyer_id` int(10) NOT NULL,
  `content_id` int(10) NOT NULL,
  `qty` int(10) NOT NULL,
  `price` varchar(255) COLLATE utf8mb4_unicode_ci NOT NULL,
  `total` varchar(255) COLLATE utf8mb4_unicode_ci NOT NULL,
  `delivery_id` int(10) NOT NULL,
  `revisions` varchar(255) COLLATE utf8mb4_unicode_ci NOT NULL,
  `minutes` int(10) NOT NULL,
  `extras` text COLLATE utf8mb4_unicode_ci NOT NULL,
  `type` varchar(255) COLLATE utf8mb4_unicode_ci NOT NULL,
  `currency` varchar(255) COLLATE utf8mb4_unicode_ci NOT NULL,
  `message` text COLLATE utf8mb4_unicode_ci NOT NULL,
  `status` varchar(255) COLLATE utf8mb4_unicode_ci NOT NULL
) ENGINE=InnoDB DEFAULT CHARSET=utf8mb4 COLLATE=utf8mb4_unicode_ci;

-- --------------------------------------------------------

--
-- بنية الجدول `enquiry_types`
--

CREATE TABLE `enquiry_types` (
  `enquiry_id` int(10) NOT NULL,
  `enquiry_title` text COLLATE utf8mb4_unicode_ci NOT NULL
) ENGINE=InnoDB DEFAULT CHARSET=utf8mb4 COLLATE=utf8mb4_unicode_ci;

--
-- إرجاع أو استيراد بيانات الجدول `enquiry_types`
--

INSERT INTO `enquiry_types` (`enquiry_id`, `enquiry_title`) VALUES
(1, 'طلب الدعم'),
(2, 'مراجعة الإزالة'),
(3, 'دعم الحساب'),
(4, 'الإبلاغ عن خطأ');

-- --------------------------------------------------------

--
-- بنية الجدول `expenses`
--

CREATE TABLE `expenses` (
  `id` int(10) NOT NULL,
  `title` text COLLATE utf8mb4_unicode_ci NOT NULL,
  `description` text COLLATE utf8mb4_unicode_ci NOT NULL,
  `amount` decimal(10,1) NOT NULL,
  `date` text COLLATE utf8mb4_unicode_ci NOT NULL
) ENGINE=InnoDB DEFAULT CHARSET=utf8mb4 COLLATE=utf8mb4_unicode_ci;

-- --------------------------------------------------------

--
-- بنية الجدول `favorites`
--

CREATE TABLE `favorites` (
  `favourite_id` int(10) NOT NULL,
  `seller_id` int(10) NOT NULL,
  `proposal_id` int(10) NOT NULL
) ENGINE=InnoDB DEFAULT CHARSET=utf8mb4 COLLATE=utf8mb4_unicode_ci;

-- --------------------------------------------------------

--
-- بنية الجدول `featured_proposals`
--

CREATE TABLE `featured_proposals` (
  `featured_id` int(10) NOT NULL,
  `proposal_id` int(10) NOT NULL,
  `end_date` text COLLATE utf8mb4_unicode_ci NOT NULL
) ENGINE=InnoDB DEFAULT CHARSET=utf8mb4 COLLATE=utf8mb4_unicode_ci;

-- --------------------------------------------------------

--
-- بنية الجدول `footer_links`
--

CREATE TABLE `footer_links` (
  `link_id` int(10) NOT NULL,
  `language_id` int(10) NOT NULL,
  `icon_class` varchar(255) COLLATE utf8mb4_unicode_ci NOT NULL,
  `link_title` text COLLATE utf8mb4_unicode_ci NOT NULL,
  `link_url` text COLLATE utf8mb4_unicode_ci NOT NULL,
  `link_section` text COLLATE utf8mb4_unicode_ci NOT NULL
) ENGINE=InnoDB DEFAULT CHARSET=utf8mb4 COLLATE=utf8mb4_unicode_ci;

--
-- إرجاع أو استيراد بيانات الجدول `footer_links`
--

INSERT INTO `footer_links` (`link_id`, `language_id`, `icon_class`, `link_title`, `link_url`, `link_section`) VALUES
(4, 1, '', 'Video & Animation\r\n', '/categories/video-animation', 'categories'),
(6, 1, '', 'Programming & Tech\r\n', '/categories/programming-tech', 'categories'),
(9, 1, 'fa-file-text-o', 'Terms &amp; Conditions', 'terms_and_conditions', 'about'),
(10, 1, 'fa-google-plus-official', 'fa-google-plus-official', '#', 'follow'),
(11, 1, 'fa-twitter', '', '#', 'follow'),
(12, 1, 'fa-facebook', '', '#', 'follow'),
(13, 1, 'fa-linkedin', '', '#', 'follow'),
(14, 1, 'fa-pinterest', '', '#', 'follow'),
(15, 1, 'fa fa-life-ring', 'Customer Support', '/customer_support', 'about'),
(16, 1, 'fa-question-circle', 'How It Works', '/how-it-works', 'about'),
(17, 1, 'fa-book', 'Knowledge Bank', '/knowledge_bank/', 'about'),
(18, 1, 'fa-rss', 'Blog', 'blog/', 'about'),
(19, 1, 'fa fa-comments-o', 'Feedback', '/feedback/', 'about'),
(21, 2, 'fa-file-text-o', 'شروط الخدمة', 'terms_and_conditions', 'about'),
(29, 2, 'fa fa-life-ring', 'دعم العملاء', '/customer_support', 'about'),
(30, 2, 'fa-question-circle', 'كيف يعمل الموقع', '/how-it-works', 'about'),
(31, 2, '', 'دورات ودروس عن بعد', 'https://www.altamkin.com/categories/%D8%AF%D9%88%D8%B1%D8%A7%D8%AA+%D9%88%D8%AF%D8%B1%D9%88%D8%B3+%D8%B9%D9%86+%D8%A8%D8%B9%D8%AF+', 'categories'),
(33, 2, '', 'استشارات إضرابات نطق وتربيه خاصة', 'https://www.altamkin.com/categories/%D8%A7%D8%B3%D8%AA%D8%B4%D8%A7%D8%B1%D8%A7%D8%AA+%D8%A5%D8%B6%D8%B1%D8%A7%D8%A8%D8%A7%D8%AA+%D9%86%D8%B7%D9%82+%D9%88%D8%AA%D8%B1%D8%A8%D9%8A%D9%87+%D8%AE%D8%A7%D8%B5%D8%A9', 'categories'),
(34, 2, '', 'استشارات اسرية وزوجية', 'https://www.altamkin.com/categories/%D8%A7%D8%B3%D8%AA%D8%B4%D8%A7%D8%B1%D8%A7%D8%AA+%D8%A7%D8%B3%D8%B1%D9%8A%D8%A9+%D9%88%D8%B2%D9%88%D8%AC%D9%8A%D8%A9', 'categories'),
(35, 2, '', 'استشارات نفسية', 'https://www.altamkin.com/categories/%D8%A7%D8%B3%D8%AA%D8%B4%D8%A7%D8%B1%D8%A7%D8%AA+%D9%86%D9%81%D8%B3%D9%8A%D8%A9', 'categories'),
(36, 2, 'fa fa-instagram', '', 'https://www.instagram.com/p/CM7w1HwF66d/?igshid=1u9x6mqck0vtv', 'follow'),
(37, 2, 'fa fa-tumblr-square', '', 'https://vm.tiktok.com/ZSJBSNYbh/', 'follow'),
(38, 2, 'fa fa-youtube-play', '', 'https://youtube.com/channel/UCpP4qqCK4oo61iHZUYUnWow', 'follow'),
(39, 2, 'fa fa-rss-square', '', 'blog/', 'follow');

-- --------------------------------------------------------

--
-- بنية الجدول `hide_seller_messages`
--

CREATE TABLE `hide_seller_messages` (
  `id` int(10) NOT NULL,
  `hider_id` int(10) NOT NULL,
  `hide_seller_id` int(10) NOT NULL
) ENGINE=InnoDB DEFAULT CHARSET=utf8mb4 COLLATE=utf8mb4_unicode_ci;

-- --------------------------------------------------------

--
-- بنية الجدول `home_cards`
--

CREATE TABLE `home_cards` (
  `card_id` int(10) NOT NULL,
  `language_id` int(10) NOT NULL,
  `card_title` text COLLATE utf8mb4_unicode_ci NOT NULL,
  `card_desc` text COLLATE utf8mb4_unicode_ci NOT NULL,
  `card_link` varchar(255) COLLATE utf8mb4_unicode_ci NOT NULL,
  `card_image` varchar(255) COLLATE utf8mb4_unicode_ci NOT NULL,
  `isS3` int(10) NOT NULL
) ENGINE=InnoDB DEFAULT CHARSET=utf8mb4 COLLATE=utf8mb4_unicode_ci;

--
-- إرجاع أو استيراد بيانات الجدول `home_cards`
--

INSERT INTO `home_cards` (`card_id`, `language_id`, `card_title`, `card_desc`, `card_link`, `card_image`, `isS3`) VALUES
(1, 1, 'Video design', 'voiceover and ', 'https://www.altamkin.com/ALTAMKIN/categories/%D8%A7%D9%84%D9%81%D9%8A%D8%AF%D9%8A%D9%88+%D9%88%D8%A7%D9%84%D8%B1%D8%B3%D9%88%D9%85+%D8%A7%D9%84%D9%85%D8%AA%D8%AD%D8%B1%D9%83%D8%A9', '7.jpg', 0),
(2, 1, 'Educational Design ', 'programming and ', '#', '10.jpg', 0),
(3, 1, 'Distance ', 'Courses', '#', 'educ.jpg', 0),
(4, 1, 'Business ', 'Administration', 'https://www.altamkin.com/ALTAMKIN/categories/%D8%A7%D8%B9%D9%85%D8%A7%D9%84', '11.jpg', 0),
(5, 1, 'Linguistic checking ', 'translation and', 'https://www.altamkin.com/ALTAMKIN/categories/%D8%A7%D9%84%D9%83%D8%AA%D8%A7%D8%A8%D8%A9+%D9%88%D8%A7%D9%84%D8%AA%D8%B1%D8%AC%D9%85%D8%A9', '12.jpg', 0),
(6, 1, 'Educational', 'Educational consulting and', '#', '13.jpg', 0),
(7, 2, 'ودروس عن بعد', 'دورات', 'https://www.altamkin.com/categories/%D8%AF%D9%88%D8%B1%D8%A7%D8%AA+%D9%88%D8%AF%D8%B1%D9%88%D8%B3+%D8%B9%D9%86+%D8%A8%D8%B9%D8%AF+', 'ban01.jpg', 0),
(8, 2, ' اضطرابات  نطق وتربيه خاصة', 'استشارات', 'https://www.altamkin.com/categories/%D8%A7%D8%B3%D8%AA%D8%B4%D8%A7%D8%B1%D8%A7%D8%AA+%D8%A5%D8%B6%D8%B1%D8%A7%D8%A8%D8%A7%D8%AA+%D9%86%D8%B7%D9%82+%D9%88%D8%AA%D8%B1%D8%A8%D9%8A%D9%87+%D8%AE%D8%A7%D8%B5%D8%A9', 'ban02.jpg', 0),
(9, 2, ' اسرية وزوجية', 'استشارات', 'https://www.altamkin.com/categories/%D8%A7%D8%B3%D8%AA%D8%B4%D8%A7%D8%B1%D8%A7%D8%AA+%D8%A7%D8%B3%D8%B1%D9%8A%D8%A9+%D9%88%D8%B2%D9%88%D8%AC%D9%8A%D8%A9', 'ban03.jpg', 0),
(10, 2, ' نفسية', 'استشارات', 'https://www.altamkin.com/categories/%D8%A7%D8%B3%D8%AA%D8%B4%D8%A7%D8%B1%D8%A7%D8%AA+%D9%86%D9%81%D8%B3%D9%8A%D8%A9', 'ban04.jpg', 0),
(11, 2, 'تنميه وتطوير ذات', 'استشارات ', 'https://www.altamkin.com/categories/%D8%A7%D8%B3%D8%AA%D8%B4%D8%A7%D8%B1%D8%A7%D8%AA+%D8%AA%D9%86%D9%85%D9%8A%D9%87+%D9%88%D8%AA%D8%B7%D9%88%D9%8A%D8%B1+%D8%B0%D8%A7%D8%AA', 'ban05.jpg', 0),
(12, 2, ' تعليمية', 'منتجات', 'https://www.altamkin.com/categories/%D9%85%D9%86%D8%AA%D8%AC%D8%A7%D8%AA+%D8%AA%D8%B9%D9%84%D9%8A%D9%85%D9%8A%D8%A9', 'ban06.jpg', 0);

-- --------------------------------------------------------

--
-- بنية الجدول `home_section`
--

CREATE TABLE `home_section` (
  `section_id` int(10) NOT NULL,
  `language_id` int(10) NOT NULL,
  `section_heading` text COLLATE utf8mb4_unicode_ci NOT NULL,
  `section_short_heading` text COLLATE utf8mb4_unicode_ci NOT NULL
) ENGINE=InnoDB DEFAULT CHARSET=utf8mb4 COLLATE=utf8mb4_unicode_ci;

--
-- إرجاع أو استيراد بيانات الجدول `home_section`
--

INSERT INTO `home_section` (`section_id`, `language_id`, `section_heading`, `section_short_heading`) VALUES
(1, 1, ' ', ' ');

-- --------------------------------------------------------

--
-- بنية الجدول `home_section_slider`
--

CREATE TABLE `home_section_slider` (
  `slide_id` int(100) NOT NULL,
  `slide_name` varchar(255) COLLATE utf8mb4_unicode_ci NOT NULL,
  `slide_image` varchar(255) COLLATE utf8mb4_unicode_ci NOT NULL,
  `isS3` int(10) NOT NULL
) ENGINE=InnoDB DEFAULT CHARSET=utf8mb4 COLLATE=utf8mb4_unicode_ci;

-- --------------------------------------------------------

--
-- بنية الجدول `ideas`
--

CREATE TABLE `ideas` (
  `id` int(100) NOT NULL,
  `seller_id` int(100) NOT NULL,
  `votes` int(100) NOT NULL,
  `title` text COLLATE utf8mb4_unicode_ci NOT NULL,
  `content` text COLLATE utf8mb4_unicode_ci NOT NULL,
  `date` varchar(255) COLLATE utf8mb4_unicode_ci NOT NULL
) ENGINE=InnoDB DEFAULT CHARSET=utf8mb4 COLLATE=utf8mb4_unicode_ci;

-- --------------------------------------------------------

--
-- بنية الجدول `inbox_messages`
--

CREATE TABLE `inbox_messages` (
  `message_id` int(10) NOT NULL,
  `message_group_id` int(10) NOT NULL,
  `message_sender` int(10) NOT NULL,
  `message_receiver` int(10) NOT NULL,
  `message_offer_id` int(10) NOT NULL,
  `message_desc` text COLLATE utf8mb4_unicode_ci NOT NULL,
  `message_file` text COLLATE utf8mb4_unicode_ci NOT NULL,
  `message_date` text COLLATE utf8mb4_unicode_ci NOT NULL,
  `dateAgo` text COLLATE utf8mb4_unicode_ci NOT NULL,
  `bell` varchar(255) COLLATE utf8mb4_unicode_ci NOT NULL,
  `message_status` text COLLATE utf8mb4_unicode_ci NOT NULL,
  `isS3` int(10) NOT NULL
) ENGINE=InnoDB DEFAULT CHARSET=utf8mb4 COLLATE=utf8mb4_unicode_ci;

--
-- إرجاع أو استيراد بيانات الجدول `inbox_messages`
--

INSERT INTO `inbox_messages` (`message_id`, `message_group_id`, `message_sender`, `message_receiver`, `message_offer_id`, `message_desc`, `message_file`, `message_date`, `dateAgo`, `bell`, `message_status`, `isS3`) VALUES
(1, 1397187541, 71, 33, 0, '\n&#1575;&#1604;&#1587;&#1604;&#1575;&#1605; &#1593;&#1604;&#1587;&#1603;&#1605; \n', '', '04:36: January 24, 2021', '2021-01-24 16:36:40', 'over', 'read', 0),
(2, 1397187541, 71, 33, 0, '\n&#1603;&#1605; &#1587;&#1593;&#1585; &#1575;&#1604;&#1583;&#1608;&#1585;&#1607; &#1575;&#1604;&#1605;&#1602;&#1583;&#1605;&#1607; \n', '', '04:37: January 24, 2021', '2021-01-24 16:37:44', 'over', 'read', 0),
(3, 1607530402, 72, 33, 0, '\n', '', '05:21: February 06, 2021', '2021-02-06 17:21:24', 'over', 'read', 0),
(4, 1397187541, 33, 71, 0, '\n&#1608;&#1593;&#1604;&#1610;&#1603;&#1605; &#1575;&#1604;&#1587;&#1604;&#1575;&#1605; &#1608;&#1585;&#1581;&#1605;&#1577; &#1575;&#1604;&#1604;&#1607; &#1608;&#1576;&#1585;&#1603;&#1575;&#1578;&#1607;\n', '', '10:29: February 06, 2021', '2021-02-06 22:29:45', 'active', 'unread', 0),
(5, 1397187541, 33, 71, 0, '\n&#1610;&#1593;&#1578;&#1605;&#1583; &#1593;&#1604;&#1609; &#1575;&#1604;&#1583;&#1608;&#1585;&#1577; &#1608;&#1603;&#1605; &#1605;&#1583;&#1578;&#1607;&#1575;.. &#1578;&#1585;&#1610;&#1583; &#1583;&#1608;&#1585;&#1577; &#1601;&#1610; &#1605;&#1575;&#1584;&#1575; &#1576;&#1575;&#1604;&#1590;&#1576;&#1591;&#1567;\n', '', '10:30: February 06, 2021', '2021-02-06 22:30:33', 'active', 'unread', 0),
(6, 1607530402, 33, 72, 0, '\n&#1575;&#1604;&#1587;&#1604;&#1575;&#1605; &#1593;&#1604;&#1610;&#1603;&#1605;\n', '', '10:31: February 06, 2021', '2021-02-06 22:31:07', 'over', 'read', 0),
(7, 1607530402, 33, 72, 0, '\n&#1578;&#1601;&#1590;&#1604;/&#1610;\n', '', '10:31: February 06, 2021', '2021-02-06 22:31:39', 'over', 'read', 0),
(8, 1607530402, 72, 33, 0, '\n&#1575;&#1585;&#1610;&#1583; &#1578;&#1589;&#1605;&#1610;&#1605; &#1601;&#1610;&#1583;&#1610;&#1608; &#1604;&#1593;&#1610;&#1583; &#1605;&#1610;&#1604;&#1575;&#1583; &#1603;&#1605; &#1576;&#1610;&#1603;&#1608;&#1606; &#1587;&#1593;&#1585; \n', '', '11:12: February 08, 2021', '2021-02-08 11:12:51', 'active', 'unread', 0),
(9, 1359501721, 26, 33, 0, '\n&#1575;&#1604;&#1587;&#1604;&#1575;&#1605; &#1593;&#1604;&#1610;&#1603;&#1605;\n', '', '01:22: February 08, 2021', '2021-02-08 13:22:33', 'active', 'unread', 0),
(10, 123089710, 26, 61, 0, '\n&#1575;&#1604;&#1587;&#1604;&#1575;&#1605; &#1593;&#1604;&#1610;&#1603;&#1605;\n', '', '01:22: February 08, 2021', '2021-02-08 13:22:56', 'active', 'unread', 0),
(11, 1610109251, 94, 33, 0, '\n&#1575;&#1604;&#1587;&#1604;&#1575;&#1605; &#1593;&#1604;&#1610;&#1603;&#1605; \n', '', '03:08: April 04, 2021', '2021-04-04 15:08:51', 'active', 'unread', 0),
(12, 115642628, 94, 46, 0, '\n&#1575;&#1604;&#1587;&#1604;&#1575;&#1605; &#1593;&#1604;&#1610;&#1603;&#1605;\n', '', '03:09: April 04, 2021', '2021-04-04 15:09:42', 'active', 'unread', 0),
(13, 1115906239, 148, 129, 0, '\n&#1575;&#1604;&#1587;&#1604;&#1575;&#1605; &#1593;&#1604;&#1610;&#1603;&#1605;&nbsp;\n', '', '09:42: July 03, 2022', '2022-07-03 21:42:42', 'active', 'unread', 0),
(14, 793156982, 148, 134, 0, '\n&#1575;&#1604;&#1587;&#1604;&#1575;&#1605; &#1593;&#1604;&#1610;&#1603;&#1605; &#1608; &#1585;&#1581;&#1605;&#1577; &#1575;&#1604;&#1604;&#1607; &#1608; &#1576;&#1585;&#1603;&#1575;&#1578;&#1607;&nbsp;\n', '', '09:44: July 03, 2022', '2022-07-03 21:44:19', 'active', 'unread', 0);

-- --------------------------------------------------------

--
-- بنية الجدول `inbox_sellers`
--

CREATE TABLE `inbox_sellers` (
  `inbox_seller_id` int(10) NOT NULL,
  `message_group_id` int(10) NOT NULL,
  `message_id` int(10) NOT NULL,
  `offer_id` int(10) NOT NULL,
  `sender_id` int(10) NOT NULL,
  `receiver_id` int(10) NOT NULL,
  `popup` int(10) NOT NULL,
  `time` int(11) NOT NULL,
  `message_status` text COLLATE utf8mb4_unicode_ci NOT NULL
) ENGINE=InnoDB DEFAULT CHARSET=utf8mb4 COLLATE=utf8mb4_unicode_ci;

--
-- إرجاع أو استيراد بيانات الجدول `inbox_sellers`
--

INSERT INTO `inbox_sellers` (`inbox_seller_id`, `message_group_id`, `message_id`, `offer_id`, `sender_id`, `receiver_id`, `popup`, `time`, `message_status`) VALUES
(1, 1397187541, 5, 0, 33, 71, 1, 1612636233, 'unread'),
(2, 899381542, 0, 0, 72, 31, 0, 0, 'empty'),
(3, 1442290779, 0, 0, 72, 35, 0, 0, 'empty'),
(4, 1607530402, 8, 0, 72, 33, 1, 1612768371, 'unread'),
(5, 1948098867, 0, 0, 72, 64, 0, 0, 'empty'),
(6, 159720087, 0, 0, 26, 37, 0, 0, 'empty'),
(7, 1359501721, 9, 0, 26, 33, 1, 1612776153, 'unread'),
(8, 123089710, 10, 0, 26, 61, 1, 1612776176, 'unread'),
(9, 195744414, 0, 0, 98, 33, 0, 0, 'empty'),
(10, 75465909, 0, 0, 94, 70, 0, 0, 'empty'),
(11, 1610109251, 11, 0, 94, 33, 1, 1617534531, 'unread'),
(12, 115642628, 12, 0, 94, 46, 1, 1617534582, 'unread'),
(13, 2076309589, 0, 0, 145, 81, 0, 0, 'empty'),
(14, 183164229, 0, 0, 145, 134, 0, 0, 'empty'),
(15, 1738157190, 0, 0, 145, 45, 0, 0, 'empty'),
(16, 1951255597, 0, 0, 26, 81, 0, 0, 'empty'),
(17, 146741698, 0, 0, 26, 94, 0, 0, 'empty'),
(18, 1704549153, 0, 0, 48, 26, 0, 0, 'empty'),
(19, 1030582073, 0, 0, 48, 48, 0, 0, 'empty'),
(20, 1027025581, 0, 0, 147, 81, 0, 0, 'empty'),
(21, 2002637834, 0, 0, 148, 127, 0, 0, 'empty'),
(22, 1115906239, 13, 0, 148, 129, 1, 1656870162, 'unread'),
(23, 793156982, 14, 0, 148, 134, 1, 1656870259, 'unread');

-- --------------------------------------------------------

--
-- بنية الجدول `instant_deliveries`
--

CREATE TABLE `instant_deliveries` (
  `id` int(10) NOT NULL,
  `proposal_id` int(10) NOT NULL,
  `enable` int(10) NOT NULL,
  `message` text COLLATE utf8mb4_unicode_ci NOT NULL,
  `watermark` int(10) NOT NULL,
  `watermark_file` varchar(255) COLLATE utf8mb4_unicode_ci NOT NULL,
  `file` varchar(255) COLLATE utf8mb4_unicode_ci NOT NULL,
  `isS3` int(10) NOT NULL
) ENGINE=InnoDB DEFAULT CHARSET=utf8mb4 COLLATE=utf8mb4_unicode_ci;

--
-- إرجاع أو استيراد بيانات الجدول `instant_deliveries`
--

INSERT INTO `instant_deliveries` (`id`, `proposal_id`, `enable`, `message`, `watermark`, `watermark_file`, `file`, `isS3`) VALUES
(164, 1, 0, '', 0, '', '', 0),
(165, 2, 0, '', 0, '', '', 0),
(166, 3, 0, '', 0, '', '', 0),
(167, 4, 0, '', 0, '', '', 0),
(168, 38, 0, '', 0, '', '', 0),
(169, 39, 0, '', 0, '', '', 0),
(170, 40, 0, '', 0, '', '', 0),
(171, 41, 0, '', 0, '', '', 0),
(172, 42, 0, '', 0, '', '', 0),
(173, 43, 0, '', 0, '', '', 0),
(174, 44, 0, '', 0, '', '', 0),
(175, 45, 0, '', 0, '', '', 0),
(176, 46, 0, '', 0, '', '', 0),
(177, 47, 0, '', 0, '', '', 0),
(178, 48, 0, '', 0, '', '', 0),
(179, 49, 0, '', 0, '', '', 0),
(180, 50, 0, '', 0, '', '', 0),
(181, 51, 0, '', 0, '', '', 0),
(182, 52, 0, '', 0, '', '', 0),
(183, 53, 0, '', 0, '', '', 0),
(184, 54, 0, '', 0, '', '', 0),
(185, 55, 0, '', 0, '', '', 0),
(186, 56, 0, '', 0, '', '', 0),
(187, 57, 0, '', 0, '', '', 0),
(188, 58, 0, '', 0, '', '', 0),
(189, 59, 0, '', 0, '', '', 0),
(190, 60, 0, '', 0, '', '', 0),
(191, 61, 0, '', 0, '', '', 0),
(192, 62, 0, '', 0, '', '', 0),
(193, 63, 0, '', 0, '', '', 0),
(194, 64, 0, '', 0, '', '', 0),
(195, 65, 0, '', 0, '', '', 0),
(196, 66, 0, '', 0, '', '', 0),
(197, 67, 0, '', 0, '', '', 0),
(198, 68, 0, '', 0, '', '', 0),
(199, 69, 0, '', 0, '', '', 0),
(200, 70, 0, '', 0, '', '', 0),
(201, 71, 0, '', 0, '', '', 0),
(202, 72, 0, '', 0, '', '', 0),
(203, 73, 0, '', 0, '', '', 0),
(204, 74, 0, '✨اعلان عن درس خصوصي *✨\r\n١.تعليم الاحرف والقراءة \r\n\r\n*مميزات:\r\n١.يكون وقت الدرس حسب الاتفاق من ( ساعه الى ساعتين )\r\n٢.مراجعات الدروس وحل الواجبات \r\n٣.تقوية\r\n\r\n🚨 *شروط الالتحاق*\r\n١.الرغبه من قبل الطالب والمتابعه من قبل الام في التثبيت\r\n٢.وقت الدرس يجب ان يكون الطالب في مكان هادئ لكي تعم الفائدة \r\n\r\n\r\n*رسوم: \r\nالساعه : ٥ ريال \r\nنص ساعه : ٢.٥٠٠', 0, '', '', 0),
(205, 75, 0, '', 0, '', 'educ-inst-02_1614619288.jpg', 0),
(206, 76, 1, 'التعليم عن بعد ', 0, '', '51810215-8B73-4BCD-AFE4-657882D8A548_1613460942.jpeg', 0),
(207, 77, 1, 'التعليم عن بعد ', 0, '', '56CC2036-2B58-4FB7-8110-7667E5B53634_1613462043.jpeg', 0),
(208, 78, 1, 'التعلم عن بعد للاطفال ', 0, '', '114D18BC-AF19-4C72-9B99-0F151A2244C8_1613495181.jpeg', 0),
(209, 79, 0, 'تدريس عن بعد', 0, '', '', 0),
(210, 80, 0, '', 0, '', '', 0),
(211, 81, 0, '', 0, '', '', 0),
(212, 82, 0, '', 0, '', '', 0),
(213, 83, 0, '', 0, '', '', 0),
(214, 84, 0, '', 0, '', '', 0),
(215, 85, 0, '', 0, '', '', 0),
(216, 86, 0, '', 0, '', '', 0),
(217, 87, 0, '', 0, '', '', 0),
(218, 88, 0, '', 0, '', '', 0),
(219, 89, 0, '', 0, '', '', 0),
(220, 90, 0, '', 0, '', '', 0),
(221, 91, 0, '', 0, '', '', 0),
(222, 92, 0, '', 0, '', '', 0),
(223, 93, 0, '', 0, '', '', 0),
(224, 94, 0, 'لم يتوفر حاليا', 0, '', '', 0),
(225, 95, 0, 'غير متوفر حاليا', 0, '', '', 0),
(226, 96, 0, '', 0, '', '', 0),
(227, 97, 0, '', 0, '', '', 0),
(228, 98, 0, '', 0, '', '', 0),
(229, 99, 0, '', 0, '', '', 0),
(230, 100, 0, '', 0, '', '', 0),
(231, 101, 0, '', 0, '', '', 0),
(232, 102, 0, '', 0, '', '', 0),
(233, 103, 0, '', 0, '', '', 0),
(234, 104, 1, '.....fff', 0, '', 'hadha-watani_1615838118.png', 0),
(235, 105, 0, 'حاصله على دبلوم علوم شرعيه من كلية العلوم الشرعيه ولدي خبره ثلاث سنوات في تحفيظ القران وتعليم احكام التجويد', 0, '', '', 0),
(236, 106, 0, '', 0, '', '', 0),
(237, 107, 0, '', 0, '', '', 0),
(238, 108, 0, '', 0, '', '', 0),
(239, 109, 0, '', 0, '', '', 0),
(240, 110, 0, '', 0, '', '', 0),
(241, 111, 0, '', 0, '', '', 0),
(242, 112, 1, 'يا مرحبا فيكم احبائي الصغار', 0, '', '494D8341-C38B-4DA2-A6E9-24890E368F39_1616606779.jpeg', 0),
(243, 113, 0, '', 0, '', '', 0),
(244, 114, 0, '', 0, '', '', 0),
(245, 115, 0, '', 0, '', '', 0),
(246, 116, 0, '', 0, '', '', 0),
(247, 117, 0, '', 0, '', '', 0),
(248, 118, 0, '', 0, '', '', 0),
(249, 119, 0, '', 0, '', '', 0),
(250, 120, 0, '', 0, '', '', 0),
(251, 121, 0, 'اقدم استشارات نفسية ولتنمية الذات باستخدام تقنيات حديثة _اقدم دورات تدريبية متنوعه في التنمية الذاتية والوعي', 0, '', '', 0),
(252, 122, 0, '', 0, '', '', 0),
(253, 123, 0, '', 0, '', '', 0),
(254, 124, 0, '', 0, '', '', 0),
(255, 125, 0, '', 0, '', '', 0),
(256, 126, 0, '', 0, '', '', 0),
(257, 127, 0, '', 0, '', '', 0),
(258, 128, 0, '', 0, '', '', 0),
(259, 129, 0, '', 0, '', '', 0),
(260, 130, 0, '', 0, '', '', 0),
(261, 131, 0, '', 0, '', '', 0),
(262, 132, 0, '', 0, '', '', 0),
(263, 133, 0, '', 0, '', '', 0),
(264, 134, 0, '', 0, '', '', 0),
(265, 135, 0, '', 0, '', '', 0),
(266, 136, 0, '', 0, '', '', 0);

-- --------------------------------------------------------

--
-- بنية الجدول `knowledge_bank`
--

CREATE TABLE `knowledge_bank` (
  `article_id` int(11) NOT NULL,
  `language_id` int(10) NOT NULL,
  `cat_id` int(10) NOT NULL,
  `article_url` text COLLATE utf8mb4_unicode_ci NOT NULL,
  `article_heading` text COLLATE utf8mb4_unicode_ci NOT NULL,
  `article_body` text COLLATE utf8mb4_unicode_ci NOT NULL,
  `right_image` varchar(255) COLLATE utf8mb4_unicode_ci NOT NULL,
  `top_image` varchar(255) COLLATE utf8mb4_unicode_ci NOT NULL,
  `bottom_image` varchar(255) COLLATE utf8mb4_unicode_ci NOT NULL,
  `article_status` varchar(255) COLLATE utf8mb4_unicode_ci NOT NULL,
  `right_image_s3` int(10) NOT NULL,
  `top_image_s3` int(10) NOT NULL,
  `bottom_image_s3` int(10) NOT NULL
) ENGINE=InnoDB DEFAULT CHARSET=utf8mb4 COLLATE=utf8mb4_unicode_ci;

--
-- إرجاع أو استيراد بيانات الجدول `knowledge_bank`
--

INSERT INTO `knowledge_bank` (`article_id`, `language_id`, `cat_id`, `article_url`, `article_heading`, `article_body`, `right_image`, `top_image`, `bottom_image`, `article_status`, `right_image_s3`, `top_image_s3`, `bottom_image_s3`) VALUES
(1, 1, 1, 'freelancer', 'Freelancer', '\n<p>Freelancer&nbsp;Knowledge Bank</p>\n', '', '', '', 'active', 0, 0, 0);

-- --------------------------------------------------------

--
-- بنية الجدول `languages`
--

CREATE TABLE `languages` (
  `id` int(10) NOT NULL,
  `title` text COLLATE utf8mb4_unicode_ci NOT NULL,
  `image` varchar(255) COLLATE utf8mb4_unicode_ci NOT NULL,
  `default_lang` int(10) NOT NULL,
  `direction` varchar(255) COLLATE utf8mb4_unicode_ci NOT NULL,
  `template_folder` varchar(255) COLLATE utf8mb4_unicode_ci NOT NULL,
  `isS3` int(10) NOT NULL
) ENGINE=InnoDB DEFAULT CHARSET=utf8mb4 COLLATE=utf8mb4_unicode_ci;

--
-- إرجاع أو استيراد بيانات الجدول `languages`
--

INSERT INTO `languages` (`id`, `title`, `image`, `default_lang`, `direction`, `template_folder`, `isS3`) VALUES
(1, 'English', 'english.png', 0, 'left', 'en', 0),
(2, 'العربية', '5.png', 1, 'right', 'ا', 0);

-- --------------------------------------------------------

--
-- بنية الجدول `languages_relation`
--

CREATE TABLE `languages_relation` (
  `relation_id` int(10) NOT NULL,
  `seller_id` int(10) NOT NULL,
  `language_id` int(11) NOT NULL,
  `language_level` text COLLATE utf8mb4_unicode_ci NOT NULL
) ENGINE=InnoDB DEFAULT CHARSET=utf8mb4 COLLATE=utf8mb4_unicode_ci;

--
-- إرجاع أو استيراد بيانات الجدول `languages_relation`
--

INSERT INTO `languages_relation` (`relation_id`, `seller_id`, `language_id`, `language_level`) VALUES
(1, 46, 1, 'conversational'),
(2, 66, 1, 'conversational'),
(4, 37, 2, 'conversational'),
(5, 9, 2, 'conversational'),
(6, 61, 2, 'conversational'),
(7, 68, 2, 'conversational'),
(8, 1, 1, 'conversational'),
(9, 72, 2, 'conversational'),
(10, 33, 1, 'Conversational'),
(11, 33, 2, 'Native or Bilingual'),
(12, 33, 3, 'basic'),
(13, 33, 4, 'basic'),
(14, 64, 2, 'conversational'),
(15, 70, 2, 'conversational'),
(16, 73, 2, 'conversational'),
(17, 77, 2, 'conversational'),
(18, 23, 2, 'conversational'),
(19, 82, 2, 'Select Level'),
(20, 64, 1, 'basic'),
(21, 26, 2, 'conversational'),
(22, 104, 2, 'conversational'),
(23, 105, 2, 'conversational'),
(24, 106, 2, 'conversational'),
(25, 108, 2, 'conversational'),
(26, 110, 2, 'conversational'),
(27, 123, 2, 'Native or Bilingual'),
(28, 123, 1, 'basic'),
(30, 127, 2, 'conversational'),
(32, 127, 1, 'Fluent'),
(33, 129, 2, 'Native or Bilingual'),
(34, 129, 1, 'Fluent'),
(35, 130, 1, 'conversational'),
(36, 130, 2, 'اختار مستوى'),
(37, 135, 2, 'اختار مستوى'),
(38, 138, 2, 'اختار مستوى'),
(39, 139, 1, 'basic'),
(40, 139, 2, 'conversational'),
(41, 36, 2, 'conversational'),
(42, 36, 1, 'Fluent'),
(43, 144, 2, 'conversational'),
(44, 48, 2, 'conversational'),
(45, 103, 2, 'Native or Bilingual');

-- --------------------------------------------------------

--
-- بنية الجدول `messages_offers`
--

CREATE TABLE `messages_offers` (
  `offer_id` int(10) NOT NULL,
  `sender_id` int(10) NOT NULL,
  `proposal_id` int(10) NOT NULL,
  `order_id` int(10) NOT NULL,
  `description` text COLLATE utf8mb4_unicode_ci NOT NULL,
  `delivery_time` text COLLATE utf8mb4_unicode_ci NOT NULL,
  `amount` text COLLATE utf8mb4_unicode_ci NOT NULL,
  `status` text COLLATE utf8mb4_unicode_ci NOT NULL
) ENGINE=InnoDB DEFAULT CHARSET=utf8mb4 COLLATE=utf8mb4_unicode_ci;

-- --------------------------------------------------------

--
-- بنية الجدول `missed_calls`
--

CREATE TABLE `missed_calls` (
  `id` int(100) NOT NULL,
  `call_id` int(100) NOT NULL,
  `sender_id` int(10) NOT NULL,
  `receiver_id` int(10) NOT NULL,
  `sendTime` text COLLATE utf8mb4_unicode_ci NOT NULL
) ENGINE=InnoDB DEFAULT CHARSET=utf8mb4 COLLATE=utf8mb4_unicode_ci;

-- --------------------------------------------------------

--
-- بنية الجدول `my_buyers`
--

CREATE TABLE `my_buyers` (
  `id` int(10) NOT NULL,
  `seller_id` int(10) NOT NULL,
  `buyer_id` int(10) NOT NULL,
  `completed_orders` int(10) NOT NULL,
  `amount_spent` int(10) NOT NULL,
  `last_order_date` text COLLATE utf8mb4_unicode_ci NOT NULL
) ENGINE=InnoDB DEFAULT CHARSET=utf8mb4 COLLATE=utf8mb4_unicode_ci;

--
-- إرجاع أو استيراد بيانات الجدول `my_buyers`
--

INSERT INTO `my_buyers` (`id`, `seller_id`, `buyer_id`, `completed_orders`, `amount_spent`, `last_order_date`) VALUES
(1, 61, 26, 1, 2, 'January 31, 2021'),
(2, 33, 72, 1, 2, 'February 01, 2021'),
(3, 26, 48, 2, 85, 'March 09, 2022');

-- --------------------------------------------------------

--
-- بنية الجدول `my_sellers`
--

CREATE TABLE `my_sellers` (
  `id` int(10) NOT NULL,
  `buyer_id` int(10) NOT NULL,
  `seller_id` int(10) NOT NULL,
  `completed_orders` int(10) NOT NULL,
  `amount_spent` int(10) NOT NULL,
  `last_order_date` text COLLATE utf8mb4_unicode_ci NOT NULL
) ENGINE=InnoDB DEFAULT CHARSET=utf8mb4 COLLATE=utf8mb4_unicode_ci;

--
-- إرجاع أو استيراد بيانات الجدول `my_sellers`
--

INSERT INTO `my_sellers` (`id`, `buyer_id`, `seller_id`, `completed_orders`, `amount_spent`, `last_order_date`) VALUES
(1, 26, 61, 1, 2, 'January 31, 2021'),
(2, 72, 33, 1, 2, 'February 01, 2021'),
(3, 48, 26, 2, 85, 'March 09, 2022');

-- --------------------------------------------------------

--
-- بنية الجدول `notifications`
--

CREATE TABLE `notifications` (
  `notification_id` int(10) NOT NULL,
  `receiver_id` int(10) NOT NULL,
  `sender_id` text COLLATE utf8mb4_unicode_ci NOT NULL,
  `order_id` int(10) NOT NULL,
  `reason` text COLLATE utf8mb4_unicode_ci NOT NULL,
  `date` text COLLATE utf8mb4_unicode_ci NOT NULL,
  `bell` varchar(255) COLLATE utf8mb4_unicode_ci NOT NULL DEFAULT 'active',
  `status` text COLLATE utf8mb4_unicode_ci NOT NULL,
  `fcm_notification_status` tinyint(1) DEFAULT NULL
) ENGINE=InnoDB DEFAULT CHARSET=utf8mb4 COLLATE=utf8mb4_unicode_ci;

--
-- إرجاع أو استيراد بيانات الجدول `notifications`
--

INSERT INTO `notifications` (`notification_id`, `receiver_id`, `sender_id`, `order_id`, `reason`, `date`, `bell`, `status`, `fcm_notification_status`) VALUES
(1, 46, 'admin_1', 1, 'approved', 'January 05, 2021', 'over', 'read', NULL),
(2, 46, 'admin_10', 2, 'modification', 'January 05, 2021', 'over', 'read', NULL),
(3, 46, 'admin_10', 2, 'approved', 'January 05, 2021', 'over', 'read', NULL),
(4, 70, 'admin_1', 37, 'approved', 'January 16, 2021', 'over', 'read', NULL),
(5, 70, 'admin_1', 38, 'approved', 'January 16, 2021', 'over', 'read', NULL),
(6, 36, 'admin_10', 36, 'approved', 'January 17, 2021', 'over', 'read', NULL),
(7, 51, 'admin_10', 35, 'approved', 'January 17, 2021', 'over', 'unread', NULL),
(8, 66, 'admin_10', 34, 'approved', 'January 17, 2021', 'over', 'unread', NULL),
(9, 66, 'admin_10', 33, 'approved', 'January 17, 2021', 'over', 'unread', NULL),
(10, 64, 'admin_10', 32, 'approved', 'January 17, 2021', 'over', 'read', NULL),
(16, 34, 'admin_10', 26, 'approved', 'January 17, 2021', 'active', 'unread', NULL),
(17, 61, 'admin_10', 25, 'approved', 'January 17, 2021', 'over', 'unread', NULL),
(18, 61, 'admin_10', 24, 'approved', 'January 17, 2021', 'over', 'unread', NULL),
(19, 58, 'admin_10', 23, 'approved', 'January 17, 2021', 'over', 'unread', NULL),
(20, 56, 'admin_10', 22, 'approved', 'January 17, 2021', 'over', 'unread', NULL),
(21, 35, 'admin_10', 21, 'approved', 'January 17, 2021', 'over', 'unread', NULL),
(22, 46, 'admin_10', 20, 'approved', 'January 17, 2021', 'over', 'read', NULL),
(23, 45, 'admin_10', 19, 'approved', 'January 17, 2021', 'over', 'unread', NULL),
(24, 45, 'admin_10', 18, 'approved', 'January 17, 2021', 'over', 'unread', NULL),
(26, 39, 'admin_10', 15, 'approved', 'January 17, 2021', 'active', 'unread', NULL),
(27, 47, 'admin_10', 13, 'approved', 'January 17, 2021', 'over', 'unread', NULL),
(28, 41, 'admin_10', 17, 'approved', 'January 17, 2021', 'over', 'unread', NULL),
(29, 39, 'admin_10', 14, 'approved', 'January 17, 2021', 'active', 'unread', NULL),
(30, 31, 'admin_10', 12, 'approved', 'January 17, 2021', 'over', 'unread', NULL),
(31, 25, 'admin_10', 9, 'approved', 'January 17, 2021', 'active', 'unread', NULL),
(32, 22, 'admin_10', 11, 'approved', 'January 17, 2021', 'active', 'unread', NULL),
(33, 25, 'admin_10', 8, 'approved', 'January 17, 2021', 'active', 'unread', NULL),
(34, 69, 'admin_10', 4, 'approved', 'January 17, 2021', 'active', 'unread', NULL),
(35, 13, 'admin_10', 7, 'approved', 'January 17, 2021', 'active', 'unread', NULL),
(37, 51, 'admin_1', 44, 'approved', 'January 17, 2021', 'over', 'unread', NULL),
(38, 56, 'admin_1', 43, 'approved', 'January 17, 2021', 'over', 'unread', NULL),
(39, 66, 'admin_1', 42, 'approved', 'January 17, 2021', 'over', 'unread', NULL),
(40, 41, 'admin_1', 41, 'approved', 'January 17, 2021', 'over', 'unread', NULL),
(41, 37, 'admin_1', 40, 'approved', 'January 17, 2021', 'over', 'unread', NULL),
(44, 31, 'admin_1', 47, 'approved', 'January 18, 2021', 'active', 'unread', NULL),
(45, 35, 'admin_1', 48, 'approved', 'January 18, 2021', 'active', 'unread', NULL),
(46, 47, 'admin_1', 49, 'approved', 'January 18, 2021', 'active', 'unread', NULL),
(47, 61, 'admin_1', 55, 'approved', 'January 18, 2021', 'over', 'unread', NULL),
(48, 70, 'admin_1', 54, 'approved', 'January 18, 2021', 'over', 'read', NULL),
(49, 45, 'admin_1', 53, 'approved', 'January 18, 2021', 'over', 'unread', NULL),
(50, 54, 'admin_1', 52, 'approved', 'January 18, 2021', 'active', 'unread', NULL),
(52, 9, 'admin_1', 50, 'approved', 'January 18, 2021', 'over', 'read', NULL),
(53, 45, 'admin_1', 56, 'approved', 'January 20, 2021', 'over', 'unread', NULL),
(54, 46, 'admin_1', 58, 'approved', 'January 20, 2021', 'over', 'read', NULL),
(55, 61, 'admin_1', 57, 'approved', 'January 20, 2021', 'over', 'unread', NULL),
(56, 46, 'admin_1', 66, 'approved', 'January 20, 2021', 'over', 'read', NULL),
(57, 66, 'admin_1', 65, 'approved', 'January 20, 2021', 'over', 'unread', NULL),
(59, 58, 'admin_1', 63, 'approved', 'January 20, 2021', 'active', 'unread', NULL),
(61, 37, 'admin_1', 61, 'declined', 'January 20, 2021', 'active', 'unread', NULL),
(62, 64, 'admin_1', 60, 'approved', 'January 20, 2021', 'over', 'read', NULL),
(64, 61, '26', 1, 'order', 'January 31, 2021', 'over', 'read', NULL),
(65, 26, '61', 1, 'order_delivered', 'February 01, 2021', 'over', 'read', NULL),
(66, 61, '26', 1, 'order_completed', 'February 01, 2021', 'over', 'read', NULL),
(68, 33, '72', 2, 'order', 'February 01, 2021', 'over', 'read', NULL),
(69, 61, 'admin_1', 1, 'withdrawal_declined', 'February 02, 2021', 'over', 'read', NULL),
(70, 46, 'admin_10', 67, 'approved', 'February 10, 2021', 'over', 'read', NULL),
(72, 81, 'admin_10', 77, 'approved', 'February 16, 2021', 'over', 'read', NULL),
(73, 81, 'admin_10', 78, 'approved', 'February 16, 2021', 'over', 'read', NULL),
(74, 26, 'admin_1', 86, 'modification', 'March 01, 2021', 'over', 'read', NULL),
(77, 101, 'admin_10', 96, 'approved', 'March 11, 2021', 'active', 'unread', NULL),
(78, 101, 'admin_10', 96, 'approved', 'March 11, 2021', 'active', 'unread', NULL),
(79, 96, 'admin_10', 93, 'approved', 'March 11, 2021', 'active', 'unread', NULL),
(80, 106, 'admin_10', 101, 'approved', 'March 13, 2021', 'active', 'unread', NULL),
(81, 110, 'admin_10', 104, 'approved', 'March 18, 2021', 'active', 'unread', NULL),
(82, 94, 'admin_10', 109, 'approved', 'March 21, 2021', 'over', 'read', NULL),
(83, 127, 'admin_10', 112, 'approved', 'March 26, 2021', 'over', 'read', NULL),
(84, 129, 'admin_10', 113, 'approved', 'April 05, 2021', 'over', 'unread', NULL),
(85, 134, 'admin_10', 120, 'approved', 'May 01, 2021', 'active', 'unread', NULL),
(86, 137, 'admin_10', 126, 'approved', 'May 08, 2021', 'over', 'unread', NULL),
(88, 26, '48', 3, 'order', 'March 08, 2022', 'over', 'read', NULL),
(89, 26, '48', 3, 'order_message', '11:15: March 08, 2022', 'over', 'read', NULL),
(90, 48, '26', 3, 'order_delivered', 'March 08, 2022', 'over', 'read', NULL),
(92, 26, 'admin_1', 131, 'approved', 'March 09, 2022', 'over', 'unread', NULL),
(93, 26, '48', 4, 'order', 'March 09, 2022', 'over', 'read', NULL),
(94, 48, '26', 4, 'order_message', '08:25: March 09, 2022', 'over', 'read', NULL),
(95, 26, '48', 4, 'order_message', '08:25: March 09, 2022', 'over', 'read', NULL),
(96, 26, 'admin_1', 132, 'approved', 'March 09, 2022', 'over', 'unread', NULL),
(97, 48, 'admin_1', 133, 'approved', 'March 12, 2022', 'over', 'read', NULL);

-- --------------------------------------------------------

--
-- بنية الجدول `orders`
--

CREATE TABLE `orders` (
  `order_id` int(10) NOT NULL,
  `order_number` text COLLATE utf8mb4_unicode_ci NOT NULL,
  `order_duration` text COLLATE utf8mb4_unicode_ci NOT NULL,
  `order_time` text COLLATE utf8mb4_unicode_ci NOT NULL,
  `order_date` text COLLATE utf8mb4_unicode_ci NOT NULL,
  `order_minutes` varchar(255) COLLATE utf8mb4_unicode_ci NOT NULL,
  `extended_minutes` int(10) NOT NULL,
  `extended_minutes_price` int(10) NOT NULL,
  `order_revisions` varchar(255) COLLATE utf8mb4_unicode_ci NOT NULL,
  `order_revisions_used` int(10) NOT NULL,
  `order_description` text COLLATE utf8mb4_unicode_ci NOT NULL,
  `seller_id` int(10) NOT NULL,
  `buyer_id` int(10) NOT NULL,
  `proposal_id` int(10) NOT NULL,
  `order_price` varchar(255) COLLATE utf8mb4_unicode_ci NOT NULL DEFAULT '0',
  `order_qty` int(10) NOT NULL,
  `order_fee` varchar(255) COLLATE utf8mb4_unicode_ci NOT NULL DEFAULT '0',
  `order_active` text COLLATE utf8mb4_unicode_ci NOT NULL,
  `complete_time` text COLLATE utf8mb4_unicode_ci NOT NULL,
  `order_status` text COLLATE utf8mb4_unicode_ci NOT NULL
) ENGINE=InnoDB DEFAULT CHARSET=utf8mb4 COLLATE=utf8mb4_unicode_ci;

--
-- إرجاع أو استيراد بيانات الجدول `orders`
--

INSERT INTO `orders` (`order_id`, `order_number`, `order_duration`, `order_time`, `order_date`, `order_minutes`, `extended_minutes`, `extended_minutes_price`, `order_revisions`, `order_revisions_used`, `order_description`, `seller_id`, `buyer_id`, `proposal_id`, `order_price`, `order_qty`, `order_fee`, `order_active`, `complete_time`, `order_status`) VALUES
(1, '899560522', '1 Day', 'Feb 01, 2021 21:01:14', 'January 31, 2021', '', 0, 0, '0', 0, '', 61, 26, 55, '2', 1, '0', 'no', 'Feb 03, 2021 01:10:32', 'completed'),
(2, '589338856', '1 Day', 'Feb 02, 2021 11:07:40', 'February 01, 2021', '', 0, 0, '0', 0, '', 33, 72, 39, '2', 1, '0', 'yes', '', 'progress'),
(3, '278802594', '3 Days', 'Mar 11, 2022 18:49:49', 'March 08, 2022', '60:00', 0, 0, '', 1, '', 26, 48, 130, '60', 1, '2', 'yes', 'Mar 10, 2022 23:17:01', 'revision requested'),
(4, '883935189', '3 Days', 'Mar 12, 2022 16:20:14', 'March 09, 2022', '5:00', 0, 0, '', 0, '', 26, 48, 131, '25', 1, '2', 'yes', '', 'progress');

-- --------------------------------------------------------

--
-- بنية الجدول `order_conversations`
--

CREATE TABLE `order_conversations` (
  `c_id` int(10) NOT NULL,
  `order_id` int(10) NOT NULL,
  `sender_id` int(10) NOT NULL,
  `message` text COLLATE utf8mb4_unicode_ci NOT NULL,
  `file` varchar(255) COLLATE utf8mb4_unicode_ci NOT NULL,
  `date` varchar(255) COLLATE utf8mb4_unicode_ci NOT NULL,
  `reason` text COLLATE utf8mb4_unicode_ci NOT NULL,
  `status` varchar(255) COLLATE utf8mb4_unicode_ci NOT NULL,
  `watermark` int(10) NOT NULL,
  `watermark_file` varchar(255) COLLATE utf8mb4_unicode_ci NOT NULL,
  `isS3` int(10) NOT NULL
) ENGINE=InnoDB DEFAULT CHARSET=utf8mb4 COLLATE=utf8mb4_unicode_ci;

--
-- إرجاع أو استيراد بيانات الجدول `order_conversations`
--

INSERT INTO `order_conversations` (`c_id`, `order_id`, `sender_id`, `message`, `file`, `date`, `reason`, `status`, `watermark`, `watermark_file`, `isS3`) VALUES
(1, 1, 61, 'Order OK', '', '01:02: February 01 2021', '', 'message', 0, '', 0),
(2, 3, 48, 'السلام عليكم', '', '11:15: March 08, 2022', '', 'message', 0, '', 0),
(3, 3, 26, 'ممكن نبدا الان', '', '11:03: March 08 2022', '', 'message', 0, '', 0),
(4, 3, 48, 'مو ممكن', '', '11:20: March 08, 2022', '', 'revision', 0, '', 0),
(5, 4, 26, 'السلام عليكم', '', '08:25: March 09, 2022', '', 'message', 0, '', 0),
(6, 4, 48, 'و عليكم السلام', '', '08:25: March 09, 2022', '', 'message', 0, '', 0);

-- --------------------------------------------------------

--
-- بنية الجدول `order_extend_time`
--

CREATE TABLE `order_extend_time` (
  `id` int(10) NOT NULL,
  `order_id` int(10) NOT NULL,
  `sender_id` int(10) NOT NULL,
  `receiver_id` int(10) NOT NULL,
  `extended_minutes` int(10) NOT NULL,
  `price_per_minute` varchar(255) COLLATE utf8mb4_unicode_ci NOT NULL,
  `customAmount` varchar(255) COLLATE utf8mb4_unicode_ci NOT NULL,
  `processing_fee` varchar(255) COLLATE utf8mb4_unicode_ci NOT NULL,
  `buyerExtended` int(10) NOT NULL,
  `sellerExtended` int(10) NOT NULL,
  `status` text COLLATE utf8mb4_unicode_ci NOT NULL
) ENGINE=InnoDB DEFAULT CHARSET=utf8mb4 COLLATE=utf8mb4_unicode_ci;

-- --------------------------------------------------------

--
-- بنية الجدول `order_extras`
--

CREATE TABLE `order_extras` (
  `id` int(10) NOT NULL,
  `order_id` int(10) NOT NULL,
  `name` varchar(255) COLLATE utf8mb4_unicode_ci NOT NULL,
  `price` varchar(255) COLLATE utf8mb4_unicode_ci NOT NULL
) ENGINE=InnoDB DEFAULT CHARSET=utf8mb4 COLLATE=utf8mb4_unicode_ci;

-- --------------------------------------------------------

--
-- بنية الجدول `order_schedules`
--

CREATE TABLE `order_schedules` (
  `id` int(10) NOT NULL,
  `order_id` int(10) NOT NULL,
  `sender_id` int(10) NOT NULL,
  `time` text COLLATE utf8mb4_unicode_ci NOT NULL,
  `timezone` text COLLATE utf8mb4_unicode_ci NOT NULL,
  `email` int(10) NOT NULL,
  `status` text COLLATE utf8mb4_unicode_ci NOT NULL
) ENGINE=InnoDB DEFAULT CHARSET=utf8mb4 COLLATE=utf8mb4_unicode_ci;

--
-- إرجاع أو استيراد بيانات الجدول `order_schedules`
--

INSERT INTO `order_schedules` (`id`, `order_id`, `sender_id`, `time`, `timezone`, `email`, `status`) VALUES
(26, 3, 48, '2022-03-09T00:00', 'Asia/Muscat', 1, 'accepted'),
(27, 4, 26, '2022-03-10T11:00', 'Asia/Muscat', 1, 'accepted');

-- --------------------------------------------------------

--
-- بنية الجدول `order_tips`
--

CREATE TABLE `order_tips` (
  `id` int(10) NOT NULL,
  `order_id` int(10) NOT NULL,
  `amount` int(10) NOT NULL,
  `message` text COLLATE utf8mb4_unicode_ci NOT NULL,
  `date` varchar(255) COLLATE utf8mb4_unicode_ci NOT NULL
) ENGINE=InnoDB DEFAULT CHARSET=utf8mb4 COLLATE=utf8mb4_unicode_ci;

-- --------------------------------------------------------

--
-- بنية الجدول `package_attributes`
--

CREATE TABLE `package_attributes` (
  `attribute_id` int(100) NOT NULL,
  `proposal_id` int(100) NOT NULL,
  `package_id` int(100) NOT NULL,
  `attribute_name` text COLLATE utf8mb4_unicode_ci NOT NULL,
  `attribute_value` text COLLATE utf8mb4_unicode_ci NOT NULL
) ENGINE=InnoDB DEFAULT CHARSET=utf8mb4 COLLATE=utf8mb4_unicode_ci;

--
-- إرجاع أو استيراد بيانات الجدول `package_attributes`
--

INSERT INTO `package_attributes` (`attribute_id`, `proposal_id`, `package_id`, `attribute_name`, `attribute_value`) VALUES
(4, 112, 235, '3', ''),
(5, 112, 236, '3', ''),
(6, 112, 237, '3', '');

-- --------------------------------------------------------

--
-- بنية الجدول `pages`
--

CREATE TABLE `pages` (
  `id` int(10) NOT NULL,
  `url` text COLLATE utf8mb4_unicode_ci NOT NULL,
  `date` text COLLATE utf8mb4_unicode_ci NOT NULL
) ENGINE=InnoDB DEFAULT CHARSET=utf8mb4 COLLATE=utf8mb4_unicode_ci;

-- --------------------------------------------------------

--
-- بنية الجدول `pages_meta`
--

CREATE TABLE `pages_meta` (
  `id` int(11) NOT NULL,
  `page_id` int(11) NOT NULL,
  `language_id` int(11) NOT NULL,
  `title` text NOT NULL,
  `content` text NOT NULL
) ENGINE=InnoDB DEFAULT CHARSET=utf8mb4;

-- --------------------------------------------------------

--
-- بنية الجدول `payouts`
--

CREATE TABLE `payouts` (
  `id` int(255) NOT NULL,
  `seller_id` varchar(255) COLLATE utf8mb4_unicode_ci NOT NULL,
  `ref` varchar(255) COLLATE utf8mb4_unicode_ci NOT NULL,
  `method` varchar(255) COLLATE utf8mb4_unicode_ci NOT NULL,
  `amount` varchar(255) COLLATE utf8mb4_unicode_ci NOT NULL,
  `date` varchar(255) COLLATE utf8mb4_unicode_ci NOT NULL,
  `message` text COLLATE utf8mb4_unicode_ci NOT NULL,
  `ref_no` varchar(255) COLLATE utf8mb4_unicode_ci NOT NULL,
  `receipt_image` varchar(255) COLLATE utf8mb4_unicode_ci NOT NULL,
  `status` varchar(255) COLLATE utf8mb4_unicode_ci NOT NULL
) ENGINE=InnoDB DEFAULT CHARSET=utf8mb4 COLLATE=utf8mb4_unicode_ci;

--
-- إرجاع أو استيراد بيانات الجدول `payouts`
--

INSERT INTO `payouts` (`id`, `seller_id`, `ref`, `method`, `amount`, `date`, `message`, `ref_no`, `receipt_image`, `status`) VALUES
(1, '61', 'P-833741AJ', 'paypal', '2', 'February 02, 2021', '', '', '', 'declined');

-- --------------------------------------------------------

--
-- بنية الجدول `plugins`
--

CREATE TABLE `plugins` (
  `id` int(10) NOT NULL,
  `name` text COLLATE utf8mb4_unicode_ci NOT NULL,
  `description` text COLLATE utf8mb4_unicode_ci NOT NULL,
  `folder` text COLLATE utf8mb4_unicode_ci NOT NULL,
  `version` varchar(255) COLLATE utf8mb4_unicode_ci NOT NULL,
  `author` varchar(255) COLLATE utf8mb4_unicode_ci NOT NULL,
  `author_url` varchar(255) COLLATE utf8mb4_unicode_ci NOT NULL,
  `status` int(10) NOT NULL
) ENGINE=InnoDB DEFAULT CHARSET=utf8mb4 COLLATE=utf8mb4_unicode_ci;

--
-- إرجاع أو استيراد بيانات الجدول `plugins`
--

INSERT INTO `plugins` (`id`, `name`, `description`, `folder`, `version`, `author`, `author_url`, `status`) VALUES
(11, 'Payment Gateway Plugin', 'Gateway plugin that allows payment via 2Checkout, Withdrawal via Bank Account and/or Moneygram. Display video with either YouTube, Vimeo or upload an MP4.', 'paymentGateway', '1.1', 'Pixinal Studio', 'https://www.pixinal.com/', 1),
(12, 'Video Plugin', 'This gigtodo script video plugin is for sellers who have video tutorials.', 'videoPlugin', '1.1', 'Pixinal Studio', 'https://www.pixinal.com/', 1);

-- --------------------------------------------------------

--
-- بنية الجدول `posts`
--

CREATE TABLE `posts` (
  `id` int(11) NOT NULL,
  `cat_id` varchar(255) COLLATE utf8mb4_unicode_ci NOT NULL,
  `image` varchar(500) COLLATE utf8mb4_unicode_ci NOT NULL,
  `date_time` text COLLATE utf8mb4_unicode_ci NOT NULL,
  `isS3` int(10) NOT NULL,
  `language_id` int(10) NOT NULL,
  `status` int(10) NOT NULL
) ENGINE=InnoDB DEFAULT CHARSET=utf8mb4 COLLATE=utf8mb4_unicode_ci;

--
-- إرجاع أو استيراد بيانات الجدول `posts`
--

INSERT INTO `posts` (`id`, `cat_id`, `image`, `date_time`, `isS3`, `language_id`, `status`) VALUES
(27, '28', 'منصات-العمل-الحر-758x432[1].png', 'January 07, 2021', 0, 0, 1),
(28, '41', 'banner-post.jpg', 'February 10, 2021', 0, 0, 1),
(29, '27', 'hayat-help-education-300x243.png', 'May 03, 2021', 0, 0, 1),
(30, '27', 'ع.jpg', 'May 03, 2021', 0, 0, 1),
(31, '28', 'ع.jpg', 'May 03, 2021', 0, 0, 1),
(32, '28', 'hayat-help-education-300x243.png', 'May 03, 2021', 0, 0, 1);

-- --------------------------------------------------------

--
-- بنية الجدول `posts_meta`
--

CREATE TABLE `posts_meta` (
  `id` int(11) NOT NULL,
  `post_id` int(11) NOT NULL,
  `title` text NOT NULL,
  `author` varchar(255) NOT NULL,
  `content` text NOT NULL,
  `language_id` int(11) NOT NULL
) ENGINE=InnoDB DEFAULT CHARSET=utf8mb4;

--
-- إرجاع أو استيراد بيانات الجدول `posts_meta`
--

INSERT INTO `posts_meta` (`id`, `post_id`, `title`, `author`, `content`, `language_id`) VALUES
(27, 27, '', '', '', 1),
(28, 27, 'التمكين منصة عمانية رائدة للعمل الحر', 'خالصه الشيباني', '\n<p>&nbsp;</p><p></p><p class=\"MsoListParagraphCxSpLast\" dir=\"RTL\" style=\"margin: 0cm 36pt 8pt 0cm; text-align: right; direction: rtl; unicode-bidi: embed;\"><span lang=\"AR-OM\" style=\"font-family: Arial, sans-serif;\"></span></p><p>&nbsp;</p><p></p><p style=\"text-align: center; direction: rtl; unicode-bidi: embed;\"><span lang=\"AR-OM\" style=\"font-size: 14pt; line-height: 19.9733px; font-family: Arial, sans-serif; background-color: rgb(247, 247, 247);\"><span style=\"font-weight: bolder;\">\"&#1575;&#1604;&#1578;&#1605;&#1603;&#1610;&#1606;\" &#1605;&#1606;&#1589;&#1577; &#1593;&#1605;&#1575;&#1606;&#1610;&#1577; &#1585;&#1575;&#1574;&#1583;&#1577; &#1604;&#1604;&#1593;&#1605;&#1604; &#1575;&#1604;&#1581;&#1585;</span></span></p><p></p><p></p><p class=\"MsoNormal\" dir=\"RTL\" style=\"text-align: right; direction: rtl; unicode-bidi: embed;\"><span lang=\"AR-OM\" style=\"font-family: Arial, sans-serif;\"></span></p><p>&nbsp;</p><p></p><p class=\"MsoNormal\" dir=\"RTL\" style=\"text-align: right; direction: rtl; unicode-bidi: embed;\"><span lang=\"AR-OM\" style=\"font-size: 14pt; line-height: 19.9733px; font-family: Arial, sans-serif;\">&#1578;&#1587;&#1575;&#1576;&#1602;&#1578; &#1575;&#1604;&#1605;&#1572;&#1587;&#1587;&#1575;&#1578; &#1585;&#1594;&#1605; &#1575;&#1582;&#1578;&#1604;&#1575;&#1601; &#1578;&#1608;&#1580;&#1607;&#1575;&#1578;&#1607;&#1575; &#1608;&#1571;&#1607;&#1583;&#1575;&#1601;&#1607;&#1575; &#1593;&#1604;&#1609; &#1585;&#1601;&#1583; &#1587;&#1608;&#1602; &#1575;&#1604;&#1593;&#1605;&#1604; &#1576;&#1608;&#1580;&#1607;&#1610;&#1607; &#1575;&#1604;&#1576;&#1575;&#1581;&#1579;&#1610;&#1606; &#1593;&#1606; &#1593;&#1605;&#1604; &#1608;&#1571;&#1589;&#1581;&#1575;&#1576; &#1575;&#1604;&#1593;&#1605;&#1604;&#1548; &#1604;&#1604;&#1608;&#1589;&#1608;&#1604; &#1604;&#1571;&#1601;&#1590;&#1604; &#1575;&#1604;&#1605;&#1605;&#1575;&#1585;&#1587;&#1575;&#1578; &#1608;&#1575;&#1604;&#1605;&#1607;&#1575;&#1585;&#1575;&#1578; &#1575;&#1604;&#1578;&#1610; &#1578;&#1578;&#1591;&#1604;&#1576;&#1607;&#1575; &#1575;&#1604;&#1571;&#1593;&#1605;&#1575;&#1604; &#1601;&#1610; &#1588;&#1578;&#1609; &#1575;&#1604;&#1605;&#1610;&#1575;&#1583;&#1610;&#1606; &#1605;&#1606; &#1571;&#1580;&#1604; &#1573;&#1579;&#1585;&#1575;&#1569; &#1575;&#1604;&#1587;&#1608;&#1602; &#1576;&#1575;&#1604;&#1571;&#1583;&#1608;&#1575;&#1578; &#1608;&#1575;&#1604;&#1605;&#1607;&#1575;&#1585;&#1575;&#1578; &#1608;&#1575;&#1604;&#1571;&#1610;&#1583;&#1610; &#1575;&#1604;&#1593;&#1575;&#1605;&#1604;&#1577; &#1575;&#1604;&#1605;&#1578;&#1582;&#1589;&#1589;&#1577; &#1603;&#1604;&#1617; &#1601;&#1610; &#1605;&#1580;&#1575;&#1604;&#1607;&#1548; &#1608;&#1605;&#1593; &#1578;&#1591;&#1608;&#1585; &#1575;&#1604;&#1571;&#1593;&#1605;&#1575;&#1604; &#1578;&#1592;&#1607;&#1585; &#1593;&#1604;&#1609; &#1575;&#1604;&#1571;&#1601;&#1602; &#1571;&#1583;&#1608;&#1575;&#1578; &#1608;&#1578;&#1591;&#1576;&#1610;&#1602;&#1575;&#1578; &#1605;&#1578;&#1591;&#1608;&#1585;&#1577; &#1578;&#1587;&#1575;&#1593;&#1583; &#1571;&#1589;&#1581;&#1575;&#1576; &#1575;&#1604;&#1571;&#1593;&#1605;&#1575;&#1604; &#1593;&#1604;&#1609; &#1573;&#1610;&#1580;&#1575;&#1583; &#1575;&#1604;&#1571;&#1610;&#1583;&#1610; &#1575;&#1604;&#1605;&#1575;&#1607;&#1585;&#1577; &#1575;&#1604;&#1605;&#1582;&#1578;&#1576;&#1574;&#1577; &#1608;&#1585;&#1575;&#1569; &#1575;&#1604;&#1571;&#1580;&#1607;&#1586;&#1577; &#1575;&#1604;&#1584;&#1603;&#1610;&#1577;&#1548; &#1608;&#1607;&#1606;&#1575;&#1603; &#1571;&#1601;&#1585;&#1575;&#1583; &#1610;&#1605;&#1578;&#1604;&#1603;&#1608;&#1606; &#1605;&#1607;&#1575;&#1585;&#1575;&#1578; &#1608;&#1582;&#1576;&#1585;&#1575;&#1578; &#1578;&#1572;&#1607;&#1604;&#1607;&#1605; &#1604;&#1578;&#1602;&#1583;&#1610;&#1605; &#1582;&#1583;&#1605;&#1575;&#1578; &#1573;&#1604;&#1603;&#1578;&#1585;&#1608;&#1606;&#1610;&#1577; &#1604;&#1571;&#1585;&#1576;&#1575;&#1576; &#1575;&#1604;&#1593;&#1605;&#1604; &#1585;&#1594;&#1605; &#1576;&#1593;&#1583; &#1575;&#1604;&#1605;&#1587;&#1575;&#1601;&#1575;&#1578;.</span></p><p></p><p></p><p class=\"MsoNormal\" dir=\"RTL\" style=\"text-align: right; direction: rtl; unicode-bidi: embed;\"><span lang=\"AR-OM\" style=\"font-size: 14pt; line-height: 19.9733px; font-family: Arial, sans-serif;\">\"&#1575;&#1604;&#1578;&#1605;&#1603;&#1610;&#1606;\" &#1607;&#1608; &#1605;&#1608;&#1602;&#1593; &#1593;&#1605;&#1575;&#1606;&#1610; &#1610;&#1578;&#1610;&#1581; &#1604;&#1604;&#1571;&#1601;&#1585;&#1575;&#1583; &#1578;&#1581;&#1602;&#1610;&#1602; &#1605;&#1603;&#1575;&#1587;&#1576; &#1605;&#1575;&#1583;&#1610;&#1577; &#1593;&#1576;&#1585; &#1575;&#1587;&#1578;&#1582;&#1583;&#1575;&#1605; &#1570;&#1604;&#1610;&#1577; &#1575;&#1604;&#1593;&#1605;&#1604; &#1593;&#1606; &#1576;&#1593;&#1583;&#1548; &#1587;&#1608;&#1575;&#1569; &#1603;&#1575;&#1606; &#1605;&#1602;&#1583;&#1605; &#1575;&#1604;&#1582;&#1583;&#1605;&#1577; &#1591;&#1575;&#1604;&#1576; &#1571;&#1608; &#1582;&#1585;&#1610;&#1580; &#1576;&#1575;&#1581;&#1579; &#1593;&#1606; &#1593;&#1605;&#1604; &#1571;&#1608; &#1605;&#1608;&#1592;&#1601;&#1548; &#1608;&#1584;&#1604;&#1603; &#1610;&#1582;&#1608;&#1604;&#1607; &#1604;&#1576;&#1583;&#1569; &#1581;&#1610;&#1575;&#1578;&#1607; &#1575;&#1604;&#1593;&#1605;&#1604;&#1610;&#1577; &#1608;&#1607;&#1608; &#1601;&#1610; &#1575;&#1604;&#1605;&#1606;&#1586;&#1604;&#1548; &#1608;&#1610;&#1572;&#1607;&#1604;&#1607; &#1604;&#1575;&#1603;&#1578;&#1587;&#1575;&#1576; &#1605;&#1607;&#1575;&#1585;&#1575;&#1578; &#1593;&#1605;&#1604;&#1610;&#1577; &#1608;&#1575;&#1587;&#1578;&#1582;&#1585;&#1575;&#1580; &#1573;&#1605;&#1603;&#1575;&#1606;&#1610;&#1575;&#1578;&#1607; &#1575;&#1604;&#1605;&#1582;&#1578;&#1576;&#1574;&#1577; &#1581;&#1608;&#1604; &#1587;&#1578;&#1575;&#1585; &#1575;&#1604;&#1576;&#1581;&#1579; &#1593;&#1606; &#1575;&#1604;&#1593;&#1605;&#1604; &#1575;&#1604;&#1584;&#1610; &#1576;&#1575;&#1578; &#1610;&#1572;&#1585;&#1602; &#1581;&#1610;&#1575;&#1577; &#1575;&#1604;&#1588;&#1576;&#1575;&#1576; &#1582;&#1589;&#1608;&#1589;&#1575; &#1582;&#1585;&#1610;&#1580;&#1608; &#1575;&#1604;&#1603;&#1604;&#1610;&#1575;&#1578; &#1608;&#1575;&#1604;&#1580;&#1575;&#1605;&#1593;&#1575;&#1578;&#1548; &#1608;&#1575;&#1604;&#1605;&#1601;&#1585;&#1581; &#1601;&#1610; &#1607;&#1584;&#1607; &#1575;&#1604;&#1605;&#1606;&#1589;&#1577; &#1575;&#1604;&#1593;&#1605;&#1604;&#1610;&#1577; &#1571;&#1606;&#1607; &#1610;&#1605;&#1603;&#1606; &#1604;&#1604;&#1601;&#1585;&#1583; &#1578;&#1602;&#1583;&#1610;&#1605; &#1571;&#1601;&#1590;&#1604; &#1605;&#1575; &#1604;&#1583;&#1610;&#1607; &#1605;&#1606; &#1605;&#1607;&#1575;&#1585;&#1575;&#1578; &#1601;&#1610; &#1575;&#1604;&#1593;&#1605;&#1604; &#1575;&#1604;&#1584;&#1610; &#1610;&#1606;&#1580;&#1586;&#1607;&#1548; &#1583;&#1608;&#1606; &#1571;&#1606; &#1610;&#1604;&#1586;&#1605;&#1607; &#1589;&#1575;&#1581;&#1576; &#1575;&#1604;&#1593;&#1605;&#1604; &#1576;&#1578;&#1602;&#1583;&#1610;&#1605; &#1605;&#1572;&#1607;&#1604;&#1575;&#1578;&#1607; &#1575;&#1604;&#1593;&#1604;&#1605;&#1610;&#1577; &#1608;&#1575;&#1604;&#1582;&#1576;&#1585;&#1577; &#1575;&#1604;&#1593;&#1605;&#1604;&#1610;&#1577;&#1548; &#1581;&#1610;&#1579; &#1571;&#1606; &#1580;&#1608;&#1583;&#1577; &#1575;&#1604;&#1593;&#1605;&#1604; &#1575;&#1604;&#1605;&#1602;&#1583;&#1605; &#1608;&#1587;&#1585;&#1593;&#1577; &#1575;&#1604;&#1573;&#1606;&#1580;&#1575;&#1586; &#1607;&#1608; &#1575;&#1604;&#1584;&#1610; &#1610;&#1589;&#1606;&#1593; &#1575;&#1604;&#1601;&#1575;&#1585;&#1602;&#1548; &#1608;&#1593;&#1604;&#1610;&#1607; &#1610;&#1578;&#1605; &#1578;&#1587;&#1604;&#1610;&#1591; &#1575;&#1604;&#1571;&#1590;&#1608;&#1575;&#1569;&#1548; &#1608;&#1602;&#1583; &#1576;&#1585;&#1586;&#1578; &#1605;&#1608;&#1575;&#1602;&#1593; &#1573;&#1604;&#1603;&#1578;&#1585;&#1608;&#1606;&#1610;&#1577; &#1605;&#1578;&#1582;&#1589;&#1589;&#1577; &#1601;&#1610; &#1605;&#1580;&#1575;&#1604;&#1575;&#1578; &#1605;&#1581;&#1583;&#1583;&#1577;&#1548; &#1608;&#1607;&#1584;&#1575; &#1605;&#1575; &#1610;&#1587;&#1607;&#1604; &#1593;&#1604;&#1609; &#1575;&#1604;&#1605;&#1582;&#1578;&#1589;&#1610;&#1606; &#1573;&#1610;&#1580;&#1575;&#1583; &#1605;&#1608;&#1575;&#1602;&#1593; &#1575;&#1604;&#1593;&#1605;&#1604; &#1575;&#1604;&#1581;&#1585; &#1601;&#1610; &#1575;&#1604;&#1580;&#1608;&#1575;&#1606;&#1576; &#1575;&#1604;&#1578;&#1610; &#1578;&#1607;&#1605;&#1607;&#1605; &#1573;&#1604;&#1609; &#1580;&#1575;&#1606;&#1576; &#1608;&#1592;&#1575;&#1574;&#1601;&#1607;&#1605; &#1575;&#1604;&#1610;&#1608;&#1605;&#1610;&#1577;.</span></p><p></p><p></p><p class=\"MsoNormal\" dir=\"RTL\" style=\"text-align: right; direction: rtl; unicode-bidi: embed;\"><span lang=\"AR-OM\" style=\"font-size: 14pt; line-height: 19.9733px; font-family: Arial, sans-serif;\">&#1573;&#1606; &#1608;&#1580;&#1608;&#1583; &#1605;&#1608;&#1602;&#1593; &#1593;&#1605;&#1575;&#1606;&#1610; &#1585;&#1575;&#1574;&#1583; &#1604;&#1604;&#1593;&#1605;&#1604; &#1575;&#1604;&#1581;&#1585; &#1605;&#1579;&#1604; &#1605;&#1608;&#1602;&#1593; &#1575;&#1604;&#1578;&#1605;&#1603;&#1610;&#1606;&#1548; &#1610;&#1608;&#1601;&#1585; &#1601;&#1585;&#1589; &#1603;&#1576;&#1610;&#1585;&#1577; &#1604;&#1604;&#1571;&#1601;&#1585;&#1575;&#1583; &#1575;&#1604;&#1585;&#1575;&#1594;&#1576;&#1610;&#1606; &#1601;&#1610; &#1575;&#1604;&#1575;&#1587;&#1578;&#1602;&#1604;&#1575;&#1604; &#1593;&#1605;&#1604;&#1610;&#1575;&#1548; &#1582;&#1589;&#1608;&#1589;&#1575; &#1601;&#1610; &#1605;&#1580;&#1575;&#1604;&#1575;&#1578; &#1575;&#1604;&#1578;&#1589;&#1605;&#1610;&#1605; &#1575;&#1604;&#1580;&#1585;&#1575;&#1601;&#1610;&#1603;&#1610; &#1608;&#1575;&#1604;&#1603;&#1578;&#1575;&#1576;&#1577; &#1608;&#1575;&#1604;&#1578;&#1585;&#1580;&#1605;&#1577; &#1608;&#1578;&#1581;&#1585;&#1610;&#1585; &#1575;&#1604;&#1601;&#1610;&#1583;&#1610;&#1608;&#1548; &#1608;&#1575;&#1604;&#1589;&#1608;&#1578; &#1608;&#1575;&#1604;&#1605;&#1608;&#1587;&#1610;&#1602;&#1609; &#1608;&#1575;&#1604;&#1576;&#1585;&#1605;&#1580;&#1577; &#1608;&#1575;&#1604;&#1578;&#1603;&#1606;&#1608;&#1604;&#1608;&#1580;&#1610;&#1575; &#1608;&#1575;&#1604;&#1571;&#1593;&#1605;&#1575;&#1604; &#1575;&#1604;&#1571;&#1582;&#1585;&#1609; &#1605;&#1579;&#1604; &#1575;&#1604;&#1605;&#1587;&#1575;&#1593;&#1583;&#1577; &#1575;&#1604;&#1588;&#1582;&#1589;&#1610;&#1577; &#1608;&#1573;&#1583;&#1582;&#1575;&#1604; &#1575;&#1604;&#1576;&#1610;&#1575;&#1606;&#1575;&#1578; &#1608;&#1571;&#1576;&#1581;&#1575;&#1579; &#1575;&#1604;&#1587;&#1608;&#1602; &#1608;&#1608;&#1590;&#1593; &#1582;&#1591;&#1591; &#1575;&#1604;&#1593;&#1605;&#1604; &#1608;&#1575;&#1604;&#1575;&#1587;&#1578;&#1588;&#1575;&#1585;&#1575;&#1578; &#1575;&#1604;&#1602;&#1575;&#1606;&#1608;&#1606;&#1610;&#1577; &#1608;&#1575;&#1604;&#1605;&#1575;&#1604;&#1610;&#1577; &#1608;&#1575;&#1604;&#1575;&#1587;&#1578;&#1588;&#1575;&#1585;&#1575;&#1578; &#1575;&#1604;&#1571;&#1587;&#1585;&#1610;&#1577; &#1608;&#1575;&#1604;&#1578;&#1585;&#1576;&#1608;&#1610;&#1577; &#1608;&#1575;&#1604;&#1605;&#1607;&#1606;&#1610;&#1577;&#1548; &#1573;&#1604;&#1609; &#1580;&#1575;&#1606;&#1576; &#1578;&#1606;&#1592;&#1610;&#1605; &#1575;&#1604;&#1583;&#1608;&#1585;&#1575;&#1578;&#1548; &#1608;&#1588;&#1585;&#1581; &#1575;&#1604;&#1583;&#1585;&#1608;&#1587;&#1548; &#1603;&#1604; &#1584;&#1604;&#1603; &#1601;&#1610; &#1605;&#1608;&#1602;&#1593; &#1605;&#1578;&#1603;&#1575;&#1605;&#1604; &#1610;&#1578;&#1608;&#1602;&#1593; &#1571;&#1606; &#1610;&#1589;&#1576;&#1581; &#1575;&#1604;&#1605;&#1604;&#1575;&#1584; &#1575;&#1604;&#1570;&#1605;&#1606; &#1604;&#1604;&#1591;&#1604;&#1576;&#1577; &#1608;&#1575;&#1604;&#1576;&#1575;&#1581;&#1579;&#1610;&#1606; &#1608;&#1585;&#1608;&#1575;&#1583; &#1575;&#1604;&#1571;&#1593;&#1605;&#1575;&#1604;&#1548; &#1581;&#1610;&#1579; &#1571;&#1606; &#1575;&#1604;&#1593;&#1605;&#1604; &#1593;&#1604;&#1609; &#1575;&#1604;&#1573;&#1606;&#1578;&#1585;&#1606;&#1578; &#1610;&#1602;&#1583;&#1605; &#1601;&#1585;&#1589;&#1577; &#1604;&#1604;&#1593;&#1605;&#1604; &#1575;&#1604;&#1581;&#1585; &#1583;&#1608;&#1606; &#1602;&#1610;&#1608;&#1583;&#1548; &#1608;&#1610;&#1589;&#1576;&#1581; &#1575;&#1604;&#1605;&#1604;&#1575;&#1584; &#1575;&#1604;&#1571;&#1608;&#1604; &#1608;&#1575;&#1604;&#1571;&#1582;&#1610;&#1585; &#1604;&#1571;&#1589;&#1581;&#1575;&#1576; &#1575;&#1604;&#1571;&#1593;&#1605;&#1575;&#1604;&#1548; &#1603;&#1608;&#1606;&#1607; &#1587;&#1607;&#1604; &#1575;&#1604;&#1608;&#1589;&#1608;&#1604; &#1608;&#1571;&#1587;&#1585;&#1593; &#1605;&#1606; &#1575;&#1604;&#1606;&#1575;&#1581;&#1610;&#1577; &#1575;&#1604;&#1578;&#1602;&#1606;&#1610;&#1577;.</span></p><p></p><p></p><p></p><p class=\"MsoNormal\" align=\"right\" style=\"text-align: right;\"><span lang=\"AR-OM\" dir=\"RTL\" style=\"font-size: 14pt; line-height: 19.9733px; font-family: Arial, sans-serif;\">&#1608;&#1602;&#1583; &#1580;&#1575;&#1569; &#1605;&#1608;&#1602;&#1593; &#1575;&#1604;&#1578;&#1605;&#1603;&#1610;&#1606; &#1604;&#1610;&#1604;&#1576;&#1610; &#1591;&#1604;&#1576;&#1575;&#1578; &#1585;&#1608;&#1575;&#1583; &#1575;&#1604;&#1571;&#1593;&#1605;&#1575;&#1604; &#1604;&#1604;&#1575;&#1587;&#1578;&#1601;&#1575;&#1583;&#1577; &#1605;&#1606; &#1571;&#1589;&#1581;&#1575;&#1576; &#1575;&#1604;&#1582;&#1576;&#1585;&#1575;&#1578; &#1608;&#1575;&#1604;&#1571;&#1610;&#1583;&#1610; &#1575;&#1604;&#1605;&#1575;&#1607;&#1585;&#1577; &#1604;&#1578;&#1587;&#1607;&#1610;&#1604; &#1571;&#1593;&#1605;&#1575;&#1604;&#1607;&#1605; &#1608;&#1578;&#1608;&#1601;&#1610;&#1585; &#1575;&#1604;&#1605;&#1575;&#1604; &#1608;&#1575;&#1604;&#1608;&#1602;&#1578; &#1608;&#1575;&#1604;&#1580;&#1607;&#1583;&#1548; &#1605;&#1606; &#1582;&#1604;&#1575;&#1604; &#1588;&#1585;&#1575;&#1569; &#1575;&#1604;&#1582;&#1583;&#1605;&#1575;&#1578; &#1575;&#1604;&#1578;&#1610; &#1610;&#1593;&#1585;&#1590;&#1607;&#1575; &#1605;&#1602;&#1583;&#1605;&#1610; &#1575;&#1604;&#1582;&#1583;&#1605;&#1575;&#1578; &#1575;&#1604;&#1605;&#1587;&#1580;&#1604;&#1610;&#1606; &#1601;&#1610; &#1605;&#1608;&#1602;&#1593; &#1575;&#1604;&#1578;&#1605;&#1603;&#1610;&#1606;&#1548; &#1605;&#1608;&#1601;&#1585;&#1575; &#1576;&#1584;&#1604;&#1603; &#1605;&#1587;&#1575;&#1581;&#1577; &#1573;&#1604;&#1603;&#1578;&#1585;&#1608;&#1606;&#1610;&#1577; &#1578;&#1580;&#1605;&#1593; &#1571;&#1589;&#1581;&#1575;&#1576; &#1575;&#1604;&#1605;&#1607;&#1575;&#1585;&#1575;&#1578; &#1576;&#1585;&#1608;&#1575;&#1583; &#1575;&#1604;&#1571;&#1593;&#1605;&#1575;&#1604; &#1605;&#1593; &#1608;&#1580;&#1608;&#1583; &#1575;&#1604;&#1571;&#1586;&#1605;&#1577; &#1575;&#1604;&#1575;&#1602;&#1578;&#1589;&#1575;&#1583;&#1610;&#1577;&#1548; &#1608;&#1585;&#1594;&#1605; &#1603;&#1604; &#1575;&#1604;&#1592;&#1585;&#1608;&#1601; &#1608;&#1575;&#1604;&#1593;&#1602;&#1576;&#1575;&#1578;.</span></p>\n', 2),
(29, 28, 'التمكين يذلل الصعوبات ويوفر أنسب الحلول', 'خالصه الشيباني ', '\n', 1),
(30, 28, 'التمكين يذلل الصعوبات ويوفر أنسب الحلول', 'خالصه الشيباني ', '\n<p style=\"text-align: right; \"><b>\"&#1575;&#1604;&#1578;&#1605;&#1603;&#1610;&#1606; &#1605;&#1587;&#1578;&#1588;&#1575;&#1585;&#1603; &#1575;&#1604;&#1571;&#1605;&#1610;&#1606;\" &#1610;&#1584;&#1604;&#1604; &#1575;&#1604;&#1589;&#1593;&#1608;&#1576;&#1575;&#1578; &#1608;&#1610;&#1608;&#1601;&#1585; &#1571;&#1606;&#1587;&#1576; &#1575;&#1604;&#1581;&#1604;&#1608;&#1604;&nbsp;</b></p><p style=\"text-align: right; \"><b>&#1571;&#1603;&#1575;&#1583;&#1610;&#1605;&#1610;&#1577; &#1575;&#1604;&#1578;&#1605;&#1603;&#1610;&#1606; &#1605;&#1602;&#1589;&#1583; &#1575;&#1604;&#1570;&#1576;&#1575;&#1569; &#1601;&#1610; &#1591;&#1604;&#1576; &#1575;&#1604;&#1575;&#1587;&#1578;&#1588;&#1575;&#1585;&#1577;</b></p><p style=\"text-align: right; \">&#1575;&#1604;&#1575;&#1578;&#1580;&#1575;&#1607;&#1575;&#1578; &#1575;&#1604;&#1581;&#1610;&#1575;&#1578;&#1610;&#1577; &#1608;&#1575;&#1604;&#1593;&#1605;&#1604;&#1610;&#1577; &#1575;&#1604;&#1605;&#1578;&#1590;&#1575;&#1585;&#1576;&#1577; &#1593;&#1586;&#1586;&#1578; &#1605;&#1606; &#1575;&#1587;&#1578;&#1582;&#1583;&#1575;&#1605; &#1605;&#1601;&#1607;&#1608;&#1605; &#1575;&#1604;&#1588;&#1608;&#1585;&#1609; &#1593;&#1604;&#1609; &#1605;&#1587;&#1578;&#1608;&#1609; &#1580;&#1605;&#1610;&#1593; &#1575;&#1604;&#1571;&#1589;&#1593;&#1583;&#1577;&#1548; &#1608;&#1602;&#1583; &#1576;&#1585;&#1586;&#1578; &#1575;&#1604;&#1575;&#1587;&#1578;&#1588;&#1575;&#1585;&#1577; &#1575;&#1604;&#1573;&#1604;&#1603;&#1578;&#1585;&#1608;&#1606;&#1610;&#1577; &#1603;&#1571;&#1583;&#1575;&#1577; &#1601;&#1593;&#1575;&#1604;&#1577; &#1601;&#1610; &#1578;&#1581;&#1583;&#1610;&#1583; &#1575;&#1578;&#1580;&#1575;&#1607;&#1575;&#1578; &#1575;&#1604;&#1571;&#1601;&#1585;&#1575;&#1583; &#1604;&#1590;&#1605;&#1575;&#1606; &#1581;&#1610;&#1575;&#1577; &#1582;&#1575;&#1604;&#1610;&#1577; &#1605;&#1606; &#1575;&#1604;&#1571;&#1582;&#1591;&#1575;&#1569;&#1548; &#1608;&#1604;&#1575; &#1588;&#1603; &#1601;&#1610; &#1608;&#1580;&#1608;&#1583; &#1581;&#1575;&#1580;&#1577; &#1605;&#1575;&#1587;&#1577; &#1604;&#1578;&#1591;&#1608;&#1610;&#1585; &#1576;&#1585;&#1575;&#1605;&#1580; &#1575;&#1604;&#1575;&#1587;&#1578;&#1588;&#1575;&#1585;&#1575;&#1578; &#1575;&#1604;&#1573;&#1604;&#1603;&#1578;&#1585;&#1608;&#1606;&#1610;&#1577; &#1605;&#1606; &#1582;&#1604;&#1575;&#1604; &#1575;&#1604;&#1575;&#1587;&#1578;&#1605;&#1575;&#1593; &#1605;&#1576;&#1575;&#1588;&#1585;&#1577; &#1573;&#1604;&#1609; &#1575;&#1604;&#1570;&#1585;&#1575;&#1569; &#1608;&#1580;&#1605;&#1593; &#1575;&#1604;&#1576;&#1610;&#1575;&#1606;&#1575;&#1578; &#1605;&#1606; &#1575;&#1604;&#1605;&#1587;&#1578;&#1588;&#1575;&#1585;&#1610;&#1606; &#1584;&#1608;&#1610; &#1575;&#1604;&#1582;&#1576;&#1585;&#1577;&#1548; &#1608;&#1584;&#1604;&#1603; &#1604;&#1604;&#1581;&#1589;&#1608;&#1604; &#1593;&#1604;&#1609; &#1570;&#1585;&#1575;&#1569; &#1608;&#1605;&#1604;&#1575;&#1581;&#1592;&#1575;&#1578; &#1605;&#1608;&#1590;&#1608;&#1593;&#1610;&#1577; &#1578;&#1587;&#1575;&#1607;&#1605; &#1601;&#1610; &#1578;&#1581;&#1604;&#1610;&#1604; &#1575;&#1604;&#1605;&#1593;&#1591;&#1610;&#1575;&#1578; &#1608;&#1576;&#1575;&#1604;&#1578;&#1575;&#1604;&#1610; &#1578;&#1581;&#1602;&#1610;&#1602; &#1571;&#1603;&#1576;&#1585; &#1602;&#1583;&#1585; &#1605;&#1606; &#1575;&#1604;&#1605;&#1588;&#1575;&#1585;&#1603;&#1575;&#1578; &#1576;&#1591;&#1585;&#1610;&#1602;&#1577; &#1587;&#1607;&#1604;&#1577; &#1608;&#1588;&#1601;&#1575;&#1601;&#1577;.<br></p><p style=\"text-align: right; \"><b>&#1571;&#1583;&#1575;&#1577; &#1587;&#1607;&#1604;&#1577;&nbsp;<br></b></p><p style=\"text-align: right; \">&#1573;&#1606; &#1604;&#1604;&#1575;&#1587;&#1578;&#1588;&#1575;&#1585;&#1577; &#1576;&#1588;&#1603;&#1604; &#1593;&#1575;&#1605; &#1578;&#1571;&#1579;&#1610;&#1585; &#1601;&#1593;&#1575;&#1604; &#1601;&#1610; &#1578;&#1608;&#1587;&#1610;&#1593; &#1605;&#1583;&#1575;&#1585;&#1603; &#1575;&#1604;&#1573;&#1606;&#1587;&#1575;&#1606; &#1608;&#1585;&#1601;&#1593; &#1605;&#1587;&#1578;&#1608;&#1609; &#1576;&#1589;&#1610;&#1585;&#1578;&#1607;&#1548; &#1608;&#1604;&#1607;&#1575; &#1571;&#1607;&#1605;&#1610;&#1577; &#1603;&#1576;&#1585;&#1609; &#1601;&#1610; &#1575;&#1587;&#1578;&#1582;&#1604;&#1575;&#1589; &#1575;&#1604;&#1570;&#1585;&#1575;&#1569; &#1605;&#1606; &#1571;&#1580;&#1604; &#1575;&#1604;&#1581;&#1589;&#1608;&#1604; &#1593;&#1604;&#1609; &#1575;&#1604;&#1585;&#1575;&#1610; &#1571;&#1608; &#1575;&#1604;&#1606;&#1578;&#1610;&#1580;&#1577; &#1575;&#1604;&#1571;&#1602;&#1585;&#1576; &#1573;&#1604;&#1609; &#1575;&#1604;&#1589;&#1608;&#1575;&#1576;&#1548; &#1608;&#1576;&#1575;&#1604;&#1578;&#1575;&#1604;&#1610; &#1575;&#1604;&#1578;&#1602;&#1604;&#1610;&#1604; &#1605;&#1606; &#1575;&#1604;&#1608;&#1602;&#1608;&#1593; &#1601;&#1610; &#1575;&#1604;&#1582;&#1591;&#1571;&#1548; &#1603;&#1605;&#1575; &#1571;&#1606; &#1604;&#1604;&#1575;&#1587;&#1578;&#1588;&#1575;&#1585;&#1577; &#1583;&#1608;&#1585; &#1601;&#1610; &#1573;&#1610;&#1580;&#1575;&#1583; &#1571;&#1601;&#1603;&#1575;&#1585; &#1604;&#1605;&#1602;&#1578;&#1585;&#1581;&#1575;&#1578; &#1605;&#1587;&#1578;&#1602;&#1576;&#1604;&#1610;&#1577; &#1580;&#1583;&#1610;&#1583;&#1577;&#1548; &#1608;&#1593;&#1604;&#1609; &#1575;&#1604;&#1589;&#1593;&#1610;&#1583; &#1575;&#1604;&#1606;&#1601;&#1587;&#1610; &#1610;&#1593;&#1578;&#1576;&#1585; &#1575;&#1604;&#1575;&#1587;&#1578;&#1588;&#1575;&#1585;&#1610; &#1605;&#1585;&#1570;&#1577; &#1604;&#1584;&#1575;&#1578; &#1575;&#1604;&#1588;&#1582;&#1589; &#1608;&#1610;&#1585;&#1609; &#1601;&#1610;&#1607; &#1605;&#1575; &#1604;&#1575; &#1610;&#1585;&#1575;&#1607; &#1575;&#1604;&#1588;&#1582;&#1589; &#1584;&#1575;&#1578;&#1607; &#1601;&#1610;&#1587;&#1575;&#1593;&#1583;&#1607; &#1601;&#1610; &#1601;&#1607;&#1605; &#1606;&#1601;&#1587;&#1607; &#1608;&#1610;&#1582;&#1604;&#1589;&#1607; &#1605;&#1606; &#1605;&#1593;&#1575;&#1606;&#1575;&#1577; &#1575;&#1604;&#1578;&#1601;&#1603;&#1610;&#1585; &#1575;&#1604;&#1586;&#1575;&#1574;&#1583; &#1608;&#1610;&#1580;&#1606;&#1576;&#1607; &#1605;&#1588;&#1602;&#1577; &#1575;&#1604;&#1605;&#1585;&#1608;&#1585; &#1576;&#1606;&#1601;&#1587; &#1575;&#1604;&#1578;&#1580;&#1575;&#1585;&#1576; &#1575;&#1604;&#1605;&#1572;&#1604;&#1605;&#1577;.<br></p><p style=\"text-align: right; \">\"&#1575;&#1604;&#1578;&#1605;&#1603;&#1610;&#1606; &#1605;&#1587;&#1578;&#1588;&#1575;&#1585;&#1603; &#1575;&#1604;&#1571;&#1605;&#1610;&#1606;\" &#1580;&#1593;&#1604; &#1605;&#1606; &#1575;&#1604;&#1575;&#1587;&#1578;&#1588;&#1575;&#1585;&#1575;&#1578; &#1571;&#1583;&#1575;&#1577; &#1587;&#1607;&#1604;&#1577; &#1575;&#1604;&#1608;&#1589;&#1608;&#1604; &#1605;&#1606; &#1582;&#1604;&#1575;&#1604; &#1605;&#1608;&#1602;&#1593;&#1607; &#1575;&#1604;&#1573;&#1604;&#1603;&#1578;&#1585;&#1608;&#1606;&#1610; &#1593;&#1604;&#1609; &#1575;&#1604;&#1573;&#1606;&#1578;&#1585;&#1606;&#1578;&#1548; &#1608;&#1602;&#1583; &#1575;&#1587;&#1578;&#1582;&#1604;&#1589; &#1605;&#1606; &#1571;&#1593;&#1590;&#1575;&#1569; &#1605;&#1580;&#1605;&#1608;&#1593;&#1575;&#1578; &#1608;&#1587;&#1610;&#1604;&#1577; &#1575;&#1604;&#1578;&#1608;&#1575;&#1589;&#1604; &#1575;&#1604;&#1575;&#1580;&#1578;&#1605;&#1575;&#1593;&#1610; &#1575;&#1604;&#1600;\"&#1608;&#1575;&#1578;&#1587; &#1575;&#1576;\" &#1576;&#1593;&#1590; &#1575;&#1604;&#1570;&#1585;&#1575;&#1569; &#1604;&#1604;&#1605;&#1587;&#1575;&#1593;&#1583;&#1577; &#1601;&#1610; &#1578;&#1591;&#1608;&#1610;&#1585; &#1575;&#1604;&#1605;&#1608;&#1602;&#1593; &#1608;&#1578;&#1602;&#1583;&#1610;&#1605; &#1571;&#1601;&#1590;&#1604; &#1582;&#1583;&#1605;&#1575;&#1578; &#1575;&#1604;&#1575;&#1587;&#1578;&#1588;&#1575;&#1585;&#1577; &#1575;&#1604;&#1578;&#1610; &#1610;&#1581;&#1604;&#1604;&#1607;&#1575; &#1608;&#1610;&#1593;&#1585;&#1590;&#1607;&#1575; &#1575;&#1604;&#1605;&#1582;&#1578;&#1589;&#1610;&#1606; &#1575;&#1604;&#1606;&#1601;&#1587;&#1610;&#1610;&#1606; &#1608;&#1575;&#1604;&#1575;&#1580;&#1578;&#1605;&#1575;&#1593;&#1610;&#1610;&#1606; &#1601;&#1610; &#1605;&#1580;&#1605;&#1608;&#1593;&#1575;&#1578; &#1575;&#1604;&#1608;&#1575;&#1578;&#1587;&#1575;&#1576; &#1575;&#1604;&#1582;&#1575;&#1589;&#1577; &#1576;&#1571;&#1603;&#1575;&#1583;&#1610;&#1605;&#1610;&#1577; &#1575;&#1604;&#1578;&#1605;&#1603;&#1610;&#1606;&#1548; &#1608;&#1602;&#1583; &#1593;&#1576;&#1585; &#1571;&#1594;&#1604;&#1576; &#1575;&#1604;&#1571;&#1593;&#1590;&#1575;&#1569; &#1575;&#1604;&#1605;&#1588;&#1575;&#1585;&#1603;&#1610;&#1606; &#1593;&#1606; &#1575;&#1587;&#1578;&#1601;&#1575;&#1583;&#1578;&#1607;&#1605; &#1605;&#1606; &#1575;&#1604;&#1575;&#1587;&#1578;&#1588;&#1575;&#1585;&#1575;&#1578; &#1575;&#1604;&#1578;&#1610; &#1610;&#1602;&#1583;&#1605;&#1607;&#1575; &#1575;&#1604;&#1571;&#1582;&#1589;&#1575;&#1574;&#1610;&#1610;&#1606; &#1608;&#1575;&#1604;&#1578;&#1585;&#1576;&#1608;&#1610;&#1610;&#1606; &#1585;&#1594;&#1605; &#1571;&#1606; &#1576;&#1593;&#1590; &#1575;&#1604;&#1571;&#1593;&#1590;&#1575;&#1569; &#1604;&#1605; &#1610;&#1587;&#1576;&#1602; &#1604;&#1607;&#1605; &#1571;&#1606; &#1591;&#1585;&#1581;&#1608;&#1575; &#1587;&#1572;&#1575;&#1604;&#1575;&#1548; &#1608;&#1604;&#1603;&#1606; &#1591;&#1585;&#1610;&#1602;&#1577; &#1571;&#1603;&#1575;&#1583;&#1610;&#1605;&#1610;&#1577; &#1575;&#1604;&#1578;&#1605;&#1603;&#1610;&#1606; &#1601;&#1610; &#1578;&#1581;&#1602;&#1610;&#1602; &#1575;&#1604;&#1575;&#1587;&#1578;&#1601;&#1575;&#1583;&#1577; &#1576;&#1585;&#1586;&#1578; &#1605;&#1606; &#1582;&#1604;&#1575;&#1604; &#1593;&#1585;&#1590; &#1575;&#1604;&#1605;&#1588;&#1585;&#1601;&#1610;&#1606; &#1593;&#1604;&#1609; &#1605;&#1580;&#1605;&#1608;&#1593;&#1575;&#1578; &#1575;&#1604;&#1608;&#1575;&#1578;&#1587;&#1575;&#1576; &#1604;&#1580;&#1605;&#1610;&#1593; &#1575;&#1604;&#1575;&#1587;&#1578;&#1588;&#1575;&#1585;&#1575;&#1578; &#1575;&#1604;&#1578;&#1610; &#1610;&#1591;&#1585;&#1581;&#1607;&#1575; &#1603;&#1604; &#1593;&#1590;&#1608; &#1601;&#1610; &#1575;&#1604;&#1605;&#1580;&#1605;&#1608;&#1593;&#1577; &#1606;&#1592;&#1585;&#1575; &#1604;&#1578;&#1588;&#1575;&#1576;&#1607; &#1575;&#1604;&#1575;&#1587;&#1578;&#1588;&#1575;&#1585;&#1575;&#1578; &#1603;&#1606;&#1578;&#1610;&#1580;&#1577; &#1604;&#1578;&#1588;&#1575;&#1576;&#1607; &#1576;&#1593;&#1590; &#1575;&#1604;&#1592;&#1585;&#1608;&#1601; &#1608;&#1575;&#1604;&#1578;&#1581;&#1583;&#1610;&#1575;&#1578; &#1576;&#1610;&#1606; &#1571;&#1601;&#1585;&#1575;&#1583; &#1575;&#1604;&#1605;&#1580;&#1578;&#1605;&#1593;.<br></p><p style=\"text-align: right; \"><b><i>&#1606;&#1578;&#1610;&#1580;&#1577; &#1605;&#1587;&#1578;&#1605;&#1585;&#1577;&nbsp;<br></i></b></p><p style=\"text-align: right; \">\"&#1575;&#1604;&#1578;&#1605;&#1603;&#1610;&#1606;\" &#1575;&#1587;&#1578;&#1591;&#1604;&#1593; &#1608;&#1580;&#1607;&#1575;&#1578; &#1606;&#1592;&#1585; &#1576;&#1593;&#1590; &#1575;&#1604;&#1571;&#1593;&#1590;&#1575;&#1569; &#1581;&#1608;&#1604; &#1571;&#1607;&#1605;&#1610;&#1577; &#1575;&#1604;&#1575;&#1587;&#1578;&#1588;&#1575;&#1585;&#1577; &#1593;&#1604;&#1609; &#1605;&#1587;&#1578;&#1608;&#1609; &#1575;&#1604;&#1605;&#1580;&#1578;&#1605;&#1593; &#1608;&#1578;&#1571;&#1579;&#1610;&#1585;&#1607;&#1575; &#1593;&#1604;&#1609; &#1575;&#1604;&#1571;&#1580;&#1610;&#1575;&#1604; &#1575;&#1604;&#1602;&#1575;&#1583;&#1605;&#1577;&#1548; &#1581;&#1610;&#1579; &#1602;&#1575;&#1604;&#1578; &#1586;&#1610;&#1606;&#1576; &#1575;&#1604;&#1605;&#1593;&#1605;&#1585;&#1610;&#1577; &#1571;&#1606; &#1578;&#1591;&#1576;&#1610;&#1602; &#1575;&#1604;&#1575;&#1587;&#1578;&#1588;&#1575;&#1585;&#1575;&#1578; &#1610;&#1587;&#1575;&#1593;&#1583; &#1575;&#1604;&#1570;&#1576;&#1575;&#1569; &#1601;&#1610; &#1578;&#1585;&#1576;&#1610;&#1577; &#1571;&#1580;&#1610;&#1575;&#1604; &#1605;&#1579;&#1602;&#1601;&#1577; &#1608;&#1575;&#1593;&#1610;&#1577; &#1589;&#1581;&#1610;&#1581;&#1577; &#1605;&#1606; &#1580;&#1605;&#1610;&#1593; &#1575;&#1604;&#1606;&#1608;&#1575;&#1581;&#1610; &#1575;&#1604;&#1576;&#1583;&#1606;&#1610;&#1577; &#1608;&#1575;&#1604;&#1606;&#1601;&#1587;&#1610;&#1577; &#1608;&#1575;&#1604;&#1575;&#1580;&#1578;&#1605;&#1575;&#1593;&#1610;&#1577;&#1548; &#1602;&#1575;&#1583;&#1585;&#1610;&#1606; &#1593;&#1604;&#1609; &#1576;&#1606;&#1575;&#1569; &#1571;&#1606;&#1601;&#1587;&#1607;&#1605; &#1608;&#1581;&#1610;&#1575;&#1578;&#1607;&#1605;&#1548; &#1608;&#1571;&#1590;&#1575;&#1601;&#1578; &#1571;&#1605; &#1575;&#1604;&#1593;&#1606;&#1608;&#1583; &#1571;&#1606; &#1604;&#1604;&#1575;&#1587;&#1578;&#1588;&#1575;&#1585;&#1577; &#1571;&#1607;&#1605;&#1610;&#1577; &#1603;&#1576;&#1610;&#1585;&#1577; &#1601;&#1610; &#1578;&#1591;&#1608;&#1610;&#1593; &#1575;&#1604;&#1582;&#1604;&#1601;&#1610;&#1577; &#1575;&#1604;&#1578;&#1585;&#1576;&#1608;&#1610;&#1577; &#1575;&#1604;&#1589;&#1581;&#1610;&#1581;&#1577; &#1604;&#1576;&#1606;&#1575;&#1569; &#1571;&#1587;&#1585; &#1606;&#1575;&#1580;&#1581;&#1577; &#1608;&#1575;&#1604;&#1581;&#1601;&#1575;&#1592; &#1593;&#1604;&#1609; &#1578;&#1603;&#1608;&#1610;&#1606; &#1571;&#1601;&#1585;&#1575;&#1583;&#1607;&#1575; &#1575;&#1604;&#1606;&#1601;&#1587;&#1610; &#1575;&#1604;&#1587;&#1604;&#1610;&#1605;&#1548; &#1605;&#1605;&#1575; &#1610;&#1587;&#1575;&#1593;&#1583; &#1601;&#1610; &#1576;&#1606;&#1575;&#1569; &#1605;&#1580;&#1578;&#1605;&#1593; &#1605;&#1593;&#1575;&#1589;&#1585; &#1579;&#1602;&#1575;&#1601;&#1610;&#1575; &#1608;&#1582;&#1604;&#1602;&#1610;&#1575; &#1608;&#1576;&#1575;&#1604;&#1578;&#1575;&#1604;&#1610; &#1601;&#1575;&#1604;&#1571;&#1580;&#1610;&#1575;&#1604; &#1578;&#1578;&#1576;&#1593; &#1576;&#1593;&#1590;&#1607;&#1575; &#1601;&#1610; &#1575;&#1604;&#1605;&#1606;&#1592;&#1608;&#1605;&#1577; &#1575;&#1604;&#1601;&#1603;&#1585;&#1610;&#1577; &#1575;&#1604;&#1578;&#1585;&#1576;&#1608;&#1610;&#1577; &#1601;&#1578;&#1585;&#1576;&#1610; &#1576;&#1584;&#1575;&#1578;&#1607;&#1575; &#1571;&#1580;&#1610;&#1575;&#1604; &#1605;&#1578;&#1586;&#1606;&#1610;&#1606; &#1606;&#1601;&#1587;&#1610;&#1575; &#1608;&#1601;&#1603;&#1585;&#1610;&#1575;&#1548; &#1608;&#1584;&#1603;&#1585;&#1578; &#1571;&#1607;&#1605; &#1575;&#1604;&#1589;&#1593;&#1608;&#1576;&#1575;&#1578; &#1575;&#1604;&#1578;&#1610; &#1608;&#1575;&#1580;&#1607;&#1578;&#1607;&#1575; &#1593;&#1606;&#1583; &#1578;&#1591;&#1576;&#1610;&#1602; &#1606;&#1589;&#1575;&#1574;&#1581; &#1575;&#1604;&#1582;&#1576;&#1585;&#1575;&#1569; &#1593;&#1604;&#1609; &#1571;&#1585;&#1590; &#1575;&#1604;&#1608;&#1575;&#1602;&#1593;&#1548; &#1581;&#1610;&#1579; &#1571;&#1588;&#1575;&#1585;&#1578; &#1573;&#1604;&#1609; &#1589;&#1593;&#1608;&#1576;&#1577; &#1575;&#1604;&#1578;&#1593;&#1575;&#1605;&#1604; &#1605;&#1593; &#1575;&#1604;&#1571;&#1591;&#1601;&#1575;&#1604; &#1608;&#1575;&#1582;&#1578;&#1610;&#1575;&#1585; &#1575;&#1604;&#1593;&#1602;&#1575;&#1576; &#1575;&#1604;&#1605;&#1606;&#1575;&#1587;&#1576; &#1604;&#1603;&#1604; &#1605;&#1608;&#1602;&#1601; &#1576;&#1581;&#1587;&#1576; &#1588;&#1582;&#1589;&#1610;&#1577; &#1575;&#1604;&#1591;&#1601;&#1604;&#1548; &#1608;&#1589;&#1593;&#1608;&#1576;&#1577; &#1578;&#1591;&#1576;&#1610;&#1602; &#1575;&#1604;&#1606;&#1589;&#1610;&#1581;&#1577; &#1608;&#1575;&#1604;&#1589;&#1576;&#1585; &#1593;&#1604;&#1610;&#1607;&#1575; &#1604;&#1578;&#1581;&#1602;&#1610;&#1602; &#1575;&#1604;&#1606;&#1578;&#1610;&#1580;&#1577; &#1575;&#1604;&#1583;&#1575;&#1574;&#1605;&#1577;&#1548; &#1608;&#1588;&#1603;&#1585;&#1578; &#1571;&#1605; &#1575;&#1604;&#1593;&#1606;&#1608;&#1583; &#1601;&#1610; &#1581;&#1583;&#1610;&#1579;&#1607;&#1575; &#1575;&#1604;&#1602;&#1575;&#1574;&#1605;&#1610;&#1606; &#1593;&#1604;&#1609; &#1571;&#1603;&#1575;&#1583;&#1610;&#1605;&#1610;&#1577; &#1575;&#1604;&#1578;&#1605;&#1603;&#1610;&#1606; &#1593;&#1604;&#1609; &#1580;&#1607;&#1608;&#1583;&#1607;&#1605; &#1601;&#1610; &#1578;&#1602;&#1583;&#1610;&#1605; &#1582;&#1583;&#1605;&#1577; &#1575;&#1604;&#1575;&#1587;&#1578;&#1588;&#1575;&#1585;&#1575;&#1578; &#1575;&#1604;&#1605;&#1580;&#1575;&#1606;&#1610;&#1577;&#1548; &#1608;&#1602;&#1575;&#1604;&#1578; &#1605;&#1575;&#1585;&#1610;&#1577; &#1575;&#1604;&#1585;&#1586;&#1610;&#1602;&#1610;&#1577; &#1571;&#1606; &#1604;&#1575;&#1587;&#1578;&#1588;&#1575;&#1585;&#1575;&#1578; &#1605;&#1608;&#1602;&#1593; &#1575;&#1604;&#1578;&#1605;&#1603;&#1610;&#1606; &#1583;&#1608;&#1585; &#1603;&#1576;&#1610;&#1585; &#1601;&#1610; &#1575;&#1604;&#1581;&#1583; &#1605;&#1606; &#1575;&#1604;&#1605;&#1588;&#1575;&#1603;&#1604; &#1575;&#1604;&#1578;&#1610; &#1602;&#1583; &#1578;&#1608;&#1575;&#1580;&#1607; &#1571;&#1608;&#1604;&#1610;&#1575;&#1569; &#1575;&#1604;&#1571;&#1605;&#1608;&#1585; &#1605;&#1593; &#1571;&#1576;&#1606;&#1575;&#1569;&#1607;&#1605; &#1601;&#1610; &#1588;&#1578;&#1609; &#1605;&#1585;&#1575;&#1581;&#1604; &#1575;&#1604;&#1593;&#1605;&#1585;&#1548; &#1608;&#1571;&#1606; &#1575;&#1604;&#1606;&#1589;&#1575;&#1574;&#1581; &#1575;&#1604;&#1578;&#1610; &#1610;&#1602;&#1583;&#1605;&#1607;&#1575; &#1605;&#1608;&#1602;&#1593; &#1575;&#1604;&#1578;&#1605;&#1603;&#1610;&#1606; &#1610;&#1587;&#1607;&#1604; &#1604;&#1607;&#1605; &#1591;&#1585;&#1610;&#1602;&#1577; &#1575;&#1604;&#1578;&#1593;&#1575;&#1605;&#1604; &#1605;&#1593; &#1575;&#1604;&#1605;&#1608;&#1575;&#1602;&#1601; &#1575;&#1604;&#1578;&#1610; &#1602;&#1583; &#1578;&#1602;&#1604;&#1602; &#1575;&#1604;&#1571;&#1605; &#1608;&#1578;&#1572;&#1579;&#1585; &#1593;&#1604;&#1609; &#1606;&#1601;&#1587;&#1610;&#1578;&#1607;&#1575;.<br></p><p style=\"text-align: right; \"><b>&#1578;&#1580;&#1575;&#1585;&#1576; &#1587;&#1575;&#1576;&#1602;&#1577;<br></b></p><p style=\"text-align: right; \">&#1587;&#1605;&#1610;&#1577; &#1575;&#1604;&#1593;&#1576;&#1585;&#1610;&#1577; &#1602;&#1575;&#1604;&#1578; &#1571;&#1606; &#1575;&#1604;&#1575;&#1587;&#1578;&#1588;&#1575;&#1585;&#1577; &#1575;&#1604;&#1578;&#1610; &#1578;&#1572;&#1582;&#1584; &#1605;&#1606; &#1575;&#1604;&#1575;&#1588;&#1582;&#1575;&#1589; &#1584;&#1608;&#1610; &#1575;&#1604;&#1582;&#1576;&#1585;&#1577; &#1608;&#1575;&#1604;&#1578;&#1580;&#1585;&#1576;&#1577; &#1578;&#1581;&#1578;&#1605;&#1604; &#1575;&#1604;&#1589;&#1608;&#1575;&#1576; &#1571;&#1603;&#1579;&#1585; &#1605;&#1606; &#1575;&#1604;&#1582;&#1591;&#1571; &#1608;&#1578;&#1593;&#1578;&#1576;&#1585; &#1581;&#1604;&#1608;&#1604;&#1607;&#1575; &#1575;&#1604;&#1571;&#1601;&#1590;&#1604; &#1608;&#1575;&#1604;&#1571;&#1606;&#1587;&#1576; &#1604;&#1604;&#1605;&#1588;&#1603;&#1604;&#1577;&#1548; &#1601;&#1575;&#1604;&#1581;&#1604; &#1583;&#1575;&#1574;&#1605;&#1575; &#1581;&#1587;&#1576; &#1578;&#1593;&#1576;&#1610;&#1585;&#1607;&#1575; &#1607;&#1610; &#1575;&#1604;&#1581;&#1589;&#1608;&#1604; &#1593;&#1604;&#1609; &#1608;&#1580;&#1607;&#1575;&#1578; &#1606;&#1592;&#1585; &#1571;&#1608;&#1587;&#1593; &#1608;&#1571;&#1588;&#1605;&#1604;&#1548; &#1608;&#1571;&#1606; &#1571;&#1587;&#1575;&#1587; &#1575;&#1604;&#1581;&#1604; &#1607;&#1608; &#1575;&#1604;&#1575;&#1587;&#1578;&#1601;&#1575;&#1583;&#1577; &#1605;&#1606; &#1578;&#1580;&#1575;&#1585;&#1576; &#1575;&#1604;&#1571;&#1582;&#1585;&#1610;&#1606; &#1604;&#1578;&#1580;&#1606;&#1576; &#1575;&#1604;&#1608;&#1602;&#1608;&#1593; &#1601;&#1610; &#1606;&#1601;&#1587; &#1575;&#1604;&#1605;&#1588;&#1603;&#1604;&#1577;&#1548; &#1608;&#1571;&#1588;&#1575;&#1585;&#1578; &#1575;&#1604;&#1593;&#1576;&#1585;&#1610;&#1577; &#1573;&#1604;&#1609; &#1571;&#1606; &#1605;&#1580;&#1605;&#1608;&#1593;&#1577; &#1571;&#1603;&#1575;&#1583;&#1610;&#1605;&#1610;&#1577; &#1575;&#1604;&#1578;&#1605;&#1603;&#1610;&#1606; &#1593;&#1604;&#1609; &#1575;&#1604;&#1608;&#1575;&#1578;&#1587;&#1576; &#1587;&#1575;&#1593;&#1583;&#1578;&#1607;&#1575; &#1601;&#1610;&nbsp; &#1578;&#1608;&#1591;&#1610;&#1583; &#1593;&#1604;&#1575;&#1602;&#1578;&#1607;&#1575; &#1605;&#1593; &#1575;&#1576;&#1606;&#1607;&#1575;&#1548; &#1605;&#1606; &#1582;&#1604;&#1575;&#1604; &#1578;&#1591;&#1576;&#1610;&#1602;&#1607;&#1575; &#1604;&#1604;&#1606;&#1589;&#1575;&#1574;&#1581; &#1608;&#1575;&#1604;&#1573;&#1585;&#1588;&#1575;&#1583;&#1575;&#1578; &#1575;&#1604;&#1578;&#1610; &#1587;&#1575;&#1593;&#1583;&#1578;&#1607;&#1575; &#1593;&#1604;&#1609; &#1601;&#1607;&#1605; &#1587;&#1604;&#1608;&#1603; &#1575;&#1576;&#1606;&#1607;&#1575; &#1608;&#1578;&#1602;&#1583;&#1610;&#1605; &#1571;&#1606;&#1587;&#1576; &#1575;&#1604;&#1581;&#1604;&#1608;&#1604;.<br></p><p style=\"text-align: right; \">&#1571;&#1603;&#1583;&#1578; &#1586;&#1608;&#1610;&#1606;&#1577; &#1575;&#1604;&#1581;&#1575;&#1578;&#1605;&#1610;&#1577; &#1571;&#1606;&#1607;&#1575; &#1604;&#1605; &#1578;&#1608;&#1575;&#1580;&#1607; &#1571;&#1610; &#1589;&#1593;&#1608;&#1576;&#1575;&#1578; &#1601;&#1610; &#1578;&#1591;&#1576;&#1610;&#1602; &#1575;&#1604;&#1575;&#1587;&#1578;&#1588;&#1575;&#1585;&#1575;&#1578; &#1575;&#1604;&#1578;&#1610; &#1602;&#1583;&#1605;&#1607;&#1575; &#1575;&#1604;&#1571;&#1582;&#1589;&#1575;&#1574;&#1610;&#1610;&#1606; &#1601;&#1610; &#1605;&#1580;&#1605;&#1608;&#1593;&#1575;&#1578; &#1571;&#1603;&#1575;&#1583;&#1610;&#1605;&#1610;&#1577; &#1575;&#1604;&#1578;&#1605;&#1603;&#1610;&#1606;&#1548; &#1608;&#1571;&#1606; &#1606;&#1589;&#1575;&#1574;&#1581;&#1607;&#1605; &#1580;&#1593;&#1604;&#1578;&#1607;&#1575; &#1578;&#1585;&#1603;&#1586; &#1593;&#1604;&#1609; &#1575;&#1604;&#1573;&#1610;&#1580;&#1575;&#1576;&#1610;&#1575;&#1578; &#1571;&#1603;&#1579;&#1585; &#1605;&#1606; &#1575;&#1604;&#1587;&#1604;&#1576;&#1610;&#1575;&#1578;&#1548; &#1608;&#1602;&#1575;&#1604;&#1578; &#1571;&#1605; &#1608;&#1585;&#1583; &#1571;&#1606; &#1575;&#1604;&#1575;&#1587;&#1578;&#1588;&#1575;&#1585;&#1577; &#1578;&#1587;&#1575;&#1593;&#1583; &#1593;&#1604;&#1609; &#1578;&#1606;&#1588;&#1574;&#1577; &#1580;&#1610;&#1604; &#1608;&#1575;&#1593;&#1610; &#1610;&#1580;&#1606;&#1576; &#1575;&#1604;&#1605;&#1580;&#1578;&#1605;&#1593; &#1592;&#1608;&#1575;&#1607;&#1585; &#1587;&#1604;&#1576;&#1610;&#1577; &#1603;&#1579;&#1610;&#1585;&#1577;&#1548; &#1608;&#1571;&#1590;&#1575;&#1601;&#1578; &#1571;&#1606; &#1575;&#1604;&#1593;&#1589;&#1576;&#1610;&#1577; &#1575;&#1604;&#1588;&#1583;&#1610;&#1583;&#1577; &#1607;&#1610; &#1571;&#1603;&#1576;&#1585; &#1582;&#1591;&#1571; &#1602;&#1583; &#1610;&#1602;&#1593; &#1601;&#1610;&#1607; &#1575;&#1604;&#1608;&#1575;&#1604;&#1583;&#1610;&#1606;&#1548; &#1608;&#1571;&#1606; &#1575;&#1604;&#1589;&#1576;&#1585; &#1607;&#1608; &#1575;&#1604;&#1605;&#1601;&#1578;&#1575;&#1581; &#1575;&#1604;&#1584;&#1610; &#1610;&#1580;&#1576; &#1575;&#1606; &#1610;&#1581;&#1578;&#1601;&#1592; &#1576;&#1607; &#1575;&#1604;&#1571;&#1576;&#1608;&#1610;&#1606; &#1608;&#1575;&#1604;&#1605;&#1585;&#1576;&#1610;&#1606; &#1593;&#1606;&#1583; &#1575;&#1604;&#1578;&#1593;&#1575;&#1605;&#1604; &#1605;&#1593; &#1571;&#1591;&#1601;&#1575;&#1604;&#1607;&#1605; &#1581;&#1587;&#1576; &#1587;&#1604;&#1608;&#1603; &#1608;&#1588;&#1582;&#1589;&#1610;&#1577; &#1603;&#1604; &#1591;&#1601;&#1604;.<br></p><p style=\"text-align: right; \"><b>&#1592;&#1608;&#1575;&#1607;&#1585; &#1583;&#1582;&#1610;&#1604;&#1577;<br></b></p><p style=\"text-align: right; \">&#1608;&#1602;&#1575;&#1604; &#1605;&#1581;&#1605;&#1583; &#1575;&#1604;&#1607;&#1605;&#1610;&#1605;&#1610; &#1571;&#1606; &#1575;&#1604;&#1575;&#1587;&#1578;&#1588;&#1575;&#1585;&#1577; &#1594;&#1610;&#1585;&#1578; &#1573;&#1610;&#1580;&#1575;&#1576;&#1610;&#1575; &#1605;&#1606; &#1571;&#1587;&#1604;&#1608;&#1576;&#1607; &#1601;&#1610; &#1575;&#1604;&#1578;&#1585;&#1576;&#1610;&#1577;&#1548; &#1608;&#1576;&#1610;&#1606;&#1578; &#1604;&#1607; &#1575;&#1604;&#1589;&#1608;&#1575;&#1576; &#1605;&#1606; &#1575;&#1604;&#1582;&#1591;&#1571;&#1548; &#1608;&#1571;&#1608;&#1590;&#1581;&#1578; &#1604;&#1610;&#1604;&#1609; &#1575;&#1604;&#1580;&#1575;&#1605;&#1608;&#1583;&#1610;&#1577; &#1571;&#1606; &#1575;&#1604;&#1575;&#1587;&#1578;&#1588;&#1575;&#1585;&#1577; &#1578;&#1587;&#1575;&#1593;&#1583; &#1593;&#1604;&#1609; &#1578;&#1603;&#1608;&#1610;&#1606; &#1580;&#1610;&#1604; &#1608;&#1575;&#1593;&#1610; &#1610;&#1578;&#1583;&#1575;&#1585;&#1603; &#1575;&#1604;&#1571;&#1582;&#1591;&#1575;&#1569; &#1602;&#1576;&#1604; &#1608;&#1602;&#1608;&#1593;&#1607;&#1575; &#1608;&#1610;&#1608;&#1580;&#1583; &#1575;&#1604;&#1581;&#1604;&#1608;&#1604; &#1575;&#1604;&#1605;&#1606;&#1575;&#1587;&#1576;&#1577; &#1604;&#1604;&#1582;&#1585;&#1608;&#1580; &#1576;&#1571;&#1602;&#1604; &#1575;&#1604;&#1582;&#1587;&#1575;&#1574;&#1585;&#1548; &#1608;&#1593;&#1575;&#1574;&#1588;&#1577; &#1575;&#1604;&#1588;&#1593;&#1610;&#1604;&#1610;&#1577; &#1571;&#1588;&#1575;&#1585;&#1578; &#1573;&#1604;&#1609; &#1571;&#1606; &#1575;&#1604;&#1575;&#1587;&#1578;&#1588;&#1575;&#1585;&#1577; &#1581;&#1587;&#1606;&#1578; &#1605;&#1606; &#1593;&#1604;&#1575;&#1602;&#1578;&#1607;&#1575; &#1605;&#1593; &#1571;&#1601;&#1585;&#1575;&#1583; &#1571;&#1587;&#1585;&#1578;&#1607;&#1575; &#1605;&#1606; &#1582;&#1604;&#1575;&#1604; &#1573;&#1610;&#1580;&#1575;&#1583; &#1591;&#1585;&#1602; &#1593;&#1583;&#1577; &#1601;&#1610; &#1581;&#1604; &#1575;&#1604;&#1605;&#1588;&#1603;&#1604;&#1577; &#1608;&#1575;&#1582;&#1578;&#1610;&#1575;&#1585; &#1575;&#1606;&#1587;&#1576; &#1575;&#1604;&#1581;&#1604;&#1608;&#1604;&#1548; &#1608;&#1571;&#1588;&#1575;&#1585;&#1578; &#1581;&#1604;&#1610;&#1605;&#1577; &#1575;&#1604;&#1593;&#1576;&#1585;&#1610;&#1577; &#1573;&#1604;&#1609; &#1590;&#1585;&#1608;&#1585;&#1577; &#1578;&#1601;&#1593;&#1610;&#1604; &#1605;&#1601;&#1607;&#1608;&#1605; &#1575;&#1604;&#1575;&#1587;&#1578;&#1588;&#1575;&#1585;&#1575;&#1578;&#1548; &#1608;&#1582;&#1575;&#1589;&#1577; &#1593;&#1606;&#1583; &#1578;&#1585;&#1576;&#1610;&#1577; &#1575;&#1604;&#1571;&#1580;&#1610;&#1575;&#1604; &#1575;&#1604;&#1602;&#1575;&#1583;&#1605;&#1577; &#1576;&#1587;&#1576;&#1576; &#1578;&#1601;&#1588;&#1610; &#1605;&#1601;&#1575;&#1607;&#1610;&#1605; &#1608;&#1592;&#1608;&#1575;&#1607;&#1585; &#1593;&#1575;&#1604;&#1605;&#1610;&#1577; &#1605;&#1579;&#1604; &#1575;&#1604;&#1593;&#1608;&#1604;&#1605;&#1577; - &#1605;&#1593; &#1578;&#1602;&#1583;&#1605; &#1575;&#1604;&#1581;&#1610;&#1575;&#1577; &#1608;&#1578;&#1580;&#1584;&#1585; &#1605;&#1588;&#1575;&#1603;&#1604;&#1607;&#1575;.<br></p><p style=\"text-align: right; \"><b>&#1602;&#1590;&#1575;&#1610;&#1575; &#1575;&#1580;&#1578;&#1605;&#1575;&#1593;&#1610;&#1577;<br></b></p><p style=\"text-align: right; \">&#1578;&#1585;&#1603;&#1586; &#1571;&#1603;&#1575;&#1583;&#1610;&#1605;&#1610;&#1577; &#1575;&#1604;&#1578;&#1605;&#1603;&#1610;&#1606; &#1604;&#1604;&#1575;&#1587;&#1578;&#1588;&#1575;&#1585;&#1575;&#1578; &#1575;&#1604;&#1571;&#1587;&#1585;&#1610;&#1577; &#1608;&#1575;&#1604;&#1578;&#1585;&#1576;&#1608;&#1610;&#1577; &#1605;&#1593; &#1605;&#1608;&#1602;&#1593;&#1607;&#1575; &#1575;&#1604;&#1573;&#1604;&#1603;&#1578;&#1585;&#1608;&#1606;&#1610; \"&#1575;&#1604;&#1578;&#1605;&#1603;&#1610;&#1606; .. &#1605;&#1587;&#1578;&#1588;&#1575;&#1585;&#1603; &#1575;&#1604;&#1571;&#1605;&#1610;&#1606;\" &#1593;&#1604;&#1609; &#1575;&#1604;&#1575;&#1587;&#1578;&#1588;&#1575;&#1585;&#1575;&#1578; &#1575;&#1604;&#1578;&#1585;&#1576;&#1608;&#1610;&#1577; &#1608;&#1575;&#1604;&#1578;&#1593;&#1604;&#1610;&#1605;&#1610;&#1577; &#1608;&#1575;&#1604;&#1571;&#1587;&#1585;&#1610;&#1577; &#1608;&#1575;&#1604;&#1606;&#1601;&#1587;&#1610;&#1577;&#1548; &#1603;&#1602;&#1590;&#1575;&#1610;&#1575; &#1575;&#1580;&#1578;&#1605;&#1575;&#1593;&#1610;&#1577; &#1578;&#1572;&#1585;&#1602; &#1575;&#1604;&#1605;&#1580;&#1578;&#1605;&#1593;&#1575;&#1578;&#1548; &#1581;&#1610;&#1579; &#1578;&#1578;&#1585;&#1603;&#1586; &#1571;&#1594;&#1604;&#1576; &#1575;&#1607;&#1578;&#1605;&#1575;&#1605;&#1575;&#1578; &#1575;&#1604;&#1570;&#1576;&#1575;&#1569; &#1605;&#1606; &#1575;&#1604;&#1606;&#1575;&#1581;&#1610;&#1577; &#1575;&#1604;&#1578;&#1585;&#1576;&#1608;&#1610;&#1577; &#1608;&#1575;&#1604;&#1578;&#1593;&#1604;&#1610;&#1605;&#1610;&#1577; &#1593;&#1604;&#1609; &#1606;&#1580;&#1575;&#1581; &#1575;&#1604;&#1575;&#1576;&#1606;&#1575;&#1569; &#1608;&#1578;&#1601;&#1608;&#1602;&#1607;&#1605;&#1548; &#1608;&#1610;&#1608;&#1575;&#1580;&#1607;&#1608;&#1606; &#1589;&#1593;&#1608;&#1576;&#1575;&#1578; &#1601;&#1610; &#1578;&#1585;&#1576;&#1610;&#1577; &#1608;&#1578;&#1593;&#1604;&#1610;&#1605; &#1575;&#1604;&#1575;&#1576;&#1606;&#1575;&#1569; &#1576;&#1587;&#1576;&#1576; &#1578;&#1601;&#1575;&#1608;&#1578; &#1605;&#1587;&#1578;&#1608;&#1609; &#1602;&#1583;&#1585;&#1575;&#1578;&#1607;&#1605;&#1548; &#1604;&#1584;&#1604;&#1603; &#1578;&#1587;&#1575;&#1593;&#1583;&#1607;&#1605; &#1575;&#1604;&#1575;&#1587;&#1578;&#1588;&#1575;&#1585;&#1575;&#1578; &#1601;&#1610; &#1578;&#1608;&#1580;&#1610;&#1607; &#1575;&#1604;&#1573;&#1585;&#1588;&#1575;&#1583; &#1608;&#1575;&#1604;&#1578;&#1608;&#1580;&#1610;&#1607; &#1575;&#1604;&#1604;&#1575;&#1586;&#1605; &#1604;&#1604;&#1570;&#1576;&#1575;&#1569; &#1601;&#1610; &#1580;&#1608;&#1575;&#1606;&#1576; &#1571;&#1607;&#1605;&#1607;&#1575; &#1575;&#1604;&#1575;&#1604;&#1578;&#1586;&#1575;&#1605; &#1575;&#1604;&#1571;&#1582;&#1604;&#1575;&#1602;&#1610;&#1548; &#1608;&#1575;&#1604;&#1575;&#1607;&#1578;&#1605;&#1575;&#1605; &#1575;&#1604;&#1589;&#1581;&#1610; &#1608;&#1575;&#1604;&#1594;&#1584;&#1575;&#1574;&#1610; &#1608;&#1575;&#1604;&#1606;&#1580;&#1575;&#1581; &#1575;&#1604;&#1605;&#1583;&#1585;&#1587;&#1610; &#1608;&#1575;&#1604;&#1575;&#1604;&#1578;&#1586;&#1575;&#1605; &#1575;&#1604;&#1571;&#1587;&#1585;&#1610; &#1608;&#1575;&#1604;&#1571;&#1576;&#1608;&#1610;&#1548; &#1608;&#1578;&#1581;&#1578;&#1575;&#1580; &#1575;&#1604;&#1605;&#1588;&#1575;&#1603;&#1604; &#1575;&#1604;&#1578;&#1585;&#1576;&#1608;&#1610;&#1577; &#1573;&#1604;&#1609; &#1605;&#1593;&#1575;&#1604;&#1580;&#1577; &#1587;&#1604;&#1608;&#1603;&#1610;&#1577; &#1604;&#1580;&#1605;&#1610;&#1593; &#1605;&#1585;&#1575;&#1581;&#1604; &#1575;&#1604;&#1606;&#1605;&#1608;&#1548; &#1608;&#1605;&#1593;&#1575;&#1604;&#1580;&#1577; &#1593;&#1602;&#1604;&#1610;&#1577; &#1608;&#1578;&#1602;&#1608;&#1610;&#1605; &#1575;&#1604;&#1575;&#1582;&#1578;&#1604;&#1575;&#1604; &#1601;&#1610; &#1575;&#1604;&#1575;&#1587;&#1578;&#1602;&#1585;&#1575;&#1585; &#1575;&#1604;&#1606;&#1601;&#1587;&#1610;&#1548; &#1608;&#1605;&#1593;&#1575;&#1604;&#1580;&#1577; &#1575;&#1590;&#1591;&#1585;&#1575;&#1576; &#1575;&#1604;&#1588;&#1582;&#1589;&#1610;&#1577; &#1608;&#1605;&#1588;&#1575;&#1603;&#1604; &#1575;&#1604;&#1575;&#1576;&#1606;&#1575;&#1569; &#1605;&#1579;&#1604; &#1575;&#1604;&#1593;&#1606;&#1601; &#1575;&#1604;&#1591;&#1601;&#1608;&#1604;&#1610;&#1548; &#1608;&#1575;&#1604;&#1581;&#1585;&#1603;&#1577; &#1608;&#1575;&#1604;&#1606;&#1588;&#1575;&#1591; &#1575;&#1604;&#1586;&#1575;&#1574;&#1583;&#1548; &#1608;&#1575;&#1604;&#1603;&#1587;&#1604; &#1608;&#1575;&#1604;&#1582;&#1580;&#1604;&#1548; &#1608;&#1601;&#1602;&#1583;&#1575;&#1606; &#1575;&#1604;&#1585;&#1594;&#1576;&#1577; &#1601;&#1610; &#1575;&#1604;&#1588;&#1607;&#1610;&#1577; &#1608;&#1575;&#1604;&#1583;&#1585;&#1575;&#1587;&#1577; &#1608;&#1575;&#1604;&#1575;&#1606;&#1593;&#1586;&#1575;&#1604; &#1608;&#1593;&#1583;&#1605; &#1575;&#1604;&#1578;&#1608;&#1575;&#1589;&#1604;&#1548; &#1608;&#1575;&#1606;&#1593;&#1583;&#1575;&#1605; &#1575;&#1604;&#1579;&#1602;&#1577; &#1576;&#1575;&#1604;&#1606;&#1601;&#1587;&#1548; &#1604;&#1584;&#1575; &#1601;&#1575;&#1604;&#1575;&#1587;&#1578;&#1588;&#1575;&#1585;&#1577; &#1578;&#1581;&#1583;&#1583; &#1575;&#1604;&#1605;&#1588;&#1603;&#1604;&#1577; &#1608;&#1575;&#1604;&#1593;&#1604;&#1575;&#1580; &#1575;&#1604;&#1606;&#1601;&#1587;&#1610; &#1608;&#1578;&#1608;&#1580;&#1583; &#1575;&#1604;&#1593;&#1604;&#1575;&#1580; &#1575;&#1604;&#1587;&#1604;&#1608;&#1603;&#1610; &#1575;&#1604;&#1605;&#1606;&#1575;&#1587;&#1576;.<br></p><p style=\"text-align: right; \">&#1608;&#1604;&#1575; &#1588;&#1603; &#1571;&#1606; &#1604;&#1604;&#1575;&#1587;&#1578;&#1588;&#1575;&#1585;&#1575;&#1578; &#1575;&#1604;&#1571;&#1587;&#1585;&#1610;&#1577; &#1571;&#1607;&#1605;&#1610;&#1577; &#1601;&#1610; &#1578;&#1581;&#1602;&#1610;&#1602; &#1575;&#1604;&#1578;&#1608;&#1575;&#1601;&#1602; &#1608;&#1575;&#1604;&#1575;&#1587;&#1578;&#1602;&#1585;&#1575;&#1585; &#1575;&#1604;&#1593;&#1575;&#1574;&#1604;&#1610;&#1548; &#1608;&#1604;&#1607;&#1575; &#1571;&#1607;&#1583;&#1575;&#1601; &#1575;&#1580;&#1578;&#1605;&#1575;&#1593;&#1610;&#1577; &#1601;&#1610; &#1575;&#1604;&#1581;&#1583; &#1605;&#1606; &#1571;&#1610; &#1592;&#1575;&#1607;&#1585;&#1577; &#1602;&#1583; &#1578;&#1607;&#1583;&#1583; &#1603;&#1610;&#1575;&#1606; &#1575;&#1604;&#1571;&#1587;&#1585;&#1577; &#1608;&#1602;&#1610;&#1605;&#1607;&#1575;&#1548; &#1603;&#1605;&#1575; &#1571;&#1606; &#1575;&#1604;&#1575;&#1587;&#1578;&#1588;&#1575;&#1585;&#1575;&#1578; &#1575;&#1604;&#1606;&#1601;&#1587;&#1610;&#1577; &#1604;&#1607;&#1575; &#1571;&#1607;&#1605;&#1610;&#1577; &#1601;&#1610; &#1601;&#1607;&#1605; &#1575;&#1604;&#1588;&#1582;&#1589; &#1604;&#1587;&#1605;&#1575;&#1578;&#1607; &#1608;&#1602;&#1583;&#1585;&#1575;&#1578;&#1607; &#1608;&#1575;&#1587;&#1578;&#1582;&#1583;&#1575;&#1605;&#1607;&#1575; &#1608;&#1578;&#1591;&#1608;&#1610;&#1585;&#1607;&#1575; &#1604;&#1604;&#1608;&#1589;&#1608;&#1604; &#1573;&#1604;&#1609; &#1605;&#1585;&#1581;&#1604;&#1577; &#1575;&#1604;&#1578;&#1603;&#1610;&#1601; &#1605;&#1593; &#1575;&#1604;&#1608;&#1575;&#1602;&#1593; &#1608;&#1575;&#1582;&#1578;&#1610;&#1575;&#1585; &#1575;&#1604;&#1602;&#1585;&#1575;&#1585;&#1575;&#1578; &#1575;&#1604;&#1587;&#1604;&#1610;&#1605;&#1577;&#1548; &#1601;&#1575;&#1604;&#1605;&#1587;&#1578;&#1588;&#1575;&#1585; &#1610;&#1587;&#1575;&#1593;&#1583;&#1607; &#1593;&#1604;&#1609; &#1578;&#1602;&#1576;&#1604; &#1584;&#1575;&#1578;&#1607; &#1608;&#1605;&#1608;&#1575;&#1580;&#1607;&#1577; &#1575;&#1604;&#1578;&#1581;&#1583;&#1610;&#1575;&#1578; &#1575;&#1604;&#1605;&#1581;&#1610;&#1591;&#1577; &#1576;&#1607; &#1604;&#1604;&#1578;&#1594;&#1604;&#1576; &#1593;&#1604;&#1609; &#1575;&#1604;&#1575;&#1606;&#1601;&#1593;&#1575;&#1604;&#1575;&#1578; &#1575;&#1604;&#1605;&#1589;&#1575;&#1581;&#1576;&#1577; &#1604;&#1581;&#1575;&#1604;&#1578;&#1607;.&nbsp;<br></p>\r\n\n', 2);
INSERT INTO `posts_meta` (`id`, `post_id`, `title`, `author`, `content`, `language_id`) VALUES
(31, 29, 'أنقذتني من الانتحار ', 'مسعود الاسماعيلي', '\n<div>*<b><span style=\"font-size: 24px;\">&#1571;&#1606;&#1602;&#1584;&#1578;&#1606;&#1610; &#1605;&#1606; &#1575;&#1604;&#1575;&#1606;&#1578;&#1581;&#1575;&#1585;*</span></b></div><div><br></div><div>\"&#1602;&#1585;&#1571;&#1578; &#1575;&#1604;&#1575;&#1587;&#1578;&#1588;&#1575;&#1585;&#1610;&#1577; &#1575;&#1587;&#1578;&#1605;&#1575;&#1585;&#1577; &#1591;&#1604;&#1576; &#1575;&#1587;&#1578;&#1588;&#1575;&#1585;&#1577; &#1580;&#1583;&#1610;&#1583;&#1577;&#1548; &#1601;&#1578;&#1581;&#1578; &#1593;&#1610;&#1606;&#1610;&#1607;&#1575; &#1571;&#1603;&#1579;&#1585;&#1548; &#1571;&#1593;&#1575;&#1583;&#1578; &#1602;&#1585;&#1575;&#1569;&#1577; &#1575;&#1604;&#1575;&#1587;&#1578;&#1588;&#1575;&#1585;&#1577; &#1605;&#1585;&#1577; &#1571;&#1582;&#1585;&#1609;&#1548; &#1571;&#1585;&#1580;&#1593;&#1578; &#1592;&#1607;&#1585;&#1607;&#1575; &#1573;&#1604;&#1609; &#1575;&#1604;&#1603;&#1585;&#1587;&#1610;&#1548; &#1608;&#1576;&#1593;&#1583; &#1589;&#1605;&#1578; &#1602;&#1604;&#1610;&#1604;&#1548; &#1571;&#1585;&#1587;&#1604;&#1578; &#1573;&#1604;&#1609; &#1575;&#1604;&#1605;&#1606;&#1587;&#1602;&#1577; &#1604;&#1578;&#1593;&#1591;&#1610; &#1575;&#1604;&#1587;&#1575;&#1574;&#1604;&#1577; &#1571;&#1602;&#1585;&#1576; &#1605;&#1608;&#1593;&#1583; &#1575;&#1604;&#1610;&#1608;&#1605;.</div><div>&#1601;&#1610; &#1578;&#1605;&#1575;&#1605; &#1575;&#1604;&#1578;&#1575;&#1587;&#1593;&#1577; &#1605;&#1587;&#1575;&#1569; &#1601;&#1578;&#1581;&#1578; &#1575;&#1604;&#1575;&#1587;&#1578;&#1588;&#1575;&#1585;&#1610;&#1577; &#1585;&#1575;&#1576;&#1591; &#1580;&#1608;&#1580;&#1604; &#1605;&#1610;&#1578; &#1581;&#1578;&#1609; &#1578;&#1602;&#1575;&#1576;&#1604; &#1605;&#1593; &#1575;&#1604;&#1587;&#1575;&#1574;&#1604;&#1577; &#1581;&#1587;&#1576; &#1575;&#1604;&#1605;&#1608;&#1593;&#1583; &#1575;&#1604;&#1605;&#1578;&#1601;&#1602; &#1593;&#1604;&#1610;&#1607;&#1548; &#1592;&#1607;&#1585;&#1578; &#1593;&#1604;&#1609; &#1575;&#1604;&#1588;&#1575;&#1588;&#1577; &#1571;&#1610;&#1602;&#1608;&#1606;&#1577; &#1576;&#1607;&#1575; &#1588;&#1593;&#1575;&#1585; &#1571;&#1603;&#1575;&#1583;&#1610;&#1605;&#1610;&#1577; &#1575;&#1604;&#1578;&#1605;&#1603;&#1610;&#1606;&#1548; &#1579;&#1605; &#1576;&#1593;&#1583; &#1583;&#1602;&#1610;&#1602;&#1577; &#1591;&#1604;&#1576; &#1571;&#1581;&#1583;&#1607;&#1605; &#1575;&#1604;&#1575;&#1606;&#1590;&#1605;&#1575;&#1605; &#1573;&#1604;&#1609; &#1575;&#1604;&#1580;&#1604;&#1587;&#1577;&#1548; &#1587;&#1605;&#1581;&#1578; &#1575;&#1604;&#1575;&#1587;&#1578;&#1588;&#1575;&#1585;&#1610;&#1577; &#1604;&#1607;&#1575; &#1576;&#1575;&#1604;&#1575;&#1606;&#1590;&#1605;&#1575;&#1605;&#1548; &#1592;&#1607;&#1585;&#1578; &#1571;&#1610;&#1602;&#1608;&#1606;&#1577; &#1581;&#1605;&#1585;&#1575;&#1569; &#1601;&#1610; &#1608;&#1587;&#1591;&#1607;&#1575; &#1581;&#1585;&#1601; a</div><div>&#1576;&#1593;&#1583; &#1575;&#1604;&#1578;&#1585;&#1581;&#1610;&#1576; &#1576;&#1575;&#1604;&#1587;&#1575;&#1574;&#1604;&#1577; &#1608;&#1575;&#1604;&#1578;&#1593;&#1585;&#1601; &#1593;&#1604;&#1610;&#1607;&#1575;&#1548; &#1571;&#1593;&#1591;&#1578; &#1575;&#1604;&#1575;&#1587;&#1578;&#1588;&#1575;&#1585;&#1610;&#1577; &#1575;&#1604;&#1587;&#1575;&#1574;&#1604;&#1577; &#1575;&#1604;&#1573;&#1584;&#1606; &#1576;&#1588;&#1585;&#1581; &#1605;&#1588;&#1603;&#1604;&#1578;&#1607;&#1575; &#1576;&#1575;&#1604;&#1578;&#1601;&#1589;&#1610;&#1604;.</div><div>&#1603;&#1575;&#1606;&#1578; &#1606;&#1576;&#1585;&#1577; &#1589;&#1608;&#1578;&#1607;&#1575; &#1581;&#1586;&#1610;&#1606;&#1577; &#1608;&#1605;&#1603;&#1576;&#1608;&#1578;&#1577;&#1548; &#1602;&#1575;&#1604;&#1578; &#1576;&#1589;&#1608;&#1578; &#1605;&#1578;&#1602;&#1591;&#1593;: &#1602;&#1589;&#1578;&#1610; &#1576;&#1583;&#1571;&#1578; &#1602;&#1576;&#1604; &#1575;&#1579;&#1606;&#1609; &#1593;&#1588;&#1585; &#1587;&#1606;&#1577;&#1548; &#1603;&#1575;&#1606; &#1593;&#1605;&#1585;&#1610; &#1581;&#1610;&#1606;&#1607;&#1575; &#1582;&#1605;&#1587; &#1587;&#1606;&#1608;&#1575;&#1578; &#1593;&#1606;&#1583;&#1605;&#1575; &#1591;&#1604;&#1602; &#1608;&#1575;&#1604;&#1583;&#1610; &#1571;&#1605;&#1610;&#1548; &#1578;&#1586;&#1608;&#1580; &#1571;&#1576;&#1610; &#1605;&#1606; &#1575;&#1605;&#1585;&#1571;&#1577; &#1571;&#1582;&#1585;&#1609;&#1548; &#1604;&#1603;&#1606; &#1604;&#1604;&#1571;&#1587;&#1601; &#1603;&#1575;&#1606;&#1578; &#1607;&#1584;&#1607; &#1575;&#1604;&#1586;&#1608;&#1580;&#1577; &#1602;&#1575;&#1587;&#1610;&#1577; &#1593;&#1604;&#1610; &#1603;&#1579;&#1610;&#1585;&#1575;.</div><div>&#1589;&#1605;&#1578;&#1578; &#1575;&#1604;&#1587;&#1575;&#1574;&#1604;&#1577; &#1602;&#1604;&#1610;&#1604;&#1575;&#1548; &#1579;&#1605; &#1571;&#1603;&#1605;&#1604;&#1578; &#1602;&#1575;&#1574;&#1604;&#1577;: &#1603;&#1575;&#1606;&#1578; &#1586;&#1608;&#1580;&#1577; &#1571;&#1576;&#1610; &#1578;&#1581;&#1576;&#1587;&#1606;&#1610; &#1601;&#1610; &#1575;&#1604;&#1581;&#1605;&#1575;&#1605; &#1604;&#1587;&#1575;&#1593;&#1575;&#1578; &#1591;&#1608;&#1610;&#1604;&#1577;&#1548; &#1608;&#1603;&#1575;&#1606;&#1578; &#1578;&#1605;&#1606;&#1593; &#1593;&#1606;&#1610; &#1575;&#1604;&#1591;&#1593;&#1575;&#1605;&#1548; &#1608;&#1578;&#1590;&#1585;&#1576;&#1606;&#1610; &#1576;&#1602;&#1587;&#1608;&#1577;.</div><div>&#1587;&#1571;&#1604;&#1578;&#1607;&#1575; &#1575;&#1604;&#1575;&#1587;&#1578;&#1588;&#1575;&#1585;&#1610;&#1577; &#1576;&#1606;&#1576;&#1585;&#1577; &#1578;&#1588;&#1580;&#1593;&#1607;&#1575; &#1593;&#1604;&#1609; &#1575;&#1604;&#1581;&#1583;&#1610;&#1579;: &#1608;&#1607;&#1604; &#1603;&#1575;&#1606; &#1571;&#1576;&#1608;&#1603; &#1610;&#1593;&#1585;&#1601; &#1576;&#1607;&#1584;&#1575; &#1603;&#1604;&#1607;&#1567;</div><div>&#1571;&#1580;&#1575;&#1576;&#1578; &#1575;&#1604;&#1587;&#1575;&#1574;&#1604;&#1577; &#1576;&#1606;&#1576;&#1585;&#1577; &#1601;&#1610;&#1607;&#1575; &#1575;&#1576;&#1578;&#1587;&#1575;&#1605;&#1577; &#1581;&#1587;&#1585;&#1577;: &#1591;&#1576;&#1593;&#1575; &#1604;&#1575;&#1548; &#1604;&#1571;&#1606; &#1586;&#1608;&#1580;&#1577; &#1571;&#1576;&#1610; &#1603;&#1575;&#1606;&#1578; &#1578;&#1582;&#1601;&#1610; &#1593;&#1606;&#1607; &#1607;&#1584;&#1575;&#1548; &#1608;&#1603;&#1575;&#1606; &#1571;&#1576;&#1610; &#1606;&#1607;&#1575;&#1610;&#1577; &#1603;&#1604; &#1571;&#1587;&#1576;&#1608;&#1593; &#1610;&#1584;&#1607;&#1576; &#1576;&#1610; &#1573;&#1604;&#1609; &#1576;&#1610;&#1578; &#1580;&#1583;&#1610; &#1604;&#1571;&#1606;&#1575;&#1605; &#1605;&#1593;&#1607;&#1605;&#1548; &#1608;&#1603;&#1575;&#1606; &#1610;&#1593;&#1610;&#1588; &#1605;&#1593; &#1580;&#1583;&#1610; &#1593;&#1605;&#1610; &#1575;&#1604;&#1584;&#1610;....</div><div>&#1607;&#1606;&#1575; &#1578;&#1608;&#1602;&#1601;&#1578; &#1575;&#1604;&#1587;&#1575;&#1574;&#1604;&#1577; &#1593;&#1606; &#1575;&#1604;&#1603;&#1604;&#1575;&#1605;&#1548; &#1579;&#1605; &#1575;&#1606;&#1601;&#1580;&#1585;&#1578; &#1578;&#1576;&#1603;&#1610; &#1576;&#1581;&#1585;&#1602;&#1577; &#1608;&#1578;&#1588;&#1606;&#1580;.</div><div>&#1578;&#1585;&#1603;&#1578;&#1607;&#1575; &#1575;&#1604;&#1575;&#1587;&#1578;&#1588;&#1575;&#1585;&#1610;&#1577; &#1578;&#1606;&#1578;&#1607;&#1610; &#1605;&#1606; &#1576;&#1603;&#1575;&#1574;&#1607;&#1575;&#1548; &#1579;&#1605; &#1602;&#1575;&#1604;&#1578; &#1604;&#1607;&#1575;: &#1582;&#1584;&#1610; &#1585;&#1575;&#1581;&#1578;&#1603; &#1608;&#1593;&#1576;&#1585;&#1610; &#1593;&#1606; &#1603;&#1604; &#1605;&#1588;&#1575;&#1593;&#1585;&#1603;&#1548; &#1571;&#1606;&#1575; &#1605;&#1593;&#1603; &#1581;&#1578;&#1609; &#1578;&#1606;&#1578;&#1607;&#1610;.</div><div>&#1576;&#1593;&#1583; &#1583;&#1602;&#1610;&#1602;&#1577;&#1548; &#1575;&#1587;&#1578;&#1571;&#1606;&#1601;&#1578; &#1575;&#1604;&#1587;&#1575;&#1574;&#1604;&#1577; &#1576;&#1587;&#1585;&#1583; &#1602;&#1589;&#1578;&#1607;&#1575;&#1548; &#1608;&#1604;&#1603;&#1606; &#1603;&#1575;&#1606;&#1578; &#1606;&#1576;&#1585;&#1577; &#1589;&#1608;&#1578;&#1607;&#1575; &#1607;&#1584;&#1607; &#1575;&#1604;&#1605;&#1585;&#1577; &#1594;&#1575;&#1590;&#1576;&#1577; &#1605;&#1582;&#1578;&#1604;&#1591;&#1577; &#1576;&#1576;&#1603;&#1575;&#1569;&#1548; &#1602;&#1575;&#1604;&#1578;: &#1603;&#1575;&#1606; &#1593;&#1605;&#1610; &#1607;&#1584;&#1575; &#1605;&#1579;&#1604; &#1575;&#1604;&#1584;&#1574;&#1576;&#1548; &#1603;&#1575;&#1606; &#1610;&#1594;&#1578;&#1589;&#1576;&#1606;&#1610; &#1603;&#1604; &#1604;&#1610;&#1604;&#1577; &#1576;&#1583;&#1608;&#1606; &#1585;&#1581;&#1605;&#1577; &#1571;&#1608; &#1588;&#1601;&#1602;&#1577;...</div><div>&#1587;&#1585;&#1583;&#1578; &#1575;&#1604;&#1587;&#1575;&#1574;&#1604;&#1577; &#1603;&#1604; &#1602;&#1589;&#1578;&#1607;&#1575;&#1548; &#1579;&#1605; &#1571;&#1585;&#1583;&#1601;&#1578; &#1578;&#1602;&#1608;&#1604; &#1576;&#1581;&#1585;&#1602;&#1577;: &#1608;&#1571;&#1606;&#1575; &#1575;&#1604;&#1610;&#1608;&#1605; &#1605;&#1589;&#1575;&#1576;&#1577; &#1576;&#1575;&#1603;&#1578;&#1574;&#1575;&#1576; &#1588;&#1583;&#1610;&#1583;&#1548; &#1601;&#1603;&#1604;&#1605;&#1575; &#1571;&#1578;&#1584;&#1603;&#1585; &#1578;&#1604;&#1603; &#1575;&#1604;&#1604;&#1581;&#1592;&#1575;&#1578; &#1571;&#1589;&#1575;&#1576; &#1576;&#1606;&#1608;&#1576;&#1577; &#1576;&#1603;&#1575;&#1569; &#1591;&#1608;&#1610;&#1604;&#1577;&#1548; &#1608;&#1571;&#1601;&#1602;&#1583; &#1588;&#1607;&#1610;&#1577; &#1575;&#1604;&#1571;&#1603;&#1604; &#1604;&#1571;&#1610;&#1575;&#1605;&#1548; &#1608;&#1604;&#1575; &#1571;&#1585;&#1610;&#1583; &#1571;&#1606; &#1571;&#1603;&#1604;&#1605; &#1571;&#1581;&#1583;&#1548; &#1601;&#1571;&#1607;&#1585;&#1576; &#1604;&#1604;&#1606;&#1608;&#1605; &#1604;&#1587;&#1575;&#1593;&#1575;&#1578; &#1591;&#1608;&#1610;&#1604;&#1577;.</div><div>&#1578;&#1608;&#1602;&#1601;&#1578; &#1575;&#1604;&#1587;&#1575;&#1574;&#1604;&#1577; &#1604;&#1578;&#1571;&#1582;&#1584; &#1606;&#1601;&#1587;&#1575; &#1593;&#1605;&#1610;&#1602;&#1575;&#1548; &#1579;&#1605; &#1602;&#1575;&#1604;&#1578; &#1576;&#1589;&#1608;&#1578; &#1605;&#1606;&#1607;&#1575;&#1585;: &#1608;&#1576;&#1589;&#1585;&#1575;&#1581;&#1577; &#1581;&#1575;&#1608;&#1604;&#1578; &#1575;&#1604;&#1575;&#1606;&#1578;&#1581;&#1575;&#1585; &#1571;&#1603;&#1579;&#1585; &#1605;&#1606; &#1605;&#1585;&#1577;&#1548; &#1608;&#1604;&#1603;&#1606;&#1610; &#1604;&#1605; &#1571;&#1587;&#1578;&#1591;&#1593;&#1548; &#1608;&#1570;&#1582;&#1585;&#1607;&#1575; &#1602;&#1576;&#1604; &#1571;&#1610;&#1575;&#1605; &#1571;&#1585;&#1583;&#1578; &#1571;&#1606; &#1571;&#1585;&#1605;&#1610; &#1606;&#1601;&#1587;&#1610; &#1605;&#1606; &#1575;&#1604;&#1591;&#1575;&#1576;&#1602; &#1575;&#1604;&#1579;&#1575;&#1606;&#1610; &#1604;&#1604;&#1605;&#1583;&#1585;&#1587;&#1577;.</div><div>&#1607;&#1606;&#1575; &#1583;&#1582;&#1604;&#1578; &#1575;&#1604;&#1587;&#1575;&#1574;&#1604;&#1577; &#1601;&#1610; &#1606;&#1608;&#1576;&#1577; &#1576;&#1603;&#1575;&#1569; &#1575;&#1587;&#1578;&#1605;&#1585;&#1578; &#1604;&#1583;&#1602;&#1575;&#1574;&#1602;&#1548; &#1579;&#1605; &#1576;&#1583;&#1571;&#1578; &#1575;&#1604;&#1575;&#1587;&#1578;&#1588;&#1575;&#1585;&#1610;&#1577; &#1576;&#1575;&#1604;&#1581;&#1608;&#1575;&#1585; &#1605;&#1593;&#1607;&#1575; &#1576;&#1591;&#1585;&#1610;&#1602;&#1577; &#1580;&#1593;&#1604;&#1578;&#1607;&#1575; &#1578;&#1587;&#1578;&#1585;&#1582;&#1610; &#1608;&#1578;&#1587;&#1578;&#1580;&#1610;&#1576; &#1604;&#1604;&#1578;&#1608;&#1580;&#1610;&#1607;&#1575;&#1578; &#1608;&#1575;&#1604;&#1573;&#1585;&#1588;&#1575;&#1583;&#1575;&#1578; &#1575;&#1604;&#1578;&#1610; &#1578;&#1593;&#1591;&#1610;&#1607;&#1575; &#1573;&#1610;&#1575;&#1607;&#1575;.</div><div>&#1576;&#1593;&#1583; &#1606;&#1607;&#1575;&#1610;&#1577; &#1575;&#1604;&#1580;&#1604;&#1587;&#1577; &#1575;&#1578;&#1601;&#1602;&#1578; &#1575;&#1604;&#1575;&#1587;&#1578;&#1588;&#1575;&#1585;&#1610;&#1577; &#1605;&#1593; &#1575;&#1604;&#1587;&#1575;&#1574;&#1604;&#1577; &#1571;&#1606; &#1578;&#1578;&#1608;&#1575;&#1589;&#1604; &#1605;&#1593;&#1607;&#1575; &#1610;&#1608;&#1605;&#1610;&#1575; &#1581;&#1578;&#1609; &#1578;&#1593;&#1608;&#1583; &#1573;&#1604;&#1609; &#1581;&#1610;&#1575;&#1578;&#1607;&#1575; &#1575;&#1604;&#1591;&#1576;&#1610;&#1593;&#1610;&#1577;&#1548; &#1608;&#1606;&#1589;&#1581;&#1578;&#1607;&#1575; &#1576;&#1571;&#1582;&#1584; &#1580;&#1604;&#1587;&#1575;&#1578; &#1605;&#1578;&#1608;&#1575;&#1589;&#1604;&#1577; &#1605;&#1593; &#1571;&#1581;&#1583; &#1575;&#1604;&#1605;&#1587;&#1578;&#1588;&#1601;&#1610;&#1575;&#1578; &#1575;&#1604;&#1602;&#1585;&#1610;&#1576;&#1577; &#1605;&#1606;&#1607;&#1575;.\"</div><div>&#1600;&#1600;&#1600;&#1600;&#1600;&#1600;&#1600;&#1600;&#1600;&#1600;&#1600;&#1600;&#1600;&#1600;&#1600;&#1600;</div><div>&#1605;&#1606; &#1602;&#1589;&#1589; &#1571;&#1603;&#1575;&#1583;&#1610;&#1605;&#1610;&#1577; &#1575;&#1604;&#1578;&#1605;&#1603;&#1610;&#1606;</div>\n', 1),
(32, 29, '', '', '', 2),
(33, 30, 'من يساعدني ', 'مسعود الاسماعيلي', '\n<p>&rlm;<span style=\"font-size: 24px;\"><b>*&#1605;&#1606; &#1610;&#1587;&#1575;&#1593;&#1583;&#1606;&#1610;*</b></span></p><p><br></p><p>&rlm;\"&#1603;&#1575;&#1606;&#1578; &#1588;&#1575;&#1581;&#1576;&#1577; &#1575;&#1604;&#1608;&#1580;&#1607;&#1548; &#1575;&#1602;&#1578;&#1585;&#1576;&#1578; &#1605;&#1606;&#1607;&#1575;&#1548; &#1608;&#1587;&#1571;&#1604;&#1578;&#1607;&#1575;: &#1605;&#1575;&#1584;&#1575; &#1576;&#1603;&#1567;!</p><p>&#1585;&#1601;&#1593;&#1578; &#1585;&#1571;&#1587;&#1607;&#1575;</p><p>&#1602;&#1604;&#1610;&#1604;&#1575; &#1579;&#1605; &#1602;&#1575;&#1604;&#1578;: &#1571;&#1608;&#1604;&#1575;&#1583;&#1610;&#1548; &#1571;&#1588;&#1593;&#1585; &#1576;&#1571;&#1606;&#1606;&#1610; &#1604;&#1575; &#1575;&#1587;&#1578;&#1591;&#1610;&#1593; &#1575;&#1604;&#1587;&#1610;&#1591;&#1585;&#1577; &#1593;&#1604;&#1610;&#1607;&#1605;.</p><p>&rlm;&#1575;&#1576;&#1578;&#1587;&#1605;&#1578;</p><p>&#1575;&#1576;&#1578;&#1587;&#1575;&#1605;&#1577; &#1582;&#1601;&#1610;&#1601;&#1577;&#1548; &#1608;&#1602;&#1604;&#1578; &#1604;&#1607;&#1575;: &#1608;&#1604;&#1605;&#1575;&#1584;&#1575; &#1578;&#1585;&#1610;&#1583;&#1610;&#1606; &#1571;&#1606; &#1578;&#1587;&#1610;&#1591;&#1585;&#1610; &#1593;&#1604;&#1609; &#1575;&#1608;&#1604;&#1575;&#1583;&#1603;&#1567; &#1607;&#1572;&#1604;&#1575;&#1569; &#1571;&#1591;&#1601;&#1575;&#1604; &#1582;&#1604;&#1602;&#1607;&#1605;</p><p>&#1575;&#1604;&#1604;&#1607; &#1576;&#1576;&#1585;&#1575;&#1569;&#1577; &#1610;&#1581;&#1576;&#1608;&#1606; &#1575;&#1604;&#1605;&#1585;&#1581; &#1608;&#1575;&#1604;&#1581;&#1585;&#1603;&#1577;.</p><p>&rlm;&#1571;&#1582;&#1585;&#1580;&#1578; &#1586;&#1601;&#1585;&#1577;</p><p>&#1602;&#1608;&#1610;&#1577;&#1548; &#1608;&#1603;&#1571;&#1606; &#1603;&#1604;&#1575;&#1605;&#1610; &#1604;&#1605; &#1610;&#1593;&#1580;&#1576;&#1607;&#1575;&#1548; &#1579;&#1605; &#1602;&#1575;&#1604;&#1578; &#1576;&#1589;&#1608;&#1578; &#1582;&#1575;&#1601;&#1578;: &#1604;&#1602;&#1583; &#1578;&#1593;&#1576;&#1578;&#1548; &#1571;&#1608;&#1604;&#1575;&#1583;&#1610; &#1591;&#1608;&#1575;&#1604; &#1575;&#1604;&#1608;&#1602;&#1578; &#1573;&#1605;&#1575;</p><p>&#1593;&#1604;&#1609; &#1575;&#1604;&#1607;&#1575;&#1578;&#1601; &#1571;&#1608; &#1575;&#1604; iPad &#1571;&#1608; &#1575;&#1604;&#1578;&#1604;&#1601;&#1575;&#1586;&#1548;&rlm;&#1608;&#1573;&#1584;&#1575; &#1605;&#1606;&#1593;&#1578;&#1607;&#1605; &#1593;&#1606; &#1584;&#1604;&#1603; &#1571;&#1579;&#1575;&#1585;&#1608;&#1575;</p><p>&#1575;&#1604;&#1601;&#1608;&#1590;&#1609; &#1601;&#1610; &#1575;&#1604;&#1576;&#1610;&#1578; &#1608;&#1586;&#1575;&#1583; &#1575;&#1604;&#1588;&#1580;&#1575;&#1585; &#1576;&#1610;&#1606;&#1607;&#1605;.</p><p>&#1581;&#1575;&#1601;&#1592;&#1578; &#1593;&#1604;&#1609;</p><p>&#1575;&#1576;&#1578;&#1587;&#1575;&#1605;&#1578;&#1610;&#1548; &#1571;&#1608;&#1605;&#1571;&#1578; &#1576;&#1585;&#1571;&#1587;&#1610; &rlm;&#1604;&#1578;&#1603;&#1605;&#1604; &#1603;&#1604;&#1575;&#1605;&#1607;&#1575;.</p><p>&#1585;&#1601;&#1593;&#1578; &#1585;&#1571;&#1587;&#1607;&#1575;&#1548;</p><p>&#1608;&#1602;&#1575;&#1604;&#1578; &#1576;&#1606;&#1576;&#1585;&#1577; &#1581;&#1575;&#1583;&#1577;: &#1571;&#1589;&#1576;&#1581; &#1571;&#1608;&#1604;&#1575;&#1583;&#1610; &#1593;&#1589;&#1576;&#1610;&#1610;&#1606;&#1548; &#1604;&#1575; &#1571;&#1587;&#1578;&#1591;&#1610;&#1593; &#1571;&#1606; &#1571;&#1603;&#1604;&#1605;&#1607;&#1605; &#1573;&#1604;&#1575; &#1576;&#1575;&#1604;&#1589;&#1585;&#1575;&#1582; &#1571;&#1608; &#1576;&#1590;&#1585;&#1576;&#1548;</p><p>&#1604;&#1575; &#1571;&#1593;&#1585;&#1601; &#1605;&#1575;&#1584;&#1575; &#1575;&#1601;&#1593;&#1604; &#1576;&#1607;&#1605;&#1567;</p><p>&nbsp;&#1579;&#1605; &#1605;&#1587;&#1581;&#1578; &#1583;&#1605;&#1593;&#1577; &#1587;&#1602;&#1591;&#1578; &#1605;&#1606; &#1593;&#1610;&#1606;&#1607;&#1575; &#1608;&#1607;&#1610; &#1578;&#1602;&#1608;&#1604; &#1576;&#1589;&#1608;&#1578; &#1605;&#1578;&#1588;&#1606;&#1580;: &#1578;&#1593;&#1576;&#1578;&#1548;&#1548; &#1578;&#1593;&#1576;&#1578;&#1548;&#1548; &#1578;&#1593;&#1576;&#1578;..</p><p>&#1606;&#1575;&#1583;&#1610;&#1578;&#1607;&#1575; &#1576;&#1575;&#1587;&#1605;&#1607;&#1575;&#1548; &rlm;&#1579;&#1605; &#1602;&#1604;&#1578; &#1604;&#1607;&#1575; &#1576;&#1606;&#1592;&#1585;&#1577; &#1605;&#1578;&#1601;&#1575;&#1574;&#1604;&#1577;: &#1607;&#1606;&#1575;&#1603; &#1571;&#1605;&#1607;&#1575;&#1578; &#1603;&#1579;&#1610;&#1585;&#1575;&#1578; &#1605;&#1579;&#1604;&#1603; &#1583;&#1593;&#1575;&#1606;&#1610; &#1607;&#1584;&#1607; &#1575;&#1604;&#1605;&#1593;&#1575;&#1606;&#1575;&#1577;&#1548; &#1608;&#1604;&#1603;&#1606; &#1576;&#1593;&#1583; &#1601;&#1578;&#1585;&#1577; &#1601;&#1607;&#1605;&#1606; &#1575;&#1604;&#1591;&#1585;&#1610;&#1602;&#1577; &#1575;&#1604;&#1589;&#1581;&#1610;&#1581;&#1577; &#1604;&#1593;&#1604;&#1575;&#1580; &#1607;&#1584;&#1607; &#1575;&#1604;&#1605;&#1588;&#1603;&#1604;&#1577;&#1548; &#1608;&#1571;&#1589;&#1576;&#1581;&#1606;&#1575; &#1578;&#1578;&#1602;&#1576;&#1604; &#1603;&#1604; &#1588;&#1610;&#1569; &#1605;&#1606; &#1571;&#1608;&#1604;&#1575;&#1583;&#1607;&#1605; &#1608;&#1610;&#1587;&#1578;&#1605;&#1578;&#1593;&#1606; &#1578;&#1585;&#1576;&#1610;&#1578;&#1607;&#1605; &#1575;&#1604;&#1578;&#1585;&#1576;&#1610;&#1577; &#1575;&#1604;&#1587;&#1604;&#1610;&#1605;&#1577; &#1591;&#1576;&#1593;&#1575;.</p><p>&#1606;&#1607;&#1590;&#1578; &#1601;&#1580;&#1571;&#1577; &#1608;&#1607;&#1610;</p><p>&#1578;&#1606;&#1592;&#1585; &#1573;&#1604;&#1610; &#1576;&#1581;&#1605;&#1575;&#1587;: &#1571;&#1605;&#1607;&#1575;&#1578; &#1603;&#1579;&#1610;&#1585;&#1575;&#1578;! &#1603;&#1610;&#1601; &#1584;&#1604;&#1603; &#1608;&#1605;&#1575; &#1607;&#1608; &#1575;&#1604;&#1593;&#1604;&#1575;&#1580;&#1567;</p><p>&#1571;&#1582;&#1585;&#1580;&#1578; &#1607;&#1575;&#1578;&#1601;&#1610;</p><p>&rlm;&#1579;&#1605; &#1571;&#1585;&#1587;&#1604;&#1578; &#1573;&#1604;&#1610;&#1607;&#1575; &#1585;&#1602;&#1605;&nbsp; &nbsp;&#1571;&#1603;&#1575;&#1583;&#1610;&#1605;&#1610;&#1577; &#1575;&#1604;&#1578;&#1605;&#1603;&#1610;&#1606; &#1604;&#1604;&#1575;&#1587;&#1578;&#1588;&#1575;&#1585;&#1575;&#1578; &#1575;&#1604;&#1578;&#1585;&#1576;&#1608;&#1610;&#1577;</p><p>&#1608;&#1575;&#1604;&#1578;&#1593;&#1604;&#1610;&#1605;&#1610;&#1577;&#1548;</p><p>&#1579;&#1605; &#1602;&#1604;&#1578; &#1604;&#1607;&#1575;:</p><p>&#1578;&#1608;&#1575;&#1589;&#1604;&#1610; &#1605;&#1593; &#1575;&#1604;&#1575;&#1587;&#1578;&#1588;&#1575;&#1585;&#1610;&#1575;&#1578; &#1601;&#1610; &#1607;&#1584;&#1607; &#1575;&#1604;&#1571;&#1603;&#1575;&#1583;&#1605;&#1610;&#1577; &#1608;&#1587;&#1608;&#1601; &#1578;&#1587;&#1578;&#1601;&#1610;&#1583;&#1610;&#1606; &#1603;&#1579;&#1610;&#1585;&#1575; &#1576;&#1573;&#1584;&#1606; &#1575;&#1604;&#1604;&#1607;&#1548;&nbsp; &#1579;&#1605; &#1576;&#1593;&#1583; &#1601;&#1578;&#1585;&#1577; &#1575;&#1585;&#1580;&#1593;&#1610;</p><p>&#1575;&#1604;&#1610; &#1608;&#1571;&#1582;&#1576;&#1585;&#1610;&#1606;&#1610; &#1576;&#1575;&#1604;&#1606;&#1578;&#1610;&#1580;&#1577;.</p><p>&#1575;&#1576;&#1578;&#1587;&#1605;&#1578;</p><p>&#1608;&#1602;&#1575;&#1604;&#1578; &#1588;&#1603;&#1585;&#1575; &#1604;&#1603; &rlm;&#1607;&#1584;&#1607; &#1607;&#1583;&#1610;&#1577; &#1604;&#1606; &#1571;&#1606;&#1587;&#1575;&#1607;&#1575; &#1571;&#1576;&#1583;&#1575;.\"</p>\n', 1),
(34, 30, '', '', '', 2),
(35, 31, '', '', '', 1),
(36, 31, 'من يساعدني ', 'مسعود الاسماعيلي', '\n<p>&rlm;<span style=\"font-size: 24px;\"><b>*&#1605;&#1606; &#1610;&#1587;&#1575;&#1593;&#1583;&#1606;&#1610;*</b></span></p><p><br></p><p>&rlm;\"&#1603;&#1575;&#1606;&#1578; &#1588;&#1575;&#1581;&#1576;&#1577; &#1575;&#1604;&#1608;&#1580;&#1607;&#1548; &#1575;&#1602;&#1578;&#1585;&#1576;&#1578; &#1605;&#1606;&#1607;&#1575;&#1548; &#1608;&#1587;&#1571;&#1604;&#1578;&#1607;&#1575;: &#1605;&#1575;&#1584;&#1575; &#1576;&#1603;&#1567;!</p><p>&#1585;&#1601;&#1593;&#1578; &#1585;&#1571;&#1587;&#1607;&#1575;</p><p>&#1602;&#1604;&#1610;&#1604;&#1575; &#1579;&#1605; &#1602;&#1575;&#1604;&#1578;: &#1571;&#1608;&#1604;&#1575;&#1583;&#1610;&#1548; &#1571;&#1588;&#1593;&#1585; &#1576;&#1571;&#1606;&#1606;&#1610; &#1604;&#1575; &#1575;&#1587;&#1578;&#1591;&#1610;&#1593; &#1575;&#1604;&#1587;&#1610;&#1591;&#1585;&#1577; &#1593;&#1604;&#1610;&#1607;&#1605;.</p><p>&rlm;&#1575;&#1576;&#1578;&#1587;&#1605;&#1578;</p><p>&#1575;&#1576;&#1578;&#1587;&#1575;&#1605;&#1577; &#1582;&#1601;&#1610;&#1601;&#1577;&#1548; &#1608;&#1602;&#1604;&#1578; &#1604;&#1607;&#1575;: &#1608;&#1604;&#1605;&#1575;&#1584;&#1575; &#1578;&#1585;&#1610;&#1583;&#1610;&#1606; &#1571;&#1606; &#1578;&#1587;&#1610;&#1591;&#1585;&#1610; &#1593;&#1604;&#1609; &#1575;&#1608;&#1604;&#1575;&#1583;&#1603;&#1567; &#1607;&#1572;&#1604;&#1575;&#1569; &#1571;&#1591;&#1601;&#1575;&#1604; &#1582;&#1604;&#1602;&#1607;&#1605;</p><p>&#1575;&#1604;&#1604;&#1607; &#1576;&#1576;&#1585;&#1575;&#1569;&#1577; &#1610;&#1581;&#1576;&#1608;&#1606; &#1575;&#1604;&#1605;&#1585;&#1581; &#1608;&#1575;&#1604;&#1581;&#1585;&#1603;&#1577;.</p><p>&rlm;&#1571;&#1582;&#1585;&#1580;&#1578; &#1586;&#1601;&#1585;&#1577;</p><p>&#1602;&#1608;&#1610;&#1577;&#1548; &#1608;&#1603;&#1571;&#1606; &#1603;&#1604;&#1575;&#1605;&#1610; &#1604;&#1605; &#1610;&#1593;&#1580;&#1576;&#1607;&#1575;&#1548; &#1579;&#1605; &#1602;&#1575;&#1604;&#1578; &#1576;&#1589;&#1608;&#1578; &#1582;&#1575;&#1601;&#1578;: &#1604;&#1602;&#1583; &#1578;&#1593;&#1576;&#1578;&#1548; &#1571;&#1608;&#1604;&#1575;&#1583;&#1610; &#1591;&#1608;&#1575;&#1604; &#1575;&#1604;&#1608;&#1602;&#1578; &#1573;&#1605;&#1575;</p><p>&#1593;&#1604;&#1609; &#1575;&#1604;&#1607;&#1575;&#1578;&#1601; &#1571;&#1608; &#1575;&#1604; iPad &#1571;&#1608; &#1575;&#1604;&#1578;&#1604;&#1601;&#1575;&#1586;&#1548;&rlm;&#1608;&#1573;&#1584;&#1575; &#1605;&#1606;&#1593;&#1578;&#1607;&#1605; &#1593;&#1606; &#1584;&#1604;&#1603; &#1571;&#1579;&#1575;&#1585;&#1608;&#1575;</p><p>&#1575;&#1604;&#1601;&#1608;&#1590;&#1609; &#1601;&#1610; &#1575;&#1604;&#1576;&#1610;&#1578; &#1608;&#1586;&#1575;&#1583; &#1575;&#1604;&#1588;&#1580;&#1575;&#1585; &#1576;&#1610;&#1606;&#1607;&#1605;.</p><p>&#1581;&#1575;&#1601;&#1592;&#1578; &#1593;&#1604;&#1609;</p><p>&#1575;&#1576;&#1578;&#1587;&#1575;&#1605;&#1578;&#1610;&#1548; &#1571;&#1608;&#1605;&#1571;&#1578; &#1576;&#1585;&#1571;&#1587;&#1610; &rlm;&#1604;&#1578;&#1603;&#1605;&#1604; &#1603;&#1604;&#1575;&#1605;&#1607;&#1575;.</p><p>&#1585;&#1601;&#1593;&#1578; &#1585;&#1571;&#1587;&#1607;&#1575;&#1548;</p><p>&#1608;&#1602;&#1575;&#1604;&#1578; &#1576;&#1606;&#1576;&#1585;&#1577; &#1581;&#1575;&#1583;&#1577;: &#1571;&#1589;&#1576;&#1581; &#1571;&#1608;&#1604;&#1575;&#1583;&#1610; &#1593;&#1589;&#1576;&#1610;&#1610;&#1606;&#1548; &#1604;&#1575; &#1571;&#1587;&#1578;&#1591;&#1610;&#1593; &#1571;&#1606; &#1571;&#1603;&#1604;&#1605;&#1607;&#1605; &#1573;&#1604;&#1575; &#1576;&#1575;&#1604;&#1589;&#1585;&#1575;&#1582; &#1571;&#1608; &#1576;&#1590;&#1585;&#1576;&#1548;</p><p>&#1604;&#1575; &#1571;&#1593;&#1585;&#1601; &#1605;&#1575;&#1584;&#1575; &#1575;&#1601;&#1593;&#1604; &#1576;&#1607;&#1605;&#1567;</p><p>&nbsp;&#1579;&#1605; &#1605;&#1587;&#1581;&#1578; &#1583;&#1605;&#1593;&#1577; &#1587;&#1602;&#1591;&#1578; &#1605;&#1606; &#1593;&#1610;&#1606;&#1607;&#1575; &#1608;&#1607;&#1610; &#1578;&#1602;&#1608;&#1604; &#1576;&#1589;&#1608;&#1578; &#1605;&#1578;&#1588;&#1606;&#1580;: &#1578;&#1593;&#1576;&#1578;&#1548;&#1548; &#1578;&#1593;&#1576;&#1578;&#1548;&#1548; &#1578;&#1593;&#1576;&#1578;..</p><p>&#1606;&#1575;&#1583;&#1610;&#1578;&#1607;&#1575; &#1576;&#1575;&#1587;&#1605;&#1607;&#1575;&#1548; &rlm;&#1579;&#1605; &#1602;&#1604;&#1578; &#1604;&#1607;&#1575; &#1576;&#1606;&#1592;&#1585;&#1577; &#1605;&#1578;&#1601;&#1575;&#1574;&#1604;&#1577;: &#1607;&#1606;&#1575;&#1603; &#1571;&#1605;&#1607;&#1575;&#1578; &#1603;&#1579;&#1610;&#1585;&#1575;&#1578; &#1605;&#1579;&#1604;&#1603; &#1583;&#1593;&#1575;&#1606;&#1610; &#1607;&#1584;&#1607; &#1575;&#1604;&#1605;&#1593;&#1575;&#1606;&#1575;&#1577;&#1548; &#1608;&#1604;&#1603;&#1606; &#1576;&#1593;&#1583; &#1601;&#1578;&#1585;&#1577; &#1601;&#1607;&#1605;&#1606; &#1575;&#1604;&#1591;&#1585;&#1610;&#1602;&#1577; &#1575;&#1604;&#1589;&#1581;&#1610;&#1581;&#1577; &#1604;&#1593;&#1604;&#1575;&#1580; &#1607;&#1584;&#1607; &#1575;&#1604;&#1605;&#1588;&#1603;&#1604;&#1577;&#1548; &#1608;&#1571;&#1589;&#1576;&#1581;&#1606;&#1575; &#1578;&#1578;&#1602;&#1576;&#1604; &#1603;&#1604; &#1588;&#1610;&#1569; &#1605;&#1606; &#1571;&#1608;&#1604;&#1575;&#1583;&#1607;&#1605; &#1608;&#1610;&#1587;&#1578;&#1605;&#1578;&#1593;&#1606; &#1578;&#1585;&#1576;&#1610;&#1578;&#1607;&#1605; &#1575;&#1604;&#1578;&#1585;&#1576;&#1610;&#1577; &#1575;&#1604;&#1587;&#1604;&#1610;&#1605;&#1577; &#1591;&#1576;&#1593;&#1575;.</p><p>&#1606;&#1607;&#1590;&#1578; &#1601;&#1580;&#1571;&#1577; &#1608;&#1607;&#1610;</p><p>&#1578;&#1606;&#1592;&#1585; &#1573;&#1604;&#1610; &#1576;&#1581;&#1605;&#1575;&#1587;: &#1571;&#1605;&#1607;&#1575;&#1578; &#1603;&#1579;&#1610;&#1585;&#1575;&#1578;! &#1603;&#1610;&#1601; &#1584;&#1604;&#1603; &#1608;&#1605;&#1575; &#1607;&#1608; &#1575;&#1604;&#1593;&#1604;&#1575;&#1580;&#1567;</p><p>&#1571;&#1582;&#1585;&#1580;&#1578; &#1607;&#1575;&#1578;&#1601;&#1610;</p><p>&rlm;&#1579;&#1605; &#1571;&#1585;&#1587;&#1604;&#1578; &#1573;&#1604;&#1610;&#1607;&#1575; &#1585;&#1602;&#1605;&nbsp; &nbsp;&#1571;&#1603;&#1575;&#1583;&#1610;&#1605;&#1610;&#1577; &#1575;&#1604;&#1578;&#1605;&#1603;&#1610;&#1606; &#1604;&#1604;&#1575;&#1587;&#1578;&#1588;&#1575;&#1585;&#1575;&#1578; &#1575;&#1604;&#1578;&#1585;&#1576;&#1608;&#1610;&#1577;</p><p>&#1608;&#1575;&#1604;&#1578;&#1593;&#1604;&#1610;&#1605;&#1610;&#1577;&#1548;</p><p>&#1579;&#1605; &#1602;&#1604;&#1578; &#1604;&#1607;&#1575;:</p><p>&#1578;&#1608;&#1575;&#1589;&#1604;&#1610; &#1605;&#1593; &#1575;&#1604;&#1575;&#1587;&#1578;&#1588;&#1575;&#1585;&#1610;&#1575;&#1578; &#1601;&#1610; &#1607;&#1584;&#1607; &#1575;&#1604;&#1571;&#1603;&#1575;&#1583;&#1605;&#1610;&#1577; &#1608;&#1587;&#1608;&#1601; &#1578;&#1587;&#1578;&#1601;&#1610;&#1583;&#1610;&#1606; &#1603;&#1579;&#1610;&#1585;&#1575; &#1576;&#1573;&#1584;&#1606; &#1575;&#1604;&#1604;&#1607;&#1548;&nbsp; &#1579;&#1605; &#1576;&#1593;&#1583; &#1601;&#1578;&#1585;&#1577; &#1575;&#1585;&#1580;&#1593;&#1610;</p><p>&#1575;&#1604;&#1610; &#1608;&#1571;&#1582;&#1576;&#1585;&#1610;&#1606;&#1610; &#1576;&#1575;&#1604;&#1606;&#1578;&#1610;&#1580;&#1577;.</p><p>&#1575;&#1576;&#1578;&#1587;&#1605;&#1578;</p><p>&#1608;&#1602;&#1575;&#1604;&#1578; &#1588;&#1603;&#1585;&#1575; &#1604;&#1603; &rlm;&#1607;&#1584;&#1607; &#1607;&#1583;&#1610;&#1577; &#1604;&#1606; &#1571;&#1606;&#1587;&#1575;&#1607;&#1575; &#1571;&#1576;&#1583;&#1575;.\"</p>\n', 2),
(37, 32, '', '', '', 1),
(38, 32, 'أنقذتني من الانتحار ', 'مسعود الاسماعيلي', '\n<p>&rlm;<span style=\"font-size: 24px;\"><b>*&#1571;&#1606;&#1602;&#1584;&#1578;&#1606;&#1610; &#1605;&#1606; &#1575;&#1604;&#1575;&#1606;&#1578;&#1581;&#1575;&#1585;*</b></span></p><p><br></p><p>\"&#1602;&#1585;&#1571;&#1578; &#1575;&#1604;&#1575;&#1587;&#1578;&#1588;&#1575;&#1585;&#1610;&#1577; &#1575;&#1587;&#1578;&#1605;&#1575;&#1585;&#1577; &#1591;&#1604;&#1576; &#1575;&#1587;&#1578;&#1588;&#1575;&#1585;&#1577; &#1580;&#1583;&#1610;&#1583;&#1577;&#1548; &#1601;&#1578;&#1581;&#1578; &#1593;&#1610;&#1606;&#1610;&#1607;&#1575; &#1571;&#1603;&#1579;&#1585;&#1548; &#1571;&#1593;&#1575;&#1583;&#1578; &#1602;&#1585;&#1575;&#1569;&#1577; &#1575;&#1604;&#1575;&#1587;&#1578;&#1588;&#1575;&#1585;&#1577; &#1605;&#1585;&#1577; &#1571;&#1582;&#1585;&#1609;&#1548; &#1571;&#1585;&#1580;&#1593;&#1578; &#1592;&#1607;&#1585;&#1607;&#1575; &#1573;&#1604;&#1609; &#1575;&#1604;&#1603;&#1585;&#1587;&#1610;&#1548; &#1608;&#1576;&#1593;&#1583; &#1589;&#1605;&#1578; &#1602;&#1604;&#1610;&#1604;&#1548; &#1571;&#1585;&#1587;&#1604;&#1578; &#1573;&#1604;&#1609; &#1575;&#1604;&#1605;&#1606;&#1587;&#1602;&#1577; &#1604;&#1578;&#1593;&#1591;&#1610; &#1575;&#1604;&#1587;&#1575;&#1574;&#1604;&#1577; &#1571;&#1602;&#1585;&#1576; &#1605;&#1608;&#1593;&#1583; &#1575;&#1604;&#1610;&#1608;&#1605;.</p><p>&#1601;&#1610; &#1578;&#1605;&#1575;&#1605; &#1575;&#1604;&#1578;&#1575;&#1587;&#1593;&#1577; &#1605;&#1587;&#1575;&#1569; &#1601;&#1578;&#1581;&#1578; &#1575;&#1604;&#1575;&#1587;&#1578;&#1588;&#1575;&#1585;&#1610;&#1577; &#1585;&#1575;&#1576;&#1591; &#1580;&#1608;&#1580;&#1604; &#1605;&#1610;&#1578; &#1581;&#1578;&#1609; &#1578;&#1602;&#1575;&#1576;&#1604; &#1605;&#1593; &#1575;&#1604;&#1587;&#1575;&#1574;&#1604;&#1577; &#1581;&#1587;&#1576; &#1575;&#1604;&#1605;&#1608;&#1593;&#1583; &#1575;&#1604;&#1605;&#1578;&#1601;&#1602; &#1593;&#1604;&#1610;&#1607;&#1548; &#1592;&#1607;&#1585;&#1578; &#1593;&#1604;&#1609; &#1575;&#1604;&#1588;&#1575;&#1588;&#1577; &#1571;&#1610;&#1602;&#1608;&#1606;&#1577; &#1576;&#1607;&#1575; &#1588;&#1593;&#1575;&#1585; &#1571;&#1603;&#1575;&#1583;&#1610;&#1605;&#1610;&#1577; &#1575;&#1604;&#1578;&#1605;&#1603;&#1610;&#1606;&#1548; &#1579;&#1605; &#1576;&#1593;&#1583; &#1583;&#1602;&#1610;&#1602;&#1577; &#1591;&#1604;&#1576; &#1571;&#1581;&#1583;&#1607;&#1605; &#1575;&#1604;&#1575;&#1606;&#1590;&#1605;&#1575;&#1605; &#1573;&#1604;&#1609; &#1575;&#1604;&#1580;&#1604;&#1587;&#1577;&#1548; &#1587;&#1605;&#1581;&#1578; &#1575;&#1604;&#1575;&#1587;&#1578;&#1588;&#1575;&#1585;&#1610;&#1577; &#1604;&#1607;&#1575; &#1576;&#1575;&#1604;&#1575;&#1606;&#1590;&#1605;&#1575;&#1605;&#1548; &#1592;&#1607;&#1585;&#1578; &#1571;&#1610;&#1602;&#1608;&#1606;&#1577; &#1581;&#1605;&#1585;&#1575;&#1569; &#1601;&#1610; &#1608;&#1587;&#1591;&#1607;&#1575; &#1581;&#1585;&#1601; a</p><p>&#1576;&#1593;&#1583; &#1575;&#1604;&#1578;&#1585;&#1581;&#1610;&#1576; &#1576;&#1575;&#1604;&#1587;&#1575;&#1574;&#1604;&#1577; &#1608;&#1575;&#1604;&#1578;&#1593;&#1585;&#1601; &#1593;&#1604;&#1610;&#1607;&#1575;&#1548; &#1571;&#1593;&#1591;&#1578; &#1575;&#1604;&#1575;&#1587;&#1578;&#1588;&#1575;&#1585;&#1610;&#1577; &#1575;&#1604;&#1587;&#1575;&#1574;&#1604;&#1577; &#1575;&#1604;&#1573;&#1584;&#1606; &#1576;&#1588;&#1585;&#1581; &#1605;&#1588;&#1603;&#1604;&#1578;&#1607;&#1575; &#1576;&#1575;&#1604;&#1578;&#1601;&#1589;&#1610;&#1604;.</p><p>&#1603;&#1575;&#1606;&#1578; &#1606;&#1576;&#1585;&#1577; &#1589;&#1608;&#1578;&#1607;&#1575; &#1581;&#1586;&#1610;&#1606;&#1577; &#1608;&#1605;&#1603;&#1576;&#1608;&#1578;&#1577;&#1548; &#1602;&#1575;&#1604;&#1578; &#1576;&#1589;&#1608;&#1578; &#1605;&#1578;&#1602;&#1591;&#1593;: &#1602;&#1589;&#1578;&#1610; &#1576;&#1583;&#1571;&#1578; &#1602;&#1576;&#1604; &#1575;&#1579;&#1606;&#1609; &#1593;&#1588;&#1585; &#1587;&#1606;&#1577;&#1548; &#1603;&#1575;&#1606; &#1593;&#1605;&#1585;&#1610; &#1581;&#1610;&#1606;&#1607;&#1575; &#1582;&#1605;&#1587; &#1587;&#1606;&#1608;&#1575;&#1578; &#1593;&#1606;&#1583;&#1605;&#1575; &#1591;&#1604;&#1602; &#1608;&#1575;&#1604;&#1583;&#1610; &#1571;&#1605;&#1610;&#1548; &#1578;&#1586;&#1608;&#1580; &#1571;&#1576;&#1610; &#1605;&#1606; &#1575;&#1605;&#1585;&#1571;&#1577; &#1571;&#1582;&#1585;&#1609;&#1548; &#1604;&#1603;&#1606; &#1604;&#1604;&#1571;&#1587;&#1601; &#1603;&#1575;&#1606;&#1578; &#1607;&#1584;&#1607; &#1575;&#1604;&#1586;&#1608;&#1580;&#1577; &#1602;&#1575;&#1587;&#1610;&#1577; &#1593;&#1604;&#1610; &#1603;&#1579;&#1610;&#1585;&#1575;.</p><p>&#1589;&#1605;&#1578;&#1578; &#1575;&#1604;&#1587;&#1575;&#1574;&#1604;&#1577; &#1602;&#1604;&#1610;&#1604;&#1575;&#1548; &#1579;&#1605; &#1571;&#1603;&#1605;&#1604;&#1578; &#1602;&#1575;&#1574;&#1604;&#1577;: &#1603;&#1575;&#1606;&#1578; &#1586;&#1608;&#1580;&#1577; &#1571;&#1576;&#1610; &#1578;&#1581;&#1576;&#1587;&#1606;&#1610; &#1601;&#1610; &#1575;&#1604;&#1581;&#1605;&#1575;&#1605; &#1604;&#1587;&#1575;&#1593;&#1575;&#1578; &#1591;&#1608;&#1610;&#1604;&#1577;&#1548; &#1608;&#1603;&#1575;&#1606;&#1578; &#1578;&#1605;&#1606;&#1593; &#1593;&#1606;&#1610; &#1575;&#1604;&#1591;&#1593;&#1575;&#1605;&#1548; &#1608;&#1578;&#1590;&#1585;&#1576;&#1606;&#1610; &#1576;&#1602;&#1587;&#1608;&#1577;.</p><p>&#1587;&#1571;&#1604;&#1578;&#1607;&#1575; &#1575;&#1604;&#1575;&#1587;&#1578;&#1588;&#1575;&#1585;&#1610;&#1577; &#1576;&#1606;&#1576;&#1585;&#1577; &#1578;&#1588;&#1580;&#1593;&#1607;&#1575; &#1593;&#1604;&#1609; &#1575;&#1604;&#1581;&#1583;&#1610;&#1579;: &#1608;&#1607;&#1604; &#1603;&#1575;&#1606; &#1571;&#1576;&#1608;&#1603; &#1610;&#1593;&#1585;&#1601; &#1576;&#1607;&#1584;&#1575; &#1603;&#1604;&#1607;&#1567;</p><p>&#1571;&#1580;&#1575;&#1576;&#1578; &#1575;&#1604;&#1587;&#1575;&#1574;&#1604;&#1577; &#1576;&#1606;&#1576;&#1585;&#1577; &#1601;&#1610;&#1607;&#1575; &#1575;&#1576;&#1578;&#1587;&#1575;&#1605;&#1577; &#1581;&#1587;&#1585;&#1577;: &#1591;&#1576;&#1593;&#1575; &#1604;&#1575;&#1548; &#1604;&#1571;&#1606; &#1586;&#1608;&#1580;&#1577; &#1571;&#1576;&#1610; &#1603;&#1575;&#1606;&#1578; &#1578;&#1582;&#1601;&#1610; &#1593;&#1606;&#1607; &#1607;&#1584;&#1575;&#1548; &#1608;&#1603;&#1575;&#1606; &#1571;&#1576;&#1610; &#1606;&#1607;&#1575;&#1610;&#1577; &#1603;&#1604; &#1571;&#1587;&#1576;&#1608;&#1593; &#1610;&#1584;&#1607;&#1576; &#1576;&#1610; &#1573;&#1604;&#1609; &#1576;&#1610;&#1578; &#1580;&#1583;&#1610; &#1604;&#1571;&#1606;&#1575;&#1605; &#1605;&#1593;&#1607;&#1605;&#1548; &#1608;&#1603;&#1575;&#1606; &#1610;&#1593;&#1610;&#1588; &#1605;&#1593; &#1580;&#1583;&#1610; &#1593;&#1605;&#1610; &#1575;&#1604;&#1584;&#1610;....</p><p>&#1607;&#1606;&#1575; &#1578;&#1608;&#1602;&#1601;&#1578; &#1575;&#1604;&#1587;&#1575;&#1574;&#1604;&#1577; &#1593;&#1606; &#1575;&#1604;&#1603;&#1604;&#1575;&#1605;&#1548; &#1579;&#1605; &#1575;&#1606;&#1601;&#1580;&#1585;&#1578; &#1578;&#1576;&#1603;&#1610; &#1576;&#1581;&#1585;&#1602;&#1577; &#1608;&#1578;&#1588;&#1606;&#1580;.</p><p>&#1578;&#1585;&#1603;&#1578;&#1607;&#1575; &#1575;&#1604;&#1575;&#1587;&#1578;&#1588;&#1575;&#1585;&#1610;&#1577; &#1578;&#1606;&#1578;&#1607;&#1610; &#1605;&#1606; &#1576;&#1603;&#1575;&#1574;&#1607;&#1575;&#1548; &#1579;&#1605; &#1602;&#1575;&#1604;&#1578; &#1604;&#1607;&#1575;: &#1582;&#1584;&#1610; &#1585;&#1575;&#1581;&#1578;&#1603; &#1608;&#1593;&#1576;&#1585;&#1610; &#1593;&#1606; &#1603;&#1604; &#1605;&#1588;&#1575;&#1593;&#1585;&#1603;&#1548; &#1571;&#1606;&#1575; &#1605;&#1593;&#1603; &#1581;&#1578;&#1609; &#1578;&#1606;&#1578;&#1607;&#1610;.</p><p>&#1576;&#1593;&#1583; &#1583;&#1602;&#1610;&#1602;&#1577;&#1548; &#1575;&#1587;&#1578;&#1571;&#1606;&#1601;&#1578; &#1575;&#1604;&#1587;&#1575;&#1574;&#1604;&#1577; &#1576;&#1587;&#1585;&#1583; &#1602;&#1589;&#1578;&#1607;&#1575;&#1548; &#1608;&#1604;&#1603;&#1606; &#1603;&#1575;&#1606;&#1578; &#1606;&#1576;&#1585;&#1577; &#1589;&#1608;&#1578;&#1607;&#1575; &#1607;&#1584;&#1607; &#1575;&#1604;&#1605;&#1585;&#1577; &#1594;&#1575;&#1590;&#1576;&#1577; &#1605;&#1582;&#1578;&#1604;&#1591;&#1577; &#1576;&#1576;&#1603;&#1575;&#1569;&#1548; &#1602;&#1575;&#1604;&#1578;: &#1603;&#1575;&#1606; &#1593;&#1605;&#1610; &#1607;&#1584;&#1575; &#1605;&#1579;&#1604; &#1575;&#1604;&#1584;&#1574;&#1576;&#1548; &#1603;&#1575;&#1606; &#1610;&#1594;&#1578;&#1589;&#1576;&#1606;&#1610; &#1603;&#1604; &#1604;&#1610;&#1604;&#1577; &#1576;&#1583;&#1608;&#1606; &#1585;&#1581;&#1605;&#1577; &#1571;&#1608; &#1588;&#1601;&#1602;&#1577;...</p><p>&#1587;&#1585;&#1583;&#1578; &#1575;&#1604;&#1587;&#1575;&#1574;&#1604;&#1577; &#1603;&#1604; &#1602;&#1589;&#1578;&#1607;&#1575;&#1548; &#1579;&#1605; &#1571;&#1585;&#1583;&#1601;&#1578; &#1578;&#1602;&#1608;&#1604; &#1576;&#1581;&#1585;&#1602;&#1577;: &#1608;&#1571;&#1606;&#1575; &#1575;&#1604;&#1610;&#1608;&#1605; &#1605;&#1589;&#1575;&#1576;&#1577; &#1576;&#1575;&#1603;&#1578;&#1574;&#1575;&#1576; &#1588;&#1583;&#1610;&#1583;&#1548; &#1601;&#1603;&#1604;&#1605;&#1575; &#1571;&#1578;&#1584;&#1603;&#1585; &#1578;&#1604;&#1603; &#1575;&#1604;&#1604;&#1581;&#1592;&#1575;&#1578; &#1571;&#1589;&#1575;&#1576; &#1576;&#1606;&#1608;&#1576;&#1577; &#1576;&#1603;&#1575;&#1569; &#1591;&#1608;&#1610;&#1604;&#1577;&#1548; &#1608;&#1571;&#1601;&#1602;&#1583; &#1588;&#1607;&#1610;&#1577; &#1575;&#1604;&#1571;&#1603;&#1604; &#1604;&#1571;&#1610;&#1575;&#1605;&#1548; &#1608;&#1604;&#1575; &#1571;&#1585;&#1610;&#1583; &#1571;&#1606; &#1571;&#1603;&#1604;&#1605; &#1571;&#1581;&#1583;&#1548; &#1601;&#1571;&#1607;&#1585;&#1576; &#1604;&#1604;&#1606;&#1608;&#1605; &#1604;&#1587;&#1575;&#1593;&#1575;&#1578; &#1591;&#1608;&#1610;&#1604;&#1577;.</p><p>&#1578;&#1608;&#1602;&#1601;&#1578; &#1575;&#1604;&#1587;&#1575;&#1574;&#1604;&#1577; &#1604;&#1578;&#1571;&#1582;&#1584; &#1606;&#1601;&#1587;&#1575; &#1593;&#1605;&#1610;&#1602;&#1575;&#1548; &#1579;&#1605; &#1602;&#1575;&#1604;&#1578; &#1576;&#1589;&#1608;&#1578; &#1605;&#1606;&#1607;&#1575;&#1585;: &#1608;&#1576;&#1589;&#1585;&#1575;&#1581;&#1577; &#1581;&#1575;&#1608;&#1604;&#1578; &#1575;&#1604;&#1575;&#1606;&#1578;&#1581;&#1575;&#1585; &#1571;&#1603;&#1579;&#1585; &#1605;&#1606; &#1605;&#1585;&#1577;&#1548; &#1608;&#1604;&#1603;&#1606;&#1610; &#1604;&#1605; &#1571;&#1587;&#1578;&#1591;&#1593;&#1548; &#1608;&#1570;&#1582;&#1585;&#1607;&#1575; &#1602;&#1576;&#1604; &#1571;&#1610;&#1575;&#1605; &#1571;&#1585;&#1583;&#1578; &#1571;&#1606; &#1571;&#1585;&#1605;&#1610; &#1606;&#1601;&#1587;&#1610; &#1605;&#1606; &#1575;&#1604;&#1591;&#1575;&#1576;&#1602; &#1575;&#1604;&#1579;&#1575;&#1606;&#1610; &#1604;&#1604;&#1605;&#1583;&#1585;&#1587;&#1577;.</p><p>&#1607;&#1606;&#1575; &#1583;&#1582;&#1604;&#1578; &#1575;&#1604;&#1587;&#1575;&#1574;&#1604;&#1577; &#1601;&#1610; &#1606;&#1608;&#1576;&#1577; &#1576;&#1603;&#1575;&#1569; &#1575;&#1587;&#1578;&#1605;&#1585;&#1578; &#1604;&#1583;&#1602;&#1575;&#1574;&#1602;&#1548; &#1579;&#1605; &#1576;&#1583;&#1571;&#1578; &#1575;&#1604;&#1575;&#1587;&#1578;&#1588;&#1575;&#1585;&#1610;&#1577; &#1576;&#1575;&#1604;&#1581;&#1608;&#1575;&#1585; &#1605;&#1593;&#1607;&#1575; &#1576;&#1591;&#1585;&#1610;&#1602;&#1577; &#1580;&#1593;&#1604;&#1578;&#1607;&#1575; &#1578;&#1587;&#1578;&#1585;&#1582;&#1610; &#1608;&#1578;&#1587;&#1578;&#1580;&#1610;&#1576; &#1604;&#1604;&#1578;&#1608;&#1580;&#1610;&#1607;&#1575;&#1578; &#1608;&#1575;&#1604;&#1573;&#1585;&#1588;&#1575;&#1583;&#1575;&#1578; &#1575;&#1604;&#1578;&#1610; &#1578;&#1593;&#1591;&#1610;&#1607;&#1575; &#1573;&#1610;&#1575;&#1607;&#1575;.</p><p>&#1576;&#1593;&#1583; &#1606;&#1607;&#1575;&#1610;&#1577; &#1575;&#1604;&#1580;&#1604;&#1587;&#1577; &#1575;&#1578;&#1601;&#1602;&#1578; &#1575;&#1604;&#1575;&#1587;&#1578;&#1588;&#1575;&#1585;&#1610;&#1577; &#1605;&#1593; &#1575;&#1604;&#1587;&#1575;&#1574;&#1604;&#1577; &#1571;&#1606; &#1578;&#1578;&#1608;&#1575;&#1589;&#1604; &#1605;&#1593;&#1607;&#1575; &#1610;&#1608;&#1605;&#1610;&#1575; &#1581;&#1578;&#1609; &#1578;&#1593;&#1608;&#1583; &#1573;&#1604;&#1609; &#1581;&#1610;&#1575;&#1578;&#1607;&#1575; &#1575;&#1604;&#1591;&#1576;&#1610;&#1593;&#1610;&#1577;&#1548; &#1608;&#1606;&#1589;&#1581;&#1578;&#1607;&#1575; &#1576;&#1571;&#1582;&#1584; &#1580;&#1604;&#1587;&#1575;&#1578; &#1605;&#1578;&#1608;&#1575;&#1589;&#1604;&#1577; &#1605;&#1593; &#1571;&#1581;&#1583; &#1575;&#1604;&#1605;&#1587;&#1578;&#1588;&#1601;&#1610;&#1575;&#1578; &#1575;&#1604;&#1602;&#1585;&#1610;&#1576;&#1577; &#1605;&#1606;&#1607;&#1575;.\"</p><p>&#1600;&#1600;&#1600;&#1600;&#1600;&#1600;&#1600;&#1600;&#1600;&#1600;&#1600;&#1600;&#1600;&#1600;&#1600;&#1600;</p><p>&#1605;&#1606; &#1602;&#1589;&#1589; &#1571;&#1603;&#1575;&#1583;&#1610;&#1605;&#1610;&#1577; &#1575;&#1604;&#1578;&#1605;&#1603;&#1610;&#1606;</p>\n', 2);

-- --------------------------------------------------------

--
-- بنية الجدول `post_categories`
--

CREATE TABLE `post_categories` (
  `id` int(11) NOT NULL,
  `cat_image` varchar(255) COLLATE utf8mb4_unicode_ci NOT NULL,
  `date_time` varchar(255) COLLATE utf8mb4_unicode_ci NOT NULL,
  `isS3` int(10) NOT NULL
) ENGINE=InnoDB DEFAULT CHARSET=utf8mb4 COLLATE=utf8mb4_unicode_ci;

--
-- إرجاع أو استيراد بيانات الجدول `post_categories`
--

INSERT INTO `post_categories` (`id`, `cat_image`, `date_time`, `isS3`) VALUES
(41, '', 'January 06, 2021', 0);

-- --------------------------------------------------------

--
-- بنية الجدول `post_categories_meta`
--

CREATE TABLE `post_categories_meta` (
  `id` int(11) NOT NULL,
  `cat_id` int(11) NOT NULL,
  `language_id` int(11) NOT NULL,
  `cat_name` varchar(255) DEFAULT NULL,
  `cat_creator` varchar(255) DEFAULT NULL
) ENGINE=InnoDB DEFAULT CHARSET=utf8mb4;

--
-- إرجاع أو استيراد بيانات الجدول `post_categories_meta`
--

INSERT INTO `post_categories_meta` (`id`, `cat_id`, `language_id`, `cat_name`, `cat_creator`) VALUES
(27, 41, 1, 'ALL', NULL),
(28, 41, 2, NULL, NULL);

-- --------------------------------------------------------

--
-- بنية الجدول `post_comments`
--

CREATE TABLE `post_comments` (
  `id` int(10) NOT NULL,
  `post_id` int(100) NOT NULL,
  `seller_id` int(100) NOT NULL,
  `comment` text COLLATE utf8mb4_unicode_ci NOT NULL,
  `date` varchar(255) COLLATE utf8mb4_unicode_ci NOT NULL
) ENGINE=InnoDB DEFAULT CHARSET=utf8mb4 COLLATE=utf8mb4_unicode_ci;

-- --------------------------------------------------------

--
-- بنية الجدول `proposals`
--

CREATE TABLE `proposals` (
  `proposal_id` int(10) NOT NULL,
  `proposal_title` text COLLATE utf8mb4_unicode_ci NOT NULL,
  `proposal_url` text COLLATE utf8mb4_unicode_ci NOT NULL,
  `proposal_cat_id` int(10) NOT NULL,
  `proposal_child_id` int(10) NOT NULL,
  `proposal_price` varchar(10) COLLATE utf8mb4_unicode_ci NOT NULL,
  `proposal_img1` text COLLATE utf8mb4_unicode_ci NOT NULL,
  `proposal_img2` text COLLATE utf8mb4_unicode_ci NOT NULL,
  `proposal_img3` text COLLATE utf8mb4_unicode_ci NOT NULL,
  `proposal_img4` text COLLATE utf8mb4_unicode_ci NOT NULL,
  `proposal_video_type` varchar(255) COLLATE utf8mb4_unicode_ci NOT NULL,
  `proposal_video` text COLLATE utf8mb4_unicode_ci NOT NULL,
  `proposal_img1_s3` int(10) NOT NULL,
  `proposal_img2_s3` int(10) NOT NULL,
  `proposal_img3_s3` int(10) NOT NULL,
  `proposal_img4_s3` int(10) NOT NULL,
  `proposal_video_s3` int(10) NOT NULL,
  `proposal_desc` text CHARACTER SET utf8 NOT NULL,
  `buyer_instruction` text COLLATE utf8mb4_unicode_ci NOT NULL,
  `proposal_tags` text COLLATE utf8mb4_unicode_ci NOT NULL,
  `proposal_enable_referrals` varchar(255) COLLATE utf8mb4_unicode_ci NOT NULL,
  `proposal_referral_money` int(10) NOT NULL,
  `proposal_referral_code` varchar(255) COLLATE utf8mb4_unicode_ci NOT NULL,
  `proposal_featured` text COLLATE utf8mb4_unicode_ci NOT NULL,
  `proposal_toprated` text COLLATE utf8mb4_unicode_ci NOT NULL,
  `proposal_seller_id` int(10) NOT NULL,
  `delivery_id` int(10) NOT NULL,
  `proposal_revisions` varchar(255) COLLATE utf8mb4_unicode_ci NOT NULL,
  `level_id` int(10) NOT NULL,
  `language_id` int(10) NOT NULL,
  `proposal_rating` int(11) NOT NULL,
  `proposal_views` int(10) NOT NULL,
  `proposal_status` text COLLATE utf8mb4_unicode_ci NOT NULL
) ENGINE=InnoDB DEFAULT CHARSET=utf8mb4 COLLATE=utf8mb4_unicode_ci;

--
-- إرجاع أو استيراد بيانات الجدول `proposals`
--

INSERT INTO `proposals` (`proposal_id`, `proposal_title`, `proposal_url`, `proposal_cat_id`, `proposal_child_id`, `proposal_price`, `proposal_img1`, `proposal_img2`, `proposal_img3`, `proposal_img4`, `proposal_video_type`, `proposal_video`, `proposal_img1_s3`, `proposal_img2_s3`, `proposal_img3_s3`, `proposal_img4_s3`, `proposal_video_s3`, `proposal_desc`, `buyer_instruction`, `proposal_tags`, `proposal_enable_referrals`, `proposal_referral_money`, `proposal_referral_code`, `proposal_featured`, `proposal_toprated`, `proposal_seller_id`, `delivery_id`, `proposal_revisions`, `level_id`, `language_id`, `proposal_rating`, `proposal_views`, `proposal_status`) VALUES
(39, 'عمل دورات تدريبية و تعليم خصوصي', '%D8%B9%D9%85%D9%84+%D8%AF%D9%88%D8%B1%D8%A7%D8%AA+%D8%AA%D8%AF%D8%B1%D9%8A%D8%A8%D9%8A%D8%A9+%D9%88+%D8%AA%D8%B9%D9%84%D9%8A%D9%85+%D8%AE%D8%B5%D9%88%D8%B5%D9%8A', 1, 104, '5', 'education_1610874127.png', '', '', '', '', '', 0, 0, 0, 0, 0, '\n<div style=\"text-align: right;\"><span style=\"font-size: 1rem;\">&#1610;&#1605;&#1603;&#1606;&#1606;&#1575; &#1578;&#1608;&#1601;&#1610;&#1585; &#1582;&#1583;&#1605;&#1575;&#1578; &#1575;&#1604;&#1578;&#1593;&#1604;&#1610;&#1605; &#1593;&#1606; &#1576;&#1593;&#1583; &#1608;&#1578;&#1608;&#1601;&#1610;&#1585; &#1583;&#1608;&#1585;&#1575;&#1578; &#1608;&#1583;&#1585;&#1608;&#1587; &#1582;&#1589;&#1608;&#1589;&#1610;&#1577; &#1604;&#1591;&#1604;&#1576;&#1577; &#1575;&#1604;&#1605;&#1583;&#1575;&#1585;&#1587;&#1577; &#1608;&#1575;&#1604;&#1603;&#1604;&#1610;&#1575;&#1578; &#1576;&#1575;&#1604;&#1604;&#1594;&#1578;&#1610;&#1606; &#1575;&#1604;&#1593;&#1585;&#1576;&#1610;&#1577; &#1608;&#1575;&#1604;&#1575;&#1606;&#1580;&#1604;&#1610;&#1586;&#1610;&#1577; &#1601;&#1610; &#1605;&#1608;&#1575;&#1583; </span></div><div style=\"text-align: right;\"><span style=\"font-size: 1rem;\">&#1575;&#1604;&#1585;&#1610;&#1575;&#1590;&#1610;&#1575;&#1578; &#1608;&#1575;&#1604;&#1601;&#1610;&#1586;&#1610;&#1575;&#1569; &#1608;&#1575;&#1604;&#1604;&#1594;&#1577; &#1575;&#1604;&#1593;&#1585;&#1576;&#1610;&#1577; &#1608;&#1594;&#1610;&#1585;&#1607;&#1575;&#1548; &#1608;&#1584;&#1604;&#1603; &#1576;&#1576;&#1585;&#1606;&#1575;&#1605;&#1580; &#1586;&#1608;&#1605; &#1571;&#1608; &#1580;&#1608;&#1580;&#1604; &#1605;&#1610;&#1578;&#1606;&#1580; &#1571;&#1608; &#1605;&#1575;&#1610;&#1603;&#1585;&#1608;&#1587;&#1608;&#1601;&#1578; &#1578;&#1610;&#1605;&#1586;</span></div><div style=\"text-align: right;\"><br></div><div style=\"text-align: right;\"><span style=\"font-size: 1rem;\"><div>&#1608;&#1610;&#1605;&#1603;&#1606;&#1606;&#1575; &#1575;&#1604;&#1605;&#1587;&#1575;&#1593;&#1583;&#1577; &#1601;&#1610; &#1575;&#1604;&#1573;&#1587;&#1578;&#1593;&#1583;&#1575;&#1583; &#1604;&#1604;&#1575;&#1582;&#1578;&#1576;&#1575;&#1585;&#1575;&#1578;</div><div><br></div><div style=\"text-align: center; \"><b>&#1575;&#1604;&#1571;&#1587;&#1593;&#1575;&#1585; &#1578;&#1576;&#1583;&#1571; &#1605;&#1606; &#1585;&#1610;&#1575;&#1604;&#1610;&#1606; &#1581;&#1587;&#1576; &#1575;&#1604;&#1605;&#1575;&#1583;&#1577; &#1608;&#1575;&#1604;&#1605;&#1583;&#1577; &#1608;&#1575;&#1604;&#1593;&#1583;&#1577;</b></div></span></div>\n', '', 'دورات تدريبية,تعليم خصوصي', 'no', 0, '', 'no', '', 33, 1, '0', 0, 2, 0, 853, 'active'),
(40, 'دورات تدريبية', '%D8%AF%D9%88%D8%B1%D8%A7%D8%AA+%D8%AA%D8%AF%D8%B1%D9%8A%D8%A8%D9%8A%D8%A9', 1, 104, '75', 'training-1080x675_1610882856.png', '', '', '', '', '', 0, 0, 0, 0, 0, '\n<div style=\"text-align: right;\"><span style=\"font-size: 1rem;\">&#1593;&#1605;&#1604; &#1583;&#1608;&#1585;&#1575;&#1578; &#1578;&#1583;&#1585;&#1610;&#1576;&#1610;&#1577; &#1601;&#1610; &#1605;&#1580;&#1575;&#1604; &#1575;&#1604;&#1578;&#1589;&#1605;&#1610;&#1605; &#1593;&#1604;&#1609; &#1576;&#1585;&#1606;&#1575;&#1605;&#1580; &#1575;&#1604;&#1575;&#1608;&#1578;&#1608;&#1603;&#1575;&#1583;&#1548;&#1548; &#1608;&#1578;&#1583;&#1585;&#1610;&#1576;&#1610;&#1607; &#1601;&#1610; &#1605;&#1580;&#1575;&#1604; &#1575;&#1604;&#1579;&#1602;&#1607; &#1576;&#1575;&#1604;&#1606;&#1601;&#1587;</span></div>\r\n\n', '', 'دورات تدريبية', 'no', 0, '', 'no', '', 37, 3, '0', 0, 2, 0, 671, 'active'),
(41, 'تصوير منتجات وأطعمة', '%D8%AA%D8%B5%D9%88%D9%8A%D8%B1+%D9%85%D9%86%D8%AA%D8%AC%D8%A7%D8%AA+%D9%88%D8%A3%D8%B7%D8%B9%D9%85%D8%A9', 1, 104, '13', 'photo legume_1610883259.png', '', '', '', '', '', 0, 0, 0, 0, 0, '\n<p style=\"text-align: right; \">&#1578;&#1589;&#1608;&#1610;&#1585; &#1605;&#1606;&#1578;&#1580;&#1575;&#1578; &#1608;&#1575;&#1591;&#1593;&#1605;&#1577; &#1605;&#1593; &#1583;&#1605;&#1580; &#1589;&#1608;&#1578; &#1604;&#1604;&#1601;&#1610;&#1583;&#1610;&#1608;&nbsp;</p><p style=\"text-align: right; \"><span style=\"font-size: 1rem;\">&#1583;&#1608;&#1585;&#1575;&#1578; &#1593;&#1606; &#1576;&#1593;&#1583;&nbsp;</span></p>\r\n\n', '', 'تصوير منتجات وأطعمة', 'no', 0, '', 'no', '', 41, 2, '0', 0, 0, 0, 32, 'deleted'),
(42, 'متخدث تحفيزي / تطوير الذات', '%D9%85%D8%AA%D8%AE%D8%AF%D8%AB+%D8%AA%D8%AD%D9%81%D9%8A%D8%B2%D9%8A+%2F+%D8%AA%D8%B7%D9%88%D9%8A%D8%B1+%D8%A7%D9%84%D8%B0%D8%A7%D8%AA', 1, 104, '13', 'speaker_1610883877.png', '', '', '', '', '', 0, 0, 0, 0, 0, '\n<p style=\"text-align: right; \">&#1578;&#1602;&#1583;&#1610;&#1605; &#1583;&#1608;&#1585;&#1575;&#1578; &#1601;&#1610; &#1605;&#1580;&#1575;&#1604; &#1578;&#1591;&#1608;&#1610;&#1585; &#1575;&#1604;&#1584;&#1575;&#1578; &#1608;&#1575;&#1604;&#1578;&#1594;&#1610;&#1610;&#1585; &#1608;&#1575;&#1604;&#1581;&#1610;&#1575;&#1577; / &#1603;&#1610;&#1601; &#1606;&#1589;&#1576;&#1581; &#1575;&#1610;&#1580;&#1575;&#1576;&#1610;&#1610;&#1606;&nbsp;</p>\r\n\n', '', 'متخدث تحفيزي,تطوير الذات', 'no', 0, '', 'no', '', 66, 1, '0', 0, 1, 0, 0, 'active'),
(43, 'التصوير والتعديل', '%D8%A7%D9%84%D8%AA%D8%B5%D9%88%D9%8A%D8%B1+%D9%88%D8%A7%D9%84%D8%AA%D8%B9%D8%AF%D9%8A%D9%84', 1, 104, '8', 'maxresdefault_1610884360.png', '', '', '', '', '', 0, 0, 0, 0, 0, '\n<p style=\"text-align: right; \">&#1605;&#1607;&#1575;&#1585;&#1607;&nbsp; &#1601;&#1610; &#1575;&#1604;&#1578;&#1589;&#1608;&#1610;&#1585; &#1608;&#1578;&#1589;&#1605;&#1610;&#1605; &#1575;&#1604;&#1605;&#1606;&#1588;&#1608;&#1585;&#1575;&#1578; &#1575;&#1604;&#1578;&#1608;&#1593;&#1608;&#1610;&#1577; &#1608;&#1594;&#1610;&#1585;&#1607;&#1575; &#1608;&#1603;&#1584;&#1604;&#1603; &#1575;&#1604;&#1602;&#1610;&#1575;&#1605; &#1576;&#1583;&#1608;&#1585;&#1575;&#1578; &#1578;&#1589;&#1608;&#1610;&#1585; &#1593;&#1606; &#1576;&#1593;&#1583;<br></p>\n', '', 'التصوير والتعديل', 'no', 0, '', 'no', '', 56, 1, '0', 0, 0, 0, 33, 'deleted'),
(44, 'دورة الانماط الشخصية', '%D8%AF%D9%88%D8%B1%D8%A9+%D8%A7%D9%84%D8%A7%D9%86%D9%85%D8%A7%D8%B7+%D8%A7%D9%84%D8%B4%D8%AE%D8%B5%D9%8A%D8%A9', 1, 104, '18', 'medium_1610884733.png', '', '', '', '', '', 0, 0, 0, 0, 0, '\n<p style=\"text-align: right; \">&#1583;&#1608;&#1585;&#1577; &#1575;&#1604;&#1571;&#1606;&#1605;&#1575;&#1591; &#1575;&#1604;&#1588;&#1582;&#1589;&#1610;&#1577;&#1605;&#1607;&#1605;&#1577; &#1603;&#1605;&#1575; &#1584;&#1603;&#1585;&#1607;&#1575;&#1578;&#1593;&#1575;&#1604;&#1609; &#1576;&#1571;&#1610;&#1575;&#1578;&#1607; &#1608;&#1575;&#1607;&#1605;&#1610;&#1578;&#1607;&#1575; &#1578;&#1603;&#1605;&#1606; &#1601;&#1610; &#1605;&#1593;&#1585;&#1602;&#1577; &#1603;&#1604; &#1586;&#1608;&#1580; &#1575;&#1608;&#1586;&#1608;&#1580;&#1577; &#1576;&#1606;&#1605;&#1591;&#1607; &#1608;&#1575;&#1604;&#1578;&#1593;&#1575;&#1605;&#1604; &#1605;&#1593;&#1607; &#1576;&#1591;&#1585;&#1610;&#1602;&#1577; &#1589;&#1581;&#1610;&#1581;&#1577;&#1601;&#1583;&#1608;&#1585;&#1577; &#1575;&#1604;&#1575;&#1606;&#1605;&#1575;&#1591;&nbsp; &#1578;&#1587;&#1575;&#1593;&#1583; &#1593;&#1604;&#1609; &#1575;&#1604;&#1578;&#1602;&#1604;&#1610;&#1604; &#1605;&#1606; &#1575;&#1604;&#1605;&#1588;&#1575;&#1603;&#1604; &#1576;&#1575;&#1604;&#1581;&#1610;&#1575;&#1577; &#1575;&#1604;&#1586;&#1608;&#1580;&#1610;&#1577; &#1608;&#1575;&#1604;&#1578;&#1593;&#1585;&#1601; &#1603;&#1604; &#1575;&#1604;&#1605;&#1583;&#1575;&#1582;&#1604; &#1575;&#1604;&#1581;&#1602;&#1610;&#1602;&#1610;&#1577; &#1604;&#1603;&#1587;&#1576; &#1602;&#1604;&#1576; &#1575;&#1604;&#1586;&#1608;&#1580; &#1575;&#1608;&#1575;&#1604;&#1586;&#1608;&#1580;&#1577;&nbsp;<br></p>\n', '', 'دورة الانماط الشخصية', 'no', 0, '', 'no', '', 51, 3, '0', 0, 0, 0, 665, 'active'),
(45, 'تصميم جرافيكي احترافي', '%D8%AA%D8%B5%D9%85%D9%8A%D9%85+%D8%AC%D8%B1%D8%A7%D9%81%D9%8A%D9%83%D9%8A+%D8%A7%D8%AD%D8%AA%D8%B1%D8%A7%D9%81%D9%8A', 2, 105, '5', 'medium-1608458866-23_1610885842.png', 'medium-1608458866-3_1610885853.png', 'medium-1608458866-323_1610885867.png', 'medium-1608458866-0c47fad4604eab1b9eb66d9c0f2de709_1610885882.png', '', '', 0, 0, 0, 0, 0, '\n<p style=\"text-align: right; \">&#1578;&#1589;&#1605;&#1610;&#1605; &#1605;&#1606;&#1588;&#1608;&#1585;&#1575;&#1578; &#1608;&#1603;&#1578;&#1610;&#1576;&#1575;&#1578; &#1608;&#1576;&#1591;&#1575;&#1602;&#1575;&#1578; &#1571;&#1593;&#1605;&#1575;&#1604; &#1608;&#1576;&#1591;&#1575;&#1602;&#1575;&#1578; &#1583;&#1593;&#1608;&#1577; &#1604;&#1603;&#1575;&#1601;&#1577; &#1575;&#1604;&#1605;&#1606;&#1575;&#1587;&#1576;&#1575;&#1578; &#1608;&#1607;&#1608;&#1610;&#1575;&#1578; &#1608;&#1588;&#1593;&#1575;&#1585;&#1575;&#1578; &#1608;&#1575;&#1604;&#1578;&#1604;&#1575;&#1593;&#1576; &#1576;&#1575;&#1604;&#1589;&#1608;&#1585; &#1608;&#1575;&#1604;&#1578;&#1593;&#1583;&#1610;&#1604; &#1593;&#1604;&#1610;&#1607;&#1575; &#1608;&#1594;&#1610;&#1585;&#1607;&#1575;</p><p style=\"text-align: right; \">&#1603;&#1605;&#1575; &#1610;&#1605;&#1603;&#1606;&#1606;&#1575; &#1593;&#1605;&#1604; &#1601;&#1610;&#1583;&#1610;&#1608;&#1607;&#1575;&#1578; &#1581;&#1585;&#1603;&#1577; &#1608;&#1575;&#1604;&#1578;&#1593;&#1583;&#1610;&#1604; &#1608;&#1575;&#1604;&#1578;&#1604;&#1575;&#1593;&#1576; &#1576;&#1607;&#1575; &#1603;&#1584;&#1604;&#1603;</p><p style=\"text-align: right; \"><span style=\"font-size: 1rem;\">&#1575;&#1604;&#1587;&#1593;&#1585; &#1610;&#1576;&#1583;&#1571; &#1605;&#1606; 2 &#1585;&#1610;&#1575;&#1604; &#1593;&#1605;&#1575;&#1606;&#1610; &#1608;&#1610;&#1582;&#1578;&#1604;&#1601; &#1581;&#1587;&#1576; &#1575;&#1604;&#1608;&#1602;&#1578; &#1575;&#1604;&#1605;&#1587;&#1578;&#1594;&#1585;&#1602; &#1608;&#1575;&#1604;&#1580;&#1607;&#1583; &#1575;&#1604;&#1605;&#1576;&#1584;&#1608;&#1604; &#1601;&#1610;&#1607; &#1608;&#1587;&#1610;&#1578;&#1605; &#1575;&#1604;&#1575;&#1578;&#1601;&#1575;&#1602; &#1593;&#1604;&#1609; &#1575;&#1604;&#1587;&#1593;&#1585; &#1593;&#1606;&#1583; &#1575;&#1587;&#1578;&#1604;&#1575;&#1605; &#1575;&#1604;&#1591;&#1604;&#1576; &#1608;&#1602;&#1576;&#1604; &#1576;&#1583;&#1569; .&#1575;&#1604;&#1593;&#1605;&#1604; &#1593;&#1604;&#1610;&#1607;</span><br></p>\n', 'كل ما عليكم هو إرسال الطلب مع الملفات المطلوبه أو المقترحات للتصميم', 'تصميم جرافيكي احترافي', 'no', 0, '', 'no', '', 33, 2, '0', 0, 2, 0, 35, 'deleted'),
(46, '2D 3D فيديو أنيميشن', '2D+3D+%D9%81%D9%8A%D8%AF%D9%8A%D9%88+%D8%A3%D9%86%D9%8A%D9%85%D9%8A%D8%B4%D9%86', 2, 105, '5', 'medium-1608454412-Screenshot 2020-12-20 124816_1610886250.png', 'medium-1608454412-Screenshot 2020-12-20 124905_1610886262.png', 'medium-1608454412-Screenshot 2020-12-20 125011_1610886288.png', 'medium-1608454412-Screenshot 2020-12-20 125222_1610886309.png', '', '', 0, 0, 0, 0, 0, '\n<p style=\"text-align: right;\">&#1571;&#1602;&#1583;&#1605; &#1604;&#1603;&#1605; &#1601;&#1610;&#1583;&#1610;&#1608; &#1610;&#1581;&#1578;&#1608;&#1610; &#1593;&#1604;&#1609; &#1588;&#1582;&#1589;&#1610;&#1575;&#1578; &#1571;&#1602;&#1608;&#1605; &#1576;&#1578;&#1581;&#1585;&#1610;&#1603;&#1607;&#1575; &#1604;&#1603;&#1605; &#1581;&#1587;&#1576;&#1605;&#1575; &#1578;&#1585;&#1610;&#1583;&#1608;&#1606;.. &#1603;&#1604; &#1605;&#1575; &#1593;&#1604;&#1610;&#1603;&#1605; &#1607;&#1608; &#1573;&#1585;&#1587;&#1575;&#1604; &#1575;&#1604;&#1587;&#1610;&#1606;&#1575;&#1585;&#1610;&#1608; &#1575;&#1604;&#1605;&#1585;&#1575;&#1583; &#1578;&#1581;&#1608;&#1610;&#1604;&#1607; &#1573;&#1604;&#1609; &#1601;&#1610;&#1583;&#1610;&#1608; &#1608;&#1571;&#1610; &#1591;&#1604;&#1576;&#1575;&#1578; &#1582;&#1575;&#1589;&#1577;&nbsp; &#1604;&#1604;&#1601;&#1610;&#1583;&#1610;&#1608; &#1608;&#1587;&#1571;&#1602;&#1608;&#1605; &#1576;&#1575;&#1604;&#1576;&#1575;&#1602;&#1610; &#1576;&#1606;&#1601;&#1587;&#1610;</p>\n', '', 'فيديو أنيميشن', 'no', 0, '', 'no', '', 33, 2, '0', 0, 2, 0, 45, 'deleted'),
(47, 'تصميم فيديوهات وصور واعلانات ولوجو للمشاريع', '%D8%AA%D8%B5%D9%85%D9%8A%D9%85+%D9%81%D9%8A%D8%AF%D9%8A%D9%88%D9%87%D8%A7%D8%AA+%D9%88%D8%B5%D9%88%D8%B1+%D9%88%D8%A7%D8%B9%D9%84%D8%A7%D9%86%D8%A7%D8%AA+%D9%88%D9%84%D9%88%D8%AC%D9%88+%D9%84%D9%84%D9%85%D8%B4%D8%A7%D8%B1%D9%8A%D8%B9', 2, 105, '8', 'video-creation-tools_1610887024.png', '', '', '', '', '', 0, 0, 0, 0, 0, '\n<p style=\"text-align: right; \">&#1575;&#1602;&#1608;&#1605; &#1576;&#1578;&#1589;&#1575;&#1605;&#1610;&#1605;&nbsp; &#1604;&#1608;&#1580;&#1608; &#1604;&#1604;&#1605;&#1588;&#1575;&#1585;&#1610;&#1593; &#1608;&#1603;&#1584;&#1604;&#1603; &#1575;&#1604;&#1601;&#1610;&#1583;&#1610;&#1608;&#1607;&#1575;&#1578; &#1608;&#1575;&#1604;&#1589;&#1608;&#1585; &#1604;&#1580;&#1605;&#1610;&#1593; &#1575;&#1604;&#1605;&#1606;&#1575;&#1587;&#1576;&#1575;&#1578;</p>\r\n\n', '', 'تصميم فيديوهات,صور واعلانات,لوجو للمشاريع', 'no', 0, '', 'no', '', 31, 2, '0', 0, 0, 0, 15, 'deleted'),
(48, 'تصميم الفيديوهات و الكتابه على الصور', '%D8%AA%D8%B5%D9%85%D9%8A%D9%85+%D8%A7%D9%84%D9%81%D9%8A%D8%AF%D9%8A%D9%88%D9%87%D8%A7%D8%AA+%D9%88+%D8%A7%D9%84%D9%83%D8%AA%D8%A7%D8%A8%D9%87+%D8%B9%D9%84%D9%89+%D8%A7%D9%84%D8%B5%D9%88%D8%B1', 2, 105, '0', 'Ad-Formats_1610962154.png', '', '', '', '', '', 0, 0, 0, 0, 0, '\n<p style=\"text-align: right;\">&#1578;&#1589;&#1605;&#1610;&#1605; &#1601;&#1610;&#1583;&#1610;&#1608;&#1607;&#1575;&#1578; &#1608;&#1575;&#1604;&#1603;&#1578;&#1575;&#1576;&#1607; &#1593;&#1604;&#1609; &#1575;&#1604;&#1589;&#1608;&#1585;&nbsp;</p><p style=\"text-align: right;\"><br></p>\n', '', 'تصميم الفيديوهات,الكتابه على الصور', 'no', 0, '', 'no', '', 35, 1, '0', 0, 0, 0, 61, 'deleted'),
(49, ' تصميم تعديل الصور، الرسم المتجهي، تصميم ‏البوسترات ‏والإعلانات', '+%D8%AA%D8%B5%D9%85%D9%8A%D9%85+%D8%AA%D8%B9%D8%AF%D9%8A%D9%84+%D8%A7%D9%84%D8%B5%D9%88%D8%B1%D8%8C+%D8%A7%D9%84%D8%B1%D8%B3%D9%85+%D8%A7%D9%84%D9%85%D8%AA%D8%AC%D9%87%D9%8A%D8%8C+%D8%AA%D8%B5%D9%85%D9%8A%D9%85+%E2%80%8F%D8%A7%D9%84%D8%A8%D9%88%D8%B3%D8%AA%D8%B1%D8%A7%D8%AA+%E2%80%8F%D9%88%D8%A7%D9%84%D8%A5%D8%B9%D9%84%D8%A7%D9%86%D8%A7%D8%AA', 2, 105, '10', 'OVEDMU0_1610962052.png', '', '', '', '', '', 0, 0, 0, 0, 0, '\n<p style=\"text-align: right; \">&#1575;&#1604;&#1578;&#1589;&#1605;&#1610;&#1605; &#1608;&#1575;&#1604;&#1580;&#1585;&#1575;&#1601;&#1610;&#1603;: &#1578;&#1589;&#1605;&#1610;&#1605; &#1575;&#1604;&#1589;&#1608;&#1585; &#1575;&#1604;&#1579;&#1575;&#1576;&#1578;&#1577;&#1548; &#1575;&#1604;&#1578;&#1593;&#1583;&#1610;&#1604; &#1593;&#1604;&#1609; &#1575;&#1604;&#1589;&#1608;&#1585;&#1548; &#1575;&#1604;&#1585;&#1587;&#1605; &#1575;&#1604;&#1605;&#1578;&#1580;&#1607;&#1610;&#1548; &#1578;&#1589;&#1605;&#1610;&#1605; &rlm;&#1575;&#1604;&#1576;&#1608;&#1587;&#1578;&#1585;&#1575;&#1578; &rlm;&#1608;&#1575;&#1604;&#1573;&#1593;&#1604;&#1575;&#1606;&#1575;&#1578;</p><div><div style=\"text-align: right; \">: &#1578;&#1589;&#1605;&#1610;&#1605; &#1576;&#1591;&#1575;&#1602;&#1577; &#1548; &#1589;&#1608;&#1585;&#1608;&#1575; &#1601;&#1610;&#1583;&#1610;&#1608;&#1607;&#1575;&#1578; &#1604;&#1603;&#1575;&#1601;&#1577; &#1575;&#1604;&#1605;&#1606;&#1575;&#1587;&#1576;&#1575;&#1578;&nbsp;</div><div style=\"text-align: right; \"><br></div><div style=\"text-align: right; \">&#1582;&#1591;&#1608;&#1576;&#1577; &#1575;&#1608; &#1586;&#1601;&#1575;&#1601;*&nbsp;</div><div style=\"text-align: right; \"><br></div><div style=\"text-align: right; \">&nbsp;&#1584;&#1603;&#1585;&#1609; &#1586;&#1608;&#1575;&#1580; &#1575;&#1608; &#1593;&#1610;&#1583; &#1605;&#1610;&#1604;&#1575;&#1583; *</div><div style=\"text-align: right; \"><br></div><div style=\"text-align: right; \">&nbsp;&#1576;&#1588;&#1575;&#1585;&#1577; &#1605;&#1608;&#1604;&#1608;&#1583; &#1580;&#1583;&#1610;&#1583; *</div><div style=\"text-align: right; \"><br></div></div>\n', '', 'تصميم ,الرسم المتجهي,تصميم ‏البوسترات,تصميم ‏البوسترات ‏والإعلانات', 'no', 0, '', 'no', '', 47, 2, '0', 0, 0, 0, 14, 'deleted'),
(50, 'الترجمة و التدقيق اللغوي وكتابة المحتوى', '%D8%A7%D9%84%D8%AA%D8%B1%D8%AC%D9%85%D8%A9+%D9%88+%D8%A7%D9%84%D8%AA%D8%AF%D9%82%D9%8A%D9%82+%D8%A7%D9%84%D9%84%D8%BA%D9%88%D9%8A+%D9%88%D9%83%D8%AA%D8%A7%D8%A8%D8%A9+%D8%A7%D9%84%D9%85%D8%AD%D8%AA%D9%88%D9%89', 3, 107, '5', 'language_polishing_1610976119.png', '', '', '', '', '', 0, 0, 0, 0, 0, '\n<p style=\"text-align: right; \">&#1606;&#1587;&#1593;&#1583; &#1576;&#1578;&#1602;&#1583;&#1610;&#1605; &#1582;&#1583;&#1605;&#1575;&#1578; &#1575;&#1604;&#1578;&#1585;&#1580;&#1605;&#1577; &#1605;&#1606; &#1575;&#1604;&#1604;&#1594;&#1577; &#1575;&#1604;&#1593;&#1585;&#1576;&#1610;&#1577; &#1604;&#1604;&#1573;&#1606;&#1580;&#1604;&#1610;&#1586;&#1610;&#1577; &#1608;&#1575;&#1604;&#1593;&#1603;&#1587;&nbsp;</p><p style=\"text-align: right; \"></p><p style=\"text-align: right; \"><span style=\"font-size: 1rem;\">:&#1608;&#1603;&#1584;&#1604;&#1603; &#1582;&#1583;&#1605;&#1575;&#1578; &#1570;&#1582;&#1585;&#1609; &#1605;&#1578;&#1589;&#1604;&#1577; &#1576;&#1605;&#1580;&#1575;&#1604; &#1575;&#1604;&#1578;&#1585;&#1580;&#1605;&#1577; &#1605;&#1579;&#1604;</span><br></p><p style=\"text-align: right; \"><span style=\"font-size: 1rem;\">&#1603;&#1578;&#1575;&#1576;&#1577; &#1575;&#1604;&#1605;&#1581;&#1578;&#1608;&#1609; &#1576;&#1575;&#1604;&#1604;&#1594;&#1578;&#1610;&#1606;&nbsp;</span><br></p><p style=\"text-align: right; \"><span style=\"font-size: 1rem;\">( &#1575;&#1604;&#1587;&#1578;&#1585;&#1580;&#1577; ( &#1578;&#1585;&#1580;&#1605;&#1577; &#1575;&#1604;&#1605;&#1602;&#1575;&#1591;&#1593; &#1575;&#1604;&#1605;&#1585;&#1574;&#1610;&#1577;</span><br></p><p style=\"text-align: right; \"><span style=\"font-size: 1rem;\">&#1605;&#1585;&#1575;&#1580;&#1593;&#1577; &#1608;&#1578;&#1583;&#1602;&#1610;&#1602; &#1604;&#1594;&#1608;&#1610;&nbsp;</span><br></p><p style=\"text-align: right; \"><span style=\"font-size: 1rem;\">&#1578;&#1601;&#1585;&#1610;&#1594; &#1589;&#1608;&#1578;&#1610;</span><br></p><p style=\"text-align: right; \"><span style=\"font-size: 1rem;\">&#1571;&#1587;&#1593;&#1575;&#1585; &#1575;&#1604;&#1578;&#1585;&#1580;&#1605;&#1577; &#1575;&#1604;&#1605;&#1603;&#1578;&#1608;&#1576;&#1577; /&#1575;&#1604;&#1578;&#1581;&#1585;&#1610;&#1585;&#1610;&#1577; &#1578;&#1576;&#1583;&#1571; &#1605;&#1606; &#1634; &#1585;&#1610;&#1575;&#1604; &#1593;&#1605;&#1575;&#1606;&#1610; &#1581;&#1578;&#1609;&#1633;&#1632; &#1604;&#1603;&#1604; &#1634;&#1637;&#1632; &#1603;&#1604;&#1605;&#1577;. &#1575;&#1604;&#1571;&#1587;&#1593;&#1575;&#1585; &#1578;&#1578;&#1601;&#1575;&#1608;&#1578; &#1576;&#1573;&#1582;&#1578;&#1604;&#1575;&#1601; &#1606;&#1608;&#1593; &#1575;&#1604;&#1578;&#1585;&#1580;&#1605;&#1577; &#1581;&#1610;&#1579; &#1571;&#1606; &#1575;&#1604;&#1578;&#1585;&#1580;&#1605;&#1577; &#1575;&#1604;&#1591;&#1576;&#1610;&#1577; &#1608;&#1578;&#1585;&#1580;&#1605;&#1577; &#1575;&#1604;&#1593;&#1602;&#1608;&#1583; &#1578;&#1571;&#1582;&#1584; &#1587;&#1593;&#1585;&#1575;&#1611; &#1571;&#1593;&#1604;&#1609; &#1593;&#1606; &#1576;&#1575;&#1602;&#1610; &#1575;&#1604;&#1571;&#1606;&#1608;&#1575;&#1593;. &#1575;&#1604;&#1587;&#1578;&#1585;&#1580;&#1577; &#1604;&#1607;&#1575; &#1587;&#1593;&#1585;&#1607;&#1575; &#1575;&#1604;&#1582;&#1575;&#1589; &#1593;&#1604;&#1609; &#1581;&#1587;&#1576; &#1605;&#1583;&#1577; &#1575;&#1604;&#1605;&#1602;&#1591;&#1593; &#1608;&#1578;&#1606;&#1587;&#1610;&#1602; &#1575;&#1604;&#1601;&#1610;&#1583;&#1610;&#1608;. &#1575;&#1604;&#1588;&#1607;&#1575;&#1583;&#1575;&#1578; &#1571;&#1610;&#1575;&#1611; &#1603;&#1575;&#1606; &#1606;&#1608;&#1593;&#1607;&#1575; (&#1608;&#1601;&#1575;&#1577;&#1548;&#1608;&#1604;&#1575;&#1583;&#1577;&#1548;&#1578;&#1582;&#1585;&#1580;...&#1575;&#1604;&#1582;) &#1610;&#1603;&#1608;&#1606; &#1587;&#1593;&#1585;&#1607;&#1575; &#1579;&#1575;&#1576;&#1578; &#1608;&#1607;&#1608; &#1633;&#1632; &#1585;&#1610;&#1575;&#1604; &#1593;&#1605;&#1575;&#1606;&#1610; &#1604;&#1604;&#1588;&#1607;&#1575;&#1583;&#1577;. &#1571;&#1587;&#1593;&#1575;&#1585;&#1606;&#1575; &#1582;&#1575;&#1589;&#1577; &#1604;&#1604;&#1593;&#1605;&#1604;&#1575;&#1569; &#1575;&#1604;&#1583;&#1575;&#1574;&#1605;&#1610;&#1606;</span><br></p><p style=\"text-align: right; \"><span style=\"font-size: 1rem;\">** &#1610;&#1581;&#1602; &#1604;&#1604;&#1593;&#1605;&#1610;&#1604; &#1591;&#1604;&#1576; &#1606;&#1605;&#1608;&#1584;&#1580; &#1580;&#1575;&#1607;&#1586; &#1604;&#1604;&#1578;&#1581;&#1602;&#1602; &#1605;&#1606; &#1580;&#1608;&#1583;&#1577; &#1582;&#1583;&#1605;&#1575;&#1578;&#1606;&#1575; &#1602;&#1576;&#1604; &#1575;&#1604;&#1578;&#1593;&#1575;&#1605;&#1604; &#1605;&#1593;&#1606;&#1575; **</span><br></p><p style=\"text-align: right; \"><span style=\"font-size: 1rem;\">&#1606;&#1587;&#1593;&#1583; &#1576;&#1582;&#1583;&#1605;&#1578;&#1603;&#1605; &#1608;&#1610;&#1607;&#1605;&#1606;&#1575; &#1585;&#1590;&#1575;&#1603;&#1605;</span><br></p>\n', '', 'الترجمة ,كتابة المحتوى, التدقيق اللغوي', 'no', 0, '', 'no', '', 9, 3, '0', 0, 2, 0, 60, 'deleted'),
(51, 'ترجمة احترافية مع تدقيق إملائي', '%D8%AA%D8%B1%D8%AC%D9%85%D8%A9+%D8%A7%D8%AD%D8%AA%D8%B1%D8%A7%D9%81%D9%8A%D8%A9+%D9%85%D8%B9+%D8%AA%D8%AF%D9%82%D9%8A%D9%82+%D8%A5%D9%85%D9%84%D8%A7%D8%A6%D9%8A', 3, 107, '5', 'medium-1608455395-Screenshot 2020-12-20 130914_1610976743.png', '', '', '', '', '', 0, 0, 0, 0, 0, '\n<p style=\"text-align: right; \">&#1575;&#1604;&#1578;&#1585;&#1580;&#1605;&#1577; &#1605;&#1606; &#1575;&#1604;&#1604;&#1594;&#1577; &#1575;&#1604;&#1593;&#1585;&#1576;&#1610;&#1577; &#1573;&#1604;&#1609; &#1575;&#1604;&#1573;&#1606;&#1580;&#1604;&#1610;&#1586;&#1610;&#1577; &#1608;&#1575;&#1604;&#1593;&#1603;&#1587; &#1605;&#1593; &#1578;&#1583;&#1602;&#1610;&#1602; &#1573;&#1605;&#1604;&#1575;&#1574;&#1610;.. &#1610;&#1605;&#1603;&#1606;&#1603;&#1605; &#1591;&#1604;&#1576; &#1575;&#1604;&#1578;&#1593;&#1583;&#1610;&#1604; &#1605;&#1585;&#1577; &#1608;&#1575;&#1581;&#1583;&#1577; &#1608;&#1576;&#1593;&#1583;&#1607;&#1575; &#1610;&#1581;&#1578;&#1587;&#1576; &#1604;&#1603;&#1604; &#1578;&#1593;&#1583;&#1610;&#1604; &#1602;&#1610;&#1605;&#1577; &#1573;&#1590;&#1575;&#1601;&#1610;&#1577;&#1548; &#1608;&#1587;&#1593;&#1585; &#1578;&#1602;&#1583;&#1610;&#1605; &#1575;&#1604;&#1582;&#1583;&#1605;&#1577; &#1581;&#1587;&#1576; &#1593;&#1583;&#1583; &#1575;&#1604;&#1603;&#1604;&#1605;&#1575;&#1578; &#1608;&#1593;&#1575;&#1583;&#1577;&#1611; &#1610;&#1603;&#1608;&#1606; 400 &#1603;&#1604;&#1605;&#1577; &#1576;&#1600;2 &#1585;&#1610;&#1575;&#1604;</p>\n', '', 'ترجمة احترافية,تدقيق إملائي', 'no', 0, '', 'no', '', 33, 1, '0', 0, 2, 0, 30, 'deleted'),
(52, 'ترجمه', '%D8%AA%D8%B1%D8%AC%D9%85%D9%87', 3, 107, '5', 'Screenshot_13_1610977171.png', '', '', '', '', '', 0, 0, 0, 0, 0, '\n<h2 style=\"margin-right: 0px; margin-bottom: 20px; margin-left: 0px; padding: 0px 20px 0px 0px; font-weight: 700; line-height: 34px; font-size: 26px; color: rgb(50, 50, 50); text-transform: capitalize; font-family: Poppins, Arial, Helvetica, sans-serif; text-align: right;\">&#1578;&#1585;&#1580;&#1605;&#1607;</h2>\n', '', 'ترجمه', 'no', 0, '', 'no', '', 54, 1, '0', 0, 0, 0, 29, 'deleted'),
(53, 'ترجمه', '%D8%AA%D8%B1%D8%AC%D9%85%D9%87', 3, 107, '5', 'translation-service11-748x4213c1d72a4c886bf45_1610977486.png', '', '', '', '', '', 0, 0, 0, 0, 0, '\n<p style=\"text-align: right; \">&#1578;&#1585;&#1580;&#1605;&#1607; &#1605;&#1606; &#1575;&#1604;&#1593;&#1585;&#1576;&#1610;&#1607; &#1604;&#1604;&#1575;&#1606;&#1580;&#1604;&#1610;&#1586;&#1610;&#1607; &#1608;&#1575;&#1604;&#1593;&#1603;&#1587;&nbsp;</p>\n', '', 'ترجمه', 'no', 0, '', 'no', '', 45, 1, '0', 0, 0, 0, 30, 'deleted'),
(54, 'الترجمة من الانجليزية للعربية', '%D8%A7%D9%84%D8%AA%D8%B1%D8%AC%D9%85%D8%A9+%D9%85%D9%86+%D8%A7%D9%84%D8%A7%D9%86%D8%AC%D9%84%D9%8A%D8%B2%D9%8A%D8%A9+%D9%84%D9%84%D8%B9%D8%B1%D8%A8%D9%8A%D8%A9', 3, 107, '5', 'اسعار-الترجمة-في-السعودية-2020-1_1610978458.png', '', '', '', '', '', 0, 0, 0, 0, 0, '\n<p style=\"text-align: right; \">&#1633;&#1637;&#1632; &#1603;&#1604;&#1605;&#1577; /&#1634;&#1585;&#1610;&#1575;&#1604;</p>\n', '', 'الترجمة,الانجليزية ,للعربية', 'no', 0, '', 'no', '', 70, 1, '2', 1, 2, 0, 33, 'deleted'),
(55, 'تدقيق نصوص باللغة الإنجليزية', '%D8%AA%D8%AF%D9%82%D9%8A%D9%82+%D9%86%D8%B5%D9%88%D8%B5+%D8%A8%D8%A7%D9%84%D9%84%D8%BA%D8%A9+%D8%A7%D9%84%D8%A5%D9%86%D8%AC%D9%84%D9%8A%D8%B2%D9%8A%D8%A9', 3, 106, '5', 'csm_proofread_6daac0cd6d_1610981008.png', '', '', '', '', '', 0, 0, 0, 0, 0, '\n<p style=\"text-align: right; \">&#1578;&#1583;&#1602;&#1610;&#1602; &#1604;&#1594;&#1608;&#1610; &#1604;&#1606;&#1589;&#1608;&#1589; &#1576;&#1575;&#1604;&#1604;&#1594;&#1577; &#1575;&#1604;&#1573;&#1606;&#1580;&#1604;&#1610;&#1586;&#1610;&#1577; &#1576;&#1571;&#1606;&#1608;&#1575;&#1593;&#1607;&#1575;</p>\n', '', 'تدقيق نصوص,اللغة الإنجليزية', 'no', 0, '', 'no', '', 61, 1, '0', 0, 2, 0, 34, 'deleted'),
(56, 'استشاره تربويه', '%D8%A7%D8%B3%D8%AA%D8%B4%D8%A7%D8%B1%D9%87+%D8%AA%D8%B1%D8%A8%D9%88%D9%8A%D9%87', 11, 108, '5', 'MS-Educational-Counseling_1611150768.png', '', '', '', '', '', 0, 0, 0, 0, 0, '\n<p style=\"text-align: right; \">&#1578;&#1602;&#1583;&#1610;&#1605; &#1605;&#1588;&#1608;&#1585;&#1607; &#1578;&#1585;&#1576;&#1608;&#1610;&#1607;&nbsp;</p>\n', '', 'استشاره تربويه', 'no', 0, '', 'no', '', 45, 1, '0', 0, 0, 0, 532, 'active'),
(57, 'استشارات تربوية لطلاب الصف الثاني عشر', '%D8%A7%D8%B3%D8%AA%D8%B4%D8%A7%D8%B1%D8%A7%D8%AA+%D8%AA%D8%B1%D8%A8%D9%88%D9%8A%D8%A9+%D9%84%D8%B7%D9%84%D8%A7%D8%A8+%D8%A7%D9%84%D8%B5%D9%81+%D8%A7%D9%84%D8%AB%D8%A7%D9%86%D9%8A+%D8%B9%D8%B4%D8%B1', 11, 108, '5', 'ESA+Grad+Fair+Background_1611151328.png', '', '', '', '', '', 0, 0, 0, 0, 0, '\n<p style=\"text-align: right; \">&#1571;&#1602;&#1583;&#1605; &#1582;&#1583;&#1605;&#1575;&#1578; &#1575;&#1604;&#1575;&#1587;&#1578;&#1588;&#1575;&#1585;&#1575;&#1578; &#1575;&#1604;&#1578;&#1585;&#1576;&#1608;&#1610;&#1577; &#1601;&#1610; &#1605;&#1580;&#1575;&#1604; &#1575;&#1582;&#1578;&#1576;&#1575;&#1585; &#1575;&#1604;&#1605;&#1608;&#1575;&#1583; &#1575;&#1604;&#1593;&#1604;&#1605;&#1610;&#1577; &#1608;&#1578;&#1587;&#1580;&#1610;&#1604; &#1575;&#1604;&#1576;&#1585;&#1575;&#1605;&#1580; &#1575;&#1604;&#1583;&#1585;&#1575;&#1587;&#1610;&#1577;&#1548; &#1608;&#1601;&#1610;&#1605;&#1575; &#1610;&#1582;&#1589; &#1583;&#1604;&#1610;&#1604; &#1575;&#1604;&#1591;&#1575;&#1604;&#1576; &#1608;&#1605;&#1608;&#1602;&#1593; &#1575;&#1604;&#1602;&#1576;&#1608;&#1604; &#1575;&#1604;&#1605;&#1608;&#1581;&#1583;&#1548; &#1608;&#1571;&#1610;&#1577; &#1582;&#1583;&#1605;&#1575;&#1578; &#1578;&#1585;&#1576;&#1608;&#1610;&#1577; &#1571;&#1582;&#1585;&#1609;</p>\r\n\n', '', 'استشارات تربوية,طلاب الصف الثاني عشر', 'no', 0, '', 'no', '', 61, 1, '0', 0, 2, 0, 648, 'active'),
(58, 'الاستشارات التعليمية', '%D8%A7%D9%84%D8%A7%D8%B3%D8%AA%D8%B4%D8%A7%D8%B1%D8%A7%D8%AA+%D8%A7%D9%84%D8%AA%D8%B9%D9%84%D9%8A%D9%85%D9%8A%D8%A9', 11, 109, '25', 'experienced-immigration-and-educational-consultant_1611152511.png', '', '', '', '', '', 0, 0, 0, 0, 0, '\n<p style=\"text-align: right; \">- &#1578;&#1602;&#1583;&#1610;&#1605; &#1575;&#1587;&#1578;&#1588;&#1575;&#1585;&#1575;&#1578; &#1578;&#1593;&#1604;&#1610;&#1605;&#1610;&#1577; &#1601;&#1610; &#1575;&#1604;&#1605;&#1580;&#1575;&#1604; &#1575;&#1604;&#1578;&#1593;&#1604;&#1610;&#1605;&#1610; &#1605;&#1575; &#1576;&#1593;&#1583; &#1583;&#1576;&#1604;&#1608;&#1605; &#1575;&#1604;&#1578;&#1593;&#1604;&#1610;&#1605; &#1575;&#1604;&#1593;&#1575;&#1605; ( &#1605;&#1575; &#1576;&#1593;&#1583; &#1575;&#1604;&#1578;&#1593;&#1604;&#1610;&#1605; &#1575;&#1604;&#1579;&#1575;&#1606;&#1608;&#1610;) &#1603;&#1604; &#1605;&#1575; &#1610;&#1582;&#1589; &#1575;&#1604;&#1578;&#1593;&#1604;&#1610;&#1605;&nbsp;</p><p style=\"text-align: right; \">&nbsp; &#1575;&#1604;&#1580;&#1575;&#1605;&#1593;&#1610; &#1608;&#1583;&#1585;&#1575;&#1587;&#1575;&#1578; &#1575;&#1604;&#1593;&#1604;&#1610;&#1575; &#1582;&#1575;&#1585;&#1580; &#1575;&#1604;&#1587;&#1604;&#1591;&#1606;&#1577; &#1608;&#1583;&#1575;&#1582;&#1604; &#1575;&#1604;&#1587;&#1604;&#1591;&#1606;&#1577;.</p><p style=\"text-align: right; \">- &#1575;&#1587;&#1578;&#1588;&#1575;&#1585;&#1575;&#1578; &#1601;&#1610; &#1591;&#1585;&#1602; &#1575;&#1593;&#1578;&#1605;&#1575;&#1583; &#1575;&#1604;&#1588;&#1607;&#1575;&#1583;&#1575;&#1578; &#1608;&#1605;&#1593;&#1575;&#1583;&#1604;&#1578;&#1607;&#1575; &#1608;&#1575;&#1604;&#1575;&#1587;&#1587; &#1608;&#1575;&#1604;&#1605;&#1593;&#1575;&#1610;&#1610;&#1585; &#1575;&#1604;&#1605;&#1593;&#1578;&#1605;&#1583;&#1577; &#1605;&#1606; &#1608;&#1586;&#1575;&#1585;&#1577; &#1575;&#1604;&#1578;&#1593;&#1604;&#1610;&#1605; &#1575;&#1604;&#1593;&#1575;&#1604;&#1610; &#1575;&#1604;&#1593;&#1605;&#1575;&#1606;&#1575;&#1604;&#1580;&#1575;&#1605;&#1593;&#1575;&#1578; &#1575;&#1604;&#1605;&#1608;&#1589;&#1609; &#1576;&#1575;&#1604;&#1583;&#1585;&#1575;&#1587;&#1577; &#1576;&#1607;&#1575; &#1582;&#1575;&#1585;&#1580; &#1575;&#1604;&#1587;&#1604;&#1591;&#1606;&#1577; &#1608;&#1591;&#1585;&#1602; &#1578;&#1602;&#1583;&#1610;&#1605; &#1575;&#1604;&#1591;&#1604;&#1576;&#1575;&#1578; &#1604;&#1605;&#1608;&#1575;&#1589;&#1604;&#1577; &#1575;&#1604;&#1583;&#1585;&#1575;&#1587;&#1577; &#1582;&#1575;&#1585;&#1580; &#1575;&#1604;&#1587;&#1604;&#1591;&#1606;&#1577;.</p><p style=\"text-align: right; \">&nbsp;:&#1575;&#1604;&#1575;&#1587;&#1578;&#1588;&#1575;&#1585;&#1577;&nbsp; &#1601;&#1610;&#1605;&#1575; &#1610;&#1582;&#1589; &#1585;&#1610;&#1575;&#1583;&#1577; &#1575;&#1604;&#1575;&#1593;&#1605;&#1575;&#1604; -</p><ol><li style=\"text-align: right;\">&#1575;&#1604;&#1605;&#1588;&#1575;&#1585;&#1610;&#1593; &#1602;&#1610;&#1583; &#1575;&#1604;&#1575;&#1606;&#1588;&#1575;&#1569;.</li><li style=\"text-align: right;\"><span style=\"font-size: 1rem;\">&#1578;&#1581;&#1583;&#1610;&#1583; &#1575;&#1604;&#1601;&#1574;&#1575;&#1578; &#1575;&#1604;&#1605;&#1587;&#1578;&#1607;&#1583;&#1601;&#1577; &#1605;&#1606; &#1575;&#1604;&#1605;&#1588;&#1585;&#1608;&#1593;.</span></li><li style=\"text-align: right;\"><span style=\"font-size: 1rem;\">&#1575;&#1601;&#1590;&#1604; &#1575;&#1604;&#1591;&#1585;&#1602; &#1604;&#1586;&#1610;&#1575;&#1583;&#1577; &#1575;&#1604;&#1605;&#1576;&#1610;&#1593;&#1575;&#1578; &#1608;&#1578;&#1602;&#1604;&#1610;&#1604; &#1608;&#1575;&#1604;&#1578;&#1603;&#1575;&#1604;&#1610;&#1601;.</span></li><li style=\"text-align: right;\"><span style=\"font-size: 1rem;\">&nbsp;&#1578;&#1581;&#1583;&#1610;&#1583; &#1575;&#1604;&#1591;&#1585;&#1602; &#1575;&#1604;&#1578;&#1587;&#1608;&#1610;&#1602;&#1610;&#1577; &#1575;&#1604;&#1605;&#1606;&#1575;&#1587;&#1576;&#1577; .</span></li><li style=\"text-align: right;\"><span style=\"font-size: 1rem;\">&#1582;&#1591;&#1591; &#1575;&#1604;&#1575;&#1606;&#1602;&#1575;&#1584; &#1604;&#1604;&#1605;&#1588;&#1575;&#1585;&#1610;&#1593; &#1575;&#1604;&#1605;&#1578;&#1593;&#1579;&#1585;&#1577; .</span><br></li></ol>\r\n\n', '', 'الاستشارات التعليمية', 'no', 0, '', 'no', '', 46, 8, '0', 0, 1, 0, 1044, 'active'),
(59, 'كتابة بحث علمي وعمل عروض بطريقة احترافية بالعربية والانجليزية', '%D9%83%D8%AA%D8%A7%D8%A8%D8%A9+%D8%A8%D8%AD%D8%AB+%D8%B9%D9%84%D9%85%D9%8A+%D9%88%D8%B9%D9%85%D9%84+%D8%B9%D8%B1%D9%88%D8%B6+%D8%A8%D8%B7%D8%B1%D9%8A%D9%82%D8%A9+%D8%A7%D8%AD%D8%AA%D8%B1%D8%A7%D9%81%D9%8A%D8%A9+%D8%A8%D8%A7%D9%84%D8%B9%D8%B1%D8%A8%D9%8A%D8%A9+%D9%88%D8%A7%D9%84%D8%A7%D9%86%D8%AC%D9%84%D9%8A%D8%B2%D9%8A%D8%A9', 4, 110, '5', 'help-you-with-proofreading-and-editing-of-documents_1611154763.png', '', '', '', '', '', 0, 0, 0, 0, 0, '\n<p style=\"text-align: right; \">&#1603;&#1578;&#1575;&#1576;&#1577; &#1576;&#1581;&#1579; &#1593;&#1604;&#1605;&#1610; &#1608;&#1578;&#1606;&#1587;&#1610;&#1602;&#1607; &#1576;&#1591;&#1585;&#1610;&#1602;&#1577; &#1575;&#1581;&#1578;&#1585;&#1575;&#1601;&#1610;&#1577; &#1576;&#1575;&#1604;&#1604;&#1594;&#1577; &#1575;&#1604;&#1593;&#1585;&#1576;&#1610;&#1577; &#1608;&#1575;&#1604;&#1575;&#1606;&#1580;&#1604;&#1610;&#1586;&#1610;&#1577; &#1605;&#1593; &#1605;&#1585;&#1575;&#1593;&#1575;&#1577; &#1593;&#1583;&#1605; &#1606;&#1587;&#1582; &#1603;&#1604; &#1588;&#1610;&#1569; &#1608;&#1578;&#1594;&#1610;&#1610;&#1585; &#1575;&#1604;&#1605;&#1581;&#1578;&#1608;&#1609; &#1581;&#1578;&#1609; &#1604;&#1575; &#1610;&#1578;&#1605; &#1603;&#1588;&#1601; &#1605;&#1602;&#1583;&#1575;&#1585; &#1575;&#1604;&#1606;&#1587;&#1582; (&#1606;&#1587;&#1576;&#1577; &#1575;&#1604;&#1594;&#1588;) &#1601;&#1610;&#1607; &#1576;&#1576;&#1585;&#1606;&#1575;&#1605;&#1580;</p><p style=\"text-align: center;\"><b>Turnitin</b></p><p style=\"text-align: right; \">&#1603;&#1605;&#1575; &#1606;&#1602;&#1608;&#1605; &#1576;&#1593;&#1605;&#1604; &#1593;&#1585;&#1608;&#1590; &#1575;&#1581;&#1578;&#1585;&#1575;&#1601;&#1610;&#1577; &#1605;&#1593; &#1575;&#1604;&#1575;&#1606;&#1578;&#1602;&#1575;&#1604;&#1575;&#1578; &#1608;&#1575;&#1604;&#1578;&#1571;&#1579;&#1610;&#1585;&#1575;&#1578; &#1608;&#1593;&#1605;&#1604; &#1588;&#1585;&#1608;&#1581;&#1575;&#1578; &#1576;&#1576;&#1585;&#1606;&#1575;&#1605;&#1580;</p><p style=\"text-align: center;\"><b>PowerPoint</b></p><p style=\"text-align: center;\"><b>Prezi</b></p><p style=\"text-align: right; \"><span style=\"font-size: 1rem;\">&#1576;&#1575;&#1604;&#1606;&#1587;&#1576;&#1577; &#1604;&#1604;&#1576;&#1581;&#1579; &#1601;&#1610;&#1587;&#1578;&#1594;&#1585;&#1602; &#1608;&#1602;&#1578; &#1604;&#1581;&#1575;&#1580;&#1578;&#1607; &#1573;&#1604;&#1609; &#1573;&#1593;&#1575;&#1583;&#1577; &#1589;&#1610;&#1575;&#1594;&#1577; (&#1573;&#1584;&#1575; &#1583;&#1593;&#1578; &#1575;&#1604;&#1581;&#1575;&#1580;&#1577;) &#1608;&#1578;&#1606;&#1602;&#1610;&#1607; &#1608;&#1578;&#1585;&#1578;&#1610;&#1576; &#1608;&#1578;&#1606;&#1587;&#1610;&#1602; &#1608;&#1594;&#1610;&#1585;&#1607;.. &#1604;&#1584;&#1604;&#1603; &#1587;&#1610;&#1603;&#1608;&#1606; &#1575;&#1604;&#1587;&#1593;&#1585; &#1585;&#1610;&#1575;&#1604;&#1610;&#1606; &#1604;&#1603;&#1604; 5 &#1608;&#1585;&#1602;&#1575;&#1578;</span><br></p>\r\n\n', '', 'كتابة ,بحث علمي', 'no', 0, '', 'no', '', 33, 2, '2', 0, 2, 0, 10, 'deleted'),
(60, 'كتابة المقالات و تحرير التقارير', '%D9%83%D8%AA%D8%A7%D8%A8%D8%A9+%D8%A7%D9%84%D9%85%D9%82%D8%A7%D9%84%D8%A7%D8%AA+%D9%88+%D8%AA%D8%AD%D8%B1%D9%8A%D8%B1+%D8%A7%D9%84%D8%AA%D9%82%D8%A7%D8%B1%D9%8A%D8%B1', 4, 110, '5', 'write-a-researched-longer-article-for-your-website-or-blog_1611156736.png', '', '', '', '', '', 0, 0, 0, 0, 0, '\n<p style=\"text-align: right; \">&#1571;&#1587;&#1578;&#1602;&#1576;&#1604; &#1591;&#1604;&#1576;&#1575;&#1578; &#1575;&#1604;&#1603;&#1578;&#1575;&#1576;&#1577; &#1608;&#1575;&#1604;&#1578;&#1581;&#1585;&#1610;&#1585; &#1576;&#1575;&#1604;&#1604;&#1594;&#1577; &#1575;&#1604;&#1593;&#1585;&#1576;&#1610;&#1577; &#1608;&#1576;&#1573;&#1605;&#1603;&#1575;&#1606;&#1610; &#1603;&#1578;&#1575;&#1576;&#1577; &#1605;&#1602;&#1575;&#1604; &#1605;&#1606; 250 &#1603;&#1604;&#1605;&#1577; &#1608;&#1571;&#1603;&#1579;&#1585; &#1582;&#1604;&#1575;&#1604; &#1571;&#1602;&#1604; &#1605;&#1606; &#1610;&#1608;&#1605; &#1608;&#1575;&#1581;&#1583;</p><p style=\"text-align: right; \"><span style=\"font-size: 1rem;\">&#1603;&#1605;&#1575; &#1610;&#1605;&#1603;&#1606;&#1606;&#1610; &#1575;&#1587;&#1578;&#1602;&#1576;&#1575;&#1604; &#1591;&#1604;&#1576;&#1575;&#1578; &#1603;&#1578;&#1575;&#1576;&#1577; &#1575;&#1604;&#1578;&#1602;&#1575;&#1585;&#1610;&#1585; &#1608;&#1605;&#1608;&#1575;&#1583; &#1589;&#1606;&#1575;&#1593;&#1577; &#1575;&#1604;&#1605;&#1581;&#1578;&#1608;&#1609; &#1576;&#1587;&#1593;&#1585; &#1605;&#1578;&#1601;&#1602; &#1593;&#1604;&#1610;&#1607;</span><br></p><p style=\"text-align: right; \"><span style=\"font-size: 1rem;\">&#1587;&#1593;&#1585; &#1575;&#1593;&#1605;&#1575;&#1604;&#1610; &#1581;&#1608;&#1575;&#1604;&#1610; 250 &#1603;&#1604;&#1605;&#1577; &#1576;&#1602;&#1610;&#1605;&#1577; &#1585;&#1610;&#1575;&#1604;&#1610;&#1606; &#1593;&#1605;&#1575;&#1606;&#1610;&#1610;&#1606; &#1608;&#1610;&#1605;&#1603;&#1606;&#1603;&#1605; &#1575;&#1604;&#1578;&#1601;&#1575;&#1608;&#1590; &#1593;&#1604;&#1609; &#1575;&#1604;&#1575;&#1587;&#1593;&#1575;&#1585; &#1576;&#1606;&#1575;&#1569; &#1593;&#1604;&#1609; &#1575;&#1604;&#1580;&#1607;&#1583; &#1575;&#1604;&#1605;&#1576;&#1584;&#1608;&#1604; &#1608;&#1602;&#1610;&#1605;&#1577; &#1575;&#1604;&#1605;&#1575;&#1583;&#1577; &#1575;&#1604;&#1605;&#1603;&#1578;&#1608;&#1576;&#1577;</span><br></p>\n', '', 'تحرير التقارير,كتابة المقالات', 'no', 0, '', 'no', '', 64, 2, '0', 0, 2, 0, 33, 'deleted'),
(61, 'كتابة بحث', '%D9%83%D8%AA%D8%A7%D8%A8%D8%A9+%D8%A8%D8%AD%D8%AB', 4, 110, '25', 'write-a-400-word-article-or-blog-post-for-you_1611167221.png', '', '', '', '', '', 0, 0, 0, 0, 0, '\n<p style=\"text-align: right; \">&#1603;&#1578;&#1575;&#1576;&#1577; &#1576;&#1581;&#1608;&#1579; &#1601;&#1610; &#1605;&#1582;&#1578;&#1604;&#1601; &#1575;&#1604;&#1605;&#1608;&#1575;&#1590;&#1610;&#1593;&nbsp;</p>\n', '', 'كتابة بحث', 'no', 0, '', 'no', '', 37, 3, '0', 0, 2, 0, 0, 'deleted'),
(62, 'كتابه بحوث و تقارير', '%D9%83%D8%AA%D8%A7%D8%A8%D9%87+%D8%A8%D8%AD%D9%88%D8%AB+%D9%88+%D8%AA%D9%82%D8%A7%D8%B1%D9%8A%D8%B1', 4, 110, '25', 'write-a-400-word-article-or-blog-post-for-you_1611169408.png', '', '', '', '', '', 0, 0, 0, 0, 0, '\n<p style=\"text-align: right; \">&#1575;&#1602;&#1608;&#1605; &#1576;&#1603;&#1578;&#1575;&#1576;&#1607; &#1576;&#1581;&#1608;&#1579; &#1608;&#1578;&#1602;&#1575;&#1585;&#1610;&#1585; &#1604;&#1591;&#1604;&#1575;&#1576; &#1575;&#1604;&#1605;&#1583;&#1575;&#1585;&#1587;&nbsp; &#1608;&#1608;&#1575;&#1604;&#1580;&#1575;&#1605;&#1593;&#1575;&#1578; &#1608;&#1575;&#1604;&#1603;&#1604;&#1610;&#1575;&#1578; &#1604;&#1575; &#1578;&#1588;&#1605;&#1604; &#1591;&#1604;&#1575;&#1576; &#1575;&#1604;&#1605;&#1575;&#1580;&#1587;&#1578;&#1610;&#1585;</p><p style=\"text-align: right; \">&#1608;&#1571;&#1610;&#1590;&#1575; &#1610;&#1605;&#1603;&#1606; &#1603;&#1578;&#1575;&#1576;&#1607; &#1587;&#1610; &#1601;&#1610; &#1604;&#1604;&#1608;&#1592;&#1610;&#1601;&#1577;&nbsp;</p>\n', '', 'كتابه,بحوث ,تقارير', 'no', 0, '', 'no', '', 33, 1, '0', 0, 2, 0, 31, 'deleted'),
(63, 'تصميم بوستر اعلاني', '%D8%AA%D8%B5%D9%85%D9%8A%D9%85+%D8%A8%D9%88%D8%B3%D8%AA%D8%B1+%D8%A7%D8%B9%D9%84%D8%A7%D9%86%D9%8A', 6, 112, '5', 'do-2d-vector-poster-for-any-place-or-country_1611170486.png', '', '', '', '', '', 0, 0, 0, 0, 0, '\n<p style=\"text-align: right; \">&#1606;&#1608;&#1601;&#1585; &#1604;&#1603;&#1605; &#1578;&#1589;&#1575;&#1605;&#1610;&#1605; &#1593;&#1575;&#1604;&#1610;&#1577; &#1575;&#1604;&#1583;&#1602;&#1577; &#1608;&#1605;&#1605;&#1610;&#1586;&#1577;&nbsp;</p>\n', '', 'تصميم ,بوستر اعلاني', 'no', 0, '', 'no', '', 58, 2, '0', 0, 0, 0, 26, 'deleted'),
(64, 'برمجة تطبيقات أندرويد و آيفون ومواقع انترنت', '%D8%A8%D8%B1%D9%85%D8%AC%D8%A9+%D8%AA%D8%B7%D8%A8%D9%8A%D9%82%D8%A7%D8%AA+%D8%A3%D9%86%D8%AF%D8%B1%D9%88%D9%8A%D8%AF+%D9%88+%D8%A2%D9%8A%D9%81%D9%88%D9%86+%D9%88%D9%85%D9%88%D8%A7%D9%82%D8%B9+%D8%A7%D9%86%D8%AA%D8%B1%D9%86%D8%AA', 6, 113, '5', '01_1611171035.png', '01-2_1611171045.png', '01-3_1611171063.png', '01-4_1611171082.png', '', '', 0, 0, 0, 0, 0, '\n<p style=\"text-align: right; \">&#1606;&#1602;&#1583;&#1605; &#1604;&#1603;&#1605; &#1582;&#1583;&#1605;&#1577; &#1576;&#1585;&#1605;&#1580;&#1577; &#1578;&#1591;&#1576;&#1610;&#1602;&#1575;&#1578; &#1575;&#1604;&#1607;&#1608;&#1575;&#1578;&#1601; &#1608;&#1576;&#1585;&#1605;&#1580;&#1577; &#1575;&#1604;&#1605;&#1608;&#1575;&#1602;&#1593;.. &#1610;&#1605;&#1603;&#1606;&#1603;&#1605; &#1573;&#1585;&#1587;&#1575;&#1604; &#1575;&#1604;&#1578;&#1589;&#1608;&#1585; &#1571;&#1608; &#1575;&#1604;&#1605;&#1602;&#1578;&#1585;&#1581; &#1575;&#1604;&#1605;&#1585;&#1575;&#1583; &#1604;&#1604;&#1578;&#1591;&#1576;&#1610;&#1602; &#1571;&#1608; &#1575;&#1604;&#1605;&#1608;&#1602;&#1593; &#1608;&#1573;&#1585;&#1587;&#1575;&#1604; &#1605;&#1575; &#1578;&#1585;&#1610;&#1583;&#1608;&#1606; &#1573;&#1585;&#1601;&#1575;&#1602;&#1607; &#1601;&#1610;&#1607; &#1605;&#1606; &#1589;&#1608;&#1585; &#1571;&#1608; &#1605;&#1587;&#1578;&#1606;&#1583;&#1575;&#1578; &#1571;&#1608; &#1594;&#1610;&#1585;&#1607;&#1575;.. &#1576;&#1593;&#1583;&#1607;&#1575; &#1610;&#1605;&#1603;&#1606;&#1606;&#1575; &#1575;&#1604;&#1573;&#1578;&#1601;&#1575;&#1602; &#1605;&#1593;&#1603;&#1605; &#1593;&#1604;&#1609; &#1575;&#1604;&#1587;&#1593;&#1585; &#1608;&#1575;&#1604;&#1605;&#1583;&#1577; &#1575;&#1604;&#1578;&#1602;&#1585;&#1610;&#1576;&#1610;&#1577; &#1575;&#1604;&#1605;&#1578;&#1608;&#1602;&#1593;&#1577; &#1604;&#1573;&#1606;&#1607;&#1575;&#1569; &#1575;&#1604;&#1605;&#1588;&#1585;&#1608;&#1593; .. &#1608;&#1604;&#1575; &#1578;&#1602;&#1604;&#1602;&#1608;&#1575; &#1576;&#1582;&#1589;&#1608;&#1589; &#1575;&#1604;&#1587;&#1593;&#1585; &#1601;&#1575;&#1604;&#1587;&#1593;&#1585; &#1601;&#1610; &#1605;&#1578;&#1606;&#1575;&#1608;&#1604; &#1575;&#1604;&#1580;&#1605;&#1610;&#1593; &#1608;&#1587;&#1578;&#1587;&#1585;&#1608;&#1606; &#1576;&#1575;&#1604;&#1606;&#1578;&#1610;&#1580;&#1577; &#1575;&#1604;&#1606;&#1607;&#1575;&#1574;&#1610;&#1577; &#1604;&#1604;&#1605;&#1588;&#1585;&#1608;&#1593;.. &#1603;&#1605;&#1575; &#1610;&#1605;&#1603;&#1606;&#1603;&#1605; &#1591;&#1604;&#1576; &#1575;&#1604;&#1578;&#1593;&#1583;&#1610;&#1604; &#1593;&#1604;&#1609; &#1575;&#1604;&#1605;&#1588;&#1585;&#1608;&#1593; &#1605;&#1585;&#1578;&#1610;&#1606; &#1601;&#1602;&#1591; &#1608;&#1576;&#1593;&#1583;&#1607;&#1575; &#1610;&#1578;&#1605; &#1575;&#1581;&#1578;&#1587;&#1575;&#1576; &#1602;&#1610;&#1605;&#1577; &#1573;&#1590;&#1575;&#1601;&#1610;&#1577;<br></p>\n', '', 'برمجة تطبيقات أندرويد,آيفون,مواقع انترنت', 'no', 0, '', 'no', '', 33, 2, '0', 0, 2, 0, 473, 'active'),
(65, 'ادارة اعمال و تسويق', '%D8%A7%D8%AF%D8%A7%D8%B1%D8%A9+%D8%A7%D8%B9%D9%85%D8%A7%D9%84+%D9%88+%D8%AA%D8%B3%D9%88%D9%8A%D9%82', 9, 114, '5', 'do-marketing_1611172045.png', '', '', '', '', '', 0, 0, 0, 0, 0, '\n<p style=\"text-align: right; \">&#1575;&#1583;&#1575;&#1585;&#1577; &#1575;&#1593;&#1605;&#1575;&#1604; / &#1583;&#1585;&#1575;&#1587;&#1575;&#1578; &#1580;&#1583;&#1608;&#1609;/ &#1578;&#1587;&#1608;&#1610;&#1602;/ &#1605;&#1605;&#1602;&#1578;&#1585;&#1581;&#1575;&#1578;</p>\n', '', 'ادارة اعمال و تسويق', 'no', 0, '', 'no', '', 66, 3, '0', 0, 1, 0, 9, 'deleted'),
(66, 'استشارات ريادة الاعمال', '%D8%A7%D8%B3%D8%AA%D8%B4%D8%A7%D8%B1%D8%A7%D8%AA+%D8%B1%D9%8A%D8%A7%D8%AF%D8%A9+%D8%A7%D9%84%D8%A7%D8%B9%D9%85%D8%A7%D9%84', 9, 114, '25', 'do-entrepreneurial-assignments-professionally_1611172744.png', '', '', '', '', '', 0, 0, 0, 0, 0, '\n<p style=\"text-align: right; \">&nbsp;&#1578;&#1602;&#1583;&#1610;&#1605; &#1575;&#1587;&#1578;&#1588;&#1575;&#1585;&#1575;&#1578; &#1578;&#1593;&#1604;&#1610;&#1605;&#1610;&#1577; &#1601;&#1610; &#1575;&#1604;&#1605;&#1580;&#1575;&#1604; &#1575;&#1604;&#1578;&#1593;&#1604;&#1610;&#1605;&#1610; &#1605;&#1575; &#1576;&#1593;&#1583; &#1583;&#1576;&#1604;&#1608;&#1605; &#1575;&#1604;&#1578;&#1593;&#1604;&#1610;&#1605; &#1575;&#1604;&#1593;&#1575;&#1605; ( &#1605;&#1575; &#1576;&#1593;&#1583; &#1575;&#1604;&#1578;&#1593;&#1604;&#1610;&#1605; &#1575;&#1604;&#1579;&#1575;&#1606;&#1608;&#1610;) &#1603;&#1604; &#1605;&#1575; &#1610;&#1582;&#1589; &#1575;&#1604;&#1578;&#1593;&#1604;&#1610;&#1605;&nbsp;</p><p style=\"text-align: right; \"><span style=\"font-size: 1rem;\">&nbsp; &#1575;&#1604;&#1580;&#1575;&#1605;&#1593;&#1610; &#1608;&#1583;&#1585;&#1575;&#1587;&#1575;&#1578; &#1575;&#1604;&#1593;&#1604;&#1610;&#1575; &#1582;&#1575;&#1585;&#1580; &#1575;&#1604;&#1587;&#1604;&#1591;&#1606;&#1577; &#1608;&#1583;&#1575;&#1582;&#1604; &#1575;&#1604;&#1587;&#1604;&#1591;&#1606;&#1577;.</span></p><p style=\"text-align: right; \">- :&#1575;&#1604;&#1575;&#1587;&#1578;&#1588;&#1575;&#1585;&#1577;&nbsp; &#1601;&#1610;&#1605;&#1575; &#1610;&#1582;&#1589; &#1585;&#1610;&#1575;&#1583;&#1577; &#1575;&#1604;&#1575;&#1593;&#1605;&#1575;&#1604;&nbsp; *</p><p style=\"text-align: right; \">- :&#1575;&#1604;&#1575;&#1587;&#1578;&#1588;&#1575;&#1585;&#1577;&nbsp; &#1601;&#1610;&#1605;&#1575; &#1610;&#1582;&#1589; &#1585;&#1610;&#1575;&#1583;&#1577; &#1575;&#1604;&#1575;&#1593;&#1605;&#1575;&#1604;&nbsp; *</p><p style=\"text-align: right; \"><br></p><p style=\"text-align: right; \">&#1575;&#1604;&#1605;&#1588;&#1575;&#1585;&#1610;&#1593; &#1602;&#1610;&#1583; &#1575;&#1604;&#1575;&#1606;&#1588;&#1575;&#1569;.</p><p style=\"text-align: right; \"><span style=\"font-size: 1rem;\">&#1578;&#1581;&#1583;&#1610;&#1583; &#1575;&#1604;&#1601;&#1574;&#1575;&#1578; &#1575;&#1604;&#1605;&#1587;&#1578;&#1607;&#1583;&#1601;&#1577; &#1605;&#1606; &#1575;&#1604;&#1605;&#1588;&#1585;&#1608;&#1593;</span></p><p style=\"text-align: right; \">&#1575;&#1601;&#1590;&#1604; &#1575;&#1604;&#1591;&#1585;&#1602; &#1604;&#1586;&#1610;&#1575;&#1583;&#1577; &#1575;&#1604;&#1605;&#1576;&#1610;&#1593;&#1575;&#1578; &#1608;&#1578;&#1602;&#1604;&#1610;&#1604; &#1608;&#1575;&#1604;&#1578;&#1603;&#1575;&#1604;&#1610;&#1601;</p><p style=\"text-align: right; \">&#1578;&#1581;&#1583;&#1610;&#1583; &#1575;&#1604;&#1591;&#1585;&#1602; &#1575;&#1604;&#1578;&#1587;&#1608;&#1610;&#1602;&#1610;&#1577; &#1575;&#1604;&#1605;&#1606;&#1575;&#1587;&#1576;&#1577;</p><p style=\"text-align: right; \">&#1582;&#1591;&#1591; &#1575;&#1604;&#1575;&#1606;&#1602;&#1575;&#1584; &#1604;&#1604;&#1605;&#1588;&#1575;&#1585;&#1610;&#1593; &#1575;&#1604;&#1605;&#1578;&#1593;&#1579;&#1585;&#1577;</p>\n', '', 'استشارات,ريادة الاعمال', 'no', 0, '', 'no', '', 46, 2, '0', 0, 1, 0, 707, 'active'),
(67, 'بالامكان صياغة كتابة العقود وصياغتها وصياغة الرسائل الرسمية لجميع الجهات سواء الحكومية او الخاصة\r\nصياغة التظلمات وغيرها ', '%D8%A8%D8%A7%D9%84%D8%A7%D9%85%D9%83%D8%A7%D9%86+%D8%B5%D9%8A%D8%A7%D8%BA%D8%A9+%D9%83%D8%AA%D8%A7%D8%A8%D8%A9+%D8%A7%D9%84%D8%B9%D9%82%D9%88%D8%AF+%D9%88%D8%B5%D9%8A%D8%A7%D8%BA%D8%AA%D9%87%D8%A7+%D9%88%D8%B5%D9%8A%D8%A7%D8%BA%D8%A9+%D8%A7%D9%84%D8%B1%D8%B3%D8%A7%D8%A6%D9%84+%D8%A7%D9%84%D8%B1%D8%B3%D9%85%D9%8A%D8%A9+%D9%84%D8%AC%D9%85%D9%8A%D8%B9+%D8%A7%D9%84%D8%AC%D9%87%D8%A7%D8%AA+%D8%B3%D9%88%D8%A7%D8%A1+%D8%A7%D9%84%D8%AD%D9%83%D9%88%D9%85%D9%8A%D8%A9+%D8%A7%D9%88+%D8%A7%D9%84%D8%AE%D8%A7%D8%B5%D8%A9%0D%0A%D8%B5%D9%8A%D8%A7%D8%BA%D8%A9+%D8%A7%D9%84%D8%AA%D8%B8%D9%84%D9%85%D8%A7%D8%AA+%D9%88%D8%BA%D9%8A%D8%B1%D9%87%D8%A7+', 4, 110, '0', '112_1612843407.png', '', '', '', '', '', 0, 0, 0, 0, 0, '\n<p>&#1575;&#1604;&#1582;&#1583;&#1605;&#1575;&#1578; &#1575;&#1604;&#1605;&#1602;&#1583;&#1605;&#1577;:</p><p>&#1589;&#1610;&#1575;&#1594;&#1577; &#1575;&#1604;&#1593;&#1602;&#1608;&#1583;&#1577; &#1575;&#1604;&#1578;&#1580;&#1575;&#1585;&#1610;&#1577;</p><p>&#1589;&#1610;&#1575;&#1594;&#1577; &#1575;&#1604;&#1585;&#1587;&#1575;&#1574;&#1604; &#1604;&#1580;&#1605;&#1610;&#1593; &#1575;&#1604;&#1580;&#1607;&#1575;&#1578; &#1587;&#1608;&#1575;&#1569; &#1575;&#1604;&#1582;&#1575;&#1589;&#1577; &#1575;&#1608; &#1575;&#1604;&#1581;&#1603;&#1608;&#1605;&#1610;&#1577; &#1575;&#1608; &#1604;&#1604;&#1575;&#1601;&#1585;&#1575;&#1583;</p><p>&#1589;&#1610;&#1575;&#1594;&#1577; &#1575;&#1604;&#1578;&#1592;&#1604;&#1605;&#1575;&#1578;</p>\n', 'توفير جميع الاوراق التي تكون مرجع في الكتابة', '25$', 'no', 0, '', 'no', '', 46, 1, '0', 0, 1, 0, 12, 'deleted'),
(68, 'I will translate every full page from English to Arabic and from Arabic to English for 2rials only, and you will be satisfied with my work.', 'i-will-translate-every-full-page-from-english-to-arabic-and-from-arabic-to-english-for-2rials-only-and-you-will-be-satisfied-with-my-work', 3, 107, '0', '', '', '', '', '', '', 0, 0, 0, 0, 0, '\n<p>translate from English to Arabic and from Arabic to English for 2 rials each page.</p>\n', 'Send me the photo of the your documents that need translate to my email \r\nfouzeyaalsinani@gmail.com ', '#Translate ,#english #arabic #oman', 'no', 0, '', 'no', '', 70, 1, '0', 1, 2, 0, 0, 'draft'),
(69, 'فثسف', '%D9%81%D8%AB%D8%B3%D9%81', 1, 104, '0', '', '', '', '', '', '', 0, 0, 0, 0, 0, '\n<h5 class=\"font-weight-normal float-right\" style=\'font-family: cairo, -apple-system, BlinkMacSystemFont, Roboto, \"Droid Sans\", \"Segoe UI\", Helvetica, Arial, sans-serif; color: rgb(34, 34, 34);\'>&#1608;&#1589;&#1600;&#1600;&#1600;&#1601;</h5>\n', '', 'سييسة', 'no', 0, '', 'no', '', 26, 1, '0', 0, 2, 0, 0, 'deleted'),
(70, 'test Proposals', 'test-proposals', 2, 105, '5', '6678_1613288693.png', '', '', '', '', '', 0, 0, 0, 0, 0, '\n<p>description of&nbsp;Proposals</p>\n', '', 'prop', 'no', 0, '', 'no', '', 26, 1, '0', 0, 2, 0, 3, 'deleted'),
(71, 'دروس خصوصية للاطفال ما قبل المدرسه ', '%D8%AF%D8%B1%D9%88%D8%B3+%D8%AE%D8%B5%D9%88%D8%B5%D9%8A%D8%A9+%D9%84%D9%84%D8%A7%D8%B7%D9%81%D8%A7%D9%84+%D9%85%D8%A7+%D9%82%D8%A8%D9%84+%D8%A7%D9%84%D9%85%D8%AF%D8%B1%D8%B3%D9%87+', 1, 104, '0', '', '', '', '', '', '', 0, 0, 0, 0, 0, '', '', 'Hanan', 'yes', 20, '', 'no', '', 81, 1, '0', 1, 0, 0, 0, 'draft');
INSERT INTO `proposals` (`proposal_id`, `proposal_title`, `proposal_url`, `proposal_cat_id`, `proposal_child_id`, `proposal_price`, `proposal_img1`, `proposal_img2`, `proposal_img3`, `proposal_img4`, `proposal_video_type`, `proposal_video`, `proposal_img1_s3`, `proposal_img2_s3`, `proposal_img3_s3`, `proposal_img4_s3`, `proposal_video_s3`, `proposal_desc`, `buyer_instruction`, `proposal_tags`, `proposal_enable_referrals`, `proposal_referral_money`, `proposal_referral_code`, `proposal_featured`, `proposal_toprated`, `proposal_seller_id`, `delivery_id`, `proposal_revisions`, `level_id`, `language_id`, `proposal_rating`, `proposal_views`, `proposal_status`) VALUES
(72, '✨اعلان عن درس خصوصي *✨\r\n١.تعليم الاحرف والقراءة \r\n\r\n*مميزات:\r\n١.يكون وقت الدرس حسب الاتفاق من ( ساعه الى ساعتين )\r\n٢.مراجعات الدروس وحل الواجبات \r\n٣.تقوية\r\n\r\n🚨 *شروط الالتحاق*\r\n١.الرغبه من قبل الطالب والمتابعه من قبل الام في التثبيت\r\n٢.وقت الدرس يجب ان يكون الطالب في مكان هادئ لكي تعم الفائدة \r\n\r\n\r\n*رسوم: \r\nالساعه : ٥ ريال \r\nنص ساعه : ٢.٥٠٠\r\n', '%E2%9C%A8%D8%A7%D8%B9%D9%84%D8%A7%D9%86+%D8%B9%D9%86+%D8%AF%D8%B1%D8%B3+%D8%AE%D8%B5%D9%88%D8%B5%D9%8A+%2A%E2%9C%A8%0D%0A%D9%A1.%D8%AA%D8%B9%D9%84%D9%8A%D9%85+%D8%A7%D9%84%D8%A7%D8%AD%D8%B1%D9%81+%D9%88%D8%A7%D9%84%D9%82%D8%B1%D8%A7%D8%A1%D8%A9+%0D%0A%0D%0A%2A%D9%85%D9%85%D9%8A%D8%B2%D8%A7%D8%AA%3A%0D%0A%D9%A1.%D9%8A%D9%83%D9%88%D9%86+%D9%88%D9%82%D8%AA+%D8%A7%D9%84%D8%AF%D8%B1%D8%B3+%D8%AD%D8%B3%D8%A8+%D8%A7%D9%84%D8%A7%D8%AA%D9%81%D8%A7%D9%82+%D9%85%D9%86+%28+%D8%B3%D8%A7%D8%B9%D9%87+%D8%A7%D9%84%D9%89+%D8%B3%D8%A7%D8%B9%D8%AA%D9%8A%D9%86+%29%0D%0A%D9%A2.%D9%85%D8%B1%D8%A7%D8%AC%D8%B9%D8%A7%D8%AA+%D8%A7%D9%84%D8%AF%D8%B1%D9%88%D8%B3+%D9%88%D8%AD%D9%84+%D8%A7%D9%84%D9%88%D8%A7%D8%AC%D8%A8%D8%A7%D8%AA+%0D%0A%D9%A3.%D8%AA%D9%82%D9%88%D9%8A%D8%A9%0D%0A%0D%0A%F0%9F%9A%A8+%2A%D8%B4%D8%B1%D9%88%D8%B7+%D8%A7%D9%84%D8%A7%D9%84%D8%AA%D8%AD%D8%A7%D9%82%2A%0D%0A%D9%A1.%D8%A7%D9%84%D8%B1%D8%BA%D8%A8%D9%87+%D9%85%D9%86+%D9%82%D8%A8%D9%84+%D8%A7%D9%84%D8%B7%D8%A7%D9%84%D8%A8+%D9%88%D8%A7%D9%84%D9%85%D8%AA%D8%A7%D8%A8%D8%B9%D9%87+%D9%85%D9%86+%D9%82%D8%A8%D9%84+%D8%A7%D9%84%D8%A7%D9%85+%D9%81%D9%8A+%D8%A7%D9%84%D8%AA%D8%AB%D8%A8%D9%8A%D8%AA%0D%0A%D9%A2.%D9%88%D9%82%D8%AA+%D8%A7%D9%84%D8%AF%D8%B1%D8%B3+%D9%8A%D8%AC%D8%A8+%D8%A7%D9%86+%D9%8A%D9%83%D9%88%D9%86+%D8%A7%D9%84%D8%B7%D8%A7%D9%84%D8%A8+%D9%81%D9%8A+%D9%85%D9%83%D8%A7%D9%86+%D9%87%D8%A7%D8%AF%D8%A6+%D9%84%D9%83%D9%8A+%D8%AA%D8%B9%D9%85+%D8%A7%D9%84%D9%81%D8%A7%D8%A6%D8%AF%D8%A9+%0D%0A%0D%0A%0D%0A%2A%D8%B1%D8%B3%D9%88%D9%85%3A+%0D%0A%D8%A7%D9%84%D8%B3%D8%A7%D8%B9%D9%87+%3A+%D9%A5+%D8%B1%D9%8A%D8%A7%D9%84+%0D%0A%D9%86%D8%B5+%D8%B3%D8%A7%D8%B9%D9%87+%3A+%D9%A2.%D9%A5%D9%A0%D9%A0%0D%0A', 1, 104, '0', '', '', '', '', '', '', 0, 0, 0, 0, 0, '', '', 'Hanan', 'yes', 20, '', 'no', '', 81, 1, '', 1, 0, 0, 0, 'draft'),
(73, '✨اعلان عن درس خصوصي *✨\r\n١.تعليم الاحرف والقراءة \r\n\r\n*مميزات:\r\n١.يكون وقت الدرس حسب الاتفاق من ( ساعه الى ساعتين )\r\n٢.مراجعات الدروس وحل الواجبات \r\n٣.تقوية\r\n\r\n🚨 *شروط الالتحاق*\r\n١.الرغبه من قبل الطالب والمتابعه من قبل الام في التثبيت\r\n٢.وقت الدرس يجب ان يكون الطالب في مكان هادئ لكي تعم الفائدة \r\n\r\n\r\n*رسوم: \r\nالساعه : ٥ ريال \r\nنص ساعه : ٢.٥٠٠', '%E2%9C%A8%D8%A7%D8%B9%D9%84%D8%A7%D9%86+%D8%B9%D9%86+%D8%AF%D8%B1%D8%B3+%D8%AE%D8%B5%D9%88%D8%B5%D9%8A+%2A%E2%9C%A8%0D%0A%D9%A1.%D8%AA%D8%B9%D9%84%D9%8A%D9%85+%D8%A7%D9%84%D8%A7%D8%AD%D8%B1%D9%81+%D9%88%D8%A7%D9%84%D9%82%D8%B1%D8%A7%D8%A1%D8%A9+%0D%0A%0D%0A%2A%D9%85%D9%85%D9%8A%D8%B2%D8%A7%D8%AA%3A%0D%0A%D9%A1.%D9%8A%D9%83%D9%88%D9%86+%D9%88%D9%82%D8%AA+%D8%A7%D9%84%D8%AF%D8%B1%D8%B3+%D8%AD%D8%B3%D8%A8+%D8%A7%D9%84%D8%A7%D8%AA%D9%81%D8%A7%D9%82+%D9%85%D9%86+%28+%D8%B3%D8%A7%D8%B9%D9%87+%D8%A7%D9%84%D9%89+%D8%B3%D8%A7%D8%B9%D8%AA%D9%8A%D9%86+%29%0D%0A%D9%A2.%D9%85%D8%B1%D8%A7%D8%AC%D8%B9%D8%A7%D8%AA+%D8%A7%D9%84%D8%AF%D8%B1%D9%88%D8%B3+%D9%88%D8%AD%D9%84+%D8%A7%D9%84%D9%88%D8%A7%D8%AC%D8%A8%D8%A7%D8%AA+%0D%0A%D9%A3.%D8%AA%D9%82%D9%88%D9%8A%D8%A9%0D%0A%0D%0A%F0%9F%9A%A8+%2A%D8%B4%D8%B1%D9%88%D8%B7+%D8%A7%D9%84%D8%A7%D9%84%D8%AA%D8%AD%D8%A7%D9%82%2A%0D%0A%D9%A1.%D8%A7%D9%84%D8%B1%D8%BA%D8%A8%D9%87+%D9%85%D9%86+%D9%82%D8%A8%D9%84+%D8%A7%D9%84%D8%B7%D8%A7%D9%84%D8%A8+%D9%88%D8%A7%D9%84%D9%85%D8%AA%D8%A7%D8%A8%D8%B9%D9%87+%D9%85%D9%86+%D9%82%D8%A8%D9%84+%D8%A7%D9%84%D8%A7%D9%85+%D9%81%D9%8A+%D8%A7%D9%84%D8%AA%D8%AB%D8%A8%D9%8A%D8%AA%0D%0A%D9%A2.%D9%88%D9%82%D8%AA+%D8%A7%D9%84%D8%AF%D8%B1%D8%B3+%D9%8A%D8%AC%D8%A8+%D8%A7%D9%86+%D9%8A%D9%83%D9%88%D9%86+%D8%A7%D9%84%D8%B7%D8%A7%D9%84%D8%A8+%D9%81%D9%8A+%D9%85%D9%83%D8%A7%D9%86+%D9%87%D8%A7%D8%AF%D8%A6+%D9%84%D9%83%D9%8A+%D8%AA%D8%B9%D9%85+%D8%A7%D9%84%D9%81%D8%A7%D8%A6%D8%AF%D8%A9+%0D%0A%0D%0A%0D%0A%2A%D8%B1%D8%B3%D9%88%D9%85%3A+%0D%0A%D8%A7%D9%84%D8%B3%D8%A7%D8%B9%D9%87+%3A+%D9%A5+%D8%B1%D9%8A%D8%A7%D9%84+%0D%0A%D9%86%D8%B5+%D8%B3%D8%A7%D8%B9%D9%87+%3A+%D9%A2.%D9%A5%D9%A0%D9%A0', 1, 104, '0', '', '', '', '', '', '', 0, 0, 0, 0, 0, '', '', 'Hanan', 'yes', 20, '', 'no', '', 81, 1, '', 1, 0, 0, 0, 'draft'),
(74, 'التعليم عن بعد ', '%D8%A7%D9%84%D8%AA%D8%B9%D9%84%D9%8A%D9%85+%D8%B9%D9%86+%D8%A8%D8%B9%D8%AF+', 1, 104, '0', '', '', '', '', '', '', 0, 0, 0, 0, 0, '', '', 'لا يوجد ', 'yes', 20, '', 'no', '', 81, 1, '0', 1, 0, 0, 0, 'draft'),
(75, 'Test', 'test', 1, 104, '0', 'educ-inst-02_1614621811.png', '', '', '', '', '', 0, 0, 0, 0, 0, '\n<p>aa</p>\r\n\r\n\r\n\r\n\r\n\r\n\r\n\r\n\r\n\r\n\r\n\r\n\r\n\r\n\n', '', 'Test', 'no', 0, '', 'no', '', 26, 1, '0', 0, 2, 0, 0, 'deleted'),
(76, '✨اعلان عن درس خصوصي *✨\r\n١.تعليم الاحرف والقراءة \r\n\r\n*مميزات:\r\n١.يكون وقت الدرس حسب الاتفاق من ( ساعه الى ساعتين )\r\n٢.مراجعات الدروس وحل الواجبات \r\n٣.تقوية\r\n\r\n🚨 *شروط الالتحاق*\r\n١.الرغبه من قبل الطالب والمتابعه من قبل الام في التثبيت\r\n٢.وقت الدرس يجب ان يكون الطالب في مكان هادئ لكي تعم الفائدة \r\n\r\n\r\n*رسوم: \r\nالساعه : ٥ ريال \r\nنص ساعه : ٢.٥٠٠.', '%E2%9C%A8%D8%A7%D8%B9%D9%84%D8%A7%D9%86+%D8%B9%D9%86+%D8%AF%D8%B1%D8%B3+%D8%AE%D8%B5%D9%88%D8%B5%D9%8A+%2A%E2%9C%A8%0D%0A%D9%A1.%D8%AA%D8%B9%D9%84%D9%8A%D9%85+%D8%A7%D9%84%D8%A7%D8%AD%D8%B1%D9%81+%D9%88%D8%A7%D9%84%D9%82%D8%B1%D8%A7%D8%A1%D8%A9+%0D%0A%0D%0A%2A%D9%85%D9%85%D9%8A%D8%B2%D8%A7%D8%AA%3A%0D%0A%D9%A1.%D9%8A%D9%83%D9%88%D9%86+%D9%88%D9%82%D8%AA+%D8%A7%D9%84%D8%AF%D8%B1%D8%B3+%D8%AD%D8%B3%D8%A8+%D8%A7%D9%84%D8%A7%D8%AA%D9%81%D8%A7%D9%82+%D9%85%D9%86+%28+%D8%B3%D8%A7%D8%B9%D9%87+%D8%A7%D9%84%D9%89+%D8%B3%D8%A7%D8%B9%D8%AA%D9%8A%D9%86+%29%0D%0A%D9%A2.%D9%85%D8%B1%D8%A7%D8%AC%D8%B9%D8%A7%D8%AA+%D8%A7%D9%84%D8%AF%D8%B1%D9%88%D8%B3+%D9%88%D8%AD%D9%84+%D8%A7%D9%84%D9%88%D8%A7%D8%AC%D8%A8%D8%A7%D8%AA+%0D%0A%D9%A3.%D8%AA%D9%82%D9%88%D9%8A%D8%A9%0D%0A%0D%0A%F0%9F%9A%A8+%2A%D8%B4%D8%B1%D9%88%D8%B7+%D8%A7%D9%84%D8%A7%D9%84%D8%AA%D8%AD%D8%A7%D9%82%2A%0D%0A%D9%A1.%D8%A7%D9%84%D8%B1%D8%BA%D8%A8%D9%87+%D9%85%D9%86+%D9%82%D8%A8%D9%84+%D8%A7%D9%84%D8%B7%D8%A7%D9%84%D8%A8+%D9%88%D8%A7%D9%84%D9%85%D8%AA%D8%A7%D8%A8%D8%B9%D9%87+%D9%85%D9%86+%D9%82%D8%A8%D9%84+%D8%A7%D9%84%D8%A7%D9%85+%D9%81%D9%8A+%D8%A7%D9%84%D8%AA%D8%AB%D8%A8%D9%8A%D8%AA%0D%0A%D9%A2.%D9%88%D9%82%D8%AA+%D8%A7%D9%84%D8%AF%D8%B1%D8%B3+%D9%8A%D8%AC%D8%A8+%D8%A7%D9%86+%D9%8A%D9%83%D9%88%D9%86+%D8%A7%D9%84%D8%B7%D8%A7%D9%84%D8%A8+%D9%81%D9%8A+%D9%85%D9%83%D8%A7%D9%86+%D9%87%D8%A7%D8%AF%D8%A6+%D9%84%D9%83%D9%8A+%D8%AA%D8%B9%D9%85+%D8%A7%D9%84%D9%81%D8%A7%D8%A6%D8%AF%D8%A9+%0D%0A%0D%0A%0D%0A%2A%D8%B1%D8%B3%D9%88%D9%85%3A+%0D%0A%D8%A7%D9%84%D8%B3%D8%A7%D8%B9%D9%87+%3A+%D9%A5+%D8%B1%D9%8A%D8%A7%D9%84+%0D%0A%D9%86%D8%B5+%D8%B3%D8%A7%D8%B9%D9%87+%3A+%D9%A2.%D9%A5%D9%A0%D9%A0.', 1, 104, '0', '', '', '', '', '', '', 0, 0, 0, 0, 0, '', '', 'Hanan', 'yes', 20, '', 'no', '', 81, 1, '', 1, 0, 0, 0, 'draft'),
(77, 'دروس خصوصية لطفل ما قبل المدرسه ', '%D8%AF%D8%B1%D9%88%D8%B3+%D8%AE%D8%B5%D9%88%D8%B5%D9%8A%D8%A9+%D9%84%D8%B7%D9%81%D9%84+%D9%85%D8%A7+%D9%82%D8%A8%D9%84+%D8%A7%D9%84%D9%85%D8%AF%D8%B1%D8%B3%D9%87+', 1, 104, '20', '991487DE-BEAB-49A9-A561-B4262EFF985C_1613462710.png', '', '', '', '', '', 0, 0, 0, 0, 0, '\n<div>&#10024;&#1575;&#1593;&#1604;&#1575;&#1606; &#1593;&#1606; &#1583;&#1585;&#1587; &#1582;&#1589;&#1608;&#1589;&#1610; *&#10024;</div><div>&#1633;.&#1578;&#1593;&#1604;&#1610;&#1605; &#1575;&#1604;&#1575;&#1581;&#1585;&#1601; &#1608;&#1575;&#1604;&#1602;&#1585;&#1575;&#1569;&#1577;&nbsp;</div><div><br></div><div>*&#1605;&#1605;&#1610;&#1586;&#1575;&#1578;:</div><div>&#1633;.&#1610;&#1603;&#1608;&#1606; &#1608;&#1602;&#1578; &#1575;&#1604;&#1583;&#1585;&#1587; &#1581;&#1587;&#1576; &#1575;&#1604;&#1575;&#1578;&#1601;&#1575;&#1602; &#1605;&#1606; ( &#1587;&#1575;&#1593;&#1607; &#1575;&#1604;&#1609; &#1587;&#1575;&#1593;&#1578;&#1610;&#1606; )</div><div>&#1634;.&#1605;&#1585;&#1575;&#1580;&#1593;&#1575;&#1578; &#1575;&#1604;&#1583;&#1585;&#1608;&#1587; &#1608;&#1581;&#1604; &#1575;&#1604;&#1608;&#1575;&#1580;&#1576;&#1575;&#1578;&nbsp;</div><div>&#1635;<span style=\"font-size: 1rem;\">.&#1578;&#1602;&#1608;&#1610;&#1577;</span></div><div>&#1578;&#1593;&#1604;&#1610;&#1605; &#1575;&#1604;&#1602;&#1585;&#1575;&#1569;&#1607; &#1608;&#1575;&#1604;&#1603;&#1578;&#1575;&#1576;&#1607; &#1608;&#1578;&#1581;&#1601;&#1610;&#1592; &#1575;&#1604;&#1602;&#1585;&#1570;&#1606;&nbsp;</div><div>&#128680; *&#1588;&#1585;&#1608;&#1591; &#1575;&#1604;&#1575;&#1604;&#1578;&#1581;&#1575;&#1602;*</div><div>&#1633;.&#1575;&#1604;&#1585;&#1594;&#1576;&#1607; &#1605;&#1606; &#1602;&#1576;&#1604; &#1575;&#1604;&#1591;&#1575;&#1604;&#1576; &#1608;&#1575;&#1604;&#1605;&#1578;&#1575;&#1576;&#1593;&#1607; &#1605;&#1606; &#1602;&#1576;&#1604; &#1575;&#1604;&#1575;&#1605; &#1601;&#1610; &#1575;&#1604;&#1578;&#1579;&#1576;&#1610;&#1578;</div><div>&#1634;.&#1608;&#1602;&#1578; &#1575;&#1604;&#1583;&#1585;&#1587; &#1610;&#1580;&#1576; &#1575;&#1606; &#1610;&#1603;&#1608;&#1606; &#1575;&#1604;&#1591;&#1575;&#1604;&#1576; &#1601;&#1610; &#1605;&#1603;&#1575;&#1606; &#1607;&#1575;&#1583;&#1574; &#1604;&#1603;&#1610; &#1578;&#1593;&#1605; &#1575;&#1604;&#1601;&#1575;&#1574;&#1583;&#1577;&nbsp;</div><div><br></div><div><br></div><div>*&#1585;&#1587;&#1608;&#1605;:&nbsp;</div><div>&#1575;&#1604;&#1587;&#1575;&#1593;&#1607; : &#1637; &#1585;&#1610;&#1575;&#1604;&nbsp;</div><div>&#1606;&#1589; &#1587;&#1575;&#1593;&#1607; : &#1634;.&#1637;&#1632;&#1632;</div>\n', '', 'Hanan', 'yes', 20, '', 'no', '', 81, 1, '0', 1, 0, 0, 2, 'deleted'),
(78, 'دورات تعليمية عن بعد ', '%D8%AF%D9%88%D8%B1%D8%A7%D8%AA+%D8%AA%D8%B9%D9%84%D9%8A%D9%85%D9%8A%D8%A9+%D8%B9%D9%86+%D8%A8%D8%B9%D8%AF+', 1, 104, '5', 'EAD4A357-024F-4765-B92C-B5F1703B01FC_1613495441.png', '', '', '', '', '', 0, 0, 0, 0, 0, '\n<p dir=\"rtl\" class=\"p1\" style=\"margin-right: 0px; margin-bottom: 0px; margin-left: 0px; font-stretch: normal; font-size: 17px; line-height: normal; -webkit-tap-highlight-color: rgba(26, 26, 26, 0.3); -webkit-text-size-adjust: auto;\"><span class=\"s1\">&#10024;</span><span class=\"s2\">&#1575;&#1593;&#1604;&#1575;&#1606;</span><span class=\"s3\">&nbsp;</span><span class=\"s2\">&#1593;&#1606;</span><span class=\"s3\">&nbsp;</span><span class=\"s2\">&#1583;&#1585;&#1587;</span><span class=\"s3\">&nbsp;</span><span class=\"s2\">&#1582;&#1589;&#1608;&#1589;&#1610;</span><span class=\"s3\">&nbsp;*</span><span class=\"s1\">&#10024;</span></p><p dir=\"rtl\" class=\"p1\" style=\"margin-right: 0px; margin-bottom: 0px; margin-left: 0px; font-stretch: normal; font-size: 17px; line-height: normal; -webkit-tap-highlight-color: rgba(26, 26, 26, 0.3); -webkit-text-size-adjust: auto;\"><span class=\"s2\">&#1633;</span><span class=\"s3\">.</span><span class=\"s2\">&#1578;&#1593;&#1604;&#1610;&#1605;</span><span class=\"s3\">&nbsp;</span><span class=\"s2\">&#1575;&#1604;&#1575;&#1581;&#1585;&#1601;</span><span class=\"s3\">&nbsp;</span><span class=\"s2\">&#1608;&#1575;&#1604;&#1602;&#1585;&#1575;&#1569;&#1577;</span><span class=\"s3\">&nbsp;</span></p><p dir=\"rtl\" class=\"p1\" style=\"margin-right: 0px; margin-bottom: 0px; margin-left: 0px; font-stretch: normal; font-size: 17px; line-height: normal; -webkit-tap-highlight-color: rgba(26, 26, 26, 0.3); -webkit-text-size-adjust: auto;\"><span class=\"s3\">*</span><span class=\"s2\">&#1605;&#1605;&#1610;&#1586;&#1575;&#1578;</span><span class=\"s3\">:</span></p><p dir=\"rtl\" class=\"p1\" style=\"margin-right: 0px; margin-bottom: 0px; margin-left: 0px; font-stretch: normal; font-size: 17px; line-height: normal; -webkit-tap-highlight-color: rgba(26, 26, 26, 0.3); -webkit-text-size-adjust: auto;\"><span class=\"s2\">&#1633;</span><span class=\"s3\">.</span><span class=\"s2\">&#1610;&#1603;&#1608;&#1606;</span><span class=\"s3\">&nbsp;</span><span class=\"s2\">&#1608;&#1602;&#1578;</span><span class=\"s3\">&nbsp;</span><span class=\"s2\">&#1575;&#1604;&#1583;&#1585;&#1587;</span><span class=\"s3\">&nbsp;</span><span class=\"s2\">&#1581;&#1587;&#1576;</span><span class=\"s3\">&nbsp;</span><span class=\"s2\">&#1575;&#1604;&#1575;&#1578;&#1601;&#1575;&#1602;</span><span class=\"s3\">&nbsp;</span><span class=\"s2\">&#1605;&#1606;</span><span class=\"s3\">&nbsp;(&nbsp;</span><span class=\"s2\">&#1587;&#1575;&#1593;&#1607;</span><span class=\"s3\">&nbsp;</span><span class=\"s2\">&#1575;&#1604;&#1609;</span><span class=\"s3\">&nbsp;</span><span class=\"s2\">&#1587;&#1575;&#1593;&#1578;&#1610;&#1606;</span><span class=\"s3\">&nbsp;)</span></p><p dir=\"rtl\" class=\"p1\" style=\"margin-right: 0px; margin-bottom: 0px; margin-left: 0px; font-stretch: normal; font-size: 17px; line-height: normal; -webkit-tap-highlight-color: rgba(26, 26, 26, 0.3); -webkit-text-size-adjust: auto;\"><span class=\"s2\">&#1634;</span><span class=\"s3\">.</span><span class=\"s2\">&#1605;&#1585;&#1575;&#1580;&#1593;&#1575;&#1578;</span><span class=\"s3\">&nbsp;</span><span class=\"s2\">&#1575;&#1604;&#1583;&#1585;&#1608;&#1587;</span><span class=\"s3\">&nbsp;</span><span class=\"s2\">&#1608;&#1581;&#1604;</span><span class=\"s3\">&nbsp;</span><span class=\"s2\">&#1575;&#1604;&#1608;&#1575;&#1580;&#1576;&#1575;&#1578;</span><span class=\"s3\">&nbsp;</span></p><p dir=\"rtl\" class=\"p1\" style=\"margin-right: 0px; margin-bottom: 0px; margin-left: 0px; font-stretch: normal; font-size: 17px; line-height: normal; -webkit-tap-highlight-color: rgba(26, 26, 26, 0.3); -webkit-text-size-adjust: auto;\"><span class=\"s2\">&#1635;</span><span class=\"s3\">.</span><span class=\"s2\">&#1578;&#1602;&#1608;&#1610;&#1577;</span></p><p dir=\"rtl\" class=\"p2\" style=\"margin-right: 0px; margin-bottom: 0px; margin-left: 0px; font-stretch: normal; font-size: 17px; line-height: normal; min-height: 20.3px; -webkit-tap-highlight-color: rgba(26, 26, 26, 0.3); -webkit-text-size-adjust: auto;\"><span class=\"s3\"></span><br></p><p dir=\"rtl\" class=\"p1\" style=\"margin-right: 0px; margin-bottom: 0px; margin-left: 0px; font-stretch: normal; font-size: 17px; line-height: normal; -webkit-tap-highlight-color: rgba(26, 26, 26, 0.3); -webkit-text-size-adjust: auto;\"><span class=\"s1\">&#128680;</span><span class=\"s3\">&nbsp;*</span><span class=\"s2\">&#1588;&#1585;&#1608;&#1591;</span><span class=\"s3\">&nbsp;</span><span class=\"s2\">&#1575;&#1604;&#1575;&#1604;&#1578;&#1581;&#1575;&#1602;</span><span class=\"s3\">*</span></p><p dir=\"rtl\" class=\"p1\" style=\"margin-right: 0px; margin-bottom: 0px; margin-left: 0px; font-stretch: normal; font-size: 17px; line-height: normal; -webkit-tap-highlight-color: rgba(26, 26, 26, 0.3); -webkit-text-size-adjust: auto;\"><span class=\"s2\">&#1633;</span><span class=\"s3\">.</span><span class=\"s2\">&#1575;&#1604;&#1585;&#1594;&#1576;&#1607;</span><span class=\"s3\">&nbsp;</span><span class=\"s2\">&#1605;&#1606;</span><span class=\"s3\">&nbsp;</span><span class=\"s2\">&#1602;&#1576;&#1604;</span><span class=\"s3\">&nbsp;</span><span class=\"s2\">&#1575;&#1604;&#1591;&#1575;&#1604;&#1576;</span><span class=\"s3\">&nbsp;</span><span class=\"s2\">&#1608;&#1575;&#1604;&#1605;&#1578;&#1575;&#1576;&#1593;&#1607;</span><span class=\"s3\">&nbsp;</span><span class=\"s2\">&#1605;&#1606;</span><span class=\"s3\">&nbsp;</span><span class=\"s2\">&#1602;&#1576;&#1604;</span><span class=\"s3\">&nbsp;</span><span class=\"s2\">&#1575;&#1604;&#1575;&#1605;</span><span class=\"s3\">&nbsp;</span><span class=\"s2\">&#1601;&#1610;</span><span class=\"s3\">&nbsp;</span><span class=\"s2\">&#1575;&#1604;&#1578;&#1579;&#1576;&#1610;&#1578;</span></p><p dir=\"rtl\" class=\"p1\" style=\"margin-right: 0px; margin-bottom: 0px; margin-left: 0px; font-stretch: normal; font-size: 17px; line-height: normal; -webkit-tap-highlight-color: rgba(26, 26, 26, 0.3); -webkit-text-size-adjust: auto;\"><span class=\"s2\">&#1634;</span><span class=\"s3\">.</span><span class=\"s2\">&#1608;&#1602;&#1578;</span><span class=\"s3\">&nbsp;</span><span class=\"s2\">&#1575;&#1604;&#1583;&#1585;&#1587;</span><span class=\"s3\">&nbsp;</span><span class=\"s2\">&#1610;&#1580;&#1576;</span><span class=\"s3\">&nbsp;</span><span class=\"s2\">&#1575;&#1606;</span><span class=\"s3\">&nbsp;</span><span class=\"s2\">&#1610;&#1603;&#1608;&#1606;</span><span class=\"s3\">&nbsp;</span><span class=\"s2\">&#1575;&#1604;&#1591;&#1575;&#1604;&#1576;</span><span class=\"s3\">&nbsp;</span><span class=\"s2\">&#1601;&#1610;</span><span class=\"s3\">&nbsp;</span><span class=\"s2\">&#1605;&#1603;&#1575;&#1606;</span><span class=\"s3\">&nbsp;</span><span class=\"s2\">&#1607;&#1575;&#1583;&#1574;</span><span class=\"s3\">&nbsp;</span><span class=\"s2\">&#1604;&#1603;&#1610;</span><span class=\"s3\">&nbsp;</span><span class=\"s2\">&#1578;&#1593;&#1605;</span><span class=\"s3\">&nbsp;</span><span class=\"s2\">&#1575;&#1604;&#1601;&#1575;&#1574;&#1583;&#1577;</span><span class=\"s3\">&nbsp;</span></p>\n', '', 'Hanan', 'yes', 20, '', 'no', '', 81, 1, '0', 1, 0, 0, 687, 'active'),
(79, 'تدريس الطفل م قبل المدرسه ', '%D8%AA%D8%AF%D8%B1%D9%8A%D8%B3+%D8%A7%D9%84%D8%B7%D9%81%D9%84+%D9%85+%D9%82%D8%A8%D9%84+%D8%A7%D9%84%D9%85%D8%AF%D8%B1%D8%B3%D9%87+', 1, 104, '0', '', '', '', '', '', '', 0, 0, 0, 0, 0, '', '', 'تدريس_عن بعذ', 'no', 0, '', 'no', '', 72, 1, '', 1, 2, 0, 0, 'draft'),
(80, 'تدريس الطفل ما قبل المدرسه ', '%D8%AA%D8%AF%D8%B1%D9%8A%D8%B3+%D8%A7%D9%84%D8%B7%D9%81%D9%84+%D9%85%D8%A7+%D9%82%D8%A8%D9%84+%D8%A7%D9%84%D9%85%D8%AF%D8%B1%D8%B3%D9%87+', 1, 104, '0', '', '', '', '', '', '', 0, 0, 0, 0, 0, '', '', 'تدريس _عن بعد ', 'no', 0, '', 'no', '', 72, 1, '', 1, 2, 0, 0, 'draft'),
(81, 'تدريس طفل ما قبل المدرسه', '%D8%AA%D8%AF%D8%B1%D9%8A%D8%B3+%D8%B7%D9%81%D9%84+%D9%85%D8%A7+%D9%82%D8%A8%D9%84+%D8%A7%D9%84%D9%85%D8%AF%D8%B1%D8%B3%D9%87', 1, 104, '0', '', '', '', '', '', '', 0, 0, 0, 0, 0, '', '', 'تدريس_عن بعد ', 'no', 0, '', 'no', '', 72, 1, '0', 1, 2, 0, 0, 'draft'),
(82, 'التدريس عن بعد ', '%D8%A7%D9%84%D8%AA%D8%AF%D8%B1%D9%8A%D8%B3+%D8%B9%D9%86+%D8%A8%D8%B9%D8%AF+', 1, 104, '0', '', '', '', '', '', '', 0, 0, 0, 0, 0, '', '', 'تدريس_عن بعد', 'no', 0, '', 'no', '', 72, 1, '', 1, 2, 0, 0, 'draft'),
(83, 'الترجمه ', '%D8%A7%D9%84%D8%AA%D8%B1%D8%AC%D9%85%D9%87+', 3, 107, '0', '', '', '', '', '', '', 0, 0, 0, 0, 0, '\n<p>&#1575;&#1604;&#1578;&#1585;&#1580;&#1605;&#1607;&nbsp;</p>\n', 'النص بتفصيل ', 'الترجمه ', 'no', 0, '', 'no', '', 72, 1, '0', 1, 2, 0, 0, 'draft'),
(84, 'test1', 'test1', 1, 104, '1', 'educ-inst-02_1614368583.png', '', '', '', '', '', 0, 0, 0, 0, 0, '\n<p>dccdcd</p>\r\n\r\n\r\n\n', '', 'test', 'no', 0, '', 'no', '', 26, 1, '1', 0, 2, 0, 0, 'deleted'),
(85, 'تدريس عن بعد', '%D8%AA%D8%AF%D8%B1%D9%8A%D8%B3+%D8%B9%D9%86+%D8%A8%D8%B9%D8%AF', 1, 104, '0', '', '', '', '', '', '', 0, 0, 0, 0, 0, '', '', 'تدريس-بعد ', 'no', 0, '', 'no', '', 72, 1, '', 1, 2, 0, 0, 'draft'),
(86, 'test2', 'test2', 2, 118, '15', 'educ-inst-02_1614624375.png', '', '', '', '', '', 0, 0, 0, 0, 0, '\n<p>aaaa</p>\r\n\r\n\r\n\r\n\r\n\r\n\r\n\r\n\r\n\r\n\r\n\n', '', 'aa', 'no', 0, '', 'no', '', 26, 1, '0', 0, 2, 0, 0, 'deleted'),
(87, 'test3', 'test3', 1, 104, '2', 'educ-inst-01_1614631764.png', '', '', '', '', '', 0, 0, 0, 0, 0, '\n<p>aaa</p>\r\n\r\n\n', '', 'aaa', 'no', 0, '', 'no', '', 26, 1, '0', 0, 2, 0, 0, 'deleted'),
(88, 'التدريس ماده العلوم ', '%D8%A7%D9%84%D8%AA%D8%AF%D8%B1%D9%8A%D8%B3+%D9%85%D8%A7%D8%AF%D9%87+%D8%A7%D9%84%D8%B9%D9%84%D9%88%D9%85+', 1, 104, '0', '', '', '', '', '', '', 0, 0, 0, 0, 0, '', '', 'ماده_العلوم', 'no', 0, '', 'no', '', 72, 1, '0', 1, 2, 0, 0, 'draft'),
(89, 'تدريس ماده العلوم', '%D8%AA%D8%AF%D8%B1%D9%8A%D8%B3+%D9%85%D8%A7%D8%AF%D9%87+%D8%A7%D9%84%D8%B9%D9%84%D9%88%D9%85', 1, 104, '0', '', '', '', '', '', '', 0, 0, 0, 0, 0, '\n<p>&#1604;&#1583;&#1610; 5 &#1587;&#1606;&#1608;&#1575;&#1578; &#1582;&#1576;&#1585;&#1607; &#1601;&#1610; &#1575;&#1604;&#1578;&#1583;&#1585;&#1610;&#1587; &#1608;&#1582;&#1576;&#1585;&#1607; &#1601;&#1587; &#1605;&#1580;&#1575;&#1604; &#1575;&#1604;&#1593;&#1604;&#1608;&#1605; &#1608;&#1588;&#1607;&#1575;&#1583;&#1607; &#1576;&#1603;&#1604;&#1575;&#1585;&#1610;&#1608;&#1587;&nbsp;</p>\n', '', 'تدريس_ماده العلوم', 'no', 0, '', 'no', '', 72, 1, '0', 1, 2, 0, 0, 'draft'),
(90, 'تدريس مادة اللغة الإنجليزية', '%D8%AA%D8%AF%D8%B1%D9%8A%D8%B3+%D9%85%D8%A7%D8%AF%D8%A9+%D8%A7%D9%84%D9%84%D8%BA%D8%A9+%D8%A7%D9%84%D8%A5%D9%86%D8%AC%D9%84%D9%8A%D8%B2%D9%8A%D8%A9', 1, 104, '0', '', '', '', '', '', '', 0, 0, 0, 0, 0, '', '', 'تدريس مادة العلوم  ', 'no', 0, '', 'no', '', 94, 1, '', 1, 0, 0, 0, 'draft'),
(91, 'تدريس ماده اللغة العربيه', '%D8%AA%D8%AF%D8%B1%D9%8A%D8%B3+%D9%85%D8%A7%D8%AF%D9%87+%D8%A7%D9%84%D9%84%D8%BA%D8%A9+%D8%A7%D9%84%D8%B9%D8%B1%D8%A8%D9%8A%D9%87', 1, 104, '0', '', '', '', '', '', '', 0, 0, 0, 0, 0, '', '', 'تدريس ماده اللغة العربية', 'no', 0, '', 'no', '', 96, 1, '', 1, 0, 0, 0, 'draft'),
(92, 'تدريس ماده اللغه العربيه', '%D8%AA%D8%AF%D8%B1%D9%8A%D8%B3+%D9%85%D8%A7%D8%AF%D9%87+%D8%A7%D9%84%D9%84%D8%BA%D9%87+%D8%A7%D9%84%D8%B9%D8%B1%D8%A8%D9%8A%D9%87', 1, 104, '0', '', '', '', '', '', '', 0, 0, 0, 0, 0, '', '', 'تدريس اللغه العربيه', 'no', 0, '', 'no', '', 96, 1, '', 1, 0, 0, 0, 'draft'),
(93, 'ادرس ماده اللغه العربيه', '%D8%A7%D8%AF%D8%B1%D8%B3+%D9%85%D8%A7%D8%AF%D9%87+%D8%A7%D9%84%D9%84%D8%BA%D9%87+%D8%A7%D9%84%D8%B9%D8%B1%D8%A8%D9%8A%D9%87', 1, 104, '0', '٢٠١٩٠٢١٧_٢٠٥٩٤٥_1615298596.png', '', '', '', '', '', 0, 0, 0, 0, 0, '\n<p>&#1582;&#1576;&#1585;&#1577; &#1633;&#1637; &#1587;&#1606;&#1607;. &#1581;&#1575;&#1589;&#1604;&#1607; &#1593;&#1604;&#1610; &#1576;&#1603;&#1575;&#1604;&#1608;&#1585;&#1610;&#1608;&#1587; &#1575;&#1604;&#1604;&#1594;&#1607; &#1575;&#1604;&#1593;&#1585;&#1576;&#1610;&#1607; &#1608;&#1575;&#1604;&#1575;&#1587;&#1604;&#1575;&#1605;&#1610;&#1607;. &#1578;&#1593;&#1605;&#1604; &#1605;&#1593;&#1604;&#1605;&#1607; &#1605;&#1580;&#1575;&#1604; &#1575;&#1608;&#1604; &#1601;&#1610; &#1605;&#1583;&#1585;&#1587;&#1607; &#1581;&#1603;&#1608;&#1605;&#1610; &#1589;&#1576;&#1575;&#1581;&#1575; &#1608;&#1605;&#1593;&#1604;&#1605;&#1607; &#1604;&#1594;&#1607; &#1593;&#1585;&#1576;&#1610;&#1607; &#1601;&#1610; &#1605;&#1583;&#1585;&#1587;&#1607; &#1575;&#1604;&#1605;&#1589;&#1585;&#1610;&#1607; &#1575;&#1604;&#1575;&#1604;&#1603;&#1578;&#1585;&#1608;&#1606;&#1610;&#1607;evs &#1593;&#1606;&#1583;&#1610; &#1602;&#1606;&#1575;&#1607; &#1578;&#1593;&#1604;&#1610;&#1605;&#1607; &#1593;&#1604;&#1610; &#1610;&#1578;&#1608;&#1610;&#1608;&#1576; &#1575;&#1587;&#1605;&#1607;&#1575; &#1605;&#1593; &#1610;&#1575;&#1587;&#1605;&#1610;&#1606; &#1593;&#1585;&#1576;&#1610;</p>\n', '', 'تدريس اللغه العربيه', 'no', 0, '', 'no', '', 96, 1, '0', 1, 0, 0, 764, 'active'),
(94, 'تدريس مادة الرياضيات', '%D8%AA%D8%AF%D8%B1%D9%8A%D8%B3+%D9%85%D8%A7%D8%AF%D8%A9+%D8%A7%D9%84%D8%B1%D9%8A%D8%A7%D8%B6%D9%8A%D8%A7%D8%AA', 1, 104, '0', '', '', '', '', '', '', 0, 0, 0, 0, 0, '\n<p>&nbsp;&#1604;&#1583;&#1610;&nbsp; 5&#1587;&#1606;&#1608;&#1575;&#1578; &#1582;&#1576;&#1585;&#1577; &#1601;&#1575;&#1604;&#1578;&#1583;&#1585;&#1610;&#1587; &#1608;&#1582;&#1576;&#1585;&#1577; &#1601;&#1610; &#1605;&#1580;&#1575;&#1604; &#1575;&#1604;&#1585;&#1610;&#1575;&#1590;&#1610;&#1575;&#1578; &#1608;&#1588;&#1607;&#1575;&#1583;&#1577; &#1575;&#1604;&#1576;&#1603;&#1575;&#1604;&#1608;&#1585;&#1610;&#1608;&#1587;</p>\n', '', 'تدريس مادة الرياضيات', 'no', 0, '', 'no', '', 99, 1, '0', 1, 0, 0, 0, 'draft'),
(95, 'تدريس الرياضيات', '%D8%AA%D8%AF%D8%B1%D9%8A%D8%B3+%D8%A7%D9%84%D8%B1%D9%8A%D8%A7%D8%B6%D9%8A%D8%A7%D8%AA', 1, 104, '0', '', '', '', '', '', '', 0, 0, 0, 0, 0, '\n<p>&#1582;&#1576;&#1585;&#1577;&nbsp; 5 &#1587;&#1606;&#1608;&#1575;&#1578; &#1601;&#1575;&#1604;&#1578;&#1583;&#1585;&#1610;&#1587; &#1608;&#1605;&#1580;&#1575;&#1604; &#1575;&#1604;&#1585;&#1610;&#1575;&#1590;&#1610;&#1575;&#1578; &#1608;&#1588;&#1607;&#1575;&#1583;&#1577; &#1575;&#1604;&#1576;&#1603;&#1575;&#1604;&#1608;&#1585;&#1610;&#1608;&#1587;</p>\n', '', 'تدريس الرياضيات', 'no', 0, '', 'no', '', 99, 1, '0', 1, 0, 0, 0, 'draft'),
(96, 'تدريس من رياض الأطفال إلى الصف الثاني', '%D8%AA%D8%AF%D8%B1%D9%8A%D8%B3+%D9%85%D9%86+%D8%B1%D9%8A%D8%A7%D8%B6+%D8%A7%D9%84%D8%A3%D8%B7%D9%81%D8%A7%D9%84+%D8%A5%D9%84%D9%89+%D8%A7%D9%84%D8%B5%D9%81+%D8%A7%D9%84%D8%AB%D8%A7%D9%86%D9%8A', 1, 104, '0', 'teacher_1615378794.png', '', '', '', '', '', 0, 0, 0, 0, 0, '\n<p>&#1582;&#1576;&#1585;&#1607; &#1587;&#1606;&#1578;&#1610;&#1606; &#1601;&#1610; &#1578;&#1583;&#1585;&#1610;&#1587; &#1585;&#1610;&#1575;&#1590; &#1575;&#1604;&#1575;&#1591;&#1601;&#1575;&#1604;</p><p>&#1578;&#1571;&#1607;&#1610;&#1604; &#1578;&#1585;&#1576;&#1608;&#1610; &#1604;&#1585;&#1610;&#1575;&#1590; &#1575;&#1604;&#1575;&#1591;&#1601;&#1575;&#1604;</p>\n', '', 'تدريس_رياض_اطفال_صف١_صف٢', 'no', 0, '', 'no', '', 101, 1, '0', 1, 0, 0, 639, 'active'),
(97, 'تدريس مادة المهارات الحياتية ', '%D8%AA%D8%AF%D8%B1%D9%8A%D8%B3+%D9%85%D8%A7%D8%AF%D8%A9+%D8%A7%D9%84%D9%85%D9%87%D8%A7%D8%B1%D8%A7%D8%AA+%D8%A7%D9%84%D8%AD%D9%8A%D8%A7%D8%AA%D9%8A%D8%A9+', 1, 104, '0', '', '', '', '', '', '', 0, 0, 0, 0, 0, '', '', 'تدريس مادة المهارات الحياتية ', 'no', 0, '', 'no', '', 102, 1, '', 1, 0, 0, 0, 'draft'),
(98, 'تدريس مادة الرياضيات \r\nتدريس مادة تقنية المعلومات', '%D8%AA%D8%AF%D8%B1%D9%8A%D8%B3+%D9%85%D8%A7%D8%AF%D8%A9+%D8%A7%D9%84%D8%B1%D9%8A%D8%A7%D8%B6%D9%8A%D8%A7%D8%AA+%0D%0A%D8%AA%D8%AF%D8%B1%D9%8A%D8%B3+%D9%85%D8%A7%D8%AF%D8%A9+%D8%AA%D9%82%D9%86%D9%8A%D8%A9+%D8%A7%D9%84%D9%85%D8%B9%D9%84%D9%88%D9%85%D8%A7%D8%AA', 1, 104, '0', '', '', '', '', '', '', 0, 0, 0, 0, 0, '', '', 'تدريس', 'no', 0, '', 'no', '', 103, 1, '', 1, 0, 0, 0, 'draft'),
(99, 'تدريس مادة الرياضيات ', '%D8%AA%D8%AF%D8%B1%D9%8A%D8%B3+%D9%85%D8%A7%D8%AF%D8%A9+%D8%A7%D9%84%D8%B1%D9%8A%D8%A7%D8%B6%D9%8A%D8%A7%D8%AA+', 1, 104, '0', '', '', '', '', '', '', 0, 0, 0, 0, 0, '\n<p>&#1582;&#1576;&#1585;&#1577; &#1601;&#1610; &#1605;&#1580;&#1575;&#1604; &#1575;&#1604;&#1578;&#1583;&#1585;&#1610;&#1587; &#1636; &#1587;&#1606;&#1608;&#1575;&#1578;.. &#1583;&#1585;&#1587;&#1578; &#1601;&#1610; &#1575;&#1604;&#1580;&#1575;&#1605;&#1593;&#1577; &#1604;&#1605;&#1583;&#1577; &#1638; &#1587;&#1606;&#1608;&#1575;&#1578; &#1578;&#1582;&#1589;&#1589; &#1607;&#1606;&#1583;&#1587;&#1577;&nbsp;</p>\n', '', 'تدريس_مادة رياضيات', 'no', 0, '', 'no', '', 104, 1, '0', 1, 2, 0, 0, 'draft'),
(100, 'تصآميم الوَعد💜💻\r\n أوفر لگم خدمه تصميم كلاً من :\r\n- بوسترات \r\n- اعلانات\r\n- دعوات الزفاف\r\n-بزنس كارد\r\n- ثيمات \r\n- شعارات\r\n- توقيع \r\n-دعوات اعياد الميلاد\r\nوغيرهآ الگثير ', '%D8%AA%D8%B5%D8%A2%D9%85%D9%8A%D9%85+%D8%A7%D9%84%D9%88%D9%8E%D8%B9%D8%AF%F0%9F%92%9C%F0%9F%92%BB%0D%0A+%D8%A3%D9%88%D9%81%D8%B1+%D9%84%DA%AF%D9%85+%D8%AE%D8%AF%D9%85%D9%87+%D8%AA%D8%B5%D9%85%D9%8A%D9%85+%D9%83%D9%84%D8%A7%D9%8B+%D9%85%D9%86+%3A%0D%0A-+%D8%A8%D9%88%D8%B3%D8%AA%D8%B1%D8%A7%D8%AA+%0D%0A-+%D8%A7%D8%B9%D9%84%D8%A7%D9%86%D8%A7%D8%AA%0D%0A-+%D8%AF%D8%B9%D9%88%D8%A7%D8%AA+%D8%A7%D9%84%D8%B2%D9%81%D8%A7%D9%81%0D%0A-%D8%A8%D8%B2%D9%86%D8%B3+%D9%83%D8%A7%D8%B1%D8%AF%0D%0A-+%D8%AB%D9%8A%D9%85%D8%A7%D8%AA+%0D%0A-+%D8%B4%D8%B9%D8%A7%D8%B1%D8%A7%D8%AA%0D%0A-+%D8%AA%D9%88%D9%82%D9%8A%D8%B9+%0D%0A-%D8%AF%D8%B9%D9%88%D8%A7%D8%AA+%D8%A7%D8%B9%D9%8A%D8%A7%D8%AF+%D8%A7%D9%84%D9%85%D9%8A%D9%84%D8%A7%D8%AF%0D%0A%D9%88%D8%BA%D9%8A%D8%B1%D9%87%D8%A2+%D8%A7%D9%84%DA%AF%D8%AB%D9%8A%D8%B1+', 6, 112, '0', '', '', '', '', '', '', 0, 0, 0, 0, 0, '\n<p><span style=\"font-family: Roboto;\">&#1602;&#1576;&#1604; &#1573;&#1593;&#1578;&#1605;&#1575;&#1583; &#1591;&#1604;&#1576; &#1575;&#1604;&#1578;&#1589;&#1605;&#1610;&#1605;&nbsp;</span></p><p><span style=\"font-family: Roboto;\">&#1610;&#1585;&#1580;&#1609; &nbsp;&#1575;&#1593;&#1591;&#1575;&#1574;&#1610; &#1580;&#1605;&#1610;&#1593; &#1578;&#1601;&#1575;&#1589;&#1610;&#1604; &#1575;&#1604;&#1578;&#1589;&#1605;&#1610;&#1605;&nbsp;</span></p><p><br></p>\r\n\n', '- عزيزي المشتري يُرجى إعطائي جميع تفاصيل التصميم من الالوان وغيرهآ إن وجدت 💜.\r\n- كما أنه يمكنني أن اقوم بتعديل على التصميم بعد تسليمه للمشترى مرتين أو ثلاث مرات فقط !\r\n\r\n💻💜وعد الحبسي', '#تصاميم_الوعد ', 'no', 0, '', 'no', '', 106, 1, '0', 1, 2, 0, 0, 'draft'),
(101, 'تصآميم الوعد \r\nأوفر لگم خدمة تصميم كُلاً من :\r\n- البوسترات \r\n- الإعلانات\r\n- الثيمات\r\n- شعارات\r\n- تصميم دعوه زفاف\r\n- تصميم تهنئه العيد ويوم الميلاد\r\n-بزنس كارد \r\nوغيرهآ الكثير', '%D8%AA%D8%B5%D8%A2%D9%85%D9%8A%D9%85+%D8%A7%D9%84%D9%88%D8%B9%D8%AF+%0D%0A%D8%A3%D9%88%D9%81%D8%B1+%D9%84%DA%AF%D9%85+%D8%AE%D8%AF%D9%85%D8%A9+%D8%AA%D8%B5%D9%85%D9%8A%D9%85+%D9%83%D9%8F%D9%84%D8%A7%D9%8B+%D9%85%D9%86+%3A%0D%0A-+%D8%A7%D9%84%D8%A8%D9%88%D8%B3%D8%AA%D8%B1%D8%A7%D8%AA+%0D%0A-+%D8%A7%D9%84%D8%A5%D8%B9%D9%84%D8%A7%D9%86%D8%A7%D8%AA%0D%0A-+%D8%A7%D9%84%D8%AB%D9%8A%D9%85%D8%A7%D8%AA%0D%0A-+%D8%B4%D8%B9%D8%A7%D8%B1%D8%A7%D8%AA%0D%0A-+%D8%AA%D8%B5%D9%85%D9%8A%D9%85+%D8%AF%D8%B9%D9%88%D9%87+%D8%B2%D9%81%D8%A7%D9%81%0D%0A-+%D8%AA%D8%B5%D9%85%D9%8A%D9%85+%D8%AA%D9%87%D9%86%D8%A6%D9%87+%D8%A7%D9%84%D8%B9%D9%8A%D8%AF+%D9%88%D9%8A%D9%88%D9%85+%D8%A7%D9%84%D9%85%D9%8A%D9%84%D8%A7%D8%AF%0D%0A-%D8%A8%D8%B2%D9%86%D8%B3+%D9%83%D8%A7%D8%B1%D8%AF+%0D%0A%D9%88%D8%BA%D9%8A%D8%B1%D9%87%D8%A2+%D8%A7%D9%84%D9%83%D8%AB%D9%8A%D8%B1', 6, 112, '0', '0E1D831E-C651-4514-B9D0-EF4B9FC47FBC_1615640714.png', '', '', '', '', '', 0, 0, 0, 0, 0, '\n<p>&#1605;&#1589;&#1605;&#1605;&#1577; &#1601;&#1608;&#1578;&#1608;&#1588;&#1576; &#1584;&#1575;&#1578; &#1582;&#1576;&#1585;&#1577; &#128156;&#128187;</p>\n', 'عزيزي العميل \r\nقبل تاكيد الطلب يرجى اخباري بجميع تفاصيل التصميم من المقاسات والالوان   إذا كنت تريد مقاس ولون معين 💻💜.\r\n', '#تصاميم_الوعد', 'no', 0, '', 'no', '', 106, 1, '0', 1, 2, 0, 5, 'deleted'),
(102, 'تدريس مادة العربي ', '%D8%AA%D8%AF%D8%B1%D9%8A%D8%B3+%D9%85%D8%A7%D8%AF%D8%A9+%D8%A7%D9%84%D8%B9%D8%B1%D8%A8%D9%8A+', 1, 104, '0', '', '', '', '', '', '', 0, 0, 0, 0, 0, '\n<p>&#1582;&#1576;&#1585;&#1577; &#1601;&#1610; &#1605;&#1580;&#1575;&#1604; &#1578;&#1583;&#1585;&#1610;&#1587; &#1591;&#1604;&#1575;&#1576; &#1605;&#1575; &#1602;&#1576;&#1604; &#1575;&#1604;&#1605;&#1583;&#1585;&#1587;&#1577; &#1637; &#1587;&#1606;&#1608;&#1575;&#1578;... &#1588;&#1607;&#1575;&#1583;&#1577; &#1576;&#1603;&#1575;&#1604;&#1608;&#1585;&#1610;&#1608;&#1587; &#1578;&#1582;&#1589;&#1589; &#1588;&#1576;&#1603;&#1575;&#1578;.. &#1582;&#1576;&#1585;&#1577; &#1578;&#1583;&#1585;&#1610;&#1587; &#1605;&#1575;&#1583;&#1577; &#1575;&#1604;&#1581;&#1575;&#1587;&#1608;&#1576; &#1604;&#1604;&#1589;&#1601;&#1608;&#1601; (&#1633;_&#1636;) &#1587;&#1606;&#1577;&nbsp;&nbsp;</p>\n', 'خبرة التدريس عن بعد فترة كرونا و إغلاق  المدارس لرياض الأطفال لمدة شهرين ', 'تدريس_عربي', 'no', 0, '', 'no', '', 107, 1, '0', 1, 0, 0, 0, 'draft'),
(103, 'أنا سوف اقوم بتدريس ماده الحاسوب وتجهيز الفيديوهات ', '%D8%A3%D9%86%D8%A7+%D8%B3%D9%88%D9%81+%D8%A7%D9%82%D9%88%D9%85+%D8%A8%D8%AA%D8%AF%D8%B1%D9%8A%D8%B3+%D9%85%D8%A7%D8%AF%D9%87+%D8%A7%D9%84%D8%AD%D8%A7%D8%B3%D9%88%D8%A8+%D9%88%D8%AA%D8%AC%D9%87%D9%8A%D8%B2+%D8%A7%D9%84%D9%81%D9%8A%D8%AF%D9%8A%D9%88%D9%87%D8%A7%D8%AA+', 1, 104, '0', '', '', '', '', '', '', 0, 0, 0, 0, 0, '', '', 'ماده الحاسوب ', 'no', 0, '', 'no', '', 113, 1, '', 1, 0, 0, 0, 'draft'),
(104, 'تقديم دروس عن بعد، في مادة (هذا وطني 11) ومادة(العالم من حولي)', '%D8%AA%D9%82%D8%AF%D9%8A%D9%85+%D8%AF%D8%B1%D9%88%D8%B3+%D8%B9%D9%86+%D8%A8%D8%B9%D8%AF%D8%8C+%D9%81%D9%8A+%D9%85%D8%A7%D8%AF%D8%A9+%28%D9%87%D8%B0%D8%A7+%D9%88%D8%B7%D9%86%D9%8A+11%29+%D9%88%D9%85%D8%A7%D8%AF%D8%A9%28%D8%A7%D9%84%D8%B9%D8%A7%D9%84%D9%85+%D9%85%D9%86+%D8%AD%D9%88%D9%84%D9%8A%29', 1, 104, '5', 'hadha-watani_1615838168.png', '1170189704q1.JPG_1615838227.png', '', '', '', '', 0, 0, 0, 0, 0, '\n<p>...</p>\n', '', '5', 'no', 0, '', 'no', '0', 110, 1, '0', 1, 2, 0, 485, 'active'),
(105, 'تدريس مادة التربيه الاسلاميه احكام التجويد', '%D8%AA%D8%AF%D8%B1%D9%8A%D8%B3+%D9%85%D8%A7%D8%AF%D8%A9+%D8%A7%D9%84%D8%AA%D8%B1%D8%A8%D9%8A%D9%87+%D8%A7%D9%84%D8%A7%D8%B3%D9%84%D8%A7%D9%85%D9%8A%D9%87+%D8%A7%D8%AD%D9%83%D8%A7%D9%85+%D8%A7%D9%84%D8%AA%D8%AC%D9%88%D9%8A%D8%AF', 1, 104, '0', '', '', '', '', '', '', 0, 0, 0, 0, 0, '', '', 'تدريس مادة التربيه الاسلاميه واحكام التجويد', 'no', 0, '', 'no', '', 119, 1, '0', 1, 0, 0, 0, 'draft'),
(106, 'تدريس مادة التربيه الاسلاميه واحكام التجويد', '%D8%AA%D8%AF%D8%B1%D9%8A%D8%B3+%D9%85%D8%A7%D8%AF%D8%A9+%D8%A7%D9%84%D8%AA%D8%B1%D8%A8%D9%8A%D9%87+%D8%A7%D9%84%D8%A7%D8%B3%D9%84%D8%A7%D9%85%D9%8A%D9%87+%D9%88%D8%A7%D8%AD%D9%83%D8%A7%D9%85+%D8%A7%D9%84%D8%AA%D8%AC%D9%88%D9%8A%D8%AF', 1, 104, '0', '', '', '', '', '', '', 0, 0, 0, 0, 0, '\n<p>&#1581;&#1575;&#1589;&#1604;&#1607; &#1593;&#1604;&#1609; &#1583;&#1576;&#1604;&#1608;&#1605; &#1593;&#1604;&#1608;&#1605; &#1588;&#1585;&#1593;&#1610;&#1607; &#1608;&#1604;&#1583;&#1610; &#1582;&#1576;&#1585;&#1607; &#1579;&#1604;&#1575;&#1579; &#1587;&#1606;&#1608;&#1575;&#1578; &#1601; &#1578;&#1593;&#1604;&#1610;&#1605; &#1575;&#1581;&#1603;&#1575;&#1605; &#1575;&#1604;&#1578;&#1580;&#1608;&#1610;&#1583; &#1608;&#1578;&#1581;&#1601;&#1610;&#1592; &#1575;&#1604;&#1602;&#1585;&#1575;&#1606;</p>\n', '', 'تدريس مادة التربيه الاسلاميه واحكام التحويد', 'no', 0, '', 'no', '', 119, 1, '0', 1, 0, 0, 0, 'draft'),
(107, 'تدريس مادة اللغة الانجليزية ', '%D8%AA%D8%AF%D8%B1%D9%8A%D8%B3+%D9%85%D8%A7%D8%AF%D8%A9+%D8%A7%D9%84%D9%84%D8%BA%D8%A9+%D8%A7%D9%84%D8%A7%D9%86%D8%AC%D9%84%D9%8A%D8%B2%D9%8A%D8%A9+', 1, 104, '0', '', '', '', '', '', '', 0, 0, 0, 0, 0, '', '', 'تدريس مادة اللغة انجليزية', 'no', 0, '', 'no', '', 94, 1, '', 1, 0, 0, 0, 'draft'),
(108, 'تدريس مادة اللغة انجليزية', '%D8%AA%D8%AF%D8%B1%D9%8A%D8%B3+%D9%85%D8%A7%D8%AF%D8%A9+%D8%A7%D9%84%D9%84%D8%BA%D8%A9+%D8%A7%D9%86%D8%AC%D9%84%D9%8A%D8%B2%D9%8A%D8%A9', 1, 104, '0', '', '', '', '', '', '', 0, 0, 0, 0, 0, '', '', 'تدريس مادة انجليزي ', 'no', 0, '', 'no', '', 94, 1, '', 1, 0, 0, 0, 'draft'),
(109, 'تدريس مادة انجليزي', '%D8%AA%D8%AF%D8%B1%D9%8A%D8%B3+%D9%85%D8%A7%D8%AF%D8%A9+%D8%A7%D9%86%D8%AC%D9%84%D9%8A%D8%B2%D9%8A', 1, 104, '0', 'Good-luck-noteVallarta-scaled_1616325500.png', '', '', '', '', '', 0, 0, 0, 0, 0, '\n<p>- &#1604;&#1583;&#1610; &#1582;&#1576;&#1585;&#1577; &#1601;&#1610; &#1588;&#1585;&#1581; &#1575;&#1604;&#1583;&#1585;&#1608;&#1587; &#1593;&#1606; &#1576;&#1593;&#1583; &#1571;&#1608; &#1608;&#1590;&#1593; &#1583;&#1608;&#1585;&#1575;&#1578; &#1604;&#1571;&#1603;&#1579;&#1585; &#1605;&#1606; 4 &#1587;&#1606;&#1608;&#1575;&#1578;&nbsp;</p><p>- &#1581;&#1585;&#1610;&#1580;&#1577; &#1576;&#1603;&#1575;&#1604;&#1608;&#1585;&#1610;&#1608;&#1587; &#1575;&#1604;&#1604;&#1594;&#1577; &#1575;&#1606;&#1580;&#1604;&#1610;&#1586;&#1610;&#1577; &#1608; &#1575;&#1604;&#1578;&#1585;&#1580;&#1605;&#1577;&nbsp;</p><p>- &#1588;&#1607;&#1575;&#1583;&#1577; &#1582;&#1576;&#1585;&#1575;&#1578; &#1601;&#1610; &#1605;&#1580;&#1575;&#1604; &#1575;&#1604;&#1578;&#1583;&#1585;&#1610;&#1587; &#1604;&#1605;&#1582;&#1578;&#1604;&#1601; &#1575;&#1604;&#1601;&#1574;&#1575;&#1578; &#1575;&#1604;&#1593;&#1605;&#1585;&#1610;&#1577; &#1608; &#1571;&#1610;&#1590;&#1575; &#1575;&#1604;&#1605;&#1608;&#1592;&#1601;&#1610;&#1606; .&nbsp;</p><p><span style=\"font-size: 1rem;\">&nbsp;&#1588;&#1607;&#1575;&#1583;&#1575;&#1578; &#1605;&#1588;&#1575;&#1585;&#1603;&#1577; &#1601;&#1610; &#1605;&#1582;&#1578;&#1604;&#1601; &#1575;&#1604;&#1605;&#1580;&#1575;&#1604;&#1575;&#1578;&nbsp;</span></p>\n', '', 'تدريس مادة انجليزي', 'no', 0, '', 'no', '', 94, 1, '0', 1, 0, 0, 682, 'active'),
(110, 'اقوم بدورات عن بعد للصف الأول في في مادة احب لغتي وديني حياتي والانجلش والرياضيات مع تدريب مكثف في القراءة والكتابه وحفظ سور القرآن', '%D8%A7%D9%82%D9%88%D9%85+%D8%A8%D8%AF%D9%88%D8%B1%D8%A7%D8%AA+%D8%B9%D9%86+%D8%A8%D8%B9%D8%AF+%D9%84%D9%84%D8%B5%D9%81+%D8%A7%D9%84%D8%A3%D9%88%D9%84+%D9%81%D9%8A+%D9%81%D9%8A+%D9%85%D8%A7%D8%AF%D8%A9+%D8%A7%D8%AD%D8%A8+%D9%84%D8%BA%D8%AA%D9%8A+%D9%88%D8%AF%D9%8A%D9%86%D9%8A+%D8%AD%D9%8A%D8%A7%D8%AA%D9%8A+%D9%88%D8%A7%D9%84%D8%A7%D9%86%D8%AC%D9%84%D8%B4+%D9%88%D8%A7%D9%84%D8%B1%D9%8A%D8%A7%D8%B6%D9%8A%D8%A7%D8%AA+%D9%85%D8%B9+%D8%AA%D8%AF%D8%B1%D9%8A%D8%A8+%D9%85%D9%83%D8%AB%D9%81+%D9%81%D9%8A+%D8%A7%D9%84%D9%82%D8%B1%D8%A7%D8%A1%D8%A9+%D9%88%D8%A7%D9%84%D9%83%D8%AA%D8%A7%D8%A8%D9%87+%D9%88%D8%AD%D9%81%D8%B8+%D8%B3%D9%88%D8%B1+%D8%A7%D9%84%D9%82%D8%B1%D8%A2%D9%86', 1, 104, '0', '', '', '', '', '', '', 0, 0, 0, 0, 0, '', '', 'يومين ف الاسبوع في كل مادة ساعه واحده ', 'no', 0, '', 'no', '', 127, 1, '', 1, 2, 0, 0, 'draft'),
(111, 'لدي الامكانيه في تصميم فيديوهات \r\nلدي الامكانية بقيام دورات تعليميه للصف الاول في مادة الانجلش والرياضات ', '%D9%84%D8%AF%D9%8A+%D8%A7%D9%84%D8%A7%D9%85%D9%83%D8%A7%D9%86%D9%8A%D9%87+%D9%81%D9%8A+%D8%AA%D8%B5%D9%85%D9%8A%D9%85+%D9%81%D9%8A%D8%AF%D9%8A%D9%88%D9%87%D8%A7%D8%AA+%0D%0A%D9%84%D8%AF%D9%8A+%D8%A7%D9%84%D8%A7%D9%85%D9%83%D8%A7%D9%86%D9%8A%D8%A9+%D8%A8%D9%82%D9%8A%D8%A7%D9%85+%D8%AF%D9%88%D8%B1%D8%A7%D8%AA+%D8%AA%D8%B9%D9%84%D9%8A%D9%85%D9%8A%D9%87+%D9%84%D9%84%D8%B5%D9%81+%D8%A7%D9%84%D8%A7%D9%88%D9%84+%D9%81%D9%8A+%D9%85%D8%A7%D8%AF%D8%A9+%D8%A7%D9%84%D8%A7%D9%86%D8%AC%D9%84%D8%B4+%D9%88%D8%A7%D9%84%D8%B1%D9%8A%D8%A7%D8%B6%D8%A7%D8%AA+', 1, 104, '0', '', '', '', '', '', '', 0, 0, 0, 0, 0, '', '', 'يومين في الاسبوع ويوم واحد للمراجعه', 'no', 0, '', 'no', '', 127, 1, '', 1, 2, 0, 0, 'draft'),
(112, 'يا هلا بأصدقائي الصغار سوف اقوم بتعليمكم عن بعد مع المتعه في فهم الدروس وذلك في مادة اللغة الانجليزيه واحب لغتي ', '%D9%8A%D8%A7+%D9%87%D9%84%D8%A7+%D8%A8%D8%A3%D8%B5%D8%AF%D9%82%D8%A7%D8%A6%D9%8A+%D8%A7%D9%84%D8%B5%D8%BA%D8%A7%D8%B1+%D8%B3%D9%88%D9%81+%D8%A7%D9%82%D9%88%D9%85+%D8%A8%D8%AA%D8%B9%D9%84%D9%8A%D9%85%D9%83%D9%85+%D8%B9%D9%86+%D8%A8%D8%B9%D8%AF+%D9%85%D8%B9+%D8%A7%D9%84%D9%85%D8%AA%D8%B9%D9%87+%D9%81%D9%8A+%D9%81%D9%87%D9%85+%D8%A7%D9%84%D8%AF%D8%B1%D9%88%D8%B3+%D9%88%D8%B0%D9%84%D9%83+%D9%81%D9%8A+%D9%85%D8%A7%D8%AF%D8%A9+%D8%A7%D9%84%D9%84%D8%BA%D8%A9+%D8%A7%D9%84%D8%A7%D9%86%D8%AC%D9%84%D9%8A%D8%B2%D9%8A%D9%87+%D9%88%D8%A7%D8%AD%D8%A8+%D9%84%D8%BA%D8%AA%D9%8A+', 1, 104, '020', '6C6C9035-22E5-4C83-A82A-B5C58D33E629_1616606899.png', '', '', '', '', '', 0, 0, 0, 0, 0, '\n<p>&#1588;&#1585;&#1581; &#1583;&#1585;&#1608;&#1587; &#1575;&#1604;&#1605;&#1608;&#1575;&#1583; &#1576;&#1591;&#1585;&#1610;&#1602;&#1577; &#1605;&#1576;&#1587;&#1591;&#1607; &#1604;&#1578;&#1587;&#1607;&#1610;&#1604; &#1604;&#1604;&#1591;&#1575;&#1604;&#1576; &#1575;&#1604;&#1581;&#1601;&#1592; &#1608;&#1575;&#1604;&#1601;&#1607;&#1605;<span style=\'font-family: \"Helvetica Neue\";\'>&#65279;</span><span style=\'font-family: \"Lucida Grande\";\'>&#65279;</span><span style=\"font-family: Helvetica;\">&#65279;</span><span style=\"font-family: -apple-system;\">&#65279;</span><span style=\'font-family: \"Courier New\";\'>&#65279;</span></p>\r\n\n', '', 'يومين في الاسبوع ويوم للمراجعه', 'no', 0, '', 'no', '', 127, 3, '2', 1, 2, 0, 355, 'active'),
(113, 'أقدم أستشارات نفسية في القلق والضغوطات وتنظيم الوقت', '%D8%A3%D9%82%D8%AF%D9%85+%D8%A3%D8%B3%D8%AA%D8%B4%D8%A7%D8%B1%D8%A7%D8%AA+%D9%86%D9%81%D8%B3%D9%8A%D8%A9+%D9%81%D9%8A+%D8%A7%D9%84%D9%82%D9%84%D9%82+%D9%88%D8%A7%D9%84%D8%B6%D8%BA%D9%88%D8%B7%D8%A7%D8%AA+%D9%88%D8%AA%D9%86%D8%B8%D9%8A%D9%85+%D8%A7%D9%84%D9%88%D9%82%D8%AA', 4, 110, '0', 'D0l0x3dY_1616910625.png', '', '', '', '', '', 0, 0, 0, 0, 0, '\n<p>&#1582;&#1585;&#1610;&#1580;&#1577; &#1576;&#1603;&#1575;&#1604;&#1608;&#1585;&#1610;&#1608;&#1587; &#1593;&#1604;&#1605; &#1606;&#1601;&#1587;&nbsp;</p><p>&#1605;&#1585;&#1588;&#1583;&#1577; &#1591;&#1604;&#1575;&#1576;&#1610;&#1577; &#1601;&#1610; &#1571;&#1581;&#1583; &#1575;&#1604;&#1580;&#1575;&#1605;&#1593;&#1575;&#1578; &#1576;&#1575;&#1604;&#1587;&#1604;&#1591;&#1606;&#1577;</p><p>&#1582;&#1576;&#1585;&#1577; &#1601;&#1610; &#1575;&#1604;&#1578;&#1593;&#1575;&#1605;&#1604; &#1605;&#1593; &#1575;&#1604;&#1591;&#1604;&#1575;&#1576; &#1608;&#1601;&#1610; &#1575;&#1604;&#1575;&#1587;&#1578;&#1588;&#1575;&#1585;&#1575;&#1578; &#1575;&#1604;&#1591;&#1604;&#1575;&#1576;&#1610;&#1577;</p><p>&#1582;&#1576;&#1585;&#1577; &#1601;&#1610; &#1575;&#1604;&#1578;&#1593;&#1575;&#1605;&#1604; &#1605;&#1593; &#1571;&#1591;&#1601;&#1575;&#1604; &#1575;&#1604;&#1578;&#1608;&#1581;&#1583; &#1608;&#1575;&#1604;&#1605;&#1578;&#1604;&#1575;&#1586;&#1605;&#1575;&#1578; &#1608;&#1601;&#1610; &#1593;&#1605;&#1604; &#1580;&#1604;&#1587;&#1575;&#1578; &#1578;&#1593;&#1583;&#1610;&#1604; &#1575;&#1604;&#1587;&#1604;&#1608;&#1603; &#1608;&#1578;&#1602;&#1583;&#1610;&#1605; &#1575;&#1604;&#1575;&#1587;&#1578;&#1588;&#1575;&#1585;&#1575;&#1578;</p>\r\n\r\n\n', 'لابد أن يعطي العميل معلوماته الأوليه للمستشار النفسي \r\nوهناك ضمانات يقدمها المستشار أن جميع معلوماته سرية ولن يسمح لأي فرد بالإطلاع عليها بدون مشورته', 'استشارات_نفسية ,تنظيم_الوقت,تخلص_من_القلق', 'no', 0, '', 'no', '', 129, 1, '0', 1, 2, 0, 499, 'active'),
(114, 'أقدم استشارة لأولياء الامور الذين لديهم أطفال يعانوا من اعاقة مثل التوحد او أحد المتلازمات', '%D8%A3%D9%82%D8%AF%D9%85+%D8%A7%D8%B3%D8%AA%D8%B4%D8%A7%D8%B1%D8%A9+%D9%84%D8%A3%D9%88%D9%84%D9%8A%D8%A7%D8%A1+%D8%A7%D9%84%D8%A7%D9%85%D9%88%D8%B1+%D8%A7%D9%84%D8%B0%D9%8A%D9%86+%D9%84%D8%AF%D9%8A%D9%87%D9%85+%D8%A3%D8%B7%D9%81%D8%A7%D9%84+%D9%8A%D8%B9%D8%A7%D9%86%D9%88%D8%A7+%D9%85%D9%86+%D8%A7%D8%B9%D8%A7%D9%82%D8%A9+%D9%85%D8%AB%D9%84+%D8%A7%D9%84%D8%AA%D9%88%D8%AD%D8%AF+%D8%A7%D9%88+%D8%A3%D8%AD%D8%AF+%D8%A7%D9%84%D9%85%D8%AA%D9%84%D8%A7%D8%B2%D9%85%D8%A7%D8%AA', 4, 110, '0', '', '', '', '', '', '', 0, 0, 0, 0, 0, '', '', 'أطفال_التوحد,أطفال_المتلازمات,متلازمة_داون,استشارات_لولي_الامر', 'no', 0, '', 'no', '', 129, 1, '', 1, 2, 0, 0, 'draft'),
(115, 'اقدم استشارات نفسيه في مختلف المجالات مثل تعديل السلوك واستشارات زوجيه ', '%D8%A7%D9%82%D8%AF%D9%85+%D8%A7%D8%B3%D8%AA%D8%B4%D8%A7%D8%B1%D8%A7%D8%AA+%D9%86%D9%81%D8%B3%D9%8A%D9%87+%D9%81%D9%8A+%D9%85%D8%AE%D8%AA%D9%84%D9%81+%D8%A7%D9%84%D9%85%D8%AC%D8%A7%D9%84%D8%A7%D8%AA+%D9%85%D8%AB%D9%84+%D8%AA%D8%B9%D8%AF%D9%8A%D9%84+%D8%A7%D9%84%D8%B3%D9%84%D9%88%D9%83+%D9%88%D8%A7%D8%B3%D8%AA%D8%B4%D8%A7%D8%B1%D8%A7%D8%AA+%D8%B2%D9%88%D8%AC%D9%8A%D9%87+', 4, 110, '0', '', '', '', '', '', '', 0, 0, 0, 0, 0, '', '', 'إستشارات نفسية_', 'no', 0, '', 'no', '', 130, 1, '0', 1, 1, 0, 0, 'draft'),
(116, 'إستشارة نفسية', '%D8%A5%D8%B3%D8%AA%D8%B4%D8%A7%D8%B1%D8%A9+%D9%86%D9%81%D8%B3%D9%8A%D8%A9', 4, 110, '0', '', '', '', '', '', '', 0, 0, 0, 0, 0, '\n<p>&#1573;&#1587;&#1578;&#1588;&#1575;&#1585;&#1577; &#1606;&#1601;&#1587;&#1610;&#1577;<br></p>\n', '', 'إستشارة نفسية', 'no', 0, '', 'no', '', 26, 1, '0', 0, 2, 0, 0, 'deleted'),
(117, 'تدريس اللغة انجليزية', '%D8%AA%D8%AF%D8%B1%D9%8A%D8%B3+%D8%A7%D9%84%D9%84%D8%BA%D8%A9+%D8%A7%D9%86%D8%AC%D9%84%D9%8A%D8%B2%D9%8A%D8%A9', 1, 104, '0', '', '', '', '', '', '', 0, 0, 0, 0, 0, '', '', 'تدريس- مادة اللغة انجليزية', 'no', 0, '', 'no', '', 94, 1, '', 1, 0, 0, 0, 'draft'),
(118, 'انا سوف اقدم استشارات تربوية', '%D8%A7%D9%86%D8%A7+%D8%B3%D9%88%D9%81+%D8%A7%D9%82%D8%AF%D9%85+%D8%A7%D8%B3%D8%AA%D8%B4%D8%A7%D8%B1%D8%A7%D8%AA+%D8%AA%D8%B1%D8%A8%D9%88%D9%8A%D8%A9', 11, 108, '0', '', '', '', '', '', '', 0, 0, 0, 0, 0, '', '', 'نصراء', 'no', 0, '', 'no', '', 134, 1, '', 1, 0, 0, 0, 'draft'),
(119, 'استشارات ودورات تدريبية', '%D8%A7%D8%B3%D8%AA%D8%B4%D8%A7%D8%B1%D8%A7%D8%AA+%D9%88%D8%AF%D9%88%D8%B1%D8%A7%D8%AA+%D8%AA%D8%AF%D8%B1%D9%8A%D8%A8%D9%8A%D8%A9', 4, 110, '0', '', '', '', '', '', '', 0, 0, 0, 0, 0, '', '', 'استشارات_دورات تدريبية', 'no', 0, '', 'no', '', 135, 1, '', 1, 2, 0, 0, 'draft'),
(120, 'استشارات تربوية ', '%D8%A7%D8%B3%D8%AA%D8%B4%D8%A7%D8%B1%D8%A7%D8%AA+%D8%AA%D8%B1%D8%A8%D9%88%D9%8A%D8%A9+', 11, 108, '0', 'image_1619854843.png', '', '', '', '', '', 0, 0, 0, 0, 0, '\n<p>&#1604;&#1583;&#1610; &#1582;&#1576;&#1585;&#1577; &#1604;&#1571;&#1603;&#1579;&#1585; &#1605;&#1606; &#1633;&#1634; &#1587;&#1606;&#1577; &#1601;&#1610; &#1575;&#1604;&#1593;&#1605;&#1604; &#1603;&#1573;&#1582;&#1589;&#1575;&#1574;&#1610; &#1575;&#1580;&#1578;&#1605;&#1575;&#1593;&#1610;&nbsp;</p><p>&#1581;&#1575;&#1589;&#1604;&#1577; &#1593;&#1604;&#1609; &#1588;&#1607;&#1575;&#1583;&#1577; &#1576;&#1603;&#1575;&#1604;&#1608;&#1585;&#1610;&#1608;&#1587; &#1601;&#1610; &#1593;&#1604;&#1605; &#1575;&#1604;&#1575;&#1580;&#1578;&#1605;&#1575;&#1593;</p><p>&#1602;&#1583;&#1605;&#1578; &#1575;&#1604;&#1593;&#1583;&#1610;&#1583; &#1605;&#1606; &#1575;&#1604;&#1583;&#1608;&#1585;&#1575;&#1578; &#1601;&#1610; &#1575;&#1604;&#1581;&#1575;&#1580;&#1575;&#1578; &#1575;&#1604;&#1606;&#1601;&#1587;&#1610;&#1577; &#1604;&#1604;&#1575;&#1591;&#1601;&#1575;&#1604; &#1608;&#1583;&#1608;&#1585;&#1577; &#1601;&#1610; &#1575;&#1604;&#1593;&#1589;&#1576;&#1610;&#1577; &#1608;&#1570;&#1579;&#1575;&#1585;&#1607;&#1575; &#1608;&#1583;&#1608;&#1585;&#1577; &#1601;&#1610; &#1578;&#1602;&#1583;&#1610;&#1585; &#1575;&#1604;&#1584;&#1575;&#1578; &#1608;&#1583;&#1608;&#1585;&#1577; &#1576;&#1593;&#1606;&#1608;&#1575;&#1606; &#1571;&#1605;&#1607;&#1575;&#1578; &#1585;&#1575;&#1574;&#1593;&#1575;&#1578;&nbsp;</p><p>&#1588;&#1575;&#1585;&#1603;&#1578; &#1601;&#1610; &#1575;&#1604;&#1593;&#1583;&#1610;&#1583; &#1605;&#1606; &#1575;&#1604;&#1605;&#1588;&#1575;&#1585;&#1610;&#1593; &#1603;&#1605;&#1588;&#1585;&#1608;&#1593; &#1576;&#1602;&#1583;&#1585;&#1575;&#1578;&#1610; &#1575;&#1576;&#1606;&#1610; &#1584;&#1575;&#1578;&#1610; &#1608;&#1605;&#1588;&#1585;&#1608;&#1593; &#1575;&#1604;&#1605;&#1587;&#1575;&#1606;&#1583;&#1577; &#1575;&#1604;&#1575;&#1587;&#1585;&#1610;&#1577; &#1608;&#1604;&#1583;&#1610; &#1582;&#1576;&#1585;&#1577; &#1601;&#1610; &#1578;&#1602;&#1583;&#1610;&#1605; &#1575;&#1604;&#1575;&#1587;&#1578;&#1588;&#1575;&#1585;&#1575;&#1578; &#1575;&#1604;&#1587;&#1604;&#1608;&#1603;&#1610;&#1577; &#1608;&#1575;&#1604;&#1578;&#1593;&#1604;&#1610;&#1605;&#1610;&#1577; &#1608;&#1575;&#1604;&#1578;&#1585;&#1576;&#1608;&#1610;&#1577; &#1608;&#1575;&#1604;&#1575;&#1587;&#1585;&#1610;&#1577; &#1601;&#1610; &#1575;&#1603;&#1575;&#1583;&#1610;&#1605;&#1610;&#1577; &#1575;&#1604;&#1578;&#1605;&#1603;&#1610;&#1606;</p>\n', '', 'استشارات-تربوية', 'no', 0, '', 'no', '', 134, 1, '0', 1, 0, 0, 599, 'active'),
(121, 'استشارات ودورات', '%D8%A7%D8%B3%D8%AA%D8%B4%D8%A7%D8%B1%D8%A7%D8%AA+%D9%88%D8%AF%D9%88%D8%B1%D8%A7%D8%AA', 4, 110, '0', '', '', '', '', '', '', 0, 0, 0, 0, 0, '\n<p>&#1576;&#1603;&#1575;&#1604;&#1608;&#1585;&#1610;&#1608;&#1587; &#1582;&#1583;&#1605;&#1577; &#1575;&#1580;&#1578;&#1605;&#1575;&#1593;&#1610;&#1577;&nbsp; _</p><p>&nbsp; &#1575;&#1582;&#1589;&#1575;&#1574;&#1610;&#1577; &#1575;&#1580;&#1578;&#1605;&#1575;&#1593;&#1610;&#1607; _&#1582;&#1576;&#1585;&#1577; &#1605;&#1606; 2008</p><p>_ &#1605;&#1583;&#1585;&#1576;&#1577; &#1605;&#1593;&#1578;&#1605;&#1583;&#1577; &#1605;&#1606; &#1575;&#1604;&#1580;&#1575;&#1605;&#1593;&#1577; &#1575;&#1604;&#1576;&#1585;&#1610;&#1591;&#1575;&#1606;&#1610;&#1577; &#1604;&#1575;&#1593;&#1578;&#1605;&#1575;&#1583; &#1575;&#1604;&#1578;&#1583;&#1585;&#1610;&#1576;&nbsp;</p><p>_ &#1605;&#1583;&#1585;&#1576;&#1577; &#1608;&#1575;&#1587;&#1578;&#1588;&#1575;&#1585;&#1610;&#1607; &#1601;&#1610; &#1605;&#1607;&#1575;&#1585;&#1575;&#1578; &#1575;&#1604;&#1602;&#1610;&#1575;&#1583;&#1577; &#1576;&#1575;&#1604;&#1603;&#1575;&#1585;&#1610;&#1586;&#1605;&#1575; &#1576;&#1585;&#1582;&#1589;&#1577; &#1583;&#1608;&#1604;&#1610;&#1577; &#1605;&#1593;&#1578;&#1605;&#1583;&#1607; &#1605;&#1606; &#1575;&#1604;&#1605;&#1593;&#1607;&#1583; &#1575;&#1604;&#1575;&#1605;&#1585;&#1610;&#1603;&#1610; &#1604;&#1604;&#1602;&#1610;&#1575;&#1583;&#1577;.</p><p>_ &#1605;&#1583;&#1585;&#1576;&#1577; &#1604;&#1576;&#1585;&#1606;&#1575;&#1605;&#1580; &#1601;&#1608;&#1575;&#1589;&#1604; &#1575;&#1604;&#1578;&#1575;&#1576;&#1593; &#1604;&#1605;&#1572;&#1587;&#1587;&#1577; &#1605;&#1610;&#1606;&#1578;&#1608;&#1585; &#1575;&#1604;&#1593;&#1585;&#1576;&#1610;&#1577; .</p><p>_ &#1605;&#1605;&#1575;&#1585;&#1587;&#1577; &#1605;&#1593;&#1578;&#1605;&#1583;&#1577; &#1604;&#1578;&#1602;&#1606;&#1610;&#1577; &#1575;&#1604;&#1593;&#1604;&#1575;&#1580; &#1576;&#1581;&#1602;&#1608;&#1604; &#1575;&#1604;&#1578;&#1601;&#1603;&#1610;&#1585;&nbsp;</p><p>_ &#1605;&#1605;&#1575;&#1585;&#1587;&#1577; &#1605;&#1593;&#1578;&#1605;&#1583;&#1577; &#1604;&#1578;&#1602;&#1606;&#1610;&#1577; &#1575;&#1604;&#1587;&#1575;&#1610;&#1603;&#1610; &#1604;&#1576;&#1585;&#1605;&#1580;&#1577; &#1575;&#1604;&#1593;&#1602;&#1604; &#1575;&#1604;&#1576;&#1575;&#1591;&#1606;.&nbsp;</p><p>_&#1605;&#1593;&#1575;&#1604;&#1580; &#1576;&#1605;&#1587;&#1575;&#1585;&#1575;&#1578; &#1575;&#1604;&#1608;&#1593;&#1610; &#1604;&#1601;&#1578;&#1581; &#1605;&#1587;&#1575;&#1585;&#1575;&#1578; &#1575;&#1604;&#1591;&#1575;&#1602;&#1577;</p>\n', '', 'استشارات_دورات', 'no', 0, '', 'no', '', 135, 1, '0', 1, 2, 0, 0, 'draft'),
(122, 'استشارة تربية خاصه ', '%D8%A7%D8%B3%D8%AA%D8%B4%D8%A7%D8%B1%D8%A9+%D8%AA%D8%B1%D8%A8%D9%8A%D8%A9+%D8%AE%D8%A7%D8%B5%D9%87+', 2, 105, '0', '', '', '', '', '', '', 0, 0, 0, 0, 0, '', '', 'استشارة_تربية_خاصه', 'no', 0, '', 'no', '', 136, 1, '0', 1, 0, 0, 0, 'draft'),
(123, 'استشارات اضطربات النطق تربية خاصة ', '%D8%A7%D8%B3%D8%AA%D8%B4%D8%A7%D8%B1%D8%A7%D8%AA+%D8%A7%D8%B6%D8%B7%D8%B1%D8%A8%D8%A7%D8%AA+%D8%A7%D9%84%D9%86%D8%B7%D9%82+%D8%AA%D8%B1%D8%A8%D9%8A%D8%A9+%D8%AE%D8%A7%D8%B5%D8%A9+', 2, 105, '0', '', '', '', '', '', '', 0, 0, 0, 0, 0, '', '', 'استشارة_تربية_خاصه', 'no', 0, '', 'no', '', 136, 1, '', 1, 0, 0, 0, 'draft'),
(124, 'تقديم استشارات نفسية ', '%D8%AA%D9%82%D8%AF%D9%8A%D9%85+%D8%A7%D8%B3%D8%AA%D8%B4%D8%A7%D8%B1%D8%A7%D8%AA+%D9%86%D9%81%D8%B3%D9%8A%D8%A9+', 4, 110, '0', '', '', '', '', '', '', 0, 0, 0, 0, 0, '', '', 'استشارات_نفسية', 'no', 0, '', 'no', '', 132, 1, '', 1, 0, 0, 0, 'draft');
INSERT INTO `proposals` (`proposal_id`, `proposal_title`, `proposal_url`, `proposal_cat_id`, `proposal_child_id`, `proposal_price`, `proposal_img1`, `proposal_img2`, `proposal_img3`, `proposal_img4`, `proposal_video_type`, `proposal_video`, `proposal_img1_s3`, `proposal_img2_s3`, `proposal_img3_s3`, `proposal_img4_s3`, `proposal_video_s3`, `proposal_desc`, `buyer_instruction`, `proposal_tags`, `proposal_enable_referrals`, `proposal_referral_money`, `proposal_referral_code`, `proposal_featured`, `proposal_toprated`, `proposal_seller_id`, `delivery_id`, `proposal_revisions`, `level_id`, `language_id`, `proposal_rating`, `proposal_views`, `proposal_status`) VALUES
(125, 'تقديم استشارات نفسية', '%D8%AA%D9%82%D8%AF%D9%8A%D9%85+%D8%A7%D8%B3%D8%AA%D8%B4%D8%A7%D8%B1%D8%A7%D8%AA+%D9%86%D9%81%D8%B3%D9%8A%D8%A9', 4, 110, '0', '', '', '', '', '', '', 0, 0, 0, 0, 0, '\n<p>&#1604;&#1583;&#1610; &#1638; &#1587;&#1606;&#1608;&#1575;&#1578; &#1582;&#1576;&#1585;&#1607; &#1601;&#1610; &#1575;&#1604;&#1575;&#1587;&#1578;&#1588;&#1575;&#1585;&#1575;&#1578; &#1575;&#1604;&#1606;&#1601;&#1587;&#1610;&#1577; &#1575;&#1604;&#1605;&#1583;&#1585;&#1587;&#1610;&#1577; &#1581;&#1575;&#1589;&#1604;&#1607; &#1593;&#1604;&#1609; &#1576;&#1603;&#1575;&#1604;&#1608;&#1585;&#1610;&#1608;&#1587; &#1593;&#1604;&#1605; &#1606;&#1601;&#1587; &#1608;&#1605;&#1575;&#1580;&#1587;&#1578;&#1610;&#1585; &#1593;&#1604;&#1605; &#1606;&#1601;&#1587; &#1578;&#1585;&#1576;&#1608;&#1610;</p>\n', '', 'استشارات_نفسية', 'no', 0, '', 'no', '', 132, 1, '0', 1, 0, 0, 0, 'draft'),
(126, 'استشارات نفسيه ', '%D8%A7%D8%B3%D8%AA%D8%B4%D8%A7%D8%B1%D8%A7%D8%AA+%D9%86%D9%81%D8%B3%D9%8A%D9%87+', 4, 110, '26', 'Marital-3-e1562000533160_1620459512.png', '', '', '', '', '', 0, 0, 0, 0, 0, '\n<p>&#1605;&#1575;&#1580;&#1587;&#1578;&#1610;&#1585; &#1601;&#1610; &#1575;&#1604;&#1575;&#1585;&#1588;&#1575;&#1583; &#1575;&#1604;&#1606;&#1601;&#1587;&#1610; &#1580;&#1575;&#1605;&#1593;&#1607; &#1606;&#1586;&#1608;&#1609;&nbsp;</p><p>&#1576;&#1603;&#1575;&#1604;&#1585;&#1610;&#1608;&#1587; &#1593;&#1604;&#1605; &#1606;&#1601;&#1587; &#1580;&#1575;&#1605;&#1593;&#1607; &#1576;&#1610;&#1585;&#1608;&#1578;&nbsp;</p><p>&#1578;&#1602;&#1583;&#1610;&#1605; &#1575;&#1604;&#1575;&#1587;&#1578;&#1588;&#1575;&#1585;&#1575;&#1578; &#1593;&#1606; &#1591;&#1585;&#1610;&#1602; google mate&nbsp;</p><p>&#1575;&#1604;&#1585;&#1587;&#1575;&#1574;&#1604;&nbsp;</p><p>&#1575;&#1604;&#1575;&#1578;&#1589;&#1575;&#1604; &#1575;&#1604;&#1607;&#1575;&#1578;&#1601;&#1610;&nbsp;</p><p><span style=\"font-size: 1rem;\">&#1575;&#1604;&#1575;&#1587;&#1593;&#1575;&#1585; &#1578;&#1582;&#1578;&#1604;&#1601; &#1605;&#1606; &#1608;&#1587;&#1610;&#1604;&#1577; &#1604;&#1575;&#1582;&#1585;&#1609;&nbsp;</span></p><p><span style=\"font-size: 1rem;\">&#1575;&#1604;&#1575;&#1587;&#1593;&#1575;&#1585; &#1578;&#1576;&#1583;&#1575; &#1605;&#1606; 10 &#1585;&#1610;&#1575;&#1604; &#1601;&#1602;&#1591;&nbsp;<br></span><br></p>\n', '', 'استشارات_نفسيه ', 'no', 0, '', 'no', '', 137, 2, '7', 1, 0, 0, 494, 'active'),
(127, 'aa', 'aa', 1, 116, '0', '', '', '', '', '', '', 0, 0, 0, 0, 0, '', '', 'aa', 'no', 0, '', 'no', '', 26, 1, '', 0, 2, 0, 0, 'deleted'),
(128, 'test', 'test', 1, 117, '0', '', '', '', '', '', '', 0, 0, 0, 0, 0, '', '', 'test', 'no', 0, '', 'no', '', 79, 1, '', 1, 0, 0, 0, 'deleted'),
(129, 'test2', 'test2', 1, 117, '0', '', '', '', '', '', '', 0, 0, 0, 0, 0, '', '', 'test', 'no', 0, '', 'no', '', 79, 1, '', 1, 0, 0, 0, 'draft'),
(130, 'test meet', 'test-meet', 1, 117, '1', 'board-meeting-banner_1646758414.png', '', '', '', '', '', 0, 0, 0, 0, 0, '\n<p>first test meet</p>\r\n\n', '', 'test', 'no', 0, '', 'no', '', 26, 3, '', 0, 2, 0, 6, 'deleted'),
(131, 'Consultation 01', 'consultation-01', 2, 118, '5', 'board-meeting-banner_1646842443.png', '', '', '', '', '', 0, 0, 0, 0, 0, '\n<p>Online consultations are different from remote consultations</p>\n', '', 'test', 'no', 0, '', 'no', '', 26, 3, '', 0, 2, 0, 284, 'active'),
(132, 'test propale', 'test-propale', 4, 120, '0', 'board-meeting-banner_1646843621.png', '', '', '', '', '', 0, 0, 0, 0, 0, '\n<p><span style=\'color: rgb(51, 51, 51); font-family: \"Open Sans\", sans-serif;\'>test test</span><span style=\'color: rgb(51, 51, 51); font-family: \"Open Sans\", sans-serif; font-size: 1rem;\'>test test</span><span style=\'color: rgb(51, 51, 51); font-family: \"Open Sans\", sans-serif; font-size: 1rem;\'>test test</span><span style=\'color: rgb(51, 51, 51); font-family: \"Open Sans\", sans-serif; font-size: 1rem;\'>test test</span><span style=\'color: rgb(51, 51, 51); font-family: \"Open Sans\", sans-serif; font-size: 1rem;\'>test test</span><span style=\'color: rgb(51, 51, 51); font-family: \"Open Sans\", sans-serif; font-size: 1rem;\'>test test</span><span style=\'color: rgb(51, 51, 51); font-family: \"Open Sans\", sans-serif; font-size: 1rem;\'>test test</span><span style=\'color: rgb(51, 51, 51); font-family: \"Open Sans\", sans-serif; font-size: 1rem;\'>test test</span><span style=\'color: rgb(51, 51, 51); font-family: \"Open Sans\", sans-serif; font-size: 1rem;\'>test test</span><span style=\'color: rgb(51, 51, 51); font-family: \"Open Sans\", sans-serif; font-size: 1rem;\'>test test</span><span style=\'color: rgb(51, 51, 51); font-family: \"Open Sans\", sans-serif; font-size: 1rem;\'>test test</span><span style=\'color: rgb(51, 51, 51); font-family: \"Open Sans\", sans-serif; font-size: 1rem;\'>test test</span><span style=\'color: rgb(51, 51, 51); font-family: \"Open Sans\", sans-serif; font-size: 1rem;\'>test test</span><br></p>\n', '', 'aa', 'no', 0, '', 'no', '', 26, 1, '0', 0, 2, 0, 308, 'active'),
(133, 'Consutation 02', 'consutation-02', 1, 117, '2', 'téléchargement (1)_1647103171.png', '', '', '', '', '', 0, 0, 0, 0, 0, '\n<p>&nbsp;consultation is a meeting with a professional or expert for purposes of gaining information,<br></p>\r\n\n', '', 'test', 'no', 0, '', 'no', '', 48, 4, '', 0, 2, 0, 2, 'deleted'),
(134, 'Consultation 02', 'consultation-02', 1, 117, '2', '', '', '', '', '', '', 0, 0, 0, 0, 0, '\n<p>a consultation is a meeting with a professional or expert for purposes of gaining information<br></p>\n', '', 'test,video', 'no', 0, '', 'no', '', 48, 4, '', 0, 2, 0, 0, 'draft'),
(135, 'تدريس مادة الرياضيات ', '%D8%AA%D8%AF%D8%B1%D9%8A%D8%B3+%D9%85%D8%A7%D8%AF%D8%A9+%D8%A7%D9%84%D8%B1%D9%8A%D8%A7%D8%B6%D9%8A%D8%A7%D8%AA+', 1, 117, '5', '8C80C09F-EA72-411B-A2F0-85B9A13B2A6E_1650099327.png', '', '', '', '', '', 0, 0, 0, 0, 0, '\n<p>&#1604;&#1583;&#1610; &#1576;&#1603;&#1575;&#1604;&#1608;&#1585;&#1610;&#1608;&#1587; &#1601;&#1610; &#1578;&#1606;&#1602;&#1606;&#1610;&#1577; &#1575;&#1604;&#1605;&#1593;&#1604;&#1608;&#1605;&#1575;&#1578;&nbsp;</p>\n', 'اسم الدرس و صورة من ورقة الاسئلة ', 'تدريس_مادة الرياضيات ', 'no', 0, '', 'no', '', 103, 2, '', 1, 0, 0, 0, 'pending'),
(136, 'تطوير مواقع الويب ', '%D8%AA%D8%B7%D9%88%D9%8A%D8%B1+%D9%85%D9%88%D8%A7%D9%82%D8%B9+%D8%A7%D9%84%D9%88%D9%8A%D8%A8+', 1, 117, '10', '73D33616-3EA7-400E-B4AF-F158C7FD6344_1650099900.png', '', '', '', '', '', 0, 0, 0, 0, 0, '\n<p>&#1604;&#1583;&#1610; &#1582;&#1576;&#1585;&#1577; &#1603;&#1575;&#1601;&#1610;&#1607; &#1601;&#1610; &#1578;&#1591;&#1608;&#1610;&#1585; &#1605;&#1608;&#1575;&#1602;&#1593; &#1575;&#1604;&#1608;&#1610;&#1576;&nbsp;</p><p>&#1581;&#1575;&#1589;&#1604;&#1577; &#1593;&#1604;&#1609; &#1588;&#1607;&#1575;&#1583;&#1577; &#1575;&#1604;&#1576;&#1603;&#1575;&#1604;&#1608;&#1585;&#1610;&#1608;&#1587; &#1601;&#1610; &#1578;&#1591;&#1608;&#1610;&#1585; &#1578;&#1591;&#1576;&#1610;&#1602;&#1575;&#1578; &#1575;&#1604;&#1607;&#1575;&#1578;&#1601;&nbsp;</p>\n', '', 'تطوير_مواقع الويب ', 'no', 0, '', 'no', '', 103, 7, '', 1, 0, 0, 0, 'pending');

-- --------------------------------------------------------

--
-- بنية الجدول `proposals_extras`
--

CREATE TABLE `proposals_extras` (
  `id` int(10) NOT NULL,
  `proposal_id` int(10) NOT NULL,
  `name` varchar(255) COLLATE utf8mb4_unicode_ci NOT NULL,
  `price` int(255) NOT NULL
) ENGINE=InnoDB DEFAULT CHARSET=utf8mb4 COLLATE=utf8mb4_unicode_ci;

--
-- إرجاع أو استيراد بيانات الجدول `proposals_extras`
--

INSERT INTO `proposals_extras` (`id`, `proposal_id`, `name`, `price`) VALUES
(1, 1, 'الاستشارة لمدة 60 دقيقة', 10),
(2, 1, 'الاستشارة لمدة 30 دقيقة', 5),
(3, 3, 'ببرنامج البوربوينت 10 شرائح ', 2),
(4, 3, 'ببرنامج بريزي كل 5 شرائح', 2),
(5, 3, 'للبحث لكل 5 ورقات', 2),
(6, 46, 'كل دقيقة .. قابل للمساومة', 25),
(7, 48, 'الفيديو ب ', 2),
(8, 48, 'الصوره', 1),
(9, 50, 'الترجمة المكتوبة / التحريرية ٢٥٠ كلمة', 10),
(10, 58, 'لمدة 30دقيقة', 5),
(11, 59, 'ببرنامج البوربوينت 10 شرائح', 2),
(12, 59, 'ببرنامج بريزي كل 5 شرائح', 2),
(13, 76, 'Hanan', 5),
(14, 121, 'استشارات خاصة عن بعد', 26),
(15, 126, 'Tmkeen', 26);

-- --------------------------------------------------------

--
-- بنية الجدول `proposals_faq`
--

CREATE TABLE `proposals_faq` (
  `id` int(10) NOT NULL,
  `proposal_id` int(11) NOT NULL,
  `title` varchar(255) COLLATE utf8mb4_unicode_ci NOT NULL,
  `content` text COLLATE utf8mb4_unicode_ci NOT NULL
) ENGINE=InnoDB DEFAULT CHARSET=utf8mb4 COLLATE=utf8mb4_unicode_ci;

--
-- إرجاع أو استيراد بيانات الجدول `proposals_faq`
--

INSERT INTO `proposals_faq` (`id`, `proposal_id`, `title`, `content`) VALUES
(1, 3, 'كم طلب تعديلين ممكن؟', 'يحق لكل طلب تعديلين فقط وبعدها يتم احتساب أكثر من ذلك بسعر إضافي'),
(2, 77, 'التعليم عن بعد ', '(العلم نور )'),
(3, 100, 'هل يمكن التعديل على التصميم ؟', 'نعم / أُعدل على التصميم ٣  مرات فقط!'),
(4, 101, 'هل يمكن التعديل على التصميم بعد تسليمه للمشتري؟', 'نعم بإمكاني التعديل عليه ٣ مرات فقط .');

-- --------------------------------------------------------

--
-- بنية الجدول `proposal_modifications`
--

CREATE TABLE `proposal_modifications` (
  `modification_id` int(10) NOT NULL,
  `proposal_id` int(10) NOT NULL,
  `modification_message` text COLLATE utf8mb4_unicode_ci NOT NULL
) ENGINE=InnoDB DEFAULT CHARSET=utf8mb4 COLLATE=utf8mb4_unicode_ci;

--
-- إرجاع أو استيراد بيانات الجدول `proposal_modifications`
--

INSERT INTO `proposal_modifications` (`modification_id`, `proposal_id`, `modification_message`) VALUES
(2, 86, '');

-- --------------------------------------------------------

--
-- بنية الجدول `proposal_packages`
--

CREATE TABLE `proposal_packages` (
  `package_id` int(100) NOT NULL,
  `proposal_id` int(100) NOT NULL,
  `package_name` varchar(255) COLLATE utf8mb4_unicode_ci NOT NULL,
  `description` text COLLATE utf8mb4_unicode_ci NOT NULL,
  `revisions` varchar(255) COLLATE utf8mb4_unicode_ci NOT NULL,
  `delivery_time` varchar(255) COLLATE utf8mb4_unicode_ci NOT NULL,
  `price` varchar(255) COLLATE utf8mb4_unicode_ci NOT NULL
) ENGINE=InnoDB DEFAULT CHARSET=utf8mb4 COLLATE=utf8mb4_unicode_ci;

--
-- إرجاع أو استيراد بيانات الجدول `proposal_packages`
--

INSERT INTO `proposal_packages` (`package_id`, `proposal_id`, `package_name`, `description`, `revisions`, `delivery_time`, `price`) VALUES
(1, 1, 'Basic', '', '0', '1', '5'),
(2, 1, 'Standard', '', '0', '1', '10'),
(3, 1, 'Advance', '', '0', '1', '15'),
(4, 2, 'Basic', '', '0', '1', '5'),
(5, 2, 'Standard', '', '0', '1', '10'),
(6, 2, 'Advance', '', '0', '1', '15'),
(7, 3, 'Basic', '', '0', '1', '5'),
(8, 3, 'Standard', '', '0', '1', '10'),
(9, 3, 'Advance', '', '0', '1', '15'),
(10, 4, 'Basic', '', '0', '1', '5'),
(11, 4, 'Standard', '', '0', '1', '10'),
(12, 4, 'Advance', '', '0', '1', '15'),
(13, 38, 'Basic', '', '0', '1', '5'),
(14, 38, 'Standard', '', '0', '1', '10'),
(15, 38, 'Advance', '', '0', '1', '15'),
(16, 39, 'Basic', '', '0', '1', '5'),
(17, 39, 'Standard', '', '0', '1', '10'),
(18, 39, 'Advance', '', '0', '1', '15'),
(19, 40, 'Basic', '', '0', '1', '5'),
(20, 40, 'Standard', '', '0', '1', '10'),
(21, 40, 'Advance', '', '0', '1', '15'),
(22, 41, 'Basic', '', '0', '1', '5'),
(23, 41, 'Standard', '', '0', '1', '10'),
(24, 41, 'Advance', '', '0', '1', '15'),
(25, 42, 'Basic', '', '0', '1', '5'),
(26, 42, 'Standard', '', '0', '1', '10'),
(27, 42, 'Advance', '', '0', '1', '15'),
(28, 43, 'Basic', '', '0', '1', '5'),
(29, 43, 'Standard', '', '0', '1', '10'),
(30, 43, 'Advance', '', '0', '1', '15'),
(31, 44, 'Basic', '', '0', '1', '5'),
(32, 44, 'Standard', '', '0', '1', '10'),
(33, 44, 'Advance', '', '0', '1', '15'),
(34, 45, 'Basic', '', '0', '1', '5'),
(35, 45, 'Standard', '', '0', '1', '10'),
(36, 45, 'Advance', '', '0', '1', '15'),
(37, 46, 'Basic', '', '0', '1', '5'),
(38, 46, 'Standard', '', '0', '1', '10'),
(39, 46, 'Advance', '', '0', '1', '15'),
(40, 47, 'Basic', '', '0', '1', '5'),
(41, 47, 'Standard', '', '0', '1', '10'),
(42, 47, 'Advance', '', '0', '1', '15'),
(43, 48, 'Basic', '', '0', '1', '5'),
(44, 48, 'Standard', '', '0', '1', '10'),
(45, 48, 'Advance', '', '0', '1', '15'),
(46, 49, 'Basic', '', '0', '1', '5'),
(47, 49, 'Standard', '', '0', '1', '10'),
(48, 49, 'Advance', '', '0', '1', '15'),
(49, 50, 'Basic', '', '0', '1', '5'),
(50, 50, 'Standard', '', '0', '1', '10'),
(51, 50, 'Advance', '', '0', '1', '15'),
(52, 51, 'Basic', '', '0', '1', '5'),
(53, 51, 'Standard', '', '0', '1', '10'),
(54, 51, 'Advance', '', '0', '1', '15'),
(55, 52, 'Basic', '', '0', '1', '5'),
(56, 52, 'Standard', '', '0', '1', '10'),
(57, 52, 'Advance', '', '0', '1', '15'),
(58, 53, 'Basic', '', '0', '1', '5'),
(59, 53, 'Standard', '', '0', '1', '10'),
(60, 53, 'Advance', '', '0', '1', '15'),
(61, 54, 'Basic', '', '0', '1', '5'),
(62, 54, 'Standard', '', '0', '1', '10'),
(63, 54, 'Advance', '', '0', '1', '15'),
(64, 55, 'Basic', '', '0', '1', '5'),
(65, 55, 'Standard', '', '0', '1', '10'),
(66, 55, 'Advance', '', '0', '1', '15'),
(67, 56, 'Basic', '', '0', '1', '5'),
(68, 56, 'Standard', '', '0', '1', '10'),
(69, 56, 'Advance', '', '0', '1', '15'),
(70, 57, 'Basic', '', '0', '1', '5'),
(71, 57, 'Standard', '', '0', '1', '10'),
(72, 57, 'Advance', '', '0', '1', '15'),
(73, 58, 'Basic', '', '0', '1', '5'),
(74, 58, 'Standard', '', '0', '1', '10'),
(75, 58, 'Advance', '', '0', '1', '15'),
(76, 59, 'Basic', '', '0', '1', '5'),
(77, 59, 'Standard', '', '0', '1', '10'),
(78, 59, 'Advance', '', '0', '1', '15'),
(79, 60, 'Basic', '', '0', '1', '5'),
(80, 60, 'Standard', '', '0', '1', '10'),
(81, 60, 'Advance', '', '0', '1', '15'),
(82, 61, 'Basic', '', '0', '1', '5'),
(83, 61, 'Standard', '', '0', '1', '10'),
(84, 61, 'Advance', '', '0', '1', '15'),
(85, 62, 'Basic', '', '0', '1', '5'),
(86, 62, 'Standard', '', '0', '1', '10'),
(87, 62, 'Advance', '', '0', '1', '15'),
(88, 63, 'Basic', '', '0', '1', '5'),
(89, 63, 'Standard', '', '0', '1', '10'),
(90, 63, 'Advance', '', '0', '1', '15'),
(91, 64, 'Basic', '', '0', '1', '5'),
(92, 64, 'Standard', '', '0', '1', '10'),
(93, 64, 'Advance', '', '0', '1', '15'),
(94, 65, 'Basic', '', '0', '1', '5'),
(95, 65, 'Standard', '', '0', '1', '10'),
(96, 65, 'Advance', '', '0', '1', '15'),
(97, 66, 'Basic', '', '0', '1', '5'),
(98, 66, 'Standard', '', '0', '1', '10'),
(99, 66, 'Advance', '', '0', '1', '15'),
(100, 67, 'Basic', '', '0', '1', '24'),
(101, 67, 'Standard', '', '0', '1', '25'),
(102, 67, 'Advance', '', '0', '1', '15'),
(103, 68, 'Basic', '', '0', '1', '5'),
(104, 68, 'Standard', '', '0', '1', '10'),
(105, 68, 'Advance', '', '0', '1', '15'),
(106, 69, 'Basic', '', '0', '1', '5'),
(107, 69, 'Standard', '', '0', '1', '10'),
(108, 69, 'Advance', '', '0', '1', '15'),
(109, 70, 'Basic', '', '0', '1', '5'),
(110, 70, 'Standard', '', '0', '1', '10'),
(111, 70, 'Advance', '', '0', '1', '15'),
(112, 71, 'Basic', '', '0', '1', '5'),
(113, 71, 'Standard', '', '0', '1', '10'),
(114, 71, 'Advance', '', '0', '1', '15'),
(115, 72, 'Basic', '', '', '', '5'),
(116, 72, 'Standard', '', '', '', '10'),
(117, 72, 'Advance', '', '', '', '15'),
(118, 73, 'Basic', '', '', '', '5'),
(119, 73, 'Standard', '', '', '', '10'),
(120, 73, 'Advance', '', '', '', '15'),
(121, 74, 'Basic', '', '0', '1', '5'),
(122, 74, 'Standard', '', '3', '1', '10'),
(123, 74, 'Advance', '', '0', '1', '15'),
(124, 75, 'Basic', '', '0', '1', '5'),
(125, 75, 'Standard', '', '0', '1', '10'),
(126, 75, 'Advance', '', '0', '1', '15'),
(127, 76, 'Basic', '', '', '', '5'),
(128, 76, 'Standard', '', '', '', '10'),
(129, 76, 'Advance', '', '', '', '15'),
(130, 77, 'Basic', '', '0', '1', '5'),
(131, 77, 'Standard', '', '0', '1', '10'),
(132, 77, 'Advance', '', '0', '1', '15'),
(133, 78, 'Basic', '', '0', '1', '5'),
(134, 78, 'Standard', '', '0', '1', '10'),
(135, 78, 'Advance', '', '0', '1', '15'),
(136, 79, 'Basic', '', '', '', '5'),
(137, 79, 'Standard', '', '', '', '10'),
(138, 79, 'Advance', '', '', '', '15'),
(139, 80, 'Basic', '', '', '', '5'),
(140, 80, 'Standard', '', '', '', '10'),
(141, 80, 'Advance', '', '', '', '15'),
(142, 81, 'Basic', '', '0', '1', '5'),
(143, 81, 'Standard', '', '0', '1', '10'),
(144, 81, 'Advance', '', '0', '1', '15'),
(145, 82, 'Basic', '', '', '', '5'),
(146, 82, 'Standard', '', '', '', '10'),
(147, 82, 'Advance', '', '', '', '15'),
(148, 83, 'Basic', '', '2', '1', '5'),
(149, 83, 'Standard', '', '5', '3', '10'),
(150, 83, 'Advance', '', '10', '6', '15'),
(151, 84, 'Basic', '', '0', '1', '5'),
(152, 84, 'Standard', '', '0', '1', '10'),
(153, 84, 'Advance', '', '0', '1', '15'),
(154, 85, 'Basic', '', '', '', '5'),
(155, 85, 'Standard', '', '', '', '10'),
(156, 85, 'Advance', '', '', '', '15'),
(157, 86, 'Basic', '', '0', '1', '5'),
(158, 86, 'Standard', '', '0', '1', '10'),
(159, 86, 'Advance', '', '0', '1', '15'),
(160, 87, 'Basic', '', '0', '1', '5'),
(161, 87, 'Standard', '', '0', '1', '10'),
(162, 87, 'Advance', '', '0', '1', '15'),
(163, 88, 'Basic', '', '5', '3', '5'),
(164, 88, 'Standard', '', '5', '3', '10'),
(165, 88, 'Advance', '', '6', '5', '15'),
(166, 89, 'Basic', '', '0', '2', '15'),
(167, 89, 'Standard', '', '0', '4', '10'),
(168, 89, 'Advance', '', '0', '7', '5'),
(169, 90, 'Basic', '', '', '', '5'),
(170, 90, 'Standard', '', '', '', '10'),
(171, 90, 'Advance', '', '', '', '15'),
(172, 91, 'Basic', '', '', '', '5'),
(173, 91, 'Standard', '', '', '', '10'),
(174, 91, 'Advance', '', '', '', '15'),
(175, 92, 'Basic', '', '', '', '5'),
(176, 92, 'Standard', '', '', '', '10'),
(177, 92, 'Advance', '', '', '', '15'),
(178, 93, 'Basic', '', '0', '1', '5'),
(179, 93, 'Standard', '', '0', '1', '10'),
(180, 93, 'Advance', '', '0', '1', '15'),
(181, 94, 'Basic', '', '0', '2', '15'),
(182, 94, 'Standard', '', '0', '4', '10'),
(183, 94, 'Advance', '', '0', '7', '05'),
(184, 95, 'Basic', '', '0', '2', '15'),
(185, 95, 'Standard', '', '0', '4', '10'),
(186, 95, 'Advance', '', '0', '7', '05'),
(187, 96, 'Basic', '', '0', '2', '15'),
(188, 96, 'Standard', '', '0', '4', '10'),
(189, 96, 'Advance', '', '0', '6', '5'),
(190, 97, 'Basic', '', '', '', '5'),
(191, 97, 'Standard', '', '', '', '10'),
(192, 97, 'Advance', '', '', '', '15'),
(193, 98, 'Basic', '', '', '', '5'),
(194, 98, 'Standard', '', '', '', '10'),
(195, 98, 'Advance', '', '', '', '15'),
(196, 99, 'Basic', '', '0', '2', '5'),
(197, 99, 'Standard', '', '0', '2', '10'),
(198, 99, 'Advance', '', '0', '2', '15'),
(199, 100, 'Basic', '', '0', '1', '5'),
(200, 100, 'Standard', '', '0', '1', '10'),
(201, 100, 'Advance', '', '0', '1', '15'),
(202, 101, 'Basic', '', '0', '1', '5'),
(203, 101, 'Standard', '', '0', '1', '10'),
(204, 101, 'Advance', '', '0', '1', '15'),
(205, 102, 'Basic', '', '0', '2', '5'),
(206, 102, 'Standard', '', '0', '5', '10'),
(207, 102, 'Advance', '', '0', '7', '15'),
(208, 103, 'Basic', '', '', '', '5'),
(209, 103, 'Standard', '', '', '', '10'),
(210, 103, 'Advance', '', '', '', '15'),
(211, 104, 'Basic', '', '0', '1', '5'),
(212, 104, 'Standard', '', '0', '1', '10'),
(213, 104, 'Advance', '', '0', '1', '15'),
(214, 105, 'Basic', '', '1', '3', '8'),
(215, 105, 'Standard', '', '1', '5', '5'),
(216, 105, 'Advance', '', '1', '1', '9'),
(217, 106, 'Basic', '', '1', '2', '15'),
(218, 106, 'Standard', '', '2', '1', '10'),
(219, 106, 'Advance', '', '4', '1', '5'),
(220, 107, 'Basic', '', '', '', '5'),
(221, 107, 'Standard', '', '', '', '10'),
(222, 107, 'Advance', '', '', '', '15'),
(223, 108, 'Basic', '', '', '', '5'),
(224, 108, 'Standard', '', '', '', '10'),
(225, 108, 'Advance', '', '', '', '15'),
(226, 109, 'Basic', '', '0', '3', '16'),
(227, 109, 'Standard', '', '0', '5', '10'),
(228, 109, 'Advance', '', '0', '7', '5'),
(229, 110, 'Basic', '', '', '', '5'),
(230, 110, 'Standard', '', '', '', '10'),
(231, 110, 'Advance', '', '', '', '15'),
(232, 111, 'Basic', '', '', '', '5'),
(233, 111, 'Standard', '', '', '', '10'),
(234, 111, 'Advance', '', '', '', '15'),
(235, 112, 'Basic', '', '0', '1', '5'),
(236, 112, 'Standard', '', '0', '1', '10'),
(237, 112, 'Advance', '', '3', '3', '91'),
(238, 113, 'Basic', 'استشارات نفسية ', '0', '1', '10'),
(239, 113, 'Standard', 'استشارة نفسية فيما يتعلق باضطرابات القلق وكيفية تنظيم الوقت ', '0', '1', '10'),
(240, 113, 'Advance', 'مدة الجلسة ساعة 60 دقيقة يتم فيها مناقشة الحالة مع العميل بسرية تامة وعمل خطة للعمل بها ومتابعة الحالة اونلاين (عن بعد) ', '0', '1', '10'),
(241, 114, 'Basic', '', '', '', '5'),
(242, 114, 'Standard', '', '', '', '10'),
(243, 114, 'Advance', '', '', '', '15'),
(244, 115, 'Basic', '', '0', '1', '5'),
(245, 115, 'Standard', '', '0', '1', '10'),
(246, 115, 'Advance', '', '0', '1', '15'),
(247, 116, 'Basic', 'إستشارة نفسية 1', '0', '1', '5'),
(248, 116, 'Standard', 'إستشارة نفسية 2', '0', '1', '10'),
(249, 116, 'Advance', 'إستشارة نفسية 3', '0', '1', '15'),
(250, 117, 'Basic', '', '', '', '5'),
(251, 117, 'Standard', '', '', '', '10'),
(252, 117, 'Advance', '', '', '', '15'),
(253, 118, 'Basic', '', '', '', '5'),
(254, 118, 'Standard', '', '', '', '10'),
(255, 118, 'Advance', '', '', '', '15'),
(256, 119, 'Basic', '', '', '', '5'),
(257, 119, 'Standard', '', '', '', '10'),
(258, 119, 'Advance', '', '', '', '15'),
(259, 120, 'Basic', '', '0', '2', '5'),
(260, 120, 'Standard', '', '0', '1', '10'),
(261, 120, 'Advance', '', '0', '1', '15'),
(262, 121, 'Basic', '', '0', '2', '5'),
(263, 121, 'Standard', '', '0', '3', '10'),
(264, 121, 'Advance', '', '0', '7', '15'),
(265, 122, 'Basic', '', '0', '1', '5'),
(266, 122, 'Standard', '', '0', '1', '10'),
(267, 122, 'Advance', '', '0', '1', '15'),
(268, 123, 'Basic', '', '', '', '5'),
(269, 123, 'Standard', '', '', '', '10'),
(270, 123, 'Advance', '', '', '', '15'),
(271, 124, 'Basic', '', '', '', '5'),
(272, 124, 'Standard', '', '', '', '10'),
(273, 124, 'Advance', '', '', '', '15'),
(274, 125, 'Basic', '', '0', '5', '5'),
(275, 125, 'Standard', '', '0', '3', '10'),
(276, 125, 'Advance', '', '0', '2', '15'),
(277, 126, 'Basic', '', '0', '1', '5'),
(278, 126, 'Standard', '', '0', '1', '10'),
(279, 126, 'Advance', '', '0', '1', '15'),
(280, 127, 'Basic', '', '', '', '5'),
(281, 127, 'Standard', '', '', '', '10'),
(282, 127, 'Advance', '', '', '', '15'),
(283, 128, 'Basic', '', '', '', '5'),
(284, 128, 'Standard', '', '', '', '10'),
(285, 128, 'Advance', '', '', '', '15'),
(286, 129, 'Basic', '', '', '', '5'),
(287, 129, 'Standard', '', '', '', '10'),
(288, 129, 'Advance', '', '', '', '15'),
(289, 130, 'Basic', '', '', '', '5'),
(290, 130, 'Standard', '', '', '', '10'),
(291, 130, 'Advance', '', '', '', '15'),
(292, 131, 'Basic', '', '', '', '5'),
(293, 131, 'Standard', '', '', '', '10'),
(294, 131, 'Advance', '', '', '', '15'),
(295, 132, 'Basic', '', '0', '1', '5'),
(296, 132, 'Standard', '', '0', '1', '10'),
(297, 132, 'Advance', '', '1', '2', '15'),
(298, 133, 'Basic', '', '', '', '5'),
(299, 133, 'Standard', '', '', '', '10'),
(300, 133, 'Advance', '', '', '', '15'),
(301, 134, 'Basic', '', '', '', '5'),
(302, 134, 'Standard', '', '', '', '10'),
(303, 134, 'Advance', '', '', '', '15'),
(304, 135, 'Basic', '', '', '', '5'),
(305, 135, 'Standard', '', '', '', '10'),
(306, 135, 'Advance', '', '', '', '15'),
(307, 136, 'Basic', '', '', '', '5'),
(308, 136, 'Standard', '', '', '', '10'),
(309, 136, 'Advance', '', '', '', '15');

-- --------------------------------------------------------

--
-- بنية الجدول `proposal_referrals`
--

CREATE TABLE `proposal_referrals` (
  `referral_id` int(10) NOT NULL,
  `proposal_id` int(10) NOT NULL,
  `order_id` int(100) NOT NULL,
  `seller_id` int(10) NOT NULL,
  `referrer_id` int(10) NOT NULL,
  `buyer_id` varchar(255) COLLATE utf8mb4_unicode_ci NOT NULL,
  `comission` varchar(255) COLLATE utf8mb4_unicode_ci NOT NULL,
  `date` text COLLATE utf8mb4_unicode_ci NOT NULL,
  `ip` varchar(255) COLLATE utf8mb4_unicode_ci NOT NULL,
  `status` text COLLATE utf8mb4_unicode_ci NOT NULL
) ENGINE=InnoDB DEFAULT CHARSET=utf8mb4 COLLATE=utf8mb4_unicode_ci;

-- --------------------------------------------------------

--
-- بنية الجدول `proposal_videosettings`
--

CREATE TABLE `proposal_videosettings` (
  `id` int(10) NOT NULL,
  `proposal_id` int(10) NOT NULL,
  `enable` int(10) NOT NULL,
  `price_per_minute` varchar(255) COLLATE utf8mb4_unicode_ci NOT NULL,
  `days_within_scheduled` int(10) NOT NULL
) ENGINE=InnoDB DEFAULT CHARSET=utf8mb4 COLLATE=utf8mb4_unicode_ci;

--
-- إرجاع أو استيراد بيانات الجدول `proposal_videosettings`
--

INSERT INTO `proposal_videosettings` (`id`, `proposal_id`, `enable`, `price_per_minute`, `days_within_scheduled`) VALUES
(378, 39, 0, '', 0),
(379, 40, 0, '', 0),
(380, 41, 0, '', 0),
(381, 42, 0, '', 0),
(382, 43, 0, '', 0),
(383, 44, 0, '', 0),
(384, 45, 0, '', 0),
(385, 46, 0, '', 0),
(386, 47, 0, '', 0),
(387, 48, 0, '', 0),
(388, 49, 0, '', 0),
(389, 50, 0, '', 0),
(390, 51, 0, '', 0),
(391, 52, 0, '', 0),
(392, 53, 0, '', 0),
(393, 54, 0, '', 0),
(394, 55, 0, '', 0),
(395, 56, 0, '', 0),
(396, 57, 0, '', 0),
(397, 58, 0, '', 0),
(398, 59, 0, '', 0),
(399, 60, 0, '', 0),
(400, 61, 0, '', 0),
(401, 62, 0, '', 0),
(402, 63, 0, '', 0),
(403, 64, 0, '', 0),
(404, 65, 0, '', 0),
(405, 66, 0, '', 0),
(406, 67, 0, '', 0),
(407, 68, 0, '', 0),
(408, 69, 0, '', 0),
(409, 70, 0, '', 0),
(410, 71, 0, '', 0),
(411, 72, 0, '', 0),
(412, 73, 0, '', 0),
(413, 74, 0, '', 0),
(414, 75, 0, '', 0),
(415, 76, 0, '', 0),
(416, 77, 0, '', 0),
(417, 78, 0, '', 0),
(418, 79, 0, '', 0),
(419, 80, 0, '', 0),
(420, 81, 0, '', 0),
(421, 82, 0, '', 0),
(422, 83, 0, '', 0),
(423, 84, 0, '', 0),
(424, 85, 0, '', 0),
(425, 86, 0, '', 0),
(426, 87, 0, '', 0),
(427, 88, 0, '', 0),
(428, 89, 0, '', 0),
(429, 90, 0, '', 0),
(430, 91, 0, '', 0),
(431, 92, 0, '', 0),
(432, 93, 0, '', 0),
(433, 94, 0, '', 0),
(434, 95, 0, '', 0),
(435, 96, 0, '', 0),
(436, 97, 0, '', 0),
(437, 98, 0, '', 0),
(438, 99, 0, '', 0),
(439, 100, 0, '', 0),
(440, 101, 0, '', 0),
(441, 102, 0, '', 0),
(442, 103, 0, '', 0),
(443, 104, 0, '', 0),
(444, 105, 0, '', 0),
(445, 106, 0, '', 0),
(446, 107, 0, '', 0),
(447, 108, 0, '', 0),
(448, 109, 0, '', 0),
(449, 110, 0, '', 0),
(450, 111, 0, '', 0),
(451, 112, 0, '', 0),
(452, 113, 0, '', 0),
(453, 114, 0, '', 0),
(454, 115, 0, '', 0),
(455, 116, 0, '', 0),
(456, 117, 0, '', 0),
(457, 118, 0, '', 0),
(458, 119, 0, '', 0),
(459, 120, 0, '', 0),
(460, 121, 0, '', 0),
(461, 122, 0, '', 0),
(462, 123, 0, '', 0),
(463, 124, 0, '', 0),
(464, 125, 0, '', 0),
(465, 126, 0, '', 0),
(466, 127, 0, '', 0),
(467, 128, 0, '', 0),
(468, 129, 1, '', 0),
(469, 130, 1, '1', 12),
(470, 131, 1, '5', 11),
(471, 132, 0, '', 0),
(472, 0, 0, '', 0),
(473, 133, 1, '2', 11),
(474, 134, 1, '2', 11),
(475, 135, 1, '5', 11),
(476, 136, 1, '10', 11);

-- --------------------------------------------------------

--
-- بنية الجدول `purchases`
--

CREATE TABLE `purchases` (
  `purchase_id` int(10) NOT NULL,
  `seller_id` int(10) NOT NULL,
  `order_id` int(10) NOT NULL,
  `reason` varchar(255) COLLATE utf8mb4_unicode_ci NOT NULL,
  `amount` varchar(255) COLLATE utf8mb4_unicode_ci NOT NULL,
  `processing_fee` text COLLATE utf8mb4_unicode_ci NOT NULL,
  `method` text COLLATE utf8mb4_unicode_ci NOT NULL,
  `date` text COLLATE utf8mb4_unicode_ci NOT NULL
) ENGINE=InnoDB DEFAULT CHARSET=utf8mb4 COLLATE=utf8mb4_unicode_ci;

--
-- إرجاع أو استيراد بيانات الجدول `purchases`
--

INSERT INTO `purchases` (`purchase_id`, `seller_id`, `order_id`, `reason`, `amount`, `processing_fee`, `method`, `date`) VALUES
(1, 26, 1, 'order', '2', '', 'coinpayments', 'January 31, 2021'),
(2, 72, 2, 'order', '2', '', 'coinpayments', 'February 01, 2021'),
(3, 48, 3, 'order', '62', '', 'paypal', 'March 08, 2022'),
(4, 48, 4, 'order', '27', '', 'paypal', 'March 09, 2022');

-- --------------------------------------------------------

--
-- بنية الجدول `recent_proposals`
--

CREATE TABLE `recent_proposals` (
  `recent_id` int(10) NOT NULL,
  `seller_id` int(10) NOT NULL,
  `proposal_id` int(10) NOT NULL
) ENGINE=InnoDB DEFAULT CHARSET=utf8mb4 COLLATE=utf8mb4_unicode_ci;

--
-- إرجاع أو استيراد بيانات الجدول `recent_proposals`
--

INSERT INTO `recent_proposals` (`recent_id`, `seller_id`, `proposal_id`) VALUES
(9, 69, 1),
(10, 1, 1),
(11, 69, 10),
(12, 7, 10),
(13, 70, 36),
(14, 33, 37),
(15, 70, 2),
(16, 70, 1),
(17, 36, 38),
(18, 47, 48),
(21, 1, 53),
(23, 71, 39),
(25, 71, 45),
(26, 71, 43),
(27, 71, 44),
(28, 71, 49),
(29, 1, 57),
(30, 1, 60),
(35, 26, 65),
(38, 72, 39),
(39, 26, 41),
(41, 26, 58),
(45, 26, 47),
(49, 26, 57),
(51, 72, 60),
(53, 26, 39),
(54, 26, 48),
(55, 26, 62),
(56, 26, 55),
(57, 70, 43),
(59, 77, 39),
(60, 77, 44),
(61, 78, 48),
(62, 81, 46),
(63, 82, 60),
(65, 82, 39),
(66, 81, 39),
(68, 26, 78),
(69, 97, 39),
(75, 99, 44),
(76, 98, 39),
(77, 105, 41),
(79, 72, 93),
(87, 123, 39),
(90, 72, 78),
(91, 127, 109),
(92, 127, 58),
(94, 129, 51),
(99, 72, 49),
(102, 72, 48),
(104, 72, 45),
(108, 72, 46),
(110, 26, 46),
(111, 26, 51),
(113, 26, 109),
(116, 26, 50),
(137, 26, 40),
(138, 66, 56),
(139, 66, 40),
(140, 66, 39),
(141, 72, 113),
(146, 72, 112),
(147, 133, 113),
(150, 136, 58),
(151, 6, 104),
(152, 6, 109),
(153, 138, 120),
(154, 145, 78),
(155, 145, 66),
(160, 146, 120),
(164, 145, 120),
(167, 145, 56),
(168, 79, 66),
(173, 48, 78),
(174, 48, 58),
(175, 26, 64),
(176, 48, 130),
(179, 26, 133),
(180, 48, 131),
(185, 147, 126),
(189, 147, 109),
(190, 147, 66),
(191, 147, 120),
(192, 147, 96),
(194, 147, 113),
(195, 148, 44),
(196, 148, 64),
(201, 148, 56),
(204, 148, 112),
(206, 148, 113),
(208, 148, 120);

-- --------------------------------------------------------

--
-- بنية الجدول `referrals`
--

CREATE TABLE `referrals` (
  `referral_id` int(10) NOT NULL,
  `seller_id` int(10) NOT NULL,
  `referred_id` int(10) NOT NULL,
  `comission` varchar(255) COLLATE utf8mb4_unicode_ci NOT NULL,
  `date` text COLLATE utf8mb4_unicode_ci NOT NULL,
  `ip` varchar(255) COLLATE utf8mb4_unicode_ci NOT NULL,
  `status` text COLLATE utf8mb4_unicode_ci NOT NULL
) ENGINE=InnoDB DEFAULT CHARSET=utf8mb4 COLLATE=utf8mb4_unicode_ci;

-- --------------------------------------------------------

--
-- بنية الجدول `reports`
--

CREATE TABLE `reports` (
  `id` int(10) NOT NULL,
  `reporter_id` int(10) NOT NULL,
  `content_id` int(10) NOT NULL,
  `content_type` varchar(255) COLLATE utf8mb4_unicode_ci NOT NULL,
  `reason` varchar(255) COLLATE utf8mb4_unicode_ci NOT NULL,
  `additional_information` text COLLATE utf8mb4_unicode_ci NOT NULL,
  `date` text COLLATE utf8mb4_unicode_ci NOT NULL,
  `status` varchar(255) COLLATE utf8mb4_unicode_ci NOT NULL
) ENGINE=InnoDB DEFAULT CHARSET=utf8mb4 COLLATE=utf8mb4_unicode_ci;

-- --------------------------------------------------------

--
-- بنية الجدول `revenues`
--

CREATE TABLE `revenues` (
  `revenue_id` int(10) NOT NULL,
  `seller_id` int(10) NOT NULL,
  `order_id` int(10) NOT NULL,
  `reason` varchar(255) COLLATE utf8mb4_unicode_ci NOT NULL,
  `amount` varchar(255) COLLATE utf8mb4_unicode_ci NOT NULL,
  `date` text COLLATE utf8mb4_unicode_ci NOT NULL,
  `end_date` text COLLATE utf8mb4_unicode_ci NOT NULL,
  `status` text COLLATE utf8mb4_unicode_ci NOT NULL
) ENGINE=InnoDB DEFAULT CHARSET=utf8mb4 COLLATE=utf8mb4_unicode_ci;

--
-- إرجاع أو استيراد بيانات الجدول `revenues`
--

INSERT INTO `revenues` (`revenue_id`, `seller_id`, `order_id`, `reason`, `amount`, `date`, `end_date`, `status`) VALUES
(1, 61, 1, 'order', '2', 'February 02, 2021', 'February 02, 2021 01:11:10', 'cleared');

-- --------------------------------------------------------

--
-- بنية الجدول `sales`
--

CREATE TABLE `sales` (
  `id` int(10) NOT NULL,
  `buyer_id` int(10) NOT NULL,
  `work_id` int(10) NOT NULL,
  `payment_method` text COLLATE utf8mb4_unicode_ci NOT NULL,
  `amount` varchar(255) COLLATE utf8mb4_unicode_ci NOT NULL,
  `profit` varchar(255) COLLATE utf8mb4_unicode_ci NOT NULL,
  `processing_fee` varchar(255) COLLATE utf8mb4_unicode_ci NOT NULL,
  `action` text COLLATE utf8mb4_unicode_ci NOT NULL,
  `date` text COLLATE utf8mb4_unicode_ci NOT NULL
) ENGINE=InnoDB DEFAULT CHARSET=utf8mb4 COLLATE=utf8mb4_unicode_ci;

--
-- إرجاع أو استيراد بيانات الجدول `sales`
--

INSERT INTO `sales` (`id`, `buyer_id`, `work_id`, `payment_method`, `amount`, `profit`, `processing_fee`, `action`, `date`) VALUES
(1, 26, 0, 'coinpayments', '2', '2', '2', 'cart', '2021-01-31'),
(2, 26, 1, 'coinpayments', '2', '0', '0', 'order_completed', '2021-02-01'),
(3, 72, 0, 'coinpayments', '2', '2', '2', 'cart', '2021-02-01'),
(4, 48, 3, 'paypal', '60', '2', '2', 'order', '2022-03-08'),
(5, 48, 4, 'paypal', '25', '2', '2', 'order', '2022-03-09');

-- --------------------------------------------------------

--
-- بنية الجدول `section_boxes`
--

CREATE TABLE `section_boxes` (
  `box_id` int(10) NOT NULL,
  `language_id` int(10) NOT NULL,
  `box_title` text COLLATE utf8mb4_unicode_ci NOT NULL,
  `box_desc` text COLLATE utf8mb4_unicode_ci NOT NULL,
  `box_image` varchar(255) COLLATE utf8mb4_unicode_ci NOT NULL,
  `isS3` int(10) NOT NULL
) ENGINE=InnoDB DEFAULT CHARSET=utf8mb4 COLLATE=utf8mb4_unicode_ci;

--
-- إرجاع أو استيراد بيانات الجدول `section_boxes`
--

INSERT INTO `section_boxes` (`box_id`, `language_id`, `box_title`, `box_desc`, `box_image`, `isS3`) VALUES
(4, 1, 'الشروط', 'أيًا كان ما تحتاجه لتبسيط قائمة المهام ، بغض النظر عن ميزانيتك\r\n', 'time.png', 0),
(5, 1, 'Your Timeline', 'Find services based on your goals and deadlines,&lt;br&gt; its that simple.', 'desk.jpg', 0),
(6, 1, 'Your Safety', 'Your payment is always secure, ALTAMKIN is built to protect your peace of mind.', 'security.jpg', 0),
(7, 2, 'الشروط', 'أيًا كان ما تحتاجه لتبسيط قائمة المهام ، بغض النظر عن ميزانيتك.', 'time.png', 0),
(8, 2, 'الجدول الزمني الخاص بك', 'ابحث عن الخدمات بناءً على أهدافك والمواعيد النهائية...الأمر بهذه البساطة.', 'desk.jpg', 0),
(9, 2, 'سلامتك', 'الدفع الخاص بك آمن دائمًا ، تم تصميم ألتمكين لحماية راحة بالك.', 'security.jpg', 0);

-- --------------------------------------------------------

--
-- بنية الجدول `seller_accounts`
--

CREATE TABLE `seller_accounts` (
  `account_id` int(10) NOT NULL,
  `seller_id` int(10) NOT NULL,
  `withdrawn` varchar(255) COLLATE utf8mb4_unicode_ci NOT NULL DEFAULT '0',
  `current_balance` varchar(255) COLLATE utf8mb4_unicode_ci NOT NULL DEFAULT '0',
  `used_purchases` varchar(255) COLLATE utf8mb4_unicode_ci NOT NULL DEFAULT '0',
  `pending_clearance` varchar(255) COLLATE utf8mb4_unicode_ci NOT NULL DEFAULT '0',
  `month_earnings` varchar(255) COLLATE utf8mb4_unicode_ci NOT NULL DEFAULT '0'
) ENGINE=InnoDB DEFAULT CHARSET=utf8mb4 COLLATE=utf8mb4_unicode_ci;

--
-- إرجاع أو استيراد بيانات الجدول `seller_accounts`
--

INSERT INTO `seller_accounts` (`account_id`, `seller_id`, `withdrawn`, `current_balance`, `used_purchases`, `pending_clearance`, `month_earnings`) VALUES
(1, 46, '0', '0', '0', '0', '0'),
(2, 68, '0', '0', '0', '0', '0'),
(3, 69, '0', '0', '0', '0', '0'),
(4, 3, '0', '0', '0', '0', '0'),
(5, 66, '0', '0', '0', '0', '0'),
(6, 1, '0', '0', '0', '0', '0'),
(7, 33, '0', '0', '0', '0', '0'),
(8, 7, '0', '0', '0', '0', '0'),
(9, 70, '0', '0', '0', '0', '0'),
(10, 51, '0', '0', '0', '0', '0'),
(11, 36, '0', '0', '0', '0', '0'),
(12, 37, '0', '0', '0', '0', '0'),
(13, 41, '0', '0', '0', '0', '0'),
(14, 56, '0', '0', '0', '0', '0'),
(15, 31, '0', '0', '0', '0', '0'),
(16, 35, '0', '0', '0', '0', '0'),
(17, 47, '0', '0', '0', '0', '0'),
(18, 9, '0', '0', '0', '0', '0'),
(19, 54, '0', '0', '0', '0', '0'),
(20, 45, '0', '0', '0', '0', '0'),
(21, 61, '0', '2', '0', '0', '2'),
(22, 64, '0', '0', '0', '0', '0'),
(23, 58, '0', '0', '0', '0', '0'),
(24, 71, '0', '0', '0', '0', '0'),
(25, 26, '0', '0', '0', '0', '0'),
(26, 72, '0', '0', '0', '0', '0'),
(27, 73, '0', '0', '0', '0', '0'),
(28, 74, '0', '0', '0', '0', '0'),
(29, 75, '0', '0', '0', '0', '0'),
(30, 76, '0', '0', '0', '0', '0'),
(31, 77, '0', '0', '0', '0', '0'),
(32, 23, '0', '0', '0', '0', '0'),
(33, 78, '0', '0', '0', '0', '0'),
(34, 79, '0', '0', '0', '0', '0'),
(35, 80, '0', '0', '0', '0', '0'),
(36, 81, '0', '0', '0', '0', '0'),
(37, 82, '0', '0', '0', '0', '0'),
(38, 83, '0', '0', '0', '0', '0'),
(39, 84, '0', '0', '0', '0', '0'),
(40, 85, '0', '0', '0', '0', '0'),
(41, 86, '0', '0', '0', '0', '0'),
(42, 87, '0', '0', '0', '0', '0'),
(43, 88, '0', '0', '0', '0', '0'),
(44, 89, '0', '0', '0', '0', '0'),
(45, 90, '0', '0', '0', '0', '0'),
(46, 91, '0', '0', '0', '0', '0'),
(47, 92, '0', '0', '0', '0', '0'),
(48, 93, '0', '0', '0', '0', '0'),
(49, 94, '0', '0', '0', '0', '0'),
(50, 95, '0', '0', '0', '0', '0'),
(51, 96, '0', '0', '0', '0', '0'),
(52, 97, '0', '0', '0', '0', '0'),
(53, 98, '0', '0', '0', '0', '0'),
(54, 99, '0', '0', '0', '0', '0'),
(55, 100, '0', '0', '0', '0', '0'),
(56, 101, '0', '0', '0', '0', '0'),
(57, 102, '0', '0', '0', '0', '0'),
(58, 103, '0', '0', '0', '0', '0'),
(59, 104, '0', '0', '0', '0', '0'),
(60, 105, '0', '0', '0', '0', '0'),
(61, 106, '0', '0', '0', '0', '0'),
(62, 107, '0', '0', '0', '0', '0'),
(63, 108, '0', '0', '0', '0', '0'),
(64, 109, '0', '0', '0', '0', '0'),
(65, 110, '0', '0', '0', '0', '0'),
(66, 111, '0', '0', '0', '0', '0'),
(67, 112, '0', '0', '0', '0', '0'),
(68, 113, '0', '0', '0', '0', '0'),
(69, 114, '0', '0', '0', '0', '0'),
(70, 115, '0', '0', '0', '0', '0'),
(71, 116, '0', '0', '0', '0', '0'),
(72, 117, '0', '0', '0', '0', '0'),
(73, 118, '0', '0', '0', '0', '0'),
(74, 119, '0', '0', '0', '0', '0'),
(75, 120, '0', '0', '0', '0', '0'),
(76, 121, '0', '0', '0', '0', '0'),
(77, 122, '0', '0', '0', '0', '0'),
(78, 123, '0', '0', '0', '0', '0'),
(79, 6, '0', '0', '0', '0', '0'),
(80, 124, '0', '0', '0', '0', '0'),
(81, 125, '0', '0', '0', '0', '0'),
(82, 126, '0', '0', '0', '0', '0'),
(83, 127, '0', '0', '0', '0', '0'),
(84, 128, '0', '0', '0', '0', '0'),
(85, 129, '0', '0', '0', '0', '0'),
(86, 130, '0', '0', '0', '0', '0'),
(87, 131, '0', '0', '0', '0', '0'),
(88, 132, '0', '0', '0', '0', '0'),
(89, 133, '0', '0', '0', '0', '0'),
(90, 134, '0', '0', '0', '0', '0'),
(91, 135, '0', '0', '0', '0', '0'),
(92, 136, '0', '0', '0', '0', '0'),
(93, 137, '0', '0', '0', '0', '0'),
(94, 138, '0', '0', '0', '0', '0'),
(95, 139, '0', '0', '0', '0', '0'),
(96, 140, '0', '0', '0', '0', '0'),
(97, 141, '0', '0', '0', '0', '0'),
(98, 142, '0', '0', '0', '0', '0'),
(99, 143, '0', '0', '0', '0', '0'),
(100, 144, '0', '0', '0', '0', '0'),
(101, 145, '0', '0', '0', '0', '0'),
(102, 146, '0', '0', '0', '0', '0'),
(103, 48, '0', '0', '0', '0', '0'),
(104, 147, '0', '0', '0', '0', '0'),
(105, 148, '0', '0', '0', '0', '0'),
(106, 149, '0', '0', '0', '0', '0'),
(107, 150, '0', '0', '0', '0', '0'),
(108, 151, '0', '0', '0', '0', '0'),
(109, 152, '0', '0', '0', '0', '0'),
(110, 153, '0', '0', '0', '0', '0'),
(111, 154, '0', '0', '0', '0', '0'),
(112, 155, '0', '0', '0', '0', '0'),
(113, 156, '0', '0', '0', '0', '0'),
(114, 157, '0', '0', '0', '0', '0'),
(115, 158, '0', '0', '0', '0', '0'),
(116, 159, '0', '0', '0', '0', '0'),
(117, 160, '0', '0', '0', '0', '0'),
(118, 161, '0', '0', '0', '0', '0'),
(119, 162, '0', '0', '0', '0', '0'),
(120, 163, '0', '0', '0', '0', '0'),
(121, 164, '0', '0', '0', '0', '0'),
(122, 165, '0', '0', '0', '0', '0'),
(123, 166, '0', '0', '0', '0', '0'),
(124, 167, '0', '0', '0', '0', '0'),
(125, 168, '0', '0', '0', '0', '0'),
(126, 169, '0', '0', '0', '0', '0'),
(127, 170, '0', '0', '0', '0', '0'),
(128, 171, '0', '0', '0', '0', '0'),
(129, 172, '0', '0', '0', '0', '0'),
(130, 173, '0', '0', '0', '0', '0'),
(131, 174, '0', '0', '0', '0', '0');

-- --------------------------------------------------------

--
-- بنية الجدول `seller_languages`
--

CREATE TABLE `seller_languages` (
  `language_id` int(10) NOT NULL,
  `language_title` text COLLATE utf8mb4_unicode_ci NOT NULL
) ENGINE=InnoDB DEFAULT CHARSET=utf8mb4 COLLATE=utf8mb4_unicode_ci;

--
-- إرجاع أو استيراد بيانات الجدول `seller_languages`
--

INSERT INTO `seller_languages` (`language_id`, `language_title`) VALUES
(1, 'English'),
(2, 'العربية');

-- --------------------------------------------------------

--
-- بنية الجدول `seller_levels`
--

CREATE TABLE `seller_levels` (
  `level_id` int(10) NOT NULL
) ENGINE=InnoDB DEFAULT CHARSET=utf8mb4 COLLATE=utf8mb4_unicode_ci;

--
-- إرجاع أو استيراد بيانات الجدول `seller_levels`
--

INSERT INTO `seller_levels` (`level_id`) VALUES
(1),
(2),
(3),
(4);

-- --------------------------------------------------------

--
-- بنية الجدول `seller_levels_meta`
--

CREATE TABLE `seller_levels_meta` (
  `id` int(10) NOT NULL,
  `language_id` int(10) NOT NULL,
  `level_id` int(10) NOT NULL,
  `title` varchar(255) COLLATE utf8mb4_unicode_ci NOT NULL
) ENGINE=InnoDB DEFAULT CHARSET=utf8mb4 COLLATE=utf8mb4_unicode_ci;

--
-- إرجاع أو استيراد بيانات الجدول `seller_levels_meta`
--

INSERT INTO `seller_levels_meta` (`id`, `language_id`, `level_id`, `title`) VALUES
(1, 1, 1, 'New Seller'),
(2, 1, 2, 'Level One'),
(3, 1, 3, 'Level Two'),
(4, 1, 4, 'Top Rated A'),
(5, 2, 4, 'الأعلى تقييمًا A'),
(6, 2, 3, 'المستوى الثاني'),
(7, 2, 2, 'المستوى الاول'),
(8, 2, 1, 'New Seller');

-- --------------------------------------------------------

--
-- بنية الجدول `seller_payment_settings`
--

CREATE TABLE `seller_payment_settings` (
  `id` int(10) NOT NULL,
  `level_id` int(10) NOT NULL,
  `commission_percentage` int(10) NOT NULL,
  `payout_day` int(100) NOT NULL,
  `payout_time` varchar(255) COLLATE utf8mb4_unicode_ci NOT NULL,
  `payout_anyday` int(10) NOT NULL
) ENGINE=InnoDB DEFAULT CHARSET=utf8mb4 COLLATE=utf8mb4_unicode_ci;

--
-- إرجاع أو استيراد بيانات الجدول `seller_payment_settings`
--

INSERT INTO `seller_payment_settings` (`id`, `level_id`, `commission_percentage`, `payout_day`, `payout_time`, `payout_anyday`) VALUES
(1, 1, 20, 26, '15:00', 0),
(2, 2, 15, 20, '01:00', 0),
(3, 3, 10, 15, '01:00', 0),
(4, 4, 5, 1, '03:00', 1);

-- --------------------------------------------------------

--
-- بنية الجدول `seller_reviews`
--

CREATE TABLE `seller_reviews` (
  `review_id` int(10) NOT NULL,
  `order_id` int(10) NOT NULL,
  `review_seller_id` int(10) NOT NULL,
  `seller_rating` int(10) NOT NULL,
  `seller_review` text COLLATE utf8mb4_unicode_ci NOT NULL
) ENGINE=InnoDB DEFAULT CHARSET=utf8mb4 COLLATE=utf8mb4_unicode_ci;

--
-- إرجاع أو استيراد بيانات الجدول `seller_reviews`
--

INSERT INTO `seller_reviews` (`review_id`, `order_id`, `review_seller_id`, `seller_rating`, `seller_review`) VALUES
(1, 1, 61, 1, 'great');

-- --------------------------------------------------------

--
-- بنية الجدول `seller_skills`
--

CREATE TABLE `seller_skills` (
  `skill_id` int(10) NOT NULL,
  `skill_title` text COLLATE utf8mb4_unicode_ci NOT NULL
) ENGINE=InnoDB DEFAULT CHARSET=utf8mb4 COLLATE=utf8mb4_unicode_ci;

--
-- إرجاع أو استيراد بيانات الجدول `seller_skills`
--

INSERT INTO `seller_skills` (`skill_id`, `skill_title`) VALUES
(1, 'Adobe CC'),
(2, 'تطوير مواقع'),
(3, 'تطوير تطبيقات'),
(4, 'دعم فني تقني'),
(5, 'ترجمة'),
(6, 'تصوير فوتوغرافي'),
(7, 'معالجة الصور والتلاعب بها'),
(8, 'محرر فيديو'),
(9, 'والكتابة والتحرير'),
(10, 'Coaching'),
(11, 'Presentations prepare '),
(12, 'Parents coaching'),
(13, 'Personality analysis');

-- --------------------------------------------------------

--
-- بنية الجدول `seller_type_status`
--

CREATE TABLE `seller_type_status` (
  `id` int(10) NOT NULL,
  `seller_id` int(10) NOT NULL,
  `message_group_id` text COLLATE utf8mb4_unicode_ci NOT NULL,
  `time` varchar(255) COLLATE utf8mb4_unicode_ci NOT NULL,
  `status` text COLLATE utf8mb4_unicode_ci NOT NULL
) ENGINE=InnoDB DEFAULT CHARSET=utf8mb4 COLLATE=utf8mb4_unicode_ci;

--
-- إرجاع أو استيراد بيانات الجدول `seller_type_status`
--

INSERT INTO `seller_type_status` (`id`, `seller_id`, `message_group_id`, `time`, `status`) VALUES
(1, 71, '1397187541', '2021-01-24 16:37:13', 'untyping'),
(2, 33, '1397187541', '2021-02-06 22:30:33', 'untyping'),
(3, 33, '1607530402', '2021-02-06 22:31:39', 'untyping'),
(4, 72, '1607530402', '2021-02-08 11:12:46', 'untyping'),
(5, 26, '1359501721', '2021-02-08 13:22:33', 'untyping'),
(6, 26, '123089710', '2021-02-08 13:22:56', 'untyping'),
(7, 94, '1610109251', '2021-04-04 15:08:47', 'untyping'),
(8, 94, '115642628', '2021-04-04 15:09:42', 'untyping'),
(9, 148, '1115906239', '2022-07-03 21:42:42', 'untyping'),
(10, 148, '793156982', '2022-07-03 21:44:19', 'untyping');

-- --------------------------------------------------------

--
-- بنية الجدول `send_offers`
--

CREATE TABLE `send_offers` (
  `offer_id` int(10) NOT NULL,
  `request_id` int(10) NOT NULL,
  `sender_id` int(10) NOT NULL,
  `proposal_id` int(10) NOT NULL,
  `description` text COLLATE utf8mb4_unicode_ci NOT NULL,
  `delivery_time` text COLLATE utf8mb4_unicode_ci NOT NULL,
  `amount` text COLLATE utf8mb4_unicode_ci NOT NULL,
  `status` text COLLATE utf8mb4_unicode_ci NOT NULL
) ENGINE=InnoDB DEFAULT CHARSET=utf8mb4 COLLATE=utf8mb4_unicode_ci;

-- --------------------------------------------------------

--
-- بنية الجدول `site_currencies`
--

CREATE TABLE `site_currencies` (
  `id` int(10) NOT NULL,
  `currency_id` int(10) NOT NULL,
  `code` varchar(255) COLLATE utf8mb4_unicode_ci NOT NULL,
  `position` varchar(255) COLLATE utf8mb4_unicode_ci NOT NULL,
  `format` varchar(255) COLLATE utf8mb4_unicode_ci NOT NULL,
  `rate` varchar(255) COLLATE utf8mb4_unicode_ci NOT NULL
) ENGINE=InnoDB DEFAULT CHARSET=utf8mb4 COLLATE=utf8mb4_unicode_ci;

-- --------------------------------------------------------

--
-- بنية الجدول `skills_relation`
--

CREATE TABLE `skills_relation` (
  `relation_id` int(10) NOT NULL,
  `seller_id` int(10) NOT NULL,
  `skill_id` int(10) NOT NULL,
  `skill_level` text COLLATE utf8mb4_unicode_ci NOT NULL
) ENGINE=InnoDB DEFAULT CHARSET=utf8mb4 COLLATE=utf8mb4_unicode_ci;

--
-- إرجاع أو استيراد بيانات الجدول `skills_relation`
--

INSERT INTO `skills_relation` (`relation_id`, `seller_id`, `skill_id`, `skill_level`) VALUES
(1, 33, 1, 'Expert'),
(2, 33, 2, 'Expert'),
(3, 33, 3, 'Expert'),
(4, 33, 4, 'Expert'),
(5, 33, 5, 'Expert'),
(6, 33, 6, 'Intermediate'),
(7, 33, 7, 'Expert'),
(8, 33, 8, 'Intermediate'),
(9, 70, 5, 'Expert'),
(10, 64, 9, 'Expert'),
(11, 64, 4, 'Beginner'),
(12, 82, 6, 'Intermediate'),
(13, 83, 8, 'متوسط'),
(14, 64, 5, 'Intermediate'),
(15, 123, 4, 'Intermediate'),
(16, 127, 8, 'Beginner'),
(17, 129, 6, 'Beginner'),
(18, 129, 7, 'Intermediate'),
(19, 129, 8, 'Intermediate'),
(20, 139, 8, 'Expert'),
(21, 139, 7, 'Expert'),
(22, 139, 3, 'Intermediate'),
(23, 139, 6, 'Intermediate'),
(24, 36, 10, 'Expert'),
(25, 36, 9, 'Expert'),
(26, 36, 11, 'Expert'),
(27, 36, 12, 'Expert'),
(28, 36, 13, 'Expert'),
(29, 144, 10, 'Expert'),
(30, 144, 13, 'Expert'),
(31, 144, 12, 'Expert'),
(32, 144, 11, 'Expert'),
(33, 103, 3, 'Intermediate');

-- --------------------------------------------------------

--
-- بنية الجدول `slider`
--

CREATE TABLE `slider` (
  `slide_id` int(10) NOT NULL,
  `language_id` int(10) NOT NULL,
  `slide_name` text COLLATE utf8mb4_unicode_ci NOT NULL,
  `slide_desc` text COLLATE utf8mb4_unicode_ci NOT NULL,
  `slide_image` text COLLATE utf8mb4_unicode_ci NOT NULL,
  `slide_url` text COLLATE utf8mb4_unicode_ci NOT NULL,
  `isS3` int(10) NOT NULL
) ENGINE=InnoDB DEFAULT CHARSET=utf8mb4 COLLATE=utf8mb4_unicode_ci;

--
-- إرجاع أو استيراد بيانات الجدول `slider`
--

INSERT INTO `slider` (`slide_id`, `language_id`, `slide_name`, `slide_desc`, `slide_image`, `slide_url`, `isS3`) VALUES
(27, 1, '', '', 'cover-01.jpg', 'https://www.altamkin.com/ALTAMKIN/', 0);

-- --------------------------------------------------------

--
-- بنية الجدول `spam_words`
--

CREATE TABLE `spam_words` (
  `id` int(10) NOT NULL,
  `word` varchar(255) COLLATE utf8mb4_unicode_ci NOT NULL
) ENGINE=InnoDB DEFAULT CHARSET=utf8mb4 COLLATE=utf8mb4_unicode_ci;

--
-- إرجاع أو استيراد بيانات الجدول `spam_words`
--

INSERT INTO `spam_words` (`id`, `word`) VALUES
(1, 'PayPal'),
(2, 'payoneer'),
(3, 'pay'),
(4, 'mobile'),
(5, 'contact'),
(6, 'email'),
(7, 'skype'),
(8, 'number'),
(9, '.com'),
(10, 'direct'),
(12, 'Pay'),
(13, 'Poop'),
(15, 'bad word'),
(16, 'siva'),
(17, 'Machi'),
(18, 'city'),
(19, 'facebook');

-- --------------------------------------------------------

--
-- بنية الجدول `starred_messages`
--

CREATE TABLE `starred_messages` (
  `id` int(10) NOT NULL,
  `seller_id` int(10) NOT NULL,
  `message_group_id` int(10) NOT NULL
) ENGINE=InnoDB DEFAULT CHARSET=utf8mb4 COLLATE=utf8mb4_unicode_ci;

-- --------------------------------------------------------

--
-- بنية الجدول `support_conversations`
--

CREATE TABLE `support_conversations` (
  `id` int(11) NOT NULL,
  `ticket_id` int(11) NOT NULL,
  `admin_id` int(11) NOT NULL,
  `sender_id` int(11) NOT NULL,
  `message` text NOT NULL,
  `date` text NOT NULL,
  `attachment` text DEFAULT NULL,
  `isS3` int(10) NOT NULL
) ENGINE=InnoDB DEFAULT CHARSET=utf8mb4;

-- --------------------------------------------------------

--
-- بنية الجدول `support_tickets`
--

CREATE TABLE `support_tickets` (
  `ticket_id` int(10) NOT NULL,
  `enquiry_id` int(10) NOT NULL,
  `number` int(11) NOT NULL,
  `sender_id` int(10) NOT NULL,
  `subject` text COLLATE utf8mb4_unicode_ci NOT NULL,
  `message` text COLLATE utf8mb4_unicode_ci NOT NULL,
  `order_number` text COLLATE utf8mb4_unicode_ci NOT NULL,
  `order_rule` text COLLATE utf8mb4_unicode_ci NOT NULL,
  `attachment` text COLLATE utf8mb4_unicode_ci NOT NULL,
  `date` text COLLATE utf8mb4_unicode_ci NOT NULL,
  `status` text COLLATE utf8mb4_unicode_ci NOT NULL,
  `isS3` int(10) NOT NULL
) ENGINE=InnoDB DEFAULT CHARSET=utf8mb4 COLLATE=utf8mb4_unicode_ci;

--
-- إرجاع أو استيراد بيانات الجدول `support_tickets`
--

INSERT INTO `support_tickets` (`ticket_id`, `enquiry_id`, `number`, `sender_id`, `subject`, `message`, `order_number`, `order_rule`, `attachment`, `date`, `status`, `isS3`) VALUES
(1, 2, 702142278, 69, 'test tickets', 'text test ticket', '123456', 'Buyer', '', '09:54 Jan 05, 2021', 'close', 0),
(2, 1, 99544431, 1, 'test tickets', 'Test ', '51254215', 'Buyer', '', '12:18 Jan 25, 2021', 'Close', 0);

-- --------------------------------------------------------

--
-- بنية الجدول `temp_extras`
--

CREATE TABLE `temp_extras` (
  `id` int(10) NOT NULL,
  `reference_no` varchar(255) COLLATE utf8mb4_unicode_ci NOT NULL,
  `buyer_id` int(10) NOT NULL,
  `item_id` int(10) NOT NULL,
  `proposal_id` int(10) NOT NULL,
  `name` text COLLATE utf8mb4_unicode_ci NOT NULL,
  `price` text COLLATE utf8mb4_unicode_ci NOT NULL
) ENGINE=InnoDB DEFAULT CHARSET=utf8mb4 COLLATE=utf8mb4_unicode_ci;

-- --------------------------------------------------------

--
-- بنية الجدول `temp_orders`
--

CREATE TABLE `temp_orders` (
  `id` int(10) NOT NULL,
  `reference_no` varchar(255) COLLATE utf8mb4_unicode_ci NOT NULL,
  `buyer_id` int(10) NOT NULL,
  `content_id` int(10) NOT NULL,
  `qty` int(10) NOT NULL,
  `price` varchar(255) COLLATE utf8mb4_unicode_ci NOT NULL,
  `total` varchar(255) COLLATE utf8mb4_unicode_ci NOT NULL,
  `delivery_id` int(10) NOT NULL,
  `revisions` varchar(255) COLLATE utf8mb4_unicode_ci NOT NULL,
  `minutes` int(10) NOT NULL,
  `video` int(10) NOT NULL,
  `extras` text COLLATE utf8mb4_unicode_ci NOT NULL,
  `type` varchar(255) COLLATE utf8mb4_unicode_ci NOT NULL,
  `currency` varchar(255) COLLATE utf8mb4_unicode_ci NOT NULL,
  `method` varchar(255) COLLATE utf8mb4_unicode_ci NOT NULL,
  `message` text COLLATE utf8mb4_unicode_ci NOT NULL,
  `status` varchar(255) COLLATE utf8mb4_unicode_ci NOT NULL
) ENGINE=InnoDB DEFAULT CHARSET=utf8mb4 COLLATE=utf8mb4_unicode_ci;

--
-- إرجاع أو استيراد بيانات الجدول `temp_orders`
--

INSERT INTO `temp_orders` (`id`, `reference_no`, `buyer_id`, `content_id`, `qty`, `price`, `total`, `delivery_id`, `revisions`, `minutes`, `video`, `extras`, `type`, `currency`, `method`, `message`, `status`) VALUES
(126, '196308672', 1, 53, 1, '2', '2', 1, '0', 0, 0, '', 'cart_item', '', '', '', ''),
(127, '28012743247555711', 1, 196308672, 1, '2', '4', 0, '', 0, 0, '', 'cart', '', 'paypal', '', ''),
(134, '1573568571', 1, 53, 1, '2', '2', 1, '0', 0, 0, '', 'cart_item', '', '', '', ''),
(135, '1475401832', 1, 53, 1, '2', '2', 1, '0', 0, 0, '', 'cart_item', '', '', '', ''),
(136, '1075568429', 1, 53, 1, '2', '2', 1, '0', 0, 0, '', 'cart_item', '', '', '', ''),
(141, '891509660', 1, 53, 1, '2', '2', 1, '0', 0, 0, '', 'cart_item', '', '', '', ''),
(142, '1129015074', 26, 55, 1, '2', '2', 1, '0', 0, 0, '', 'cart_item', '', '', '', ''),
(143, '689247065', 26, 55, 1, '2', '2', 1, '0', 0, 0, '', 'cart_item', '', '', '', ''),
(144, '1474943831', 26, 55, 1, '2', '2', 1, '0', 0, 0, '', 'cart_item', '', '', '', ''),
(145, '1282940855', 26, 55, 1, '2', '2', 1, '0', 0, 0, '', 'cart_item', '', '', '', ''),
(148, '677833725', 26, 55, 1, '2', '2', 1, '0', 0, 0, '', 'cart_item', '', '', '', ''),
(151, '715663646', 26, 55, 1, '2', '3.18', 1, '0', 0, 0, '', 'cart_item', '', '', '', ''),
(152, '589034158', 26, 55, 1, '2', '3.18', 1, '0', 0, 0, '', 'cart_item', '', '', '', ''),
(153, '1334484083', 26, 55, 1, '2', '3.18', 1, '0', 0, 0, '', 'cart_item', '', '', '', ''),
(154, '775233204', 26, 55, 1, '2', '3.18', 1, '0', 0, 0, '', 'cart_item', '', '', '', ''),
(155, '1367364997', 26, 55, 1, '2', '3.18', 1, '0', 0, 0, '', 'cart_item', '', '', '', ''),
(156, '744212174', 26, 55, 1, '2', '3.18', 1, '0', 0, 0, '', 'cart_item', '', '', '', ''),
(157, '890794558', 26, 55, 1, '2', '2', 1, '0', 0, 0, '', 'cart_item', '', '', '', ''),
(170, '1407518348', 72, 39, 1, '2', '2', 1, '0', 0, 0, '', 'cart_item', '', '', '', ''),
(171, '0KN03845VC798234C', 72, 1407518348, 1, '2', '4', 0, '', 0, 0, '', 'cart', '', 'paypal', '', ''),
(182, '790458970', 26, 47, 1, '8', '8', 2, '0', 0, 0, '', 'cart_item', '', '', '', ''),
(183, '2LB90678JJ9074544', 26, 790458970, 1, '8', '10', 0, '', 0, 0, '', 'cart', '', 'paypal', '', ''),
(184, '623967363', 26, 47, 1, '8', '8', 2, '0', 0, 0, '', 'cart_item', '', '', '', ''),
(185, '50F15476G10888215', 26, 623967363, 1, '8', '10', 0, '', 0, 0, '', 'cart', '', 'paypal', '', ''),
(186, '714806670', 26, 47, 1, '8', '8', 2, '0', 0, 0, '', 'cart_item', '', '', '', ''),
(187, '35U881511A150740G', 26, 714806670, 1, '8', '10', 0, '', 0, 0, '', 'cart', '', 'paypal', '', ''),
(192, '64574375', 26, 47, 1, '8', '8', 2, '0', 0, 0, '', 'cart_item', '', '', '', ''),
(193, '9PG98605BS8948455', 26, 64574375, 1, '8', '10', 0, '', 0, 0, '', 'cart', '', 'paypal', '', ''),
(194, '478083040', 26, 47, 1, '8', '8', 2, '0', 0, 0, '', 'cart_item', '', '', '', ''),
(195, '4XG53199VM6254440', 26, 478083040, 1, '8', '10', 0, '', 0, 0, '', 'cart', '', 'paypal', '', ''),
(196, '1743364036', 26, 47, 1, '8', '8', 2, '0', 0, 0, '', 'cart_item', '', '', '', ''),
(197, '38744239SD6274901', 26, 1743364036, 1, '8', '10', 0, '', 0, 0, '', 'cart', '', 'paypal', '', ''),
(202, '99199797', 26, 47, 1, '8', '8', 2, '0', 0, 0, '', 'cart_item', '', '', '', ''),
(203, '6P145114H5419791U', 26, 99199797, 1, '8', '10', 0, '', 0, 0, '', 'cart', '', 'paypal', '', ''),
(220, '347725266', 72, 93, 1, '10', '10', 1, '0', 0, 0, '', 'cart_item', '', '', '', ''),
(221, '83F77933LM651924X', 72, 347725266, 1, '10', '12', 0, '', 0, 0, '', 'cart', '', 'paypal', '', ''),
(224, '616933900', 26, 57, 1, '5', '5', 1, '0', 0, 0, '', 'cart_item', '', '', '', ''),
(227, '924663777', 26, 57, 1, '5', '5', 1, '0', 0, 0, '', 'cart_item', '', '', '', ''),
(228, '5NS48937GN002342N', 26, 924663777, 1, '5', '7', 0, '', 0, 0, '', 'cart', '', 'paypal', '', ''),
(229, '964175051', 26, 57, 1, '5', '5', 1, '0', 0, 0, '', 'cart_item', '', '', '', ''),
(230, '1J365032UA606254G', 26, 964175051, 1, '5', '7', 0, '', 0, 0, '', 'cart', '', 'paypal', '', ''),
(231, '213182691', 26, 57, 1, '5', '5', 1, '0', 0, 0, '', 'cart_item', '', '', '', ''),
(232, '1VM25476YS874050Y', 26, 213182691, 1, '5', '7', 0, '', 0, 0, '', 'cart', '', 'paypal', '', ''),
(235, '860622784', 26, 57, 1, '5', '5', 1, '0', 0, 0, '', 'cart_item', '', '', '', ''),
(236, '3GX30476791004023', 26, 860622784, 1, '5', '7', 0, '', 0, 0, '', 'cart', '', 'paypal', '', ''),
(237, '685601554', 26, 57, 1, '5', '5', 1, '0', 0, 0, '', 'cart_item', '', '', '', ''),
(238, '9R4402001B789283Y', 26, 685601554, 1, '5', '7', 0, '', 0, 0, '', 'cart', '', 'paypal', '', ''),
(241, '359634655', 26, 57, 1, '5', '5', 1, '0', 0, 0, '', 'cart_item', '', '', '', ''),
(242, '9NY43104J67335518', 26, 359634655, 1, '5', '7', 0, '', 0, 0, '', 'cart', '', 'paypal', '', ''),
(243, '659965877', 26, 57, 1, '5', '5', 1, '0', 0, 0, '', 'cart_item', '', '', '', ''),
(244, '19N3118300176154X', 26, 659965877, 1, '5', '7', 0, '', 0, 0, '', 'cart', '', 'paypal', '', ''),
(245, '1455339692', 26, 57, 1, '5', '5', 1, '0', 0, 0, '', 'cart_item', '', '', '', ''),
(246, '47A01563W5304472N', 26, 1455339692, 1, '5', '7', 0, '', 0, 0, '', 'cart', '', 'paypal', '', ''),
(247, '881073758', 26, 57, 1, '5', '5', 1, '0', 0, 0, '', 'cart_item', '', '', '', ''),
(248, '0WN01936AK139383B', 26, 881073758, 1, '5', '7', 0, '', 0, 0, '', 'cart', '', 'paypal', '', ''),
(249, '446587394', 26, 57, 1, '5', '5', 1, '0', 0, 0, '', 'cart_item', '', '', '', ''),
(250, '7B442973B3196754R', 26, 446587394, 1, '5', '7', 0, '', 0, 0, '', 'cart', '', 'paypal', '', ''),
(251, '1927419985', 26, 57, 1, '5', '5', 1, '0', 0, 0, '', 'cart_item', '', '', '', ''),
(252, '75S12809BW477743F', 26, 1927419985, 1, '5', '7', 0, '', 0, 0, '', 'cart', '', 'paypal', '', ''),
(253, '137917687', 26, 57, 1, '5', '5', 1, '0', 0, 0, '', 'cart_item', '', '', '', ''),
(254, '0BC456230W744192N', 26, 137917687, 1, '5', '7', 0, '', 0, 0, '', 'cart', '', 'paypal', '', ''),
(255, '268217247', 26, 57, 1, '5', '5', 1, '0', 0, 0, '', 'cart_item', '', '', '', ''),
(256, '8KH77758FT334962X', 26, 268217247, 1, '5', '7', 0, '', 0, 0, '', 'cart', '', 'paypal', '', ''),
(257, '181579351', 26, 57, 1, '5', '5', 1, '0', 0, 0, '', 'cart_item', '', '', '', ''),
(258, '3FF58392K7709023V', 26, 181579351, 1, '5', '7', 0, '', 0, 0, '', 'cart', '', 'paypal', '', ''),
(263, '1183361981', 26, 57, 1, '5', '5', 1, '0', 0, 0, '', 'cart_item', '', '', '', ''),
(264, '89R64715TG3325800', 26, 1183361981, 1, '5', '7', 0, '', 0, 0, '', 'cart', '', 'paypal', '', ''),
(265, '891564642', 26, 57, 1, '5', '5', 1, '0', 0, 0, '', 'cart_item', '', '', '', ''),
(266, '5A263764UM022411V', 26, 891564642, 1, '5', '7', 0, '', 0, 0, '', 'cart', '', 'paypal', '', ''),
(275, '257078482', 72, 93, 1, '10', '10', 1, '0', 0, 0, '', 'cart_item', '', '', '', ''),
(276, '6DG125260D2529335', 72, 257078482, 1, '10', '12', 0, '', 0, 0, '', 'cart', '', 'paypal', '', 'completed'),
(277, '1438542951', 26, 57, 1, '5', '5', 1, '0', 0, 0, '', 'cart_item', '', '', '', ''),
(278, '7AE26201XJ144240V', 26, 1438542951, 1, '5', '7', 0, '', 0, 0, '', 'cart', '', 'paypal', '', ''),
(279, '363669778', 72, 93, 1, '10', '10', 1, '0', 0, 0, '', 'cart_item', '', '', '', ''),
(280, '3X443286SY709722U', 72, 363669778, 1, '10', '12', 0, '', 0, 0, '', 'cart', '', 'paypal', '', ''),
(281, '1456172270', 72, 93, 1, '10', '10', 1, '0', 0, 0, '', 'cart_item', '', '', '', ''),
(282, '4D940133NK336501R', 72, 1456172270, 1, '10', '12', 0, '', 0, 0, '', 'cart', '', 'paypal', '', ''),
(283, '852585060', 72, 93, 1, '10', '10', 1, '0', 0, 0, '', 'cart_item', '', '', '', ''),
(284, '3H350086JV8155911', 72, 852585060, 1, '10', '12', 0, '', 0, 0, '', 'cart', '', 'paypal', '', 'completed'),
(285, '1559202743', 72, 93, 1, '10', '10', 1, '0', 0, 0, '', 'cart_item', '', '', '', ''),
(286, '55Y74439BF9435703', 72, 1559202743, 1, '10', '12', 0, '', 0, 0, '', 'cart', '', 'paypal', '', ''),
(287, '393028672', 72, 93, 1, '10', '10', 1, '0', 0, 0, '', 'cart_item', '', '', '', ''),
(288, '8F441547VC7356707', 72, 393028672, 1, '10', '12', 0, '', 0, 0, '', 'cart', '', 'paypal', '', ''),
(291, '336041727', 72, 93, 1, '10', '10', 1, '0', 0, 0, '', 'cart_item', '', '', '', ''),
(292, '0VF10176DX2706243', 72, 336041727, 1, '10', '12', 0, '', 0, 0, '', 'cart', '', 'paypal', '', ''),
(293, '846711358', 72, 93, 1, '10', '10', 1, '0', 0, 0, '', 'cart_item', '', '', '', ''),
(294, '6YN528999C5119420', 72, 846711358, 1, '10', '12', 0, '', 0, 0, '', 'cart', '', 'paypal', '', ''),
(303, '337432768', 72, 93, 1, '10', '10', 1, '0', 0, 0, '', 'cart_item', '', '', '', ''),
(304, '29T10880NG630415J', 72, 337432768, 1, '10', '12', 0, '', 0, 0, '', 'cart', '', 'paypal', '', ''),
(305, '1016508298', 72, 93, 1, '10', '10', 1, '0', 0, 0, '', 'cart_item', '', '', '', ''),
(306, '7R521596NJ922025B', 72, 1016508298, 1, '10', '12', 0, '', 0, 0, '', 'cart', '', 'paypal', '', ''),
(307, '1806074809', 72, 93, 1, '10', '10', 1, '0', 0, 0, '', 'cart_item', '', '', '', ''),
(308, '44X21129GW145303Y', 72, 1806074809, 1, '10', '12', 0, '', 0, 0, '', 'cart', '', 'paypal', '', ''),
(309, '1370166719', 72, 93, 1, '10', '10', 1, '0', 0, 0, '', 'cart_item', '', '', '', ''),
(310, '5MG3911618304445T', 72, 1370166719, 1, '10', '12', 0, '', 0, 0, '', 'cart', '', 'paypal', '', ''),
(311, '1907214471', 26, 57, 1, '5', '5', 1, '0', 0, 0, '', 'cart_item', '', '', '', ''),
(312, '8BM09887079238013', 26, 1907214471, 1, '5', '7', 0, '', 0, 0, '', 'cart', '', 'paypal', '', ''),
(315, '2125940280', 72, 93, 1, '10', '10', 1, '0', 0, 0, '', 'cart_item', '', '', '', ''),
(316, '0PT86677YA764823R', 72, 2125940280, 1, '10', '12', 0, '', 0, 0, '', 'cart', '', 'paypal', '', ''),
(317, '1639136555', 72, 46, 1, '5', '5', 2, '0', 0, 0, '', 'cart_item', '', '', '', ''),
(318, '70C79465EU002543N', 72, 1639136555, 1, '5', '7', 0, '', 0, 0, '', 'cart', '', 'paypal', '', ''),
(319, '938371231', 72, 46, 1, '5', '5', 2, '0', 0, 0, '', 'cart_item', '', '', '', ''),
(320, '7604731999436450G', 72, 938371231, 1, '5', '7', 0, '', 0, 0, '', 'cart', '', 'paypal', '', ''),
(321, '784414015', 72, 46, 1, '5', '5', 2, '0', 0, 0, '', 'cart_item', '', '', '', ''),
(322, '8FD97248KJ7820053', 72, 784414015, 1, '5', '7', 0, '', 0, 0, '', 'cart', '', 'paypal', '', ''),
(323, '1470676366', 72, 46, 1, '5', '5', 2, '0', 0, 0, '', 'cart_item', '', '', '', ''),
(324, '9XV80078G7684301F', 72, 1470676366, 1, '5', '7', 0, '', 0, 0, '', 'cart', '', 'paypal', '', ''),
(325, '324884479', 72, 46, 1, '5', '5', 2, '0', 0, 0, '', 'cart_item', '', '', '', ''),
(326, '5EW01327GM1972247', 72, 324884479, 1, '5', '7', 0, '', 0, 0, '', 'cart', '', 'paypal', '', ''),
(331, '602489547', 72, 46, 1, '5', '5', 2, '0', 0, 0, '', 'cart_item', '', '', '', ''),
(332, '6UK9104077864323G', 72, 602489547, 1, '5', '7', 0, '', 0, 0, '', 'cart', '', 'paypal', '', ''),
(333, '838017527', 72, 46, 1, '5', '5', 2, '0', 0, 0, '', 'cart_item', '', '', '', ''),
(334, '24T666905N5570051', 72, 838017527, 1, '5', '7', 0, '', 0, 0, '', 'cart', '', 'paypal', '', ''),
(335, '1297088642', 72, 46, 1, '5', '5', 2, '0', 0, 0, '', 'cart_item', '', '', '', ''),
(336, '3D5611820T073034U', 72, 1297088642, 1, '5', '7', 0, '', 0, 0, '', 'cart', '', 'paypal', '', ''),
(337, '82075635', 72, 46, 1, '5', '5', 2, '0', 0, 0, '', 'cart_item', '', '', '', ''),
(338, '43N86122YM172825G', 72, 82075635, 1, '5', '7', 0, '', 0, 0, '', 'cart', '', 'paypal', '', ''),
(343, '1015300539', 72, 46, 1, '5', '5', 2, '0', 0, 0, '', 'cart_item', '', '', '', ''),
(344, '7LS54430BR264441P', 72, 1015300539, 1, '5', '7', 0, '', 0, 0, '', 'cart', '', 'paypal', '', ''),
(355, '1199247530', 72, 46, 1, '5', '5', 2, '0', 0, 0, '', 'cart_item', '', '', '', ''),
(356, '8FK269396T718913W', 72, 1199247530, 1, '5', '7', 0, '', 0, 0, '', 'cart', '', 'paypal', '', ''),
(357, '162284655', 145, 120, 1, '10', '10', 1, '0', 0, 0, '', 'cart_item', '', '', '', ''),
(362, '1U865157P9022463P', 48, 58, 1, '25', '27', 8, '0', 0, 0, '', 'proposal', '', 'paypal', '', ''),
(365, '9C687088PN820902H', 48, 58, 1, '25', '27', 8, '0', 0, 0, '', 'proposal', '', 'paypal', '', ''),
(366, '60L033270D059863E', 48, 58, 1, '25', '27', 8, '0', 0, 0, '', 'proposal', '', 'paypal', '', ''),
(367, '9YX54085LN081710B', 48, 58, 1, '25', '27', 8, '0', 0, 0, '', 'proposal', '', 'paypal', '', '');

-- --------------------------------------------------------

--
-- بنية الجدول `terms`
--

CREATE TABLE `terms` (
  `term_id` int(10) NOT NULL,
  `language_id` int(10) NOT NULL,
  `term_title` text COLLATE utf8mb4_unicode_ci NOT NULL,
  `term_link` text COLLATE utf8mb4_unicode_ci NOT NULL,
  `term_description` text COLLATE utf8mb4_unicode_ci NOT NULL
) ENGINE=InnoDB DEFAULT CHARSET=utf8mb4 COLLATE=utf8mb4_unicode_ci;

--
-- إرجاع أو استيراد بيانات الجدول `terms`
--

INSERT INTO `terms` (`term_id`, `language_id`, `term_title`, `term_link`, `term_description`) VALUES
(1, 1, 'Terms &amp; Conditions', 'Legal-Notice', '\n<p>SOON</p>\n'),
(2, 1, 'Refunds Policy', 'refund', '\n<p><span style=\"color: rgb(0, 0, 0);\">It is a long established fact that a reader will be distracted by the readable content of a page when looking at its layout. The point of using Lorem Ipsum is that it has a more-or-less normal distribution of letters, as opposed to using \'Content here, content here\', making it look like readable English.</span></p><p><span style=\"color: rgb(0, 0, 0);\">Many desktop publishing packages and web page editors now use Lorem Ipsum as their default model text, and a search for \'lorem ipsum\' will uncover many web sites still in their infancy. Various versions have evolved over the years, sometimes by accident, sometimes on purpose (injected humour and the like).</span></p><p><span style=\"color: rgb(0, 0, 0);\">Why do we use it? It is a long established fact that a reader will be distracted by the readable content of a page when looking at its layout. The point of using Lorem Ipsum is that it has a more-or-less normal distribution of letters, as opposed to using \'Content here, content here\', making it look like readable English.</span></p><p><span style=\"color: rgb(0, 0, 0);\">Many desktop publishing packages and web page editors now use Lorem Ipsum as their default model text, and a search for \'lorem ipsum\' will uncover many web sites still in their infancy. Various versions have evolved over the years, sometimes by accident, sometimes on purpose (injected humour and the like).</span></p><p><span style=\"color: rgb(0, 0, 0);\">Where does it come from? Contrary to popular belief, Lorem Ipsum is not simply random text. It has roots in a piece of classical Latin literature from 45 BC, making it over 2000 years old. Richard McClintock, a Latin professor at Hampden-Sydney College in Virginia, looked up one of the more obscure Latin words, consectetur, from a Lorem Ipsum passage, and going through the cites of the word in classical literature, discovered the undoubtable source. Lorem Ipsum comes from sections 1.10.32 and 1.10.33 of \"de Finibus Bonorum et Malorum\" (The Extremes of Good and Evil) by Cicero, written in 45 BC. This book is a treatise on the theory of ethics, very popular during the Renaissance. The first line of Lorem Ipsum, \"Lorem ipsum dolor sit amet..\", comes from a line in section 1.10.32. The standard chunk of Lorem Ipsum used since the 1500s is reproduced below for those interested. Sections 1.10.32 and 1.10.33 from \"de Finibus Bonorum et Malorum\" by Cicero are also reproduced in their exact original form, accompanied by English versions from the 1914 translation by H. Rackham.</span><br></p>\r\n\r\n\r\n\n'),
(3, 2, 'شروط الخدمة', 'Legal-Notice-ar', '\n<h3 style=\"text-align: right; \"><b><span style=\"font-size: 18px;\">&#1575;&#1604;&#1588;&#1585;&#1608;&#1591; &#1608;&#1575;&#1604;&#1575;&#1581;&#1603;&#1575;&#1605;</span></b></h3><p style=\"text-align: right; \"><span style=\"font-size: 18px;\">&nbsp;&#1610;&#1607;&#1583;&#1601; &#1605;&#1608;&#1602;&#1593; &#1575;&#1604;&#1578;&#1605;&#1603;&#1610;&#1606; &#1604;&#1578;&#1587;&#1607;&#1610;&#1604; &#1575;&#1604;&#1581;&#1589;&#1608;&#1604; &#1593;&#1604;&#1609; &#1575;&#1604;&#1575;&#1587;&#1578;&#1588;&#1575;&#1585;&#1577; &#1575;&#1604;&#1589;&#1581;&#1610;&#1581;&#1577; &#1605;&#1606; &#1602;&#1576;&#1604; &#1605;&#1587;&#1578;&#1588;&#1575;&#1585;&#1610;&#1606; &#1605;&#1578;&#1582;&#1589;&#1589;&#1610;&#1606; &#1593;&#1606; &#1576;&#1593;&#1583;.</span><br></p><p style=\"text-align: right; \"><span style=\"font-size: 18px;\">&nbsp;&#1608;&#1578;&#1605;&#1579;&#1604; &#1607;&#1584;&#1607; &#1575;&#1604;&#1588;&#1585;&#1608;&#1591; &#1608;&#1575;&#1604;&#1575;&#1581;&#1603;&#1575;&#1605; &#1575;&#1578;&#1601;&#1575;&#1602; &#1585;&#1587;&#1605;&#1610; &#1608;&#1593;&#1602;&#1583; &#1576;&#1610;&#1606; &#1605;&#1608;&#1602;&#1593; &#1575;&#1604;&#1578;&#1605;&#1603;&#1610;&#1606; &#1608;&#1575;&#1604;&#1605;&#1587;&#1578;&#1582;&#1583;&#1605;&#1548; &#1608;&#1603;&#1584;&#1604;&#1603; &#1575;&#1604;&#1605;&#1587;&#1578;&#1588;&#1575;&#1585;.</span><br></p><p style=\"text-align: right; \">&#1571;&#1610; &#1575;&#1587;&#1578;&#1582;&#1583;&#1575;&#1605; &#1605;&#1606; &#1602;&#1576;&#1604;&#1603; &#1603;&#1605;&#1587;&#1578;&#1582;&#1583;&#1605; &#1604;&#1571;&#1610; &#1605;&#1606; &#1575;&#1604;&#1582;&#1583;&#1605;&#1575;&#1578; &#1575;&#1604;&#1578;&#1610; &#1610;&#1602;&#1583;&#1605;&#1607;&#1575; &#1605;&#1608;&#1602;&#1593;<span style=\"font-size: 18px;\"> \"&#1575;&#1604;&#1578;&#1605;&#1603;&#1610;&#1606;\" &#1610;&#1593;&#1578;&#1576;&#1585; &#1605;&#1608;&#1575;&#1601;&#1602;&#1577; &#1605;&#1606;&#1603; &#1593;&#1604;&#1609; &#1607;&#1584;&#1575; &#1575;&#1604;&#1593;&#1602;&#1583; &#1608;&#1571;&#1581;&#1603;&#1575;&#1605;&#1607;&#1548; &#1608;&#1578;&#1576;&#1593;&#1575;&#1611; &#1604;&#1584;&#1604;&#1603;&#1548; &#1610;&#1580;&#1576; &#1593;&#1604;&#1610;&#1603; &#1593;&#1583;&#1605; &#1575;&#1587;&#1578;&#1582;&#1583;&#1575;&#1605; &#1575;&#1604;&#1605;&#1608;&#1602;&#1593; &#1601;&#1610; &#1581;&#1575;&#1604; &#1604;&#1605; &#1578;&#1603;&#1606; &#1605;&#1608;&#1575;&#1601;&#1602;&#1575;&#1611; &#1593;&#1604;&#1609; &#1575;&#1604;&#1571;&#1581;&#1603;&#1575;&#1605; &#1608;&#1575;&#1604;&#1588;&#1585;&#1608;&#1591; &#1575;&#1604;&#1608;&#1575;&#1585;&#1583;&#1577; &#1601;&#1610; &#1607;&#1584;&#1575; &#1575;&#1604;&#1593;&#1602;&#1583;.</span><br></p><p style=\"text-align: right; \"><span style=\"font-size: 18px;\">&nbsp;&#1607;&#1584;&#1575; &#1608;&#1610;&#1581;&#1578;&#1601;&#1592;&nbsp; &#1605;&#1608;&#1602;&#1593; &#1575;&#1604;&#1578;&#1605;&#1603;&#1610;&#1606; &#1576;&#1581;&#1602; &#1578;&#1593;&#1583;&#1610;&#1604; &#1571;&#1608; &#1578;&#1594;&#1610;&#1610;&#1585; &#1607;&#1584;&#1607; &#1575;&#1604;&#1571;&#1581;&#1603;&#1575;&#1605; &#1608;&#1575;&#1604;&#1588;&#1585;&#1608;&#1591; &#1601;&#1610; &#1571;&#1610; &#1608;&#1602;&#1578;&#1548; &#1603;&#1605;&#1575; &#1608;&#1587;&#1610;&#1578;&#1605; &#1606;&#1588;&#1585;&#1607;&#1575; &#1593;&#1604;&#1609; &#1575;&#1604;&#1605;&#1608;&#1602;&#1593; &#1575;&#1604;&#1573;&#1604;&#1603;&#1578;&#1585;&#1608;&#1606;&#1610;&#1548; &#1608;&#1578;&#1603;&#1608;&#1606; &#1605;&#1587;&#1572;&#1608;&#1604;&#1575; &#1603;&#1605;&#1587;&#1578;&#1582;&#1583;&#1605; &#1571;&#1608; &#1603;&#1605;&#1587;&#1578;&#1588;&#1575;&#1585; &#1593;&#1606; &#1605;&#1585;&#1575;&#1580;&#1593;&#1577; &#1607;&#1584;&#1607; &#1575;&#1604;&#1588;&#1585;&#1608;&#1591; &#1608;&#1575;&#1604;&#1571;&#1581;&#1603;&#1575;&#1605; &#1576;&#1588;&#1603;&#1604; &#1583;&#1608;&#1585;&#1610;.</span><br></p><p style=\"text-align: right; \"><span style=\"font-size: 18px;\">&nbsp;&#1603;&#1605;&#1575; &#1606;&#1571;&#1605;&#1604; &#1605;&#1606;&#1603; &#1605;&#1585;&#1575;&#1580;&#1593;&#1577; &#1587;&#1610;&#1575;&#1587;&#1577; &#1575;&#1604;&#1582;&#1589;&#1608;&#1589;&#1610;&#1577;&#1548; &#1604;&#1605;&#1593;&#1585;&#1601;&#1577; &#1575;&#1604;&#1605;&#1586;&#1610;&#1583; &#1581;&#1608;&#1604; &#1591;&#1585;&#1610;&#1602;&#1577; &#1575;&#1587;&#1578;&#1582;&#1583;&#1575;&#1605; &#1575;&#1604;&#1605;&#1608;&#1602;&#1593;&#1548; &#1608;&#1581;&#1602;&#1608;&#1602; &#1575;&#1604;&#1571;&#1591;&#1585;&#1575;&#1601;.</span><br></p><p style=\"text-align: right; \"><span style=\"font-size: 18px;\">&nbsp;&#1581;&#1610;&#1579; &#1610;&#1603;&#1608;&#1606; &#1575;&#1587;&#1578;&#1582;&#1583;&#1575;&#1605;&#1603; &#1604;&#1605;&#1608;&#1602;&#1593; &#1575;&#1604;&#1578;&#1605;&#1603;&#1610;&#1606; &#1571;&#1606;&#1578; &#1578;&#1602;&#1585; &#1576;&#1605;&#1608;&#1575;&#1601;&#1602;&#1578;&#1603; &#1575;&#1604;&#1603;&#1575;&#1605;&#1604;&#1577; &#1593;&#1604;&#1609; &#1607;&#1584;&#1607; &#1575;&#1604;&#1588;&#1585;&#1608;&#1591;.</span><br></p><h3 style=\"text-align: right; \"><b>&#1571;&#1608;&#1604;&#1575;: &#1593;&#1605;&#1585; &#1575;&#1604;&#1605;&#1587;&#1578;&#1582;&#1583;&#1605;&nbsp;</b></h3><p style=\"text-align: right; \"><span style=\"font-size: 18px;\">&nbsp;&#1610;&#1602;&#1585; &#1575;&#1604;&#1605;&#1587;&#1578;&#1582;&#1583;&#1605; &#1575;&#1604;&#1605;&#1587;&#1580;&#1604; &#1601;&#1610; &#1605;&#1608;&#1602;&#1593; &#1575;&#1604;&#1578;&#1605;&#1603;&#1610;&#1606; &#1571;&#1606; &#1593;&#1605;&#1585;&#1607; &#1604;&#1575; &#1610;&#1602;&#1604; &#1593;&#1606; 18 &#1587;&#1606;&#1577; &#1605;&#1610;&#1604;&#1575;&#1583;&#1610;&#1577; &#1593;&#1606;&#1583; &#1575;&#1604;&#1578;&#1587;&#1580;&#1610;&#1604;&#1548; &#1608;&#1602;&#1583; &#1610;&#1591;&#1604;&#1576; &#1605;&#1608;&#1602;&#1593; \"&#1575;&#1604;&#1578;&#1605;&#1603;&#1610;&#1606;\" &#1608;&#1579;&#1575;&#1574;&#1602; &#1578;&#1579;&#1576;&#1578; &#1584;&#1604;&#1603; &#1573;&#1584;&#1575; &#1583;&#1593;&#1578; &#1575;&#1604;&#1581;&#1575;&#1580;&#1577;.</span><br></p><p style=\"text-align: right; \"><span style=\"font-size: 18px;\">&nbsp;&#1603;&#1605;&#1575; &#1610;&#1602;&#1585; &#1575;&#1604;&#1605;&#1587;&#1578;&#1582;&#1583;&#1605; &#1576;&#1571;&#1606;&#1607; &#1610;&#1578;&#1605;&#1578;&#1593; &#1576;&#1603;&#1575;&#1605;&#1604; &#1602;&#1608;&#1575;&#1607; &#1575;&#1604;&#1593;&#1602;&#1604;&#1610;&#1577; &#1608;&#1587;&#1591;&#1604;&#1578;&#1607; &#1604;&#1604;&#1578;&#1593;&#1575;&#1602;&#1583;&#1548; &#1608;&#1571;&#1606;&#1607; &#1576;&#1584;&#1604;&#1603; &#1604;&#1606; &#1610;&#1603;&#1608;&#1606; &#1605;&#1606;&#1578;&#1607;&#1603;&#1575;&#1611; &#1604;&#1571;&#1610; &#1602;&#1575;&#1606;&#1608;&#1606; &#1571;&#1608; &#1593;&#1602;&#1583;.</span><br></p><h3 style=\"text-align: right; \"><b>&#1579;&#1575;&#1606;&#1610;&#1575;: &#1578;&#1582;&#1589;&#1589; &#1575;&#1604;&#1605;&#1587;&#1578;&#1588;&#1575;&#1585; &#1608;&#1582;&#1576;&#1585;&#1578;&#1607;</b></h3><p style=\"text-align: right; \"><span style=\"font-size: 18px;\">&nbsp;&#1610;&#1604;&#1578;&#1586;&#1605; &#1575;&#1604;&#1605;&#1587;&#1578;&#1588;&#1575;&#1585; &#1575;&#1604;&#1605;&#1587;&#1580;&#1604; &#1601;&#1610; &#1605;&#1608;&#1602;&#1593; &#1575;&#1604;&#1578;&#1605;&#1603;&#1610;&#1606; &#1576;&#1571;&#1606;&#1607; &#1610;&#1605;&#1578;&#1604;&#1603; &#1575;&#1604;&#1578;&#1582;&#1589;&#1589; &#1608;&#1575;&#1604;&#1582;&#1576;&#1585;&#1577; &#1575;&#1604;&#1578;&#1610; &#1578;&#1571;&#1607;&#1604;&#1607; &#1604;&#1578;&#1602;&#1583;&#1610;&#1605; &#1575;&#1604;&#1582;&#1583;&#1605;&#1577;&#1548; &#1608;&#1571;&#1606; &#1610;&#1603;&#1578;&#1576; &#1584;&#1604;&#1603; &#1601;&#1610; &#1575;&#1604;&#1608;&#1589;&#1601; &#1604;&#1605;&#1580;&#1575;&#1604;&#1607; &#1593;&#1606;&#1583; &#1593;&#1585;&#1590; &#1575;&#1604;&#1582;&#1583;&#1605;&#1577; &#1604;&#1604;&#1605;&#1587;&#1578;&#1582;&#1583;&#1605;&#1548;&#1608;&#1602;&#1583; &#1610;&#1591;&#1604;&#1576; &#1608;&#1579;&#1575;&#1574;&#1602; &#1575;&#1604;&#1605;&#1608;&#1602;&#1593; &#1578;&#1579;&#1576;&#1578; &#1584;&#1604;&#1603; &#1601;&#1610; &#1581;&#1575;&#1604; &#1583;&#1593;&#1578; &#1575;&#1604;&#1581;&#1575;&#1580;&#1577;.</span><br></p><h3 style=\"text-align: right; \"><b>&#1579;&#1575;&#1604;&#1579;&#1575;: &#1591;&#1604;&#1576; &#1608;&#1579;&#1575;&#1574;&#1602; &#1602;&#1576;&#1604; &#1575;&#1604;&#1578;&#1587;&#1580;&#1610;&#1604; &#1601;&#1610; &#1575;&#1604;&#1605;&#1608;&#1602;&#1593;</b></h3><p style=\"text-align: right; \"><span style=\"font-size: 18px;\">&nbsp;&#1601;&#1610; &#1576;&#1593;&#1590; &#1575;&#1604;&#1581;&#1575;&#1604;&#1575;&#1578;&#1548; &#1602;&#1583; &#1578;&#1578;&#1591;&#1604;&#1576; &#1593;&#1605;&#1604;&#1610;&#1577; &#1575;&#1604;&#1578;&#1587;&#1580;&#1610;&#1604; &#1601;&#1610; &#1605;&#1608;&#1602;&#1593; &#1575;&#1604;&#1578;&#1605;&#1603;&#1610;&#1606; &#1575;&#1604;&#1578;&#1581;&#1602;&#1602; &#1605;&#1606; &#1575;&#1604;&#1588;&#1582;&#1589;&#1610;&#1577;&#1548; &#1605;&#1579;&#1604; &#1575;&#1604;&#1607;&#1608;&#1610;&#1577; &#1571;&#1608; &#1580;&#1608;&#1575;&#1586; &#1575;&#1604;&#1587;&#1601;&#1585;&#1548; &#1608;&#1584;&#1604;&#1603; &#1604;&#1573;&#1579;&#1576;&#1575;&#1578; &#1607;&#1608;&#1610;&#1577; &#1575;&#1604;&#1605;&#1587;&#1578;&#1582;&#1583;&#1605; &#1571;&#1608; &#1575;&#1604;&#1605;&#1587;&#1578;&#1588;&#1575;&#1585;&#1548; &#1602;&#1576;&#1604; &#1575;&#1604;&#1587;&#1605;&#1575;&#1581; &#1576;&#1575;&#1587;&#1578;&#1605;&#1585;&#1575;&#1585;&#1610;&#1577; &#1575;&#1587;&#1578;&#1582;&#1583;&#1575;&#1605; &#1575;&#1604;&#1605;&#1608;&#1602;&#1593;. &#1608;&#1601;&#1610; &#1581;&#1575;&#1604; &#1593;&#1583;&#1605; &#1578;&#1586;&#1608;&#1610;&#1583; &#1575;&#1604;&#1605;&#1608;&#1602;&#1593; &#1576;&#1584;&#1604;&#1603;&#1548; &#1601;&#1610;&#1581;&#1602; &#1604;&#1604;&#1605;&#1608;&#1602;&#1593; &#1578;&#1593;&#1604;&#1610;&#1602; &#1571;&#1608; &#1573;&#1604;&#1594;&#1575;&#1569; &#1581;&#1587;&#1575;&#1576; &#1575;&#1604;&#1605;&#1587;&#1578;&#1582;&#1583;&#1605; &#1571;&#1608; &#1575;&#1604;&#1605;&#1587;&#1578;&#1588;&#1575;&#1585;.</span><br></p><h3 style=\"text-align: right; \"><b>&#1585;&#1575;&#1576;&#1593;&#1575;: &#1578;&#1593;&#1604;&#1610;&#1602; &#1575;&#1587;&#1578;&#1582;&#1583;&#1575;&#1605; &#1575;&#1604;&#1581;&#1587;&#1575;&#1576; &#1604;&#1604;&#1578;&#1581;&#1602;&#1602;</b></h3><p style=\"text-align: right; \"><span style=\"font-size: 18px;\">&nbsp;&#1610;&#1581;&#1602; &#1604;&#1601;&#1585;&#1610;&#1602; &#1605;&#1608;&#1602;&#1593; &#1575;&#1604;&#1578;&#1605;&#1603;&#1610;&#1606; &#1578;&#1593;&#1604;&#1610;&#1602; &#1575;&#1587;&#1578;&#1582;&#1583;&#1575;&#1605; &#1581;&#1587;&#1575;&#1576; &#1571;&#1610; &#1605;&#1587;&#1578;&#1582;&#1583;&#1605; &#1571;&#1608; &#1605;&#1587;&#1578;&#1588;&#1575;&#1585; &#1604;&#1604;&#1578;&#1581;&#1602;&#1602; &#1605;&#1606; &#1588;&#1582;&#1589;&#1610;&#1578;&#1607;&#1548; &#1571;&#1608; &#1593;&#1606;&#1583; &#1605;&#1582;&#1575;&#1604;&#1601;&#1578;&#1607; &#1604;&#1604;&#1588;&#1585;&#1608;&#1591;&#1548; &#1603;&#1605;&#1575; &#1608;&#1610;&#1581;&#1602; &#1604;&#1607;&#1605; &#1591;&#1604;&#1576; &#1608;&#1579;&#1575;&#1574;&#1602; &#1604;&#1604;&#1578;&#1581;&#1602;&#1602; &#1605;&#1606; &#1575;&#1604;&#1588;&#1582;&#1589;&#1610;&#1577;&#1548; &#1582;&#1575;&#1589;&#1577; &#1604;&#1604;&#1578;&#1581;&#1602;&#1602; &#1605;&#1606; &#1605;&#1604;&#1603;&#1610;&#1578;&#1607; &#1604;&#1576;&#1591;&#1575;&#1602;&#1575;&#1578; &#1575;&#1604;&#1583;&#1601;&#1593; &#1575;&#1604;&#1605;&#1587;&#1578;&#1582;&#1583;&#1605;&#1577;.</span><br></p><h3 style=\"text-align: right; \"><b>&#1582;&#1575;&#1605;&#1587;&#1575;: &#1593;&#1583;&#1605; &#1575;&#1606;&#1588;&#1575;&#1569; &#1571;&#1603;&#1579;&#1585; &#1605;&#1606; &#1581;&#1587;&#1575;&#1576;</b></h3><p style=\"text-align: right; \"><span style=\"font-size: 18px;\">&#1610;&#1604;&#1578;&#1586;&#1605; &#1575;&#1604;&#1605;&#1587;&#1578;&#1582;&#1583;&#1605; &#1608;&#1575;&#1604;&#1605;&#1587;&#1578;&#1588;&#1575;&#1585; &#1576;&#1593;&#1583;&#1605; &#1573;&#1606;&#1588;&#1575;&#1569; &#1571;&#1603;&#1579;&#1585; &#1605;&#1606; &#1581;&#1587;&#1575;&#1576; &#1608;&#1575;&#1581;&#1583; &#1601;&#1610;&nbsp; &#1605;&#1608;&#1602;&#1593; &#1575;&#1604;&#1578;&#1605;&#1603;&#1610;&#1606;&#1548; &#1608;&#1601;&#1610; &#1581;&#1575;&#1604; &#1608;&#1575;&#1580;&#1607; &#1605;&#1588;&#1603;&#1604;&#1577; &#1601;&#1610; &#1581;&#1587;&#1575;&#1576;&#1607; &#1575;&#1604;&#1571;&#1608;&#1604; &#1601;&#1593;&#1604;&#1610;&#1607; &#1575;&#1604;&#1605;&#1578;&#1575;&#1576;&#1593;&#1577; &#1605;&#1593; &#1601;&#1585;&#1610;&#1602; &#1575;&#1604;&#1583;&#1593;&#1605; &#1575;&#1604;&#1601;&#1606;&#1610; &#1604;&#1581;&#1604; &#1575;&#1604;&#1605;&#1588;&#1603;&#1604;&#1577;.</span><br></p><p style=\"text-align: right; \"><span style=\"font-size: 18px;\">&nbsp;&#1603;&#1605;&#1575; &#1608;&#1610;&#1602;&#1585; &#1575;&#1604;&#1605;&#1587;&#1578;&#1582;&#1583;&#1605; &#1608;&#1575;&#1604;&#1605;&#1587;&#1578;&#1588;&#1575;&#1585; &#1576;&#1571;&#1606;&#1607; &#1604;&#1605; &#1610;&#1587;&#1576;&#1602; &#1571;&#1606; &#1578;&#1605; &#1573;&#1610;&#1602;&#1575;&#1601; &#1575;&#1587;&#1578;&#1582;&#1583;&#1575;&#1605;&#1607; &#1604;&#1582;&#1583;&#1605;&#1575;&#1578; &#1605;&#1608;&#1602;&#1593; &#1575;&#1604;&#1578;&#1605;&#1603;&#1610;&#1606; &#1575;&#1608; &#1605;&#1606;&#1593;&#1607; &#1605;&#1606; &#1575;&#1587;&#1578;&#1582;&#1583;&#1575;&#1605;&#1607;&#1575; &#1601;&#1610; &#1575;&#1610; &#1608;&#1602;&#1578; &#1605;&#1606; &#1575;&#1604;&#1571;&#1608;&#1602;&#1575;&#1578;.</span><br></p><h3 style=\"text-align: right; \"><b>&#1587;&#1575;&#1583;&#1587;&#1575;: &#1575;&#1587;&#1578;&#1582;&#1583;&#1575;&#1605; &#1571;&#1603;&#1579;&#1585; &#1605;&#1606; &#1588;&#1582;&#1589; &#1604;&#1604;&#1581;&#1587;&#1575;&#1576;</b></h3><p style=\"text-align: right; \"><span style=\"font-size: 18px;\">&nbsp;&#1610;&#1578;&#1593;&#1607;&#1583; &#1603;&#1604; &#1605;&#1606; &#1575;&#1604;&#1605;&#1587;&#1578;&#1582;&#1583;&#1605; &#1608;&#1575;&#1604;&#1605;&#1587;&#1578;&#1588;&#1575;&#1585; &#1575;&#1604;&#1605;&#1587;&#1580;&#1604; &#1601;&#1610; &#1605;&#1608;&#1602;&#1593; &#1575;&#1604;&#1578;&#1605;&#1603;&#1610;&#1606; &#1571;&#1606;&#1607; &#1575;&#1604;&#1588;&#1582;&#1589; &#1575;&#1604;&#1608;&#1581;&#1610;&#1583; &#1604;&#1604;&#1581;&#1587;&#1575;&#1576; &#1575;&#1604;&#1584;&#1610; &#1587;&#1610;&#1606;&#1588;&#1574;&#1607; &#1601;&#1610; &#1575;&#1604;&#1605;&#1608;&#1602;&#1593;&#1548; &#1608;&#1610;&#1603;&#1608;&#1606; &#1605;&#1587;&#1572;&#1608;&#1604;&#1575; &#1593;&#1606; &#1603;&#1604; &#1605;&#1575; &#1610;&#1578;&#1605; &#1578;&#1583;&#1575;&#1608;&#1604;&#1607; &#1593;&#1576;&#1585; &#1581;&#1587;&#1575;&#1576;&#1607;&#1548; &#1608;&#1576;&#1571;&#1606;&#1607; &#1604;&#1606; &#1610;&#1587;&#1605;&#1581; &#1604;&#1571;&#1610; &#1588;&#1582;&#1589; &#1570;&#1582;&#1585; &#1576;&#1575;&#1587;&#1578;&#1582;&#1583;&#1575;&#1605; &#1581;&#1587;&#1575;&#1576;&#1607; &#1601;&#1610; &#1605;&#1608;&#1602;&#1593; &#1575;&#1604;&#1578;&#1605;&#1603;&#1610;&#1606;.</span><br></p><h3 style=\"text-align: right; \"><b>&#1587;&#1575;&#1576;&#1593;&#1575;: &#1575;&#1587;&#1605; &#1593;&#1606;&#1583; &#1575;&#1604;&#1578;&#1587;&#1580;&#1610;&#1604; (&#1604;&#1604;&#1605;&#1587;&#1578;&#1582;&#1583;&#1605; &#1571;&#1608; &#1575;&#1604;&#1605;&#1587;&#1578;&#1588;&#1575;&#1585;)</b></h3><p style=\"text-align: right; \"><span style=\"font-size: 18px;\">&nbsp;&#1610;&#1580;&#1576; &#1575;&#1606; &#1610;&#1603;&#1608;&#1606; &#1575;&#1587;&#1605; &#1575;&#1604;&#1578;&#1587;&#1580;&#1610;&#1604; &#1575;&#1587;&#1605; &#1604;&#1607; &#1605;&#1593;&#1606;&#1610;&#1548; &#1608;&#1604;&#1610;&#1587; &#1605;&#1580;&#1585;&#1583; &#1585;&#1605;&#1608;&#1586; &#1571;&#1608; &#1571;&#1585;&#1602;&#1575;&#1605;&#1548; &#1603;&#1605;&#1575; &#1610;&#1605;&#1606;&#1593; &#1575;&#1587;&#1578;&#1582;&#1583;&#1575;&#1605; &#1571;&#1587;&#1605;&#1575;&#1569; &#1578;&#1581;&#1585;&#1590; &#1593;&#1604;&#1609; &#1575;&#1604;&#1603;&#1585;&#1575;&#1607;&#1610;&#1577;&#1548; &#1571;&#1608; &#1575;&#1604;&#1593;&#1606;&#1601;&#1548; &#1571;&#1608; &#1575;&#1587;&#1578;&#1582;&#1583;&#1575;&#1605; &#1571;&#1610; &#1605;&#1606; &#1575;&#1604;&#1593;&#1604;&#1575;&#1605;&#1575;&#1578; &#1575;&#1604;&#1578;&#1580;&#1575;&#1585;&#1610;&#1577; &#1603;&#1575;&#1587;&#1605; &#1604;&#1604;&#1605;&#1587;&#1578;&#1582;&#1583;&#1605;&#1548; &#1603;&#1584;&#1604;&#1603; &#1604;&#1575; &#1610;&#1587;&#1605;&#1581; &#1601;&#1610; &#1575;&#1604;&#1608;&#1602;&#1578; &#1575;&#1604;&#1581;&#1575;&#1604;&#1610; &#1576;&#1575;&#1587;&#1578;&#1582;&#1583;&#1575;&#1605; &#1571;&#1587;&#1605;&#1575;&#1569; &#1588;&#1585;&#1603;&#1575;&#1578; &#1571;&#1608; &#1607;&#1610;&#1574;&#1575;&#1578; &#1603;&#1575;&#1587;&#1605; &#1605;&#1587;&#1578;&#1582;&#1583;&#1605;&#1548; &#1608;&#1610;&#1604;&#1578;&#1586;&#1605; &#1575;&#1604;&#1605;&#1587;&#1578;&#1582;&#1583;&#1605; &#1576;&#1603;&#1578;&#1575;&#1576;&#1577; &#1575;&#1587;&#1605;&#1607; &#1575;&#1604;&#1581;&#1602;&#1610;&#1602;&#1610; &#1601;&#1610; &#1605;&#1604;&#1601;&#1607; &#1575;&#1604;&#1588;&#1582;&#1589;&#1610;&#1548; &#1593;&#1604;&#1605;&#1575; &#1571;&#1606; &#1607;&#1584;&#1575; &#1575;&#1604;&#1575;&#1587;&#1605; &#1594;&#1610;&#1585; &#1602;&#1575;&#1576;&#1604; &#1604;&#1604;&#1578;&#1593;&#1583;&#1610;&#1604;. &#1608;&#1601;&#1610; &#1581;&#1575;&#1604; &#1585;&#1594;&#1576;&#1577; &#1575;&#1604;&#1605;&#1587;&#1578;&#1582;&#1583;&#1605; &#1571;&#1608; &#1575;&#1604;&#1605;&#1587;&#1578;&#1588;&#1575;&#1585; &#1576;&#1608;&#1590;&#1593; &#1589;&#1608;&#1585;&#1578;&#1607; &#1575;&#1604;&#1588;&#1582;&#1589;&#1610;&#1577;&#1548; &#1601;&#1573;&#1606;&#1607; &#1610;&#1604;&#1578;&#1586;&#1605; &#1576;&#1608;&#1590;&#1593; &#1589;&#1608;&#1585;&#1577; &#1581;&#1602;&#1610;&#1602;&#1610;&#1577;&#1548; &#1608;&#1593;&#1583;&#1605; &#1608;&#1590;&#1593; &#1589;&#1608;&#1585;&#1577; &#1604;&#1588;&#1582;&#1589; &#1570;&#1582;&#1585; &#1590;&#1605;&#1606; &#1581;&#1587;&#1575;&#1576;&#1607;&#1548; &#1603;&#1605;&#1575; &#1610;&#1605;&#1606;&#1593; &#1608;&#1590;&#1593; &#1589;&#1608;&#1585; &#1578;&#1585;&#1608;&#1610;&#1580;&#1610;&#1577;&#1548; &#1571;&#1608; &#1589;&#1608;&#1585; &#1601;&#1610;&#1607;&#1575; &#1582;&#1583;&#1588; &#1604;&#1604;&#1581;&#1610;&#1575;&#1569; &#1575;&#1604;&#1593;&#1575;&#1605; &#1571;&#1608; &#1589;&#1608;&#1585; &#1578;&#1581;&#1585;&#1590; &#1593;&#1604;&#1609; &#1575;&#1604;&#1603;&#1585;&#1575;&#1607;&#1610;&#1577;&#1548; &#1575;&#1604;&#1593;&#1606;&#1601;&#1548; &#1571;&#1608; &#1575;&#1604;&#1593;&#1606;&#1589;&#1585;&#1610;&#1577;.</span><br></p><h3 style=\"text-align: right; \"><b>&#1579;&#1575;&#1605;&#1606;&#1575;: &#1590;&#1605;&#1575;&#1606; &#1575;&#1604;&#1581;&#1602;&#1608;&#1602;</b></h3><p style=\"text-align: right; \"><span style=\"font-size: 18px;\">&#1602;&#1608;&#1605; &#1605;&#1608;&#1602;&#1593; &#1575;&#1604;&#1578;&#1605;&#1603;&#1610;&#1606;&nbsp; &#1576;&#1590;&#1605;&#1575;&#1606; &#1581;&#1602;&#1608;&#1602; &#1575;&#1604;&#1591;&#1585;&#1601;&#1610;&#1606; &#1601;&#1610; &#1581;&#1575;&#1604; &#1575;&#1604;&#1578;&#1586;&#1575;&#1605;&#1607;&#1605;&#1575; &#1576;&#1575;&#1604;&#1588;&#1585;&#1608;&#1591;.&#1578;&#1578;&#1578;&#1610; &#1608;&#1605;&#1588;&#1575;&#1585;&#1603;&#1578;&#1607;&#1605; &#1604;&#1571;&#1610; &#1576;&#1610;&#1575;&#1606;&#1575;&#1578; &#1588;&#1582;&#1589;&#1610;&#1577; &#1582;&#1575;&#1589;&#1577;&#1548; &#1571;&#1608; &#1576;&#1606;&#1603;&#1610;&#1577;&#1548; &#1571;&#1608; &#1594;&#1610;&#1585;&#1607;&#1575; &#1578;&#1603;&#1608;&#1606; &#1593;&#1604;&#1609; &#1605;&#1587;&#1572;&#1608;&#1604;&#1610;&#1578;&#1607;&#1605; &#1575;&#1604;&#1588;&#1582;&#1589;&#1610;&#1577;.</span><br></p><p style=\"text-align: right; \"><span style=\"font-size: 18px;\">&rlm;&#1608;&#1610;&#1590;&#1605;&#1606; &#1575;&#1604;&#1605;&#1608;&#1602;&#1593; &#1573;&#1593;&#1591;&#1575;&#1569; &#1575;&#1604;&#1605;&#1587;&#1578;&#1588;&#1575;&#1585; &#1603;&#1604; &#1605;&#1587;&#1578;&#1581;&#1602;&#1575;&#1578;&#1607; &#1575;&#1604;&#1605;&#1575;&#1604;&#1610;&#1577; &#1604;&#1604;&#1603;&#1604; &#1582;&#1583;&#1605;&#1577; &#1601;&#1610; &#1605;&#1583;&#1577; &#1604;&#1575; &#1578;&#1586;&#1610;&#1583; &#1593;&#1606; 45 &#1610;&#1608;&#1605;&#1548; &#1608;&#1584;&#1604;&#1603; &#1576;&#1593;&#1583; &#1575;&#1602;&#1578;&#1591;&#1575;&#1593; &rlm;20% &#1605;&#1606; &#1603;&#1604; &#1582;&#1583;&#1605;&#1577; &#1578;&#1605; &#1576;&#1610;&#1593;&#1607;&#1575; &#1593;&#1605;&#1608;&#1604;&#1577; &#1604;&#1604;&#1605;&#1608;&#1602;&#1593;.</span><br></p><h3 style=\"text-align: right; \"><b>&#1578;&#1575;&#1587;&#1593;&#1575;: &#1575;&#1604;&#1573;&#1588;&#1593;&#1575;&#1585;&#1575;&#1578;</b></h3><p style=\"text-align: right; \"><span style=\"font-size: 18px;\">&nbsp;&#1610;&#1581;&#1602; &#1604;&#1605;&#1608;&#1602;&#1593; &#1575;&#1604;&#1578;&#1605;&#1603;&#1610;&#1606; &#1571;&#1606; &#1610;&#1585;&#1587;&#1604; &#1604;&#1603; &#1573;&#1588;&#1593;&#1575;&#1585;&#1575;&#1578; &#1593;&#1575;&#1605;&#1577; &#1593;&#1606; &#1575;&#1604;&#1582;&#1583;&#1605;&#1577; &#1571;&#1608; &#1575;&#1604;&#1605;&#1608;&#1602;&#1593;&#1548; &#1571;&#1608; &#1573;&#1585;&#1587;&#1575;&#1604; &#1576;&#1585;&#1610;&#1583; &#1573;&#1604;&#1603;&#1578;&#1585;&#1608;&#1606;&#1610; &#1573;&#1604;&#1609; &#1593;&#1606;&#1608;&#1575;&#1606;&#1603; &#1575;&#1604;&#1576;&#1585;&#1610;&#1583;&#1610; &#1575;&#1604;&#1605;&#1615;&#1587;&#1580;&#1604; &#1601;&#1610; &#1605;&#1593;&#1604;&#1608;&#1605;&#1575;&#1578; &#1575;&#1604;&#1581;&#1587;&#1575;&#1576; &#1604;&#1583;&#1609; &#1575;&#1604;&#1605;&#1608;&#1602;&#1593;.</span><br></p><h3 style=\"text-align: right; \"><b>&#1593;&#1575;&#1588;&#1585;&#1575;: (&#1582;&#1575;&#1589; &#1576;&#1576;&#1610;&#1575;&#1606;&#1575;&#1578; &#1575;&#1604;&#1605;&#1587;&#1578;&#1588;&#1575;&#1585;)</b></h3><p style=\"text-align: right; \"><span style=\"font-size: 18px;\">&nbsp;&#1610;&#1590;&#1605;&#1606; &#1575;&#1604;&#1605;&#1587;&#1578;&#1588;&#1575;&#1585; &#1571;&#1606; &#1580;&#1605;&#1610;&#1593; &#1575;&#1604;&#1605;&#1593;&#1604;&#1608;&#1605;&#1575;&#1578; &#1575;&#1604;&#1578;&#1610; &#1610;&#1602;&#1608;&#1605; &#1576;&#1573;&#1590;&#1575;&#1601;&#1578;&#1607;&#1575; &#1601;&#1610; &#1581;&#1587;&#1575;&#1576;&#1607; &#1601;&#1610; &#1605;&#1608;&#1602;&#1593; &#1575;&#1604;&#1578;&#1605;&#1603;&#1610;&#1606; &#1589;&#1581;&#1610;&#1581;&#1577;&#1548; &#1603;&#1605;&#1575; &#1608;&#1610;&#1578;&#1581;&#1605;&#1604; &#1603;&#1575;&#1605;&#1604; &#1575;&#1604;&#1605;&#1587;&#1572;&#1608;&#1604;&#1610;&#1577; &#1593;&#1606; &#1571;&#1610; &#1605;&#1593;&#1604;&#1608;&#1605;&#1575;&#1578; &#1582;&#1575;&#1591;&#1574;&#1577; &#1610;&#1602;&#1608;&#1605; &#1576;&#1578;&#1586;&#1608;&#1610;&#1583;&#1607;&#1575;. &#1603;&#1584;&#1604;&#1603; &#1610;&#1580;&#1576; &#1571;&#1606; &#1578;&#1593;&#1576;&#1585; &#1575;&#1604;&#1606;&#1576;&#1584;&#1577; &#1575;&#1604;&#1588;&#1582;&#1589;&#1610;&#1577; &#1593;&#1606; &#1575;&#1604;&#1605;&#1587;&#1578;&#1588;&#1575;&#1585;&#1548; &#1608;&#1605;&#1607;&#1575;&#1585;&#1575;&#1578;&#1607;&#1548; &#1608;&#1578;&#1582;&#1589;&#1589;&#1607; &#1576;&#1588;&#1603;&#1604; &#1605;&#1582;&#1578;&#1589;&#1585;&#1548; &#1608;&#1604;&#1575; &#1610;&#1587;&#1605;&#1581; &#1576;&#1573;&#1590;&#1575;&#1601;&#1577; &#1571;&#1585;&#1602;&#1575;&#1605; &#1607;&#1575;&#1578;&#1601;&#1610;&#1577; &#1571;&#1608; &#1571;&#1585;&#1602;&#1575;&#1605; &#1580;&#1608;&#1575;&#1604; &#1571;&#1608; &#1593;&#1606;&#1575;&#1608;&#1610;&#1606; &#1608;&#1587;&#1575;&#1574;&#1604; &#1575;&#1604;&#1578;&#1608;&#1575;&#1589;&#1604; &#1575;&#1604;&#1575;&#1580;&#1578;&#1605;&#1575;&#1593;&#1610;&#1548; &#1571;&#1608; &#1593;&#1576;&#1575;&#1585;&#1575;&#1578; &#1578;&#1585;&#1608;&#1610;&#1580;&#1610;&#1577; &#1604;&#1605;&#1588;&#1575;&#1585;&#1610;&#1593; &#1571;&#1582;&#1585;&#1609; &#1590;&#1605;&#1606; &#1575;&#1604;&#1606;&#1576;&#1584;&#1577;. &#1603;&#1605;&#1575; &#1608;&#1610;&#1602;&#1585; &#1576;&#1578;&#1602;&#1583;&#1610;&#1605; &#1605;&#1593;&#1604;&#1608;&#1605;&#1575;&#1578; &#1589;&#1581;&#1610;&#1581;&#1577; &#1608;&#1583;&#1602;&#1610;&#1602;&#1577; &#1608;&#1610;&#1602;&#1608;&#1605; &#1576;&#1578;&#1581;&#1583;&#1610;&#1579;&#1607;&#1575; &#1576;&#1588;&#1603;&#1604; &#1583;&#1608;&#1585;&#1610;.</span><br></p><p style=\"text-align: right; \"><b><span style=\"font-size: 18px;\">&#1575;&#1604;&#1581;&#1575;&#1583;&#1610; &#1593;&#1588;&#1585;: &#1578;&#1593;&#1604;&#1610;&#1602; &#1571;&#1608; &#1573;&#1610;&#1602;&#1575;&#1601; &#1575;&#1604;&#1581;&#1587;&#1575;&#1576;</span><br></b></p><p style=\"text-align: right; \"><span style=\"font-size: 18px;\">&nbsp;&#1610;&#1581;&#1602; &#1604;&#1604;&#1605;&#1608;&#1602;&#1593; &#1575;&#1604;&#1578;&#1605;&#1603;&#1610;&#1606; &#1578;&#1593;&#1604;&#1610;&#1602; &#1571;&#1608; &#1573;&#1610;&#1602;&#1575;&#1601; &#1575;&#1604;&#1581;&#1587;&#1575;&#1576; &#1608;&#1573;&#1606;&#1607;&#1575;&#1569; &#1607;&#1584;&#1575; &#1575;&#1604;&#1593;&#1602;&#1583; &#1576;&#1571;&#1579;&#1585; &#1601;&#1608;&#1585;&#1610; &#1601;&#1610; &#1571;&#1610; &#1608;&#1602;&#1578; &#1608;&#1584;&#1604;&#1603; &#1601;&#1610; &#1575;&#1604;&#1571;&#1581;&#1608;&#1575;&#1604; &#1575;&#1604;&#1578;&#1575;&#1604;&#1610;&#1577;:</span></p><p style=\"text-align: right; \"><span style=\"font-size: 18px;\">&nbsp;&#1605;&#1581;&#1575;&#1608;&#1604;&#1577; &#1575;&#1604;&#1605;&#1587;&#1578;&#1582;&#1583;&#1605; &#1571;&#1608; &#1575;&#1604;&#1605;&#1587;&#1578;&#1588;&#1575;&#1585; &#1578;&#1576;&#1575;&#1583;&#1604; &#1571;&#1585;&#1602;&#1575;&#1605; &#1571;&#1608; &#1576;&#1610;&#1575;&#1606;&#1575;&#1578; &#1582;&#1604;&#1575;&#1604; &#1575;&#1604;&#1605;&#1581;&#1575;&#1583;&#1579;&#1577; &#1576;&#1594;&#1585;&#1590; &#1575;&#1604;&#1578;&#1608;&#1575;&#1589;&#1604; &#1582;&#1575;&#1585;&#1580; &#1575;&#1604;&#1605;&#1608;&#1602;&#1593;&#1548; &#1608;&#1610;&#1603;&#1608;&#1606; &#1575;&#1604;&#1573;&#1610;&#1602;&#1575;&#1601; &#1606;&#1607;&#1575;&#1574;&#1610;&#1575;.</span><br></p><p style=\"text-align: right; \"><span style=\"font-size: 18px;\">&nbsp;&#1575;&#1587;&#1578;&#1582;&#1583;&#1575;&#1605; &#1575;&#1604;&#1605;&#1587;&#1578;&#1582;&#1583;&#1605; &#1608;&#1587;&#1610;&#1604;&#1577; &#1583;&#1601;&#1593; &#1605;&#1587;&#1585;&#1608;&#1602;&#1577; &#1571;&#1608; &#1594;&#1610;&#1585; &#1605;&#1605;&#1604;&#1608;&#1603;&#1577; &#1605;&#1606; &#1602;&#1576;&#1604;&#1607;.</span><br></p><p style=\"text-align: right; \"><span style=\"font-size: 18px;\">&nbsp;&#1575;&#1606;&#1578;&#1581;&#1575;&#1604; &#1575;&#1604;&#1605;&#1587;&#1578;&#1582;&#1583;&#1605; &#1575;&#1608; &#1575;&#1604;&#1605;&#1587;&#1578;&#1588;&#1575;&#1585; &#1604;&#1588;&#1582;&#1589;&#1610;&#1577; &#1571;&#1582;&#1585;&#1609; &#1601;&#1610; &#1575;&#1604;&#1605;&#1608;&#1602;&#1593;.</span><br></p><p style=\"text-align: right; \"><span style=\"font-size: 18px;\">&nbsp;&#1575;&#1587;&#1578;&#1582;&#1583;&#1575;&#1605; &#1575;&#1604;&#1581;&#1587;&#1575;&#1576; &#1605;&#1606; &#1602;&#1576;&#1604; &#1571;&#1603;&#1579;&#1585; &#1605;&#1606; &#1588;&#1582;&#1589; &#1587;&#1608;&#1575;&#1569; &#1603;&#1575;&#1606; &#1601;&#1585;&#1610;&#1602;&#1575; &#1571;&#1608; &#1588;&#1585;&#1603;&#1577;&#1548; &#1581;&#1610;&#1579; &#1610;&#1587;&#1605;&#1581; &#1601;&#1602;&#1591; &#1604;&#1588;&#1582;&#1589; &#1608;&#1575;&#1581;&#1583; &#1576;&#1575;&#1587;&#1578;&#1582;&#1583;&#1575;&#1605; &#1575;&#1604;&#1581;&#1587;&#1575;&#1576; &#1601;&#1610; &#1605;&#1608;&#1602;&#1593; &#1575;&#1604;&#1578;&#1605;&#1603;&#1610;&#1606;.</span><br></p><p style=\"text-align: right; \"><span style=\"font-size: 18px;\">&nbsp;&#1602;&#1610;&#1575;&#1605; &#1575;&#1604;&#1605;&#1587;&#1578;&#1582;&#1583;&#1605; &#1576;&#1604;&#1593;&#1576; &#1583;&#1608;&#1585; &#1575;&#1604;&#1608;&#1587;&#1610;&#1591; &#1601;&#1610; &#1575;&#1604;&#1575;&#1587;&#1578;&#1588;&#1575;&#1585;&#1575;&#1578;&#1548; &#1576;&#1581;&#1610;&#1579; &#1610;&#1591;&#1604;&#1576; &#1575;&#1604;&#1575;&#1587;&#1578;&#1588;&#1575;&#1585;&#1577; &#1603;&#1605;&#1587;&#1578;&#1582;&#1583;&#1605; &#1579;&#1605; &#1610;&#1602;&#1608;&#1605; &#1576;&#1605;&#1606;&#1581;&#1607;&#1575; &#1604;&#1588;&#1582;&#1589; &#1570;&#1582;&#1585;.</span><br></p><p style=\"text-align: right; \"><span style=\"font-size: 18px;\">&nbsp;&#1578;&#1587;&#1576;&#1576; &#1575;&#1604;&#1605;&#1587;&#1578;&#1588;&#1575;&#1585; &#1576;&#1571;&#1610; &#1590;&#1585;&#1585; &#1578;&#1580;&#1575;&#1607; &#1575;&#1604;&#1605;&#1587;&#1578;&#1582;&#1583;&#1605; &#1571;&#1608; &#1605;&#1608;&#1602;&#1593; &#1575;&#1604;&#1578;&#1605;&#1603;&#1610;&#1606;.</span><br></p><p style=\"text-align: right; \"><span style=\"font-size: 18px;\">&nbsp;&#1573;&#1606;&#1588;&#1575;&#1569; &#1575;&#1604;&#1605;&#1587;&#1578;&#1588;&#1575;&#1585; &#1604;&#1571;&#1603;&#1579;&#1585; &#1605;&#1606; &#1581;&#1587;&#1575;&#1576; (&#1604;&#1571;&#1610; &#1587;&#1576;&#1576; &#1603;&#1575;&#1606;).</span><br></p><p style=\"text-align: right; \"><span style=\"font-size: 18px;\">&nbsp;&#1575;&#1587;&#1578;&#1582;&#1583;&#1575;&#1605; &#1575;&#1604;&#1582;&#1583;&#1605;&#1577; &#1571;&#1608; &#1575;&#1604;&#1605;&#1608;&#1602;&#1593; &#1604;&#1604;&#1578;&#1587;&#1576;&#1576; &#1576;&#1573;&#1610;&#1584;&#1575;&#1569; &#1571;&#1608; &#1605;&#1590;&#1575;&#1610;&#1602;&#1577; &#1571;&#1608; &#1573;&#1586;&#1593;&#1575;&#1580; &#1575;&#1604;&#1594;&#1610;&#1585;.</span><br></p><p style=\"text-align: right; \"><span style=\"font-size: 18px;\">&nbsp;&#1605;&#1581;&#1575;&#1608;&#1604;&#1577; &#1593;&#1585;&#1602;&#1604;&#1577; &#1575;&#1604;&#1578;&#1588;&#1594;&#1610;&#1604; &#1575;&#1604;&#1587;&#1604;&#1610;&#1605; &#1604;&#1604;&#1604;&#1605;&#1608;&#1602;&#1593; &#1571;&#1608; &#1605;&#1581;&#1575;&#1608;&#1604;&#1577; &#1573;&#1604;&#1581;&#1575;&#1602; &#1575;&#1604;&#1590;&#1585;&#1585; &#1576;&#1575;&#1604;&#1582;&#1583;&#1605;&#1577; &#1576;&#1571;&#1610; &#1588;&#1603;&#1604; &#1605;&#1606; &#1575;&#1604;&#1571;&#1588;&#1603;&#1575;&#1604;. &#1573;&#1584;&#1575; &#1585;&#1571;&#1578; &#1573;&#1583;&#1575;&#1585;&#1577; &#1578;&#1591;&#1576;&#1610;&#1602; &#1605;&#1587;&#1578;&#1588;&#1575;&#1585;&#1610; &#1573;&#1587;&#1575;&#1569;&#1577; &#1604;&#1575;&#1587;&#1578;&#1582;&#1583;&#1575;&#1605; &#1575;&#1604;&#1578;&#1591;&#1576;&#1610;&#1602; &#1571;&#1608; &#1575;&#1604;&#1582;&#1583;&#1605;&#1577;.&nbsp;</span><br></p><p style=\"text-align: right; \"><span style=\"font-size: 18px;\">&#1603;&#1605;&#1575; &#1608;&#1573;&#1606; &#1575;&#1604;&#1578;&#1591;&#1576;&#1610;&#1602; &#1594;&#1610;&#1585; &#1605;&#1604;&#1586;&#1605; &#1576;&#1573;&#1585;&#1587;&#1575;&#1604; &#1573;&#1582;&#1591;&#1575;&#1585; &#1587;&#1575;&#1576;&#1602; &#1576;&#1573;&#1610;&#1602;&#1575;&#1601; &#1575;&#1604;&#1581;&#1587;&#1575;&#1576; &#1608;&#1573;&#1606;&#1607;&#1575;&#1569; &#1575;&#1604;&#1593;&#1602;&#1583;.</span><br></p><h3 style=\"text-align: right; \"><b>&#1575;&#1604;&#1585;&#1575;&#1576;&#1593; &#1593;&#1588;&#1585;</b>: &#1575;&#1587;&#1578;&#1593;&#1575;&#1583;&#1577; &#1575;&#1604;&#1605;&#1576;&#1604;&#1594; &#1575;&#1604;&#1605;&#1587;&#1583;&#1583;</h3><p style=\"text-align: right; \"><span style=\"font-size: 18px;\">&nbsp;&#1601;&#1610; &#1581;&#1575;&#1604; &#1608;&#1580;&#1608;&#1583; &#1605;&#1588;&#1603;&#1604;&#1577; &#1601;&#1610; &#1578;&#1602;&#1583;&#1610;&#1605; &#1575;&#1604;&#1575;&#1587;&#1578;&#1588;&#1575;&#1585;&#1577;&#1548; &#1575;&#1608; &#1581;&#1583;&#1608;&#1579; &#1582;&#1604;&#1604; &#1601;&#1606;&#1610;&#1548; &#1601;&#1587;&#1610;&#1578;&#1605; &#1573;&#1593;&#1575;&#1583;&#1577; &#1575;&#1604;&#1605;&#1576;&#1604;&#1594; &#1575;&#1604;&#1601;&#1593;&#1604;&#1610; &#1575;&#1604;&#1584;&#1610; &#1578;&#1605; &#1578;&#1581;&#1589;&#1610;&#1604;&#1607; &#1605;&#1606; &#1602;&#1576;&#1604; &#1575;&#1604;&#1605;&#1587;&#1578;&#1582;&#1583;&#1605; &#1576;&#1593;&#1583; &#1602;&#1610;&#1575;&#1605;&#1607; &#1576;&#1573;&#1585;&#1587;&#1575;&#1604; &#1591;&#1604;&#1576; &#1604;&#1604;&#1583;&#1593;&#1605; &#1575;&#1604;&#1601;&#1606;&#1610; &#1576;&#1571;&#1587;&#1576;&#1575;&#1576; &#1575;&#1604;&#1605;&#1588;&#1603;&#1604;&#1577;&#1548; &#1608;&#1591;&#1604;&#1576;&#1607; &#1604;&#1575;&#1587;&#1578;&#1593;&#1575;&#1583;&#1577; &#1575;&#1604;&#1605;&#1576;&#1604;&#1594;.</span><br></p><p style=\"text-align: right; \"><span style=\"font-size: 18px;\">&nbsp;&#1603;&#1584;&#1604;&#1603; &#1601;&#1610; &#1581;&#1575;&#1604; &#1593;&#1583;&#1605; &#1578;&#1608;&#1575;&#1580;&#1583; (&#1575;&#1604;&#1605;&#1587;&#1578;&#1588;&#1575;&#1585;) &#1601;&#1610; &#1575;&#1604;&#1605;&#1608;&#1593;&#1583; &#1575;&#1604;&#1605;&#1581;&#1583;&#1583; &#1604;&#1604;&#1575;&#1587;&#1578;&#1588;&#1575;&#1585;&#1577; &#1576;&#1593;&#1583; &#1578;&#1571;&#1603;&#1610;&#1583;&#1607;&#1575; &#1605;&#1606; &#1602;&#1576;&#1604; &#1575;&#1604;&#1591;&#1585;&#1601;&#1610;&#1606;. &#1608;&#1593;&#1606;&#1583;&#1607;&#1575; &#1587;&#1610;&#1602;&#1608;&#1605; &#1601;&#1585;&#1610;&#1602; &#1605;&#1608;&#1602;&#1593; &#1575;&#1604;&#1578;&#1605;&#1603;&#1610;&#1606; &#1576;&#1575;&#1604;&#1578;&#1581;&#1602;&#1602; &#1605;&#1606; &#1575;&#1604;&#1591;&#1604;&#1576;&#1548; &#1579;&#1605; &#1575;&#1604;&#1593;&#1605;&#1604; &#1593;&#1604;&#1609; &#1573;&#1593;&#1575;&#1583;&#1577; &#1575;&#1604;&#1605;&#1576;&#1604;&#1594; &#1575;&#1604;&#1605;&#1587;&#1583;&#1583; &#1601;&#1610; &#1581;&#1575;&#1604; &#1603;&#1575;&#1606; &#1575;&#1604;&#1591;&#1604;&#1576; &#1589;&#1581;&#1610;&#1581;.</span><br></p><p style=\"text-align: right; \"><span style=\"font-size: 18px;\">&nbsp;&#1603;&#1605;&#1575; &#1571;&#1606; &#1593;&#1605;&#1604;&#1610;&#1577; &#1573;&#1593;&#1575;&#1583;&#1577; &#1575;&#1604;&#1605;&#1576;&#1604;&#1594; (&#1604;&#1604;&#1605;&#1587;&#1578;&#1582;&#1583;&#1605;) &#1578;&#1578;&#1605; &#1581;&#1589;&#1585;&#1575; &#1573;&#1604;&#1609; &#1608;&#1587;&#1610;&#1604;&#1577; &#1575;&#1604;&#1583;&#1601;&#1593; &#1575;&#1604;&#1578;&#1610; &#1578;&#1605; &#1575;&#1587;&#1578;&#1582;&#1583;&#1575;&#1605;&#1607;&#1575; &#1605;&#1606; &#1602;&#1576;&#1604; (&#1575;&#1604;&#1605;&#1587;&#1578;&#1582;&#1583;&#1605;)&#1548; &#1608;&#1584;&#1604;&#1603; &#1576;&#1593;&#1583; &#1573;&#1578;&#1605;&#1575;&#1605; &#1578;&#1581;&#1589;&#1610;&#1604;&#1607;&#1575; &#1601;&#1610; &#1575;&#1604;&#1581;&#1587;&#1575;&#1576; &#1575;&#1604;&#1576;&#1606;&#1603;&#1610; &#1604;&#1604;&#1605;&#1608;&#1602;&#1593;.</span><br></p><p style=\"text-align: right; \"><span style=\"font-size: 18px;\">&nbsp;&#1608;&#1601;&#1610; &#1581;&#1575;&#1604; &#1593;&#1583;&#1605; &#1578;&#1605;&#1603;&#1610;&#1606; &#1608;&#1587;&#1610;&#1604;&#1577; &#1575;&#1604;&#1583;&#1601;&#1593;..&#1578;&#1608;&#1601;&#1610;&#1585; &#1582;&#1610;&#1575;&#1585; &#1573;&#1593;&#1575;&#1583;&#1577; &#1575;&#1604;&#1605;&#1576;&#1604;&#1594;&#1548; &#1601;&#1587;&#1610;&#1578;&#1605; &#1608;&#1590;&#1593; &#1575;&#1604;&#1605;&#1576;&#1604;&#1594; &#1601;&#1610; &#1581;&#1587;&#1575;&#1576; (&#1575;&#1604;&#1605;&#1587;&#1578;&#1582;&#1583;&#1605;) &#1604;&#1583;&#1609; &#1604;&#1605;&#1608;&#1602;&#1593; &#1575;&#1604;&#1578;&#1605;&#1603;&#1610;&#1606;&#1548; &#1605;&#1605;&#1575; &#1610;&#1605;&#1603;&#1606;&#1607; &#1605;&#1606; &#1575;&#1587;&#1578;&#1582;&#1583;&#1575;&#1605;&#1607; &#1601;&#1610; &#1575;&#1587;&#1578;&#1588;&#1575;&#1585;&#1575;&#1578; &#1571;&#1582;&#1585;&#1609;.</span><br></p><p style=\"text-align: right; \"><span style=\"font-size: 18px;\">&nbsp;&#1605;&#1604;&#1575;&#1581;&#1592;&#1577;: &#1578;&#1581;&#1589;&#1610;&#1604; &#1575;&#1604;&#1605;&#1576;&#1604;&#1594; &#1601;&#1610; &#1581;&#1587;&#1575;&#1576; &#1575;&#1604;&#1605;&#1608;&#1602;&#1593;&#1548; &#1603;&#1584;&#1604;&#1603; &#1593;&#1605;&#1604;&#1610;&#1577; &#1573;&#1593;&#1575;&#1583;&#1607; &#1575;&#1604;&#1605;&#1576;&#1604;&#1594; &#1604;&#1604;&#1581;&#1587;&#1575;&#1576; &#1575;&#1604;&#1576;&#1606;&#1603;&#1610; (&#1604;&#1604;&#1605;&#1587;&#1578;&#1582;&#1583;&#1605;)&#1548; &#1602;&#1583; &#1610;&#1587;&#1578;&#1594;&#1585;&#1602; &#1576;&#1590;&#1593;&#1577; &#1571;&#1610;&#1575;&#1605;&#1548; &#1608;&#1584;&#1604;&#1603; &#1591;&#1576;&#1602;&#1575; &#1604;&#1587;&#1610;&#1575;&#1587;&#1575;&#1578; &#1575;&#1604;&#1576;&#1606;&#1603; &#1608;&#1587;&#1610;&#1575;&#1587;&#1575;&#1578; &#1576;&#1591;&#1575;&#1602;&#1575;&#1578; &#1575;&#1604;&#1573;&#1574;&#1578;&#1605;&#1575;&#1606; &#1601;&#1610; &#1575;&#1604;&#1583;&#1601;&#1593; &#1608;&#1575;&#1604;&#1578;&#1581;&#1589;&#1610;&#1604;&#1548; &#1603;&#1584;&#1604;&#1603; &#1608;&#1601;&#1602;&#1575; &#1604;&#1571;&#1610;&#1575;&#1605; &#1575;&#1604;&#1593;&#1605;&#1604; &#1575;&#1604;&#1582;&#1575;&#1589;&#1577; &#1576;&#1575;&#1604;&#1576;&#1606;&#1608;&#1603;.</span><br></p><p style=\"text-align: right; \"><span style=\"font-size: 18px;\">&#1608;&#1601;&#1610; &#1581;&#1575;&#1604; &#1585;&#1594;&#1576;&#1577; (&#1575;&#1604;&#1605;&#1587;&#1578;&#1582;&#1583;&#1605;) &#1573;&#1604;&#1594;&#1575;&#1569; &#1575;&#1604;&#1573;&#1587;&#1578;&#1588;&#1575;&#1585;&#1577; &#1576;&#1587;&#1576;&#1576; &#1585;&#1594;&#1576;&#1578;&#1607; &#1575;&#1604;&#1581;&#1589;&#1608;&#1604; &#1593;&#1604;&#1609; &#1575;&#1604;&#1582;&#1583;&#1605;&#1577; &#1601;&#1610; &#1608;&#1602;&#1578; &#1605;&#1581;&#1583;&#1583; &#1604;&#1575; &#1610;&#1578;&#1606;&#1575;&#1587;&#1576; &#1605;&#1593; &#1605;&#1608;&#1575;&#1593;&#1610;&#1583; (&#1575;&#1604;&#1605;&#1587;&#1578;&#1588;&#1575;&#1585;)&#1548; &#1571;&#1608; &#1585;&#1594;&#1576;&#1578;&#1607; &#1573;&#1604;&#1594;&#1575;&#1569; &#1575;&#1604;&#1575;&#1587;&#1578;&#1588;&#1575;&#1585;&#1577; &#1604;&#1571;&#1610; &#1587;&#1576;&#1576; &#1570;&#1582;&#1585;&#1548; &#1576;&#1582;&#1604;&#1575;&#1601; &#1608;&#1580;&#1608;&#1583; &#1582;&#1604;&#1604; &#1601;&#1606;&#1610; &#1601;&#1610; &#1575;&#1604;&#1605;&#1608;&#1602;&#1593;&#1548; &#1601;&#1604;&#1606; &#1610;&#1578;&#1605; &#1602;&#1576;&#1608;&#1604; &#1591;&#1604;&#1576; &#1573;&#1587;&#1578;&#1593;&#1575;&#1583;&#1577; &#1575;&#1604;&#1605;&#1576;&#1604;&#1594; &#1608;&#1604;&#1603;&#1606; &#1587;&#1610;&#1578;&#1605; &#1608;&#1590;&#1593; &#1575;&#1604;&#1605;&#1576;&#1604;&#1594; &#1601;&#1610; &#1581;&#1587;&#1575;&#1576; (&#1575;&#1604;&#1605;&#1587;&#1578;&#1582;&#1583;&#1605;) &#1601;&#1610; &#1575;&#1604;&#1605;&#1608;&#1602;&#1593;&#1548; &#1581;&#1610;&#1579; &#1576;&#1573;&#1605;&#1603;&#1575;&#1606;&#1607; &#1575;&#1604;&#1575;&#1587;&#1578;&#1601;&#1575;&#1583;&#1577; &#1605;&#1606;&#1607; &#1604;&#1573;&#1587;&#1578;&#1588;&#1575;&#1585;&#1577; &#1571;&#1582;&#1585;&#1609; &#1605;&#1593; &#1584;&#1575;&#1578; (&#1575;&#1604;&#1605;&#1587;&#1578;&#1588;&#1575;&#1585;)&#1548; &#1571;&#1608; &#1605;&#1593; &#1571;&#1610; (&#1605;&#1587;&#1578;&#1588;&#1575;&#1585;) &#1570;&#1582;&#1585;&#1548; &#1593;&#1604;&#1609; &#1571;&#1606; &#1610;&#1587;&#1583;&#1583; &#1575;&#1604;&#1601;&#1585;&#1602; &#1601;&#1610; &#1581;&#1575;&#1604; &#1575;&#1582;&#1578;&#1604;&#1575;&#1601; &#1587;&#1593;&#1585; &#1575;&#1604;&#1575;&#1587;&#1578;&#1588;&#1575;&#1585;&#1577;&#1548; &#1608;&#1610;&#1578;&#1605; &#1584;&#1604;&#1603; &#1605;&#1606; &#1582;&#1604;&#1575;&#1604; &#1578;&#1602;&#1583;&#1610;&#1605; &#1575;&#1604;&#1591;&#1604;&#1576; &#1593;&#1576;&#1585; &#1573;&#1585;&#1587;&#1575;&#1604; &#1585;&#1587;&#1575;&#1604;&#1577; &#1593;&#1604;&#1609; &#1575;&#1604;&#1576;&#1585;&#1610;&#1583; &#1575;&#1604;&#1573;&#1604;&#1603;&#1578;&#1585;&#1608;&#1606;&#1610; &#1575;&#1604;&#1582;&#1575;&#1589; &#1576;&#1575;&#1604;&#1605;&#1608;&#1602;&#1593; .</span><br></p><p style=\"text-align: right; \"><span style=\"font-size: 18px;\">&#1603;&#1605;&#1575; &#1604;&#1575; &#1610;&#1581;&#1602; &#1604;&#1600; (&#1604;&#1605;&#1587;&#1578;&#1582;&#1583;&#1605;) &#1575;&#1604;&#1605;&#1591;&#1575;&#1604;&#1576;&#1577;&nbsp; &#1576;&#1573;&#1587;&#1578;&#1585;&#1583;&#1575;&#1583; &#1575;&#1604;&#1605;&#1576;&#1604;&#1594; &#1575;&#1604;&#1605;&#1583;&#1601;&#1608;&#1593; &#1605;&#1602;&#1575;&#1576;&#1604; &#1575;&#1604;&#1575;&#1587;&#1578;&#1588;&#1575;&#1585;&#1577; &#1601;&#1610; &#1581;&#1575;&#1604; &#1593;&#1583;&#1605; &#1583;&#1582;&#1608;&#1604;&#1607; &#1604;&#1604;&#1605;&#1608;&#1602;&#1593; &#1601;&#1610; &#1575;&#1604;&#1608;&#1602;&#1578; &#1575;&#1604;&#1605;&#1581;&#1583;&#1583; &#1604;&#1604;&#1575;&#1587;&#1578;&#1588;&#1575;&#1585;&#1577;&#1548; &#1608;&#1575;&#1604;&#1584;&#1610; &#1578;&#1605; &#1578;&#1571;&#1603;&#1610;&#1583;&#1607; &#1605;&#1606; &#1602;&#1576;&#1604; &#1603;&#1604; &#1605;&#1606; (&#1575;&#1604;&#1605;&#1587;&#1578;&#1588;&#1575;&#1585;) &#1608; (&#1575;&#1604;&#1605;&#1587;&#1578;&#1582;&#1583;&#1605;)&#1548; &#1603;&#1584;&#1604;&#1603; &#1604;&#1575; &#1610;&#1581;&#1602; &#1604;(&#1575;&#1604;&#1605;&#1587;&#1578;&#1582;&#1583;&#1605;) &#1575;&#1604;&#1605;&#1591;&#1575;&#1604;&#1576;&#1577; &#1576;&#1571;&#1610; &#1578;&#1593;&#1608;&#1610;&#1590; &#1593;&#1606; &#1575;&#1604;&#1608;&#1602;&#1578; &#1575;&#1604;&#1584;&#1610; &#1604;&#1605; &#1610;&#1578;&#1608;&#1575;&#1580;&#1583; &#1576;&#1607; &#1601;&#1610; &#1575;&#1604;&#1589;&#1601;&#1581;&#1577; &#1575;&#1604;&#1605;&#1582;&#1589;&#1589;&#1577; &#1604;&#1604;&#1575;&#1587;&#1578;&#1588;&#1575;&#1585;&#1577; &#1601;&#1610; &#1575;&#1604;&#1605;&#1608;&#1593;&#1583; &#1601;&#1610; &#1575;&#1604;&#1608;&#1602;&#1578; &#1575;&#1604;&#1605;&#1581;&#1583;&#1583; &#1604;&#1604;&#1575;&#1587;&#1578;&#1588;&#1575;&#1585;&#1577;.</span><br></p><h3 style=\"text-align: right; \"><b>&#1575;&#1604;&#1582;&#1575;&#1605;&#1587; &#1593;&#1588;&#1585;: &#1581;&#1602;&#1608;&#1602; &#1575;&#1604;&#1605;&#1604;&#1603;&#1610;&#1577; &#1575;&#1604;&#1601;&#1603;&#1585;&#1610;&#1577;</b></h3><p style=\"text-align: right; \"><span style=\"font-size: 18px;\">&nbsp;&#1580;&#1605;&#1610;&#1593; &#1581;&#1602;&#1608;&#1602; &#1575;&#1604;&#1605;&#1604;&#1603;&#1610;&#1577; &#1575;&#1604;&#1601;&#1603;&#1585;&#1610;&#1577; &#1604;&#1607;&#1584;&#1607; &#1575;&#1604;&#1582;&#1583;&#1605;&#1575;&#1578;&#1548; &#1608;&#1603;&#1575;&#1601;&#1577; &#1575;&#1604;&#1605;&#1608;&#1575;&#1583; &#1575;&#1604;&#1605;&#1578;&#1593;&#1604;&#1602;&#1577; &#1576;&#1607;&#1575;&#1548; &#1571;&#1608; &#1575;&#1604;&#1578;&#1610; &#1578;&#1592;&#1607;&#1585; &#1601;&#1610; &#1605;&#1608;&#1602;&#1593; &#1575;&#1604;&#1578;&#1605;&#1603;&#1610;&#1606;(&#1571;&#1610; &#1605;&#1581;&#1578;&#1608;&#1609; &#1610;&#1602;&#1608;&#1605; &#1575;&#1604;&#1605;&#1608;&#1602;&#1593; &#1576;&#1578;&#1602;&#1583;&#1610;&#1605;&#1607; &#1571;&#1608; &#1576;&#1573;&#1583;&#1585;&#1575;&#1580;&#1607;) &#1607;&#1608; &#1605;&#1604;&#1603;&#1610;&#1577; &#1582;&#1575;&#1589;&#1577; &#1604;&#1605;&#1608;&#1602;&#1593; &#1575;&#1604;&#1578;&#1605;&#1603;&#1610;&#1606;.</span><br></p><p style=\"text-align: right; \"><span style=\"font-size: 18px;\">&nbsp;&#1608;&#1610;&#1580;&#1576; &#1593;&#1583;&#1605; &#1575;&#1604;&#1602;&#1610;&#1575;&#1605; &#1576;&#1573;&#1593;&#1575;&#1583;&#1577; &#1573;&#1606;&#1578;&#1575;&#1580; &#1571;&#1608; &#1575;&#1604;&#1587;&#1605;&#1575;&#1581; &#1604;&#1571;&#1610; &#1588;&#1582;&#1589;&#1548; &#1604;&#1571;&#1610; &#1587;&#1576;&#1576; &#1605;&#1606; &#1575;&#1604;&#1571;&#1587;&#1576;&#1575;&#1576;&#1548; &#1576;&#1575;&#1587;&#1578;&#1582;&#1583;&#1575;&#1605; &#1571;&#1608; &#1573;&#1593;&#1575;&#1583;&#1577; &#1573;&#1606;&#1578;&#1575;&#1580; &#1575;&#1604;&#1582;&#1583;&#1605;&#1575;&#1578; &#1571;&#1608; &#1571;&#1610; &#1593;&#1604;&#1575;&#1605;&#1575;&#1578; &#1578;&#1580;&#1575;&#1585;&#1610;&#1577; &#1571;&#1608; &#1594;&#1610;&#1585;&#1607;&#1575; &#1605;&#1606; &#1575;&#1604;&#1576;&#1610;&#1575;&#1606;&#1575;&#1578; &#1571;&#1608; &#1575;&#1604;&#1571;&#1587;&#1605;&#1575;&#1569; &#1575;&#1604;&#1578;&#1580;&#1575;&#1585;&#1610;&#1577; &#1575;&#1604;&#1578;&#1610; &#1578;&#1592;&#1607;&#1585; &#1601;&#1610; &#1575;&#1604;&#1582;&#1583;&#1605;&#1575;&#1578;.</span><br></p><h3 style=\"text-align: right; \"><b>&#1575;&#1604;&#1587;&#1575;&#1583;&#1587; &#1593;&#1588;&#1585;: &#1575;&#1604;&#1605;&#1587;&#1572;&#1608;&#1604;&#1610;&#1577; &#1575;&#1604;&#1605;&#1587;&#1578;&#1588;&#1575;&#1585;</b></h3><p style=\"text-align: right; \"><span style=\"font-size: 18px;\">&nbsp;&#1575;&#1604;&#1605;&#1593;&#1604;&#1608;&#1605;&#1575;&#1578; &#1608;&#1575;&#1604;&#1578;&#1608;&#1589;&#1610;&#1575;&#1578; &#1608;&#1575;&#1604;&#1582;&#1583;&#1605;&#1575;&#1578; &#1571;&#1608; &#1571;&#1610; &#1605;&#1606;&#1607;&#1575; &#1575;&#1604;&#1578;&#1610; &#1578;&#1602;&#1583;&#1605; &#1605;&#1606; &#1582;&#1604;&#1575;&#1604; &#1575;&#1604;&#1578;&#1591;&#1576;&#1610;&#1602; &#1607;&#1610; &#1604;&#1571;&#1594;&#1585;&#1575;&#1590; &#1575;&#1604;&#1575;&#1587;&#1578;&#1588;&#1575;&#1585;&#1575;&#1578;&#1548; &#1608;&#1610;&#1602;&#1583;&#1605;&#1607;&#1575; &#1575;&#1604;&#1605;&#1587;&#1578;&#1588;&#1575;&#1585; &#1576;&#1606;&#1575;&#1569; &#1593;&#1604;&#1609; &#1591;&#1604;&#1576; &#1575;&#1604;&#1605;&#1587;&#1578;&#1582;&#1583;&#1605;.</span><br></p><p style=\"text-align: right; \"><span style=\"font-size: 18px;\">&nbsp;&#1603;&#1605;&#1575; &#1610;&#1578;&#1593;&#1607;&#1583; &#1605;&#1608;&#1602;&#1593; &#1575;&#1604;&#1578;&#1605;&#1603;&#1610;&#1606; &#1575;&#1604;&#1581;&#1601;&#1575;&#1592; &#1593;&#1604;&#1609; &#1575;&#1604;&#1605;&#1593;&#1604;&#1608;&#1605;&#1575;&#1578; &#1602;&#1583;&#1585; &#1575;&#1604;&#1573;&#1605;&#1603;&#1575;&#1606;&#1548; &#1603;&#1584;&#1604;&#1603; &#1575;&#1604;&#1581;&#1601;&#1575;&#1592; &#1593;&#1604;&#1609; &#1589;&#1581;&#1577; &#1575;&#1604;&#1576;&#1610;&#1575;&#1606;&#1575;&#1578;&#1548; &#1608;&#1578;&#1581;&#1583;&#1610;&#1579; &#1575;&#1604;&#1605;&#1608;&#1602;&#1593; &#1608;&#1575;&#1604;&#1578;&#1591;&#1576;&#1610;&#1602; &#1608;&#1605;&#1581;&#1578;&#1608;&#1610;&#1575;&#1578;&#1607;&#1548; &#1604;&#1603;&#1606; &#1575;&#1604;&#1605;&#1608;&#1602;&#1593; &#1604;&#1575; &#1610;&#1590;&#1605;&#1606; &#1571;&#1606; &#1605;&#1581;&#1578;&#1608;&#1610;&#1575;&#1578; &#1575;&#1604;&#1605;&#1608;&#1602;&#1593; &#1582;&#1575;&#1604;&#1610;&#1577; &#1605;&#1606; &#1575;&#1604;&#1571;&#1582;&#1591;&#1575;&#1569; &#1608;&#1575;&#1604;&#1593;&#1610;&#1608;&#1576; &#1608;&#1575;&#1604;&#1576;&#1585;&#1575;&#1605;&#1580; &#1575;&#1604;&#1590;&#1575;&#1585;&#1577; &#1608;&#1575;&#1604;&#1601;&#1610;&#1585;&#1608;&#1587;&#1575;&#1578; &#1608;&#1604;&#1575; &#1578;&#1590;&#1605;&#1606; &#1589;&#1581;&#1577; &#1608;&#1583;&#1602;&#1577; &#1608;&#1581;&#1583;&#1575;&#1579;&#1577; &#1605;&#1608;&#1602;&#1593; &#1575;&#1604;&#1608;&#1610;&#1576;.</span><br></p>\r\n\r\n\n');
INSERT INTO `terms` (`term_id`, `language_id`, `term_title`, `term_link`, `term_description`) VALUES
(4, 2, 'بيان الخصوصيه', 'privacy-statement-ar', '\n<h4 style=\"text-align: right; \"><u>&#1587;&#1610;&#1575;&#1587;&#1577; &#1575;&#1604;&#1582;&#1589;&#1608;&#1589;&#1610;&#1577;</u></h4><div style=\"text-align: right;\"><br></div><div style=\"text-align: right;\">&nbsp;&#1605;&#1608;&#1602;&#1593; &#1575;&#1604;&#1578;&#1605;&#1603;&#1610;&#1606; &#1607;&#1608;&#1593;&#1576;&#1575;&#1585;&#1577; &#1593;&#1606; &#1605;&#1606;&#1589;&#1577; &#1573;&#1604;&#1603;&#1578;&#1585;&#1608;&#1606;&#1610;&#1577; &#1578;&#1605;&#1603;&#1606; &#1575;&#1604;&#1593;&#1605;&#1610;&#1604; &#1605;&#1606; &#1575;&#1604;&#1581;&#1589;&#1608;&#1604; &#1593;&#1604;&#1609; &#1575;&#1587;&#1578;&#1588;&#1575;&#1585;&#1577; &#1605;&#1578;&#1582;&#1589;&#1589;&#1577; &#1605;&#1606; &#1602;&#1576;&#1604; &#1575;&#1604;&#1605;&#1587;&#1578;&#1588;&#1575;&#1585;&#1548; &#1608;&#1606;&#1581;&#1606; &#1605;&#1604;&#1578;&#1586;&#1605;&#1608;&#1606; &#1576;&#1581;&#1605;&#1575;&#1610;&#1577; &#1608;&#1575;&#1581;&#1578;&#1585;&#1575;&#1605; &#1582;&#1589;&#1608;&#1589;&#1610;&#1578;&#1603;&#1605;. &#1608;&#1607;&#1584;&#1607; &#1575;&#1604;&#1587;&#1610;&#1575;&#1587;&#1575;&#1578; &#1575;&#1604;&#1582;&#1575;&#1589;&#1577; &#1576;&#1606;&#1575; &#1601;&#1610; &#1605;&#1608;&#1602;&#1593; &#1575;&#1604;&#1578;&#1605;&#1603;&#1610;&#1606; &#1608;&#1594;&#1610;&#1585;&#1607;&#1575; &#1605;&#1606; &#1575;&#1604;&#1576;&#1606;&#1608;&#1583; &#1575;&#1604;&#1605;&#1588;&#1575;&#1585; &#1573;&#1604;&#1610;&#1607;&#1575; &#1583;&#1575;&#1582;&#1604; &#1575;&#1604;&#1605;&#1608;&#1602;&#1593; &#1578;&#1581;&#1583;&#1583; &#1571;&#1587;&#1575;&#1587; &#1575;&#1604;&#1578;&#1593;&#1575;&#1605;&#1604; &#1576;&#1610;&#1606;&#1606;&#1575; &#1608;&#1576;&#1610;&#1606; &#1605;&#1602;&#1583;&#1605; &#1575;&#1604;&#1582;&#1583;&#1605;&#1577; \"&#1575;&#1604;&#1605;&#1587;&#1578;&#1588;&#1575;&#1585;\" &#1608;&#1576;&#1610;&#1606; &#1605;&#1587;&#1578;&#1602;&#1576;&#1604; &#1575;&#1604;&#1582;&#1583;&#1605;&#1577; \"&#1575;&#1604;&#1593;&#1605;&#1610;&#1604;\". &#1604;&#1584;&#1604;&#1603; &#1606;&#1585;&#1580;&#1608; &#1605;&#1606;&#1603; &#1602;&#1585;&#1575;&#1569;&#1578;&#1607;&#1575; &#1576;&#1593;&#1606;&#1575;&#1610;&#1577; &#1604;&#1578;&#1601;&#1607;&#1605; &#1603;&#1610;&#1601;&#1610;&#1577; &#1578;&#1593;&#1575;&#1605;&#1604;&#1606;&#1575; &#1605;&#1593; &#1605;&#1593;&#1604;&#1608;&#1605;&#1575;&#1578;&#1603;&#1605; &#1575;&#1604;&#1588;&#1582;&#1589;&#1610;&#1577; &#1608;&#1605;&#1593; &#1575;&#1604;&#1576;&#1610;&#1575;&#1606;&#1575;&#1578; &#1575;&#1604;&#1578;&#1610; &#1610;&#1578;&#1605; &#1578;&#1583;&#1575;&#1608;&#1604;&#1607;&#1575; &#1593;&#1576;&#1585; &#1575;&#1604;&#1605;&#1608;&#1602;&#1593;. &#1608;&#1605;&#1606; &#1582;&#1604;&#1575;&#1604; &#1578;&#1587;&#1580;&#1610;&#1604;&#1603;&#1605; &#1605;&#1593;&#1606;&#1575; &#1601;&#1573;&#1606;&#1603;&#1605; &#1578;&#1608;&#1575;&#1601;&#1602;&#1608;&#1606; &#1593;&#1604;&#1609; &#1575;&#1604;&#1576;&#1606;&#1608;&#1583; &#1575;&#1604;&#1605;&#1588;&#1575;&#1585; &#1573;&#1604;&#1610;&#1607;&#1575; &#1601;&#1610; &#1587;&#1610;&#1575;&#1587;&#1577; &#1575;&#1604;&#1582;&#1589;&#1608;&#1589;&#1610;&#1577; &#1608;&#1594;&#1610;&#1585;&#1607;&#1575; &#1605;&#1606; &#1575;&#1604;&#1588;&#1585;&#1608;&#1591; &#1608;&#1575;&#1604;&#1575;&#1581;&#1603;&#1575;&#1605; &#1575;&#1604;&#1608;&#1575;&#1585;&#1583;&#1577; &#1601;&#1610; &#1575;&#1604;&#1605;&#1608;&#1602;&#1593;&nbsp;</div><div style=\"text-align: right;\"><br></div><h4 style=\"text-align: right;\"><b><u>&#1575;&#1604;&#1581;&#1601;&#1575;&#1592; &#1593;&#1604;&#1609; &#1587;&#1585;&#1610;&#1577; &#1575;&#1604;&#1605;&#1593;&#1604;&#1608;&#1605;&#1575;&#1578;</u></b></h4><div style=\"text-align: right;\"><br></div><div style=\"text-align: right;\">&nbsp;&#1605;&#1606; &#1571;&#1607;&#1583;&#1575;&#1601; &#1605;&#1608;&#1602;&#1593; &#1575;&#1604;&#1578;&#1605;&#1603;&#1610;&#1606; &#1575;&#1604;&#1581;&#1601;&#1575;&#1592; &#1593;&#1604;&#1609; &#1582;&#1589;&#1608;&#1589;&#1610;&#1577; &#1575;&#1604;&#1605;&#1587;&#1578;&#1582;&#1583;&#1605;&#1610;&#1606;&#1548; &#1604;&#1584;&#1575; &#1606;&#1581;&#1606; &#1606;&#1604;&#1578;&#1586;&#1605; &#1576;&#1593;&#1583;&#1605; &#1575;&#1604;&#1603;&#1588;&#1601; &#1593;&#1606; &#1571;&#1610; &#1605;&#1593;&#1604;&#1608;&#1605;&#1575;&#1578; &#1588;&#1582;&#1589;&#1610;&#1577; &#1587;&#1608;&#1575;&#1569; &#1604;&#1604;&#1605;&#1587;&#1578;&#1588;&#1575;&#1585; &#1571;&#1608; &#1575;&#1604;&#1593;&#1605;&#1610;&#1604; &#1605;&#1579;&#1604; \"&#1575;&#1604;&#1575;&#1587;&#1605;&#1548; &#1575;&#1604;&#1593;&#1606;&#1608;&#1575;&#1606;&#1548; &#1575;&#1604;&#1576;&#1585;&#1610;&#1583; &#1575;&#1604;&#1573;&#1604;&#1603;&#1578;&#1585;&#1608;&#1606;&#1610;&#1548; &#1608;&#1594;&#1610;&#1585;&#1607;&#1575;\" &#1604;&#1571;&#1610; &#1580;&#1607;&#1577; &#1603;&#1575;&#1606;&#1578;&#1548; &#1608;&#1601;&#1610; &#1581;&#1583;&#1608;&#1583; &#1575;&#1604;&#1602;&#1608;&#1575;&#1606;&#1610;&#1606; &#1575;&#1604;&#1605;&#1587;&#1605;&#1608;&#1581; &#1576;&#1607;&#1575; &#1601;&#1610;&nbsp; &#1587;&#1604;&#1591;&#1606;&#1577; &#1593;&#1605;&#1575;&#1606;&#1548; &#1608;&#1604;&#1606; &#1610;&#1587;&#1605;&#1581; &#1576;&#1575;&#1604;&#1608;&#1589;&#1608;&#1604; &#1604;&#1607;&#1584;&#1607; &#1575;&#1604;&#1605;&#1593;&#1604;&#1608;&#1605;&#1575;&#1578; &#1582;&#1575;&#1585;&#1580; &#1601;&#1585;&#1610;&#1602; &#1575;&#1604;&#1593;&#1605;&#1604; &#1575;&#1604;&#1605;&#1588;&#1585;&#1601; &#1593;&#1604;&#1609; &#1575;&#1604;&#1605;&#1608;&#1602;&#1593;.</div><div style=\"text-align: right;\"><br></div><h4 style=\"text-align: right;\"><b><u>&#1581;&#1575;&#1604;&#1575;&#1578; &#1575;&#1604;&#1582;&#1604;&#1604; &#1575;&#1604;&#1578;&#1602;&#1606;&#1610; &#1571;&#1608; &#1575;&#1606;&#1602;&#1591;&#1575;&#1593; &#1575;&#1604;&#1582;&#1583;&#1605;&#1577;</u></b></h4><div style=\"text-align: right;\"><br></div><div style=\"text-align: right;\">&nbsp;&#1605;&#1608;&#1602;&#1593; &#1575;&#1604;&#1578;&#1605;&#1603;&#1610;&#1606; &#1610;&#1576;&#1584;&#1604; &#1602;&#1589;&#1575;&#1585;&#1609; &#1580;&#1607;&#1583;&#1607; &#1601;&#1610; &#1578;&#1602;&#1583;&#1610;&#1605; &#1575;&#1604;&#1575;&#1587;&#1578;&#1588;&#1575;&#1585;&#1575;&#1578; &#1601;&#1610; &#1576;&#1610;&#1574;&#1577; &#1570;&#1605;&#1606;&#1577; &#1605;&#1587;&#1578;&#1602;&#1585;&#1577; &#1608;&#1601;&#1610; &#1575;&#1604;&#1608;&#1602;&#1578; &#1575;&#1604;&#1605;&#1606;&#1575;&#1587;&#1576; &#1548; &#1578;&#1581;&#1575;&#1601;&#1592; &#1593;&#1604;&#1609; &#1582;&#1589;&#1608;&#1589;&#1610;&#1578;&#1603;&#1548; &#1608;&#1601;&#1610; &#1581;&#1575;&#1604; &#1581;&#1583;&#1608;&#1579; &#1591;&#1575;&#1585;&#1574;&#1548; &#1603;&#1582;&#1604;&#1604; &#1578;&#1602;&#1606;&#1610; &#1578;&#1587;&#1576;&#1576; &#1601;&#1610; &#1575;&#1606;&#1602;&#1591;&#1575;&#1593; &#1573;&#1578;&#1605;&#1575;&#1605; &#1591;&#1604;&#1576; &#1575;&#1604;&#1575;&#1587;&#1578;&#1588;&#1575;&#1585;&#1577; &#1606;&#1585;&#1580;&#1608; &#1605;&#1606;&#1603;&#1605; &#1575;&#1604;&#1578;&#1608;&#1575;&#1589;&#1604; &#1605;&#1593; &#1601;&#1585;&#1610;&#1602; &#1575;&#1604;&#1583;&#1593;&#1605; &#1575;&#1604;&#1601;&#1606;&#1610; &#1575;&#1604;&#1582;&#1575;&#1589; &#1576;&#1575;&#1604;&#1605;&#1608;&#1602;&#1593;&#1548; &#1608;&#1587;&#1610;&#1578;&#1605; &#1575;&#1604;&#1578;&#1581;&#1602;&#1602; &#1608;&#1581;&#1604; &#1575;&#1604;&#1573;&#1588;&#1603;&#1575;&#1604;&#1610;&#1577; &#1575;&#1604;&#1578;&#1610; &#1604;&#1583;&#1610;&#1603;&#1605; &#1576;&#1588;&#1603;&#1604; &#1605;&#1607;&#1606;&#1610;. &#1608;&#1587;&#1585;&#1610;&#1593;</div><div style=\"text-align: right;\"><br></div><h4 style=\"text-align: right;\"><b><u>&#1575;&#1604;&#1581;&#1587;&#1575;&#1576; &#1575;&#1604;&#1588;&#1582;&#1589;&#1610; &#1608;&#1603;&#1604;&#1605;&#1577; &#1575;&#1604;&#1587;&#1585;</u></b></h4><div style=\"text-align: right;\"><br></div><div style=\"text-align: right;\">&nbsp;&#1610;&#1604;&#1578;&#1586;&#1605; &#1575;&#1604;&#1605;&#1587;&#1578;&#1588;&#1575;&#1585; &#1608;&#1575;&#1604;&#1593;&#1605;&#1610;&#1604; &#1576;&#1575;&#1604;&#1581;&#1601;&#1575;&#1592; &#1593;&#1604;&#1609; &#1587;&#1585;&#1610;&#1577; &#1575;&#1604;&#1605;&#1593;&#1604;&#1608;&#1605;&#1575;&#1578; &#1575;&#1604;&#1605;&#1578;&#1583;&#1575;&#1608;&#1604;&#1577; &#1582;&#1604;&#1575;&#1604; &#1605;&#1606;&#1581; &#1575;&#1604;&#1575;&#1587;&#1578;&#1588;&#1575;&#1585;&#1577; &#1593;&#1605;&#1608;&#1605;&#1575;&#1611;&#1548; &#1608;&#1603;&#1584;&#1604;&#1603; &#1593;&#1606;&#1583; &#1578;&#1587;&#1580;&#1610;&#1604; &#1575;&#1604;&#1583;&#1582;&#1608;&#1604; &#1608;&#1603;&#1604;&#1605;&#1577; &#1575;&#1604;&#1587;&#1585;&#1548; &#1581;&#1610;&#1579; &#1587;&#1610;&#1578;&#1581;&#1605;&#1604; &#1575;&#1604;&#1605;&#1587;&#1578;&#1588;&#1575;&#1585; &#1571;&#1608; &#1575;&#1604;&#1593;&#1605;&#1610;&#1604; &#1603;&#1575;&#1601;&#1577; &#1575;&#1604;&#1605;&#1587;&#1572;&#1608;&#1604;&#1610;&#1575;&#1578; &#1575;&#1604;&#1605;&#1578;&#1585;&#1578;&#1576;&#1577; &#1593;&#1604;&#1609; &#1575;&#1587;&#1578;&#1582;&#1583;&#1575;&#1605; &#1575;&#1604;&#1581;&#1587;&#1575;&#1576; &#1605;&#1606; &#1602;&#1576;&#1604; &#1575;&#1604;&#1594;&#1610;&#1585;&#1548; &#1583;&#1608;&#1606; &#1571;&#1583;&#1606;&#1609; &#1605;&#1587;&#1572;&#1608;&#1604;&#1610;&#1577; &#1578;&#1602;&#1593; &#1604;&#1609;&#1605;&#1608;&#1602;&#1593; &#1575;&#1604;&#1578;&#1605;&#1603;&#1610;&#1606;. &#1603;&#1605;&#1575; &#1610;&#1578;&#1581;&#1605;&#1604; &#1575;&#1604;&#1605;&#1587;&#1578;&#1588;&#1575;&#1585; &#1608;&#1575;&#1604;&#1593;&#1605;&#1610;&#1604; &#1605;&#1587;&#1574;&#1608;&#1604;&#1610;&#1577; &#1580;&#1605;&#1610;&#1593; &#1575;&#1604;&#1576;&#1610;&#1575;&#1606;&#1575;&#1578; &#1608;&#1575;&#1604;&#1605;&#1593;&#1604;&#1608;&#1605;&#1575;&#1578; &#1608;&#1575;&#1604;&#1608;&#1579;&#1575;&#1574;&#1602; &#1575;&#1604;&#1578;&#1610; &#1610;&#1578;&#1588;&#1575;&#1585;&#1603;&#1608;&#1606;&#1607;&#1575; &#1593;&#1576;&#1585; &#1605;&#1608;&#1602;&#1593; &#1575;&#1604;&#1578;&#1605;&#1603;&#1610;&#1606;.</div><div style=\"text-align: right;\"><br></div><h4 style=\"text-align: right;\"><b><u>&#1575;&#1604;&#1606;&#1589; &#1575;&#1604;&#1605;&#1578;&#1583;&#1575;&#1608;&#1604; &#1571;&#1579;&#1606;&#1575;&#1569; &#1578;&#1602;&#1583;&#1610;&#1605; &#1575;&#1604;&#1582;&#1583;&#1605;&#1577;</u></b></h4><div style=\"text-align: right;\"><br></div><div style=\"text-align: right;\">&nbsp;&#1610;&#1605;&#1606;&#1593; &#1578;&#1583;&#1575;&#1608;&#1604; &#1571;&#1610; &#1576;&#1610;&#1575;&#1606;&#1575;&#1578; &#1588;&#1582;&#1589;&#1610;&#1577; &#1587;&#1608;&#1575;&#1569; &#1605;&#1606; &#1602;&#1576;&#1604; &#1575;&#1604;&#1593;&#1605;&#1610;&#1604; &#1571;&#1608; &#1575;&#1604;&#1605;&#1587;&#1578;&#1588;&#1575;&#1585; (&#1605;&#1579;&#1604;: &#1585;&#1602;&#1605; &#1575;&#1604;&#1607;&#1575;&#1578;&#1601;&#1548; &#1575;&#1604;&#1576;&#1585;&#1610;&#1583; &#1575;&#1604;&#1573;&#1604;&#1603;&#1578;&#1585;&#1608;&#1606;&#1610;&#1548; &#1581;&#1587;&#1575;&#1576;&#1575;&#1578; &#1575;&#1604;&#1578;&#1608;&#1575;&#1589;&#1604; &#1575;&#1604;&#1575;&#1580;&#1578;&#1605;&#1575;&#1593;&#1610; ...&#1575;&#1604;&#1582;)&#1548; &#1603;&#1605;&#1575; &#1610;&#1605;&#1606;&#1593; &#1578;&#1583;&#1575;&#1608;&#1604; &#1571;&#1610; &#1576;&#1610;&#1575;&#1606;&#1575;&#1578; &#1571;&#1608; &#1570;&#1585;&#1575;&#1569; &#1571;&#1608; &#1605;&#1593;&#1604;&#1608;&#1605;&#1575;&#1578; &#1578;&#1605;&#1587; &#1575;&#1604;&#1583;&#1610;&#1606; &#1571;&#1608; &#1575;&#1604;&#1605;&#1584;&#1607;&#1576; &#1571;&#1608; &#1575;&#1604;&#1593;&#1585;&#1602; &#1571;&#1608; &#1575;&#1604;&#1580;&#1606;&#1587; ..&#1575;&#1604;&#1582;&#1548; &#1603;&#1605;&#1575; &#1610;&#1605;&#1606;&#1593; &#1605;&#1606;&#1593;&#1575; &#1576;&#1575;&#1578;&#1575; &#1575;&#1604;&#1582;&#1608;&#1590; &#1601;&#1610; &#1575;&#1604;&#1587;&#1610;&#1575;&#1587;&#1577;&#1548; &#1571;&#1608; &#1575;&#1604;&#1578;&#1593;&#1585;&#1590; &#1604;&#1604;&#1585;&#1605;&#1608;&#1586; &#1575;&#1604;&#1587;&#1610;&#1575;&#1587;&#1610;&#1577;&#1548; &#1571;&#1608; &#1575;&#1604;&#1602;&#1575;&#1583;&#1577; &#1608;&#1586;&#1593;&#1605;&#1575;&#1569; &#1575;&#1604;&#1583;&#1608;&#1604;&#1548; &#1581;&#1610;&#1579; &#1587;&#1610;&#1578;&#1605; &#1578;&#1591;&#1576;&#1610;&#1602; &#1588;&#1585;&#1608;&#1591; &#1608;&#1571;&#1581;&#1603;&#1575;&#1605; &#1575;&#1604;&#1605;&#1608;&#1602;&#1593; &#1601;&#1610; &#1605;&#1579;&#1604; &#1607;&#1584;&#1607; &#1575;&#1604;&#1571;&#1581;&#1608;&#1575;&#1604;&#1548; &#1603;&#1584;&#1604;&#1603; &#1578;&#1591;&#1576;&#1610;&#1602; &#1575;&#1604;&#1602;&#1608;&#1575;&#1606;&#1610;&#1606; &#1584;&#1575;&#1578; &#1575;&#1604;&#1589;&#1604;&#1577;.<br></div><div style=\"text-align: right;\"><br></div><h4 style=\"text-align: right; \"><b><u>&#1575;&#1604;&#1585;&#1602;&#1575;&#1576;&#1577; &#1593;&#1604;&#1609; &#1575;&#1604;&#1605;&#1581;&#1578;&#1608;&#1609;</u></b></h4><div style=\"text-align: right;\"><br></div><div style=\"text-align: right;\">&#1605;&#1608;&#1602;&#1593; &#1575;&#1604;&#1578;&#1605;&#1603;&#1610;&#1606; &#1604;&#1607; &#1575;&#1604;&#1581;&#1602; &#1576;&#1575;&#1604;&#1575;&#1581;&#1578;&#1601;&#1575;&#1592; &#1601;&#1610; &#1573;&#1583;&#1575;&#1585;&#1577; &#1608;&#1605;&#1585;&#1575;&#1602;&#1576;&#1577; &#1603;&#1575;&#1601;&#1577; &#1605;&#1581;&#1578;&#1608;&#1610;&#1575;&#1578; &#1575;&#1604;&#1605;&#1606;&#1589;&#1577;&#1548; &#1608;&#1604;&#1584;&#1604;&#1603; &#1610;&#1581;&#1578;&#1601;&#1592; &#1576;&#1575;&#1604;&#1581;&#1602; &#1601;&#1610; &#1581;&#1584;&#1601; &#1571;&#1608; &#1578;&#1581;&#1585;&#1610;&#1585; &#1571;&#1608; &#1573;&#1586;&#1575;&#1604;&#1577; &#1571;&#1610; &#1605;&#1587;&#1578;&#1588;&#1575;&#1585; &#1571;&#1608; &#1593;&#1605;&#1610;&#1604; &#1610;&#1606;&#1588;&#1585; &#1571;&#1605;&#1608;&#1585; &#1605;&#1582;&#1575;&#1604;&#1601;&#1577; &#1604;&#1571;&#1607;&#1583;&#1575;&#1601; &#1575;&#1604;&#1605;&#1608;&#1602;&#1593; &#1608;&#1588;&#1585;&#1608;&#1591;&#1607; &#1608;&#1571;&#1581;&#1603;&#1575;&#1605;&#1607;&#1548; &#1571;&#1608; &#1578;&#1603;&#1608;&#1606; &#1605;&#1582;&#1575;&#1604;&#1601;&#1577; &#1604;&#1604;&#1606;&#1592;&#1575;&#1605; &#1575;&#1604;&#1593;&#1575;&#1605; &#1571;&#1608; &#1575;&#1604;&#1570;&#1583;&#1575;&#1576; &#1575;&#1604;&#1593;&#1575;&#1605;&#1577; &#1608;&#1610;&#1581;&#1602; &#1604;&#1604;&#1605;&#1608;&#1602;&#1593; &#1575;&#1604;&#1585;&#1580;&#1608;&#1593; &#1593;&#1604;&#1609; &#1575;&#1604;&#1605;&#1578;&#1587;&#1576;&#1576; &#1601;&#1610; &#1584;&#1604;&#1603;.<br></div><div style=\"text-align: right;\"><br></div><div style=\"text-align: right;\">&nbsp;&#1608;&#1604;&#1584;&#1604;&#1603;&#1548; &#1593;&#1606;&#1583; &#1605;&#1608;&#1575;&#1601;&#1602;&#1578;&#1603; &#1593;&#1604;&#1609; &#1575;&#1604;&#1578;&#1587;&#1580;&#1610;&#1604; &#1601;&#1610; &#1575;&#1604;&#1605;&#1608;&#1602;&#1593; &#1601;&#1571;&#1606;&#1578; &#1578;&#1608;&#1575;&#1601;&#1602; &#1590;&#1605;&#1606;&#1610;&#1575; &#1593;&#1604;&#1609; &#1580;&#1605;&#1610;&#1593; &#1575;&#1604;&#1588;&#1585;&#1608;&#1591; &#1608;&#1575;&#1604;&#1571;&#1581;&#1603;&#1575;&#1605; &#1575;&#1604;&#1582;&#1575;&#1589;&#1577; &#1601;&#1610; &#1575;&#1604;&#1605;&#1608;&#1602;&#1593;&#1548; &#1608;&#1593;&#1604;&#1609; &#1605;&#1575; &#1587;&#1610;&#1578;&#1585;&#1578;&#1576; &#1593;&#1604;&#1610;&#1607;&#1575; &#1593;&#1606;&#1583; &#1605;&#1582;&#1575;&#1604;&#1601;&#1578;&#1607;&#1575;.</div><div style=\"text-align: right;\"><br></div><div style=\"text-align: right; \"><br></div>\r\n\r\n\r\n\r\n\r\n\r\n\r\n\r\n\r\n\n');

-- --------------------------------------------------------

--
-- بنية الجدول `top_proposals`
--

CREATE TABLE `top_proposals` (
  `id` int(10) NOT NULL,
  `proposal_id` int(10) NOT NULL
) ENGINE=InnoDB DEFAULT CHARSET=utf8mb4 COLLATE=utf8mb4_unicode_ci;

-- --------------------------------------------------------

--
-- بنية الجدول `unread_messages`
--

CREATE TABLE `unread_messages` (
  `id` int(10) NOT NULL,
  `seller_id` int(10) NOT NULL,
  `message_group_id` int(10) NOT NULL
) ENGINE=InnoDB DEFAULT CHARSET=utf8mb4 COLLATE=utf8mb4_unicode_ci;

-- --------------------------------------------------------

--
-- بنية الجدول `video_call_messages`
--

CREATE TABLE `video_call_messages` (
  `id` int(255) NOT NULL,
  `call_id` int(10) NOT NULL,
  `sender_id` int(10) NOT NULL,
  `message` text COLLATE utf8mb4_unicode_ci NOT NULL,
  `file` varchar(255) COLLATE utf8mb4_unicode_ci NOT NULL,
  `status` varchar(255) COLLATE utf8mb4_unicode_ci NOT NULL
) ENGINE=InnoDB DEFAULT CHARSET=utf8mb4 COLLATE=utf8mb4_unicode_ci;

-- --------------------------------------------------------

--
-- بنية الجدول `video_schedules`
--

CREATE TABLE `video_schedules` (
  `id` int(10) NOT NULL,
  `title` text COLLATE utf8mb4_unicode_ci NOT NULL,
  `duration` text COLLATE utf8mb4_unicode_ci NOT NULL
) ENGINE=InnoDB DEFAULT CHARSET=utf8mb4 COLLATE=utf8mb4_unicode_ci;

--
-- إرجاع أو استيراد بيانات الجدول `video_schedules`
--

INSERT INTO `video_schedules` (`id`, `title`, `duration`) VALUES
(10, '1 Day', '1'),
(11, '2 Days', '2'),
(12, '3 Days', '3');

-- --------------------------------------------------------

--
-- بنية الجدول `withdrawals`
--

CREATE TABLE `withdrawals` (
  `id` int(10) NOT NULL,
  `seller_id` int(10) NOT NULL,
  `method` text COLLATE utf8mb4_unicode_ci NOT NULL,
  `amount` int(10) NOT NULL,
  `date` text COLLATE utf8mb4_unicode_ci NOT NULL
) ENGINE=InnoDB DEFAULT CHARSET=utf8mb4 COLLATE=utf8mb4_unicode_ci;

--
-- Indexes for table `admin_logs`
--
ALTER TABLE `admin_logs`
  ADD PRIMARY KEY (`id`);

--
-- Indexes for table `admin_notifications`
--
ALTER TABLE `admin_notifications`
  ADD PRIMARY KEY (`id`);

--
-- Indexes for table `admin_rights`
--
ALTER TABLE `admin_rights`
  ADD PRIMARY KEY (`id`);

--
-- Indexes for table `announcement_bar`
--
ALTER TABLE `announcement_bar`
  ADD PRIMARY KEY (`id`);

--
-- Indexes for table `app_info`
--
ALTER TABLE `app_info`
  ADD PRIMARY KEY (`id`);

--
-- Indexes for table `app_license`
--
ALTER TABLE `app_license`
  ADD PRIMARY KEY (`id`);

--
-- Indexes for table `archived_messages`
--
ALTER TABLE `archived_messages`
  ADD PRIMARY KEY (`id`);

--
-- Indexes for table `article_cat`
--
ALTER TABLE `article_cat`
  ADD PRIMARY KEY (`article_cat_id`);

--
-- Indexes for table `buyer_requests`
--
ALTER TABLE `buyer_requests`
  ADD PRIMARY KEY (`request_id`);

--
-- Indexes for table `buyer_reviews`
--
ALTER TABLE `buyer_reviews`
  ADD PRIMARY KEY (`review_id`);

--
-- Indexes for table `cart`
--
ALTER TABLE `cart`
  ADD PRIMARY KEY (`cart_id`);

--
-- Indexes for table `cart_extras`
--
ALTER TABLE `cart_extras`
  ADD PRIMARY KEY (`id`);

--
-- Indexes for table `categories`
--
ALTER TABLE `categories`
  ADD PRIMARY KEY (`cat_id`);

--
-- Indexes for table `categories_children`
--
ALTER TABLE `categories_children`
  ADD PRIMARY KEY (`child_id`);

--
-- Indexes for table `cats_meta`
--
ALTER TABLE `cats_meta`
  ADD PRIMARY KEY (`id`);

--
-- Indexes for table `chat_type_status`
--
ALTER TABLE `chat_type_status`
  ADD PRIMARY KEY (`id`);

--
-- Indexes for table `child_cats_meta`
--
ALTER TABLE `child_cats_meta`
  ADD PRIMARY KEY (`id`);

--
-- Indexes for table `comments`
--
ALTER TABLE `comments`
  ADD PRIMARY KEY (`id`);

--
-- Indexes for table `contact_support`
--
ALTER TABLE `contact_support`
  ADD PRIMARY KEY (`contact_id`);

--
-- Indexes for table `contact_support_meta`
--
ALTER TABLE `contact_support_meta`
  ADD PRIMARY KEY (`id`);

--
-- Indexes for table `countries`
--
ALTER TABLE `countries`
  ADD PRIMARY KEY (`id`);

--
-- Indexes for table `coupons`
--
ALTER TABLE `coupons`
  ADD PRIMARY KEY (`coupon_id`);

--
-- Indexes for table `coupons_used`
--
ALTER TABLE `coupons_used`
  ADD PRIMARY KEY (`id`);

--
-- Indexes for table `currencies`
--
ALTER TABLE `currencies`
  ADD PRIMARY KEY (`id`);

--
-- Indexes for table `delivery_times`
--
ALTER TABLE `delivery_times`
  ADD PRIMARY KEY (`delivery_id`);

--
-- Indexes for table `dusupay_orders`
--
ALTER TABLE `dusupay_orders`
  ADD PRIMARY KEY (`id`);

--
-- Indexes for table `enquiry_types`
--
ALTER TABLE `enquiry_types`
  ADD PRIMARY KEY (`enquiry_id`);

--
-- Indexes for table `expenses`
--
ALTER TABLE `expenses`
  ADD PRIMARY KEY (`id`);

--
-- Indexes for table `favorites`
--
ALTER TABLE `favorites`
  ADD PRIMARY KEY (`favourite_id`);

--
-- Indexes for table `featured_proposals`
--
ALTER TABLE `featured_proposals`
  ADD PRIMARY KEY (`featured_id`);

--
-- Indexes for table `footer_links`
--
ALTER TABLE `footer_links`
  ADD PRIMARY KEY (`link_id`);

--
-- Indexes for table `hide_seller_messages`
--
ALTER TABLE `hide_seller_messages`
  ADD PRIMARY KEY (`id`);

--
-- Indexes for table `home_cards`
--
ALTER TABLE `home_cards`
  ADD PRIMARY KEY (`card_id`);

--
-- Indexes for table `home_section`
--
ALTER TABLE `home_section`
  ADD PRIMARY KEY (`section_id`);

--
-- Indexes for table `home_section_slider`
--
ALTER TABLE `home_section_slider`
  ADD PRIMARY KEY (`slide_id`);

--
-- Indexes for table `ideas`
--
ALTER TABLE `ideas`
  ADD PRIMARY KEY (`id`);

--
-- Indexes for table `inbox_messages`
--
ALTER TABLE `inbox_messages`
  ADD PRIMARY KEY (`message_id`);

--
-- Indexes for table `inbox_sellers`
--
ALTER TABLE `inbox_sellers`
  ADD PRIMARY KEY (`inbox_seller_id`);

--
-- Indexes for table `instant_deliveries`
--
ALTER TABLE `instant_deliveries`
  ADD PRIMARY KEY (`id`);

--
-- Indexes for table `knowledge_bank`
--
ALTER TABLE `knowledge_bank`
  ADD PRIMARY KEY (`article_id`);

--
-- Indexes for table `languages`
--
ALTER TABLE `languages`
  ADD PRIMARY KEY (`id`);

--
-- Indexes for table `languages_relation`
--
ALTER TABLE `languages_relation`
  ADD PRIMARY KEY (`relation_id`);

--
-- Indexes for table `messages_offers`
--
ALTER TABLE `messages_offers`
  ADD PRIMARY KEY (`offer_id`);

--
-- Indexes for table `missed_calls`
--
ALTER TABLE `missed_calls`
  ADD PRIMARY KEY (`id`);

--
-- Indexes for table `my_buyers`
--
ALTER TABLE `my_buyers`
  ADD PRIMARY KEY (`id`);

--
-- Indexes for table `my_sellers`
--
ALTER TABLE `my_sellers`
  ADD PRIMARY KEY (`id`);

--
-- Indexes for table `notifications`
--
ALTER TABLE `notifications`
  ADD PRIMARY KEY (`notification_id`);

--
-- Indexes for table `orders`
--
ALTER TABLE `orders`
  ADD PRIMARY KEY (`order_id`);

--
-- Indexes for table `order_conversations`
--
ALTER TABLE `order_conversations`
  ADD PRIMARY KEY (`c_id`);

--
-- Indexes for table `order_extend_time`
--
ALTER TABLE `order_extend_time`
  ADD PRIMARY KEY (`id`);

--
-- Indexes for table `order_extras`
--
ALTER TABLE `order_extras`
  ADD PRIMARY KEY (`id`);

--
-- Indexes for table `order_schedules`
--
ALTER TABLE `order_schedules`
  ADD PRIMARY KEY (`id`);

--
-- Indexes for table `order_tips`
--
ALTER TABLE `order_tips`
  ADD PRIMARY KEY (`id`);

--
-- Indexes for table `package_attributes`
--
ALTER TABLE `package_attributes`
  ADD PRIMARY KEY (`attribute_id`);

--
-- Indexes for table `pages`
--
ALTER TABLE `pages`
  ADD PRIMARY KEY (`id`);

--
-- Indexes for table `pages_meta`
--
ALTER TABLE `pages_meta`
  ADD PRIMARY KEY (`id`);

--
-- Indexes for table `payouts`
--
ALTER TABLE `payouts`
  ADD PRIMARY KEY (`id`);

--
-- Indexes for table `plugins`
--
ALTER TABLE `plugins`
  ADD PRIMARY KEY (`id`);

--
-- Indexes for table `posts`
--
ALTER TABLE `posts`
  ADD PRIMARY KEY (`id`);

--
-- Indexes for table `posts_meta`
--
ALTER TABLE `posts_meta`
  ADD PRIMARY KEY (`id`);

--
-- Indexes for table `post_categories`
--
ALTER TABLE `post_categories`
  ADD PRIMARY KEY (`id`);

--
-- Indexes for table `post_categories_meta`
--
ALTER TABLE `post_categories_meta`
  ADD PRIMARY KEY (`id`);

--
-- Indexes for table `post_comments`
--
ALTER TABLE `post_comments`
  ADD PRIMARY KEY (`id`);

--
-- Indexes for table `proposals`
--
ALTER TABLE `proposals`
  ADD PRIMARY KEY (`proposal_id`);

--
-- Indexes for table `proposals_extras`
--
ALTER TABLE `proposals_extras`
  ADD PRIMARY KEY (`id`);

--
-- Indexes for table `proposals_faq`
--
ALTER TABLE `proposals_faq`
  ADD PRIMARY KEY (`id`);

--
-- Indexes for table `proposal_modifications`
--
ALTER TABLE `proposal_modifications`
  ADD PRIMARY KEY (`modification_id`);

--
-- Indexes for table `proposal_packages`
--
ALTER TABLE `proposal_packages`
  ADD PRIMARY KEY (`package_id`);

--
-- Indexes for table `proposal_referrals`
--
ALTER TABLE `proposal_referrals`
  ADD PRIMARY KEY (`referral_id`);

--
-- Indexes for table `proposal_videosettings`
--
ALTER TABLE `proposal_videosettings`
  ADD PRIMARY KEY (`id`);

--
-- Indexes for table `purchases`
--
ALTER TABLE `purchases`
  ADD PRIMARY KEY (`purchase_id`);

--
-- Indexes for table `recent_proposals`
--
ALTER TABLE `recent_proposals`
  ADD PRIMARY KEY (`recent_id`);

--
-- Indexes for table `referrals`
--
ALTER TABLE `referrals`
  ADD PRIMARY KEY (`referral_id`);

--
-- Indexes for table `reports`
--
ALTER TABLE `reports`
  ADD PRIMARY KEY (`id`);

--
-- Indexes for table `revenues`
--
ALTER TABLE `revenues`
  ADD PRIMARY KEY (`revenue_id`);

--
-- Indexes for table `sales`
--
ALTER TABLE `sales`
  ADD PRIMARY KEY (`id`);

--
-- Indexes for table `section_boxes`
--
ALTER TABLE `section_boxes`
  ADD PRIMARY KEY (`box_id`);

--
-- Indexes for table `seller_accounts`
--
ALTER TABLE `seller_accounts`
  ADD PRIMARY KEY (`account_id`);

--
-- Indexes for table `seller_languages`
--
ALTER TABLE `seller_languages`
  ADD PRIMARY KEY (`language_id`);

--
-- Indexes for table `seller_levels`
--
ALTER TABLE `seller_levels`
  ADD PRIMARY KEY (`level_id`);

--
-- Indexes for table `seller_levels_meta`
--
ALTER TABLE `seller_levels_meta`
  ADD PRIMARY KEY (`id`);

--
-- Indexes for table `seller_payment_settings`
--
ALTER TABLE `seller_payment_settings`
  ADD PRIMARY KEY (`id`);

--
-- Indexes for table `seller_reviews`
--
ALTER TABLE `seller_reviews`
  ADD PRIMARY KEY (`review_id`);

--
-- Indexes for table `seller_skills`
--
ALTER TABLE `seller_skills`
  ADD PRIMARY KEY (`skill_id`);

--
-- Indexes for table `seller_type_status`
--
ALTER TABLE `seller_type_status`
  ADD PRIMARY KEY (`id`);

--
-- Indexes for table `send_offers`
--
ALTER TABLE `send_offers`
  ADD PRIMARY KEY (`offer_id`);

--
-- Indexes for table `site_currencies`
--
ALTER TABLE `site_currencies`
  ADD PRIMARY KEY (`id`);

--
-- Indexes for table `skills_relation`
--
ALTER TABLE `skills_relation`
  ADD PRIMARY KEY (`relation_id`);

--
-- Indexes for table `slider`
--
ALTER TABLE `slider`
  ADD PRIMARY KEY (`slide_id`);

--
-- Indexes for table `spam_words`
--
ALTER TABLE `spam_words`
  ADD PRIMARY KEY (`id`);

--
-- Indexes for table `starred_messages`
--
ALTER TABLE `starred_messages`
  ADD PRIMARY KEY (`id`);

--
-- Indexes for table `support_conversations`
--
ALTER TABLE `support_conversations`
  ADD PRIMARY KEY (`id`);

--
-- Indexes for table `support_tickets`
--
ALTER TABLE `support_tickets`
  ADD PRIMARY KEY (`ticket_id`);

--
-- Indexes for table `temp_extras`
--
ALTER TABLE `temp_extras`
  ADD PRIMARY KEY (`id`);

--
-- Indexes for table `temp_orders`
--
ALTER TABLE `temp_orders`
  ADD PRIMARY KEY (`id`);

--
-- Indexes for table `terms`
--
ALTER TABLE `terms`
  ADD PRIMARY KEY (`term_id`);

--
-- Indexes for table `top_proposals`
--
ALTER TABLE `top_proposals`
  ADD PRIMARY KEY (`id`);

--
-- Indexes for table `unread_messages`
--
ALTER TABLE `unread_messages`
  ADD PRIMARY KEY (`id`);

--
-- Indexes for table `video_call_messages`
--
ALTER TABLE `video_call_messages`
  ADD PRIMARY KEY (`id`);

--
-- Indexes for table `video_schedules`
--
ALTER TABLE `video_schedules`
  ADD PRIMARY KEY (`id`);

--
-- Indexes for table `withdrawals`
--
ALTER TABLE `withdrawals`
  ADD PRIMARY KEY (`id`);

--
-- AUTO_INCREMENT for table `admin_logs`
--
ALTER TABLE `admin_logs`
  MODIFY `id` int(100) NOT NULL AUTO_INCREMENT, AUTO_INCREMENT=500;

--
-- AUTO_INCREMENT for table `admin_notifications`
--
ALTER TABLE `admin_notifications`
  MODIFY `id` int(10) NOT NULL AUTO_INCREMENT, AUTO_INCREMENT=2;

--
-- AUTO_INCREMENT for table `admin_rights`
--
ALTER TABLE `admin_rights`
  MODIFY `id` int(10) NOT NULL AUTO_INCREMENT, AUTO_INCREMENT=3;

--
-- AUTO_INCREMENT for table `announcement_bar`
--
ALTER TABLE `announcement_bar`
  MODIFY `id` int(10) NOT NULL AUTO_INCREMENT, AUTO_INCREMENT=5;

--
-- AUTO_INCREMENT for table `app_info`
--
ALTER TABLE `app_info`
  MODIFY `id` int(100) NOT NULL AUTO_INCREMENT, AUTO_INCREMENT=2;

--
-- AUTO_INCREMENT for table `app_license`
--
ALTER TABLE `app_license`
  MODIFY `id` int(100) NOT NULL AUTO_INCREMENT, AUTO_INCREMENT=3;

--
-- AUTO_INCREMENT for table `archived_messages`
--
ALTER TABLE `archived_messages`
  MODIFY `id` int(10) NOT NULL AUTO_INCREMENT;

--
-- AUTO_INCREMENT for table `article_cat`
--
ALTER TABLE `article_cat`
  MODIFY `article_cat_id` int(11) NOT NULL AUTO_INCREMENT, AUTO_INCREMENT=2;

--
-- AUTO_INCREMENT for table `buyer_requests`
--
ALTER TABLE `buyer_requests`
  MODIFY `request_id` int(10) NOT NULL AUTO_INCREMENT, AUTO_INCREMENT=2;

--
-- AUTO_INCREMENT for table `buyer_reviews`
--
ALTER TABLE `buyer_reviews`
  MODIFY `review_id` int(10) NOT NULL AUTO_INCREMENT;

--
-- AUTO_INCREMENT for table `cart`
--
ALTER TABLE `cart`
  MODIFY `cart_id` int(10) NOT NULL AUTO_INCREMENT, AUTO_INCREMENT=22;

--
-- AUTO_INCREMENT for table `cart_extras`
--
ALTER TABLE `cart_extras`
  MODIFY `id` int(10) NOT NULL AUTO_INCREMENT, AUTO_INCREMENT=19;

--
-- AUTO_INCREMENT for table `categories`
--
ALTER TABLE `categories`
  MODIFY `cat_id` int(10) NOT NULL AUTO_INCREMENT, AUTO_INCREMENT=12;

--
-- AUTO_INCREMENT for table `categories_children`
--
ALTER TABLE `categories_children`
  MODIFY `child_id` int(10) NOT NULL AUTO_INCREMENT, AUTO_INCREMENT=124;

--
-- AUTO_INCREMENT for table `cats_meta`
--
ALTER TABLE `cats_meta`
  MODIFY `id` int(10) NOT NULL AUTO_INCREMENT, AUTO_INCREMENT=820;

--
-- AUTO_INCREMENT for table `chat_type_status`
--
ALTER TABLE `chat_type_status`
  MODIFY `id` int(10) NOT NULL AUTO_INCREMENT, AUTO_INCREMENT=33;

--
-- AUTO_INCREMENT for table `child_cats_meta`
--
ALTER TABLE `child_cats_meta`
  MODIFY `id` int(10) NOT NULL AUTO_INCREMENT, AUTO_INCREMENT=6955;

--
-- AUTO_INCREMENT for table `comments`
--
ALTER TABLE `comments`
  MODIFY `id` int(10) NOT NULL AUTO_INCREMENT, AUTO_INCREMENT=8;

--
-- AUTO_INCREMENT for table `contact_support`
--
ALTER TABLE `contact_support`
  MODIFY `contact_id` int(10) NOT NULL AUTO_INCREMENT, AUTO_INCREMENT=2;

--
-- AUTO_INCREMENT for table `contact_support_meta`
--
ALTER TABLE `contact_support_meta`
  MODIFY `id` int(10) NOT NULL AUTO_INCREMENT, AUTO_INCREMENT=2;

--
-- AUTO_INCREMENT for table `countries`
--
ALTER TABLE `countries`
  MODIFY `id` int(10) NOT NULL AUTO_INCREMENT, AUTO_INCREMENT=246;

--
-- AUTO_INCREMENT for table `coupons`
--
ALTER TABLE `coupons`
  MODIFY `coupon_id` int(10) NOT NULL AUTO_INCREMENT;

--
-- AUTO_INCREMENT for table `coupons_used`
--
ALTER TABLE `coupons_used`
  MODIFY `id` int(100) NOT NULL AUTO_INCREMENT;

--
-- AUTO_INCREMENT for table `currencies`
--
ALTER TABLE `currencies`
  MODIFY `id` int(10) NOT NULL AUTO_INCREMENT, AUTO_INCREMENT=160;

--
-- AUTO_INCREMENT for table `delivery_times`
--
ALTER TABLE `delivery_times`
  MODIFY `delivery_id` int(10) NOT NULL AUTO_INCREMENT, AUTO_INCREMENT=9;

--
-- AUTO_INCREMENT for table `dusupay_orders`
--
ALTER TABLE `dusupay_orders`
  MODIFY `id` int(10) NOT NULL AUTO_INCREMENT, AUTO_INCREMENT=115;

--
-- AUTO_INCREMENT for table `enquiry_types`
--
ALTER TABLE `enquiry_types`
  MODIFY `enquiry_id` int(10) NOT NULL AUTO_INCREMENT, AUTO_INCREMENT=5;

--
-- AUTO_INCREMENT for table `expenses`
--
ALTER TABLE `expenses`
  MODIFY `id` int(10) NOT NULL AUTO_INCREMENT;

--
-- AUTO_INCREMENT for table `favorites`
--
ALTER TABLE `favorites`
  MODIFY `favourite_id` int(10) NOT NULL AUTO_INCREMENT, AUTO_INCREMENT=2;

--
-- AUTO_INCREMENT for table `featured_proposals`
--
ALTER TABLE `featured_proposals`
  MODIFY `featured_id` int(10) NOT NULL AUTO_INCREMENT, AUTO_INCREMENT=14;

--
-- AUTO_INCREMENT for table `footer_links`
--
ALTER TABLE `footer_links`
  MODIFY `link_id` int(10) NOT NULL AUTO_INCREMENT, AUTO_INCREMENT=40;

--
-- AUTO_INCREMENT for table `hide_seller_messages`
--
ALTER TABLE `hide_seller_messages`
  MODIFY `id` int(10) NOT NULL AUTO_INCREMENT;

--
-- AUTO_INCREMENT for table `home_cards`
--
ALTER TABLE `home_cards`
  MODIFY `card_id` int(10) NOT NULL AUTO_INCREMENT, AUTO_INCREMENT=13;

--
-- AUTO_INCREMENT for table `home_section`
--
ALTER TABLE `home_section`
  MODIFY `section_id` int(10) NOT NULL AUTO_INCREMENT, AUTO_INCREMENT=2;

--
-- AUTO_INCREMENT for table `home_section_slider`
--
ALTER TABLE `home_section_slider`
  MODIFY `slide_id` int(100) NOT NULL AUTO_INCREMENT, AUTO_INCREMENT=10;

--
-- AUTO_INCREMENT for table `ideas`
--
ALTER TABLE `ideas`
  MODIFY `id` int(100) NOT NULL AUTO_INCREMENT, AUTO_INCREMENT=8;

--
-- AUTO_INCREMENT for table `inbox_messages`
--
ALTER TABLE `inbox_messages`
  MODIFY `message_id` int(10) NOT NULL AUTO_INCREMENT, AUTO_INCREMENT=15;

--
-- AUTO_INCREMENT for table `inbox_sellers`
--
ALTER TABLE `inbox_sellers`
  MODIFY `inbox_seller_id` int(10) NOT NULL AUTO_INCREMENT, AUTO_INCREMENT=24;

--
-- AUTO_INCREMENT for table `instant_deliveries`
--
ALTER TABLE `instant_deliveries`
  MODIFY `id` int(10) NOT NULL AUTO_INCREMENT, AUTO_INCREMENT=267;

--
-- AUTO_INCREMENT for table `knowledge_bank`
--
ALTER TABLE `knowledge_bank`
  MODIFY `article_id` int(11) NOT NULL AUTO_INCREMENT, AUTO_INCREMENT=2;

--
-- AUTO_INCREMENT for table `languages`
--
ALTER TABLE `languages`
  MODIFY `id` int(10) NOT NULL AUTO_INCREMENT, AUTO_INCREMENT=3;

--
-- AUTO_INCREMENT for table `languages_relation`
--
ALTER TABLE `languages_relation`
  MODIFY `relation_id` int(10) NOT NULL AUTO_INCREMENT, AUTO_INCREMENT=46;

--
-- AUTO_INCREMENT for table `messages_offers`
--
ALTER TABLE `messages_offers`
  MODIFY `offer_id` int(10) NOT NULL AUTO_INCREMENT;

--
-- AUTO_INCREMENT for table `missed_calls`
--
ALTER TABLE `missed_calls`
  MODIFY `id` int(100) NOT NULL AUTO_INCREMENT, AUTO_INCREMENT=73;

--
-- AUTO_INCREMENT for table `my_buyers`
--
ALTER TABLE `my_buyers`
  MODIFY `id` int(10) NOT NULL AUTO_INCREMENT, AUTO_INCREMENT=4;

--
-- AUTO_INCREMENT for table `my_sellers`
--
ALTER TABLE `my_sellers`
  MODIFY `id` int(10) NOT NULL AUTO_INCREMENT, AUTO_INCREMENT=4;

--
-- AUTO_INCREMENT for table `notifications`
--
ALTER TABLE `notifications`
  MODIFY `notification_id` int(10) NOT NULL AUTO_INCREMENT, AUTO_INCREMENT=98;

--
-- AUTO_INCREMENT for table `orders`
--
ALTER TABLE `orders`
  MODIFY `order_id` int(10) NOT NULL AUTO_INCREMENT, AUTO_INCREMENT=5;

--
-- AUTO_INCREMENT for table `order_conversations`
--
ALTER TABLE `order_conversations`
  MODIFY `c_id` int(10) NOT NULL AUTO_INCREMENT, AUTO_INCREMENT=7;

--
-- AUTO_INCREMENT for table `order_extend_time`
--
ALTER TABLE `order_extend_time`
  MODIFY `id` int(10) NOT NULL AUTO_INCREMENT, AUTO_INCREMENT=174;

--
-- AUTO_INCREMENT for table `order_extras`
--
ALTER TABLE `order_extras`
  MODIFY `id` int(10) NOT NULL AUTO_INCREMENT;

--
-- AUTO_INCREMENT for table `order_schedules`
--
ALTER TABLE `order_schedules`
  MODIFY `id` int(10) NOT NULL AUTO_INCREMENT, AUTO_INCREMENT=28;

--
-- AUTO_INCREMENT for table `order_tips`
--
ALTER TABLE `order_tips`
  MODIFY `id` int(10) NOT NULL AUTO_INCREMENT, AUTO_INCREMENT=10;

--
-- AUTO_INCREMENT for table `package_attributes`
--
ALTER TABLE `package_attributes`
  MODIFY `attribute_id` int(100) NOT NULL AUTO_INCREMENT, AUTO_INCREMENT=7;

--
-- AUTO_INCREMENT for table `pages`
--
ALTER TABLE `pages`
  MODIFY `id` int(10) NOT NULL AUTO_INCREMENT, AUTO_INCREMENT=12;

--
-- AUTO_INCREMENT for table `pages_meta`
--
ALTER TABLE `pages_meta`
  MODIFY `id` int(11) NOT NULL AUTO_INCREMENT, AUTO_INCREMENT=21;

--
-- AUTO_INCREMENT for table `payouts`
--
ALTER TABLE `payouts`
  MODIFY `id` int(255) NOT NULL AUTO_INCREMENT, AUTO_INCREMENT=2;

--
-- AUTO_INCREMENT for table `plugins`
--
ALTER TABLE `plugins`
  MODIFY `id` int(10) NOT NULL AUTO_INCREMENT, AUTO_INCREMENT=13;

--
-- AUTO_INCREMENT for table `posts`
--
ALTER TABLE `posts`
  MODIFY `id` int(11) NOT NULL AUTO_INCREMENT, AUTO_INCREMENT=33;

--
-- AUTO_INCREMENT for table `posts_meta`
--
ALTER TABLE `posts_meta`
  MODIFY `id` int(11) NOT NULL AUTO_INCREMENT, AUTO_INCREMENT=39;

--
-- AUTO_INCREMENT for table `post_categories`
--
ALTER TABLE `post_categories`
  MODIFY `id` int(11) NOT NULL AUTO_INCREMENT, AUTO_INCREMENT=42;

--
-- AUTO_INCREMENT for table `post_categories_meta`
--
ALTER TABLE `post_categories_meta`
  MODIFY `id` int(11) NOT NULL AUTO_INCREMENT, AUTO_INCREMENT=29;

--
-- AUTO_INCREMENT for table `post_comments`
--
ALTER TABLE `post_comments`
  MODIFY `id` int(10) NOT NULL AUTO_INCREMENT, AUTO_INCREMENT=19;

--
-- AUTO_INCREMENT for table `proposals`
--
ALTER TABLE `proposals`
  MODIFY `proposal_id` int(10) NOT NULL AUTO_INCREMENT, AUTO_INCREMENT=137;

--
-- AUTO_INCREMENT for table `proposals_extras`
--
ALTER TABLE `proposals_extras`
  MODIFY `id` int(10) NOT NULL AUTO_INCREMENT, AUTO_INCREMENT=16;

--
-- AUTO_INCREMENT for table `proposals_faq`
--
ALTER TABLE `proposals_faq`
  MODIFY `id` int(10) NOT NULL AUTO_INCREMENT, AUTO_INCREMENT=5;

--
-- AUTO_INCREMENT for table `proposal_modifications`
--
ALTER TABLE `proposal_modifications`
  MODIFY `modification_id` int(10) NOT NULL AUTO_INCREMENT, AUTO_INCREMENT=3;

--
-- AUTO_INCREMENT for table `proposal_packages`
--
ALTER TABLE `proposal_packages`
  MODIFY `package_id` int(100) NOT NULL AUTO_INCREMENT, AUTO_INCREMENT=310;

--
-- AUTO_INCREMENT for table `proposal_referrals`
--
ALTER TABLE `proposal_referrals`
  MODIFY `referral_id` int(10) NOT NULL AUTO_INCREMENT;

--
-- AUTO_INCREMENT for table `proposal_videosettings`
--
ALTER TABLE `proposal_videosettings`
  MODIFY `id` int(10) NOT NULL AUTO_INCREMENT, AUTO_INCREMENT=477;

--
-- AUTO_INCREMENT for table `purchases`
--
ALTER TABLE `purchases`
  MODIFY `purchase_id` int(10) NOT NULL AUTO_INCREMENT, AUTO_INCREMENT=5;

--
-- AUTO_INCREMENT for table `recent_proposals`
--
ALTER TABLE `recent_proposals`
  MODIFY `recent_id` int(10) NOT NULL AUTO_INCREMENT, AUTO_INCREMENT=209;

--
-- AUTO_INCREMENT for table `referrals`
--
ALTER TABLE `referrals`
  MODIFY `referral_id` int(10) NOT NULL AUTO_INCREMENT;

--
-- AUTO_INCREMENT for table `reports`
--
ALTER TABLE `reports`
  MODIFY `id` int(10) NOT NULL AUTO_INCREMENT;

--
-- AUTO_INCREMENT for table `revenues`
--
ALTER TABLE `revenues`
  MODIFY `revenue_id` int(10) NOT NULL AUTO_INCREMENT, AUTO_INCREMENT=2;

--
-- AUTO_INCREMENT for table `sales`
--
ALTER TABLE `sales`
  MODIFY `id` int(10) NOT NULL AUTO_INCREMENT, AUTO_INCREMENT=6;

--
-- AUTO_INCREMENT for table `section_boxes`
--
ALTER TABLE `section_boxes`
  MODIFY `box_id` int(10) NOT NULL AUTO_INCREMENT, AUTO_INCREMENT=10;

--
-- AUTO_INCREMENT for table `seller_accounts`
--
ALTER TABLE `seller_accounts`
  MODIFY `account_id` int(10) NOT NULL AUTO_INCREMENT, AUTO_INCREMENT=132;

--
-- AUTO_INCREMENT for table `seller_languages`
--
ALTER TABLE `seller_languages`
  MODIFY `language_id` int(10) NOT NULL AUTO_INCREMENT, AUTO_INCREMENT=5;

--
-- AUTO_INCREMENT for table `seller_levels`
--
ALTER TABLE `seller_levels`
  MODIFY `level_id` int(10) NOT NULL AUTO_INCREMENT, AUTO_INCREMENT=5;

--
-- AUTO_INCREMENT for table `seller_levels_meta`
--
ALTER TABLE `seller_levels_meta`
  MODIFY `id` int(10) NOT NULL AUTO_INCREMENT, AUTO_INCREMENT=9;

--
-- AUTO_INCREMENT for table `seller_payment_settings`
--
ALTER TABLE `seller_payment_settings`
  MODIFY `id` int(10) NOT NULL AUTO_INCREMENT, AUTO_INCREMENT=5;

--
-- AUTO_INCREMENT for table `seller_reviews`
--
ALTER TABLE `seller_reviews`
  MODIFY `review_id` int(10) NOT NULL AUTO_INCREMENT, AUTO_INCREMENT=2;

--
-- AUTO_INCREMENT for table `seller_skills`
--
ALTER TABLE `seller_skills`
  MODIFY `skill_id` int(10) NOT NULL AUTO_INCREMENT, AUTO_INCREMENT=14;

--
-- AUTO_INCREMENT for table `seller_type_status`
--
ALTER TABLE `seller_type_status`
  MODIFY `id` int(10) NOT NULL AUTO_INCREMENT, AUTO_INCREMENT=11;

--
-- AUTO_INCREMENT for table `send_offers`
--
ALTER TABLE `send_offers`
  MODIFY `offer_id` int(10) NOT NULL AUTO_INCREMENT;

--
-- AUTO_INCREMENT for table `site_currencies`
--
ALTER TABLE `site_currencies`
  MODIFY `id` int(10) NOT NULL AUTO_INCREMENT, AUTO_INCREMENT=8;

--
-- AUTO_INCREMENT for table `skills_relation`
--
ALTER TABLE `skills_relation`
  MODIFY `relation_id` int(10) NOT NULL AUTO_INCREMENT, AUTO_INCREMENT=34;

--
-- AUTO_INCREMENT for table `slider`
--
ALTER TABLE `slider`
  MODIFY `slide_id` int(10) NOT NULL AUTO_INCREMENT, AUTO_INCREMENT=34;

--
-- AUTO_INCREMENT for table `spam_words`
--
ALTER TABLE `spam_words`
  MODIFY `id` int(10) NOT NULL AUTO_INCREMENT, AUTO_INCREMENT=20;

--
-- AUTO_INCREMENT for table `starred_messages`
--
ALTER TABLE `starred_messages`
  MODIFY `id` int(10) NOT NULL AUTO_INCREMENT;

--
-- AUTO_INCREMENT for table `support_conversations`
--
ALTER TABLE `support_conversations`
  MODIFY `id` int(11) NOT NULL AUTO_INCREMENT, AUTO_INCREMENT=44;

--
-- AUTO_INCREMENT for table `support_tickets`
--
ALTER TABLE `support_tickets`
  MODIFY `ticket_id` int(10) NOT NULL AUTO_INCREMENT, AUTO_INCREMENT=3;

--
-- AUTO_INCREMENT for table `temp_extras`
--
ALTER TABLE `temp_extras`
  MODIFY `id` int(10) NOT NULL AUTO_INCREMENT, AUTO_INCREMENT=47;

--
-- AUTO_INCREMENT for table `temp_orders`
--
ALTER TABLE `temp_orders`
  MODIFY `id` int(10) NOT NULL AUTO_INCREMENT, AUTO_INCREMENT=373;

--
-- AUTO_INCREMENT for table `terms`
--
ALTER TABLE `terms`
  MODIFY `term_id` int(10) NOT NULL AUTO_INCREMENT, AUTO_INCREMENT=5;

--
-- AUTO_INCREMENT for table `top_proposals`
--
ALTER TABLE `top_proposals`
  MODIFY `id` int(10) NOT NULL AUTO_INCREMENT, AUTO_INCREMENT=2;

--
-- AUTO_INCREMENT for table `unread_messages`
--
ALTER TABLE `unread_messages`
  MODIFY `id` int(10) NOT NULL AUTO_INCREMENT;

--
-- AUTO_INCREMENT for table `video_call_messages`
--
ALTER TABLE `video_call_messages`
  MODIFY `id` int(255) NOT NULL AUTO_INCREMENT, AUTO_INCREMENT=31;

--
-- AUTO_INCREMENT for table `video_schedules`
--
ALTER TABLE `video_schedules`
  MODIFY `id` int(10) NOT NULL AUTO_INCREMENT, AUTO_INCREMENT=13;

--
-- AUTO_INCREMENT for table `withdrawals`
--
ALTER TABLE `withdrawals`
  MODIFY `id` int(10) NOT NULL AUTO_INCREMENT;
COMMIT;

