CREATE TABLE `proposals_extras` (
  `id` int(10) NOT NULL,
  `proposal_id` int(10) NOT NULL,
  `name` varchar(255) COLLATE utf8mb4_unicode_ci NOT NULL,
  `price` int(255) NOT NULL
) ENGINE=InnoDB DEFAULT CHARSET=utf8mb4 COLLATE=utf8mb4_unicode_ci;

--
-- إرجاع أو استيراد بيانات الجدول `proposals_extras`
--

INSERT INTO `proposals_extras` (`id`, `proposal_id`, `name`, `price`) VALUES
(1, 1, 'الاستشارة لمدة 60 دقيقة', 10),
(2, 1, 'الاستشارة لمدة 30 دقيقة', 5),
(3, 3, 'ببرنامج البوربوينت 10 شرائح ', 2),
(4, 3, 'ببرنامج بريزي كل 5 شرائح', 2),
(5, 3, 'للبحث لكل 5 ورقات', 2),
(6, 46, 'كل دقيقة .. قابل للمساومة', 25),
(7, 48, 'الفيديو ب ', 2),
(8, 48, 'الصوره', 1),
(9, 50, 'الترجمة المكتوبة / التحريرية ٢٥٠ كلمة', 10),
(10, 58, 'لمدة 30دقيقة', 5),
(11, 59, 'ببرنامج البوربوينت 10 شرائح', 2),
(12, 59, 'ببرنامج بريزي كل 5 شرائح', 2),
(13, 76, 'Hanan', 5),
(14, 121, 'استشارات خاصة عن بعد', 26),
(15, 126, 'Tmkeen', 26);

-- --------------------------------------------------------

--
-- بنية الجدول `proposals_faq`
--

CREATE TABLE `proposals_faq` (
  `id` int(10) NOT NULL,
  `proposal_id` int(11) NOT NULL,
  `title` varchar(255) COLLATE utf8mb4_unicode_ci NOT NULL,
  `content` text COLLATE utf8mb4_unicode_ci NOT NULL
) ENGINE=InnoDB DEFAULT CHARSET=utf8mb4 COLLATE=utf8mb4_unicode_ci;

--
-- إرجاع أو استيراد بيانات الجدول `proposals_faq`
--

INSERT INTO `proposals_faq` (`id`, `proposal_id`, `title`, `content`) VALUES
(1, 3, 'كم طلب تعديلين ممكن؟', 'يحق لكل طلب تعديلين فقط وبعدها يتم احتساب أكثر من ذلك بسعر إضافي'),
(2, 77, 'التعليم عن بعد ', '(العلم نور )'),
(3, 100, 'هل يمكن التعديل على التصميم ؟', 'نعم / أُعدل على التصميم ٣  مرات فقط!'),
(4, 101, 'هل يمكن التعديل على التصميم بعد تسليمه للمشتري؟', 'نعم بإمكاني التعديل عليه ٣ مرات فقط .');

-- --------------------------------------------------------

--
-- بنية الجدول `proposal_modifications`
--

CREATE TABLE `proposal_modifications` (
  `modification_id` int(10) NOT NULL,
  `proposal_id` int(10) NOT NULL,
  `modification_message` text COLLATE utf8mb4_unicode_ci NOT NULL
) ENGINE=InnoDB DEFAULT CHARSET=utf8mb4 COLLATE=utf8mb4_unicode_ci;

--
-- إرجاع أو استيراد بيانات الجدول `proposal_modifications`
--

INSERT INTO `proposal_modifications` (`modification_id`, `proposal_id`, `modification_message`) VALUES
(2, 86, '');

-- --------------------------------------------------------

--
-- بنية الجدول `proposal_packages`
--

CREATE TABLE `proposal_packages` (
  `package_id` int(100) NOT NULL,
  `proposal_id` int(100) NOT NULL,
  `package_name` varchar(255) COLLATE utf8mb4_unicode_ci NOT NULL,
  `description` text COLLATE utf8mb4_unicode_ci NOT NULL,
  `revisions` varchar(255) COLLATE utf8mb4_unicode_ci NOT NULL,
  `delivery_time` varchar(255) COLLATE utf8mb4_unicode_ci NOT NULL,
  `price` varchar(255) COLLATE utf8mb4_unicode_ci NOT NULL
) ENGINE=InnoDB DEFAULT CHARSET=utf8mb4 COLLATE=utf8mb4_unicode_ci;

--
-- إرجاع أو استيراد بيانات الجدول `proposal_packages`
--

INSERT INTO `proposal_packages` (`package_id`, `proposal_id`, `package_name`, `description`, `revisions`, `delivery_time`, `price`) VALUES
(1, 1, 'Basic', '', '0', '1', '5'),
(2, 1, 'Standard', '', '0', '1', '10'),
(3, 1, 'Advance', '', '0', '1', '15'),
(4, 2, 'Basic', '', '0', '1', '5'),
(5, 2, 'Standard', '', '0', '1', '10'),
(6, 2, 'Advance', '', '0', '1', '15'),
(7, 3, 'Basic', '', '0', '1', '5'),
(8, 3, 'Standard', '', '0', '1', '10'),
(9, 3, 'Advance', '', '0', '1', '15'),
(10, 4, 'Basic', '', '0', '1', '5'),
(11, 4, 'Standard', '', '0', '1', '10'),
(12, 4, 'Advance', '', '0', '1', '15'),
(13, 38, 'Basic', '', '0', '1', '5'),
(14, 38, 'Standard', '', '0', '1', '10'),
(15, 38, 'Advance', '', '0', '1', '15'),
(16, 39, 'Basic', '', '0', '1', '5'),
(17, 39, 'Standard', '', '0', '1', '10'),
(18, 39, 'Advance', '', '0', '1', '15'),
(19, 40, 'Basic', '', '0', '1', '5'),
(20, 40, 'Standard', '', '0', '1', '10'),
(21, 40, 'Advance', '', '0', '1', '15'),
(22, 41, 'Basic', '', '0', '1', '5'),
(23, 41, 'Standard', '', '0', '1', '10'),
(24, 41, 'Advance', '', '0', '1', '15'),
(25, 42, 'Basic', '', '0', '1', '5'),
(26, 42, 'Standard', '', '0', '1', '10'),
(27, 42, 'Advance', '', '0', '1', '15'),
(28, 43, 'Basic', '', '0', '1', '5'),
(29, 43, 'Standard', '', '0', '1', '10'),
(30, 43, 'Advance', '', '0', '1', '15'),
(31, 44, 'Basic', '', '0', '1', '5'),
(32, 44, 'Standard', '', '0', '1', '10'),
(33, 44, 'Advance', '', '0', '1', '15'),
(34, 45, 'Basic', '', '0', '1', '5'),
(35, 45, 'Standard', '', '0', '1', '10'),
(36, 45, 'Advance', '', '0', '1', '15'),
(37, 46, 'Basic', '', '0', '1', '5'),
(38, 46, 'Standard', '', '0', '1', '10'),
(39, 46, 'Advance', '', '0', '1', '15'),
(40, 47, 'Basic', '', '0', '1', '5'),
(41, 47, 'Standard', '', '0', '1', '10'),
(42, 47, 'Advance', '', '0', '1', '15'),
(43, 48, 'Basic', '', '0', '1', '5'),
(44, 48, 'Standard', '', '0', '1', '10'),
(45, 48, 'Advance', '', '0', '1', '15'),
(46, 49, 'Basic', '', '0', '1', '5'),
(47, 49, 'Standard', '', '0', '1', '10'),
(48, 49, 'Advance', '', '0', '1', '15'),
(49, 50, 'Basic', '', '0', '1', '5'),
(50, 50, 'Standard', '', '0', '1', '10'),
(51, 50, 'Advance', '', '0', '1', '15'),
(52, 51, 'Basic', '', '0', '1', '5'),
(53, 51, 'Standard', '', '0', '1', '10'),
(54, 51, 'Advance', '', '0', '1', '15'),
(55, 52, 'Basic', '', '0', '1', '5'),
(56, 52, 'Standard', '', '0', '1', '10'),
(57, 52, 'Advance', '', '0', '1', '15'),
(58, 53, 'Basic', '', '0', '1', '5'),
(59, 53, 'Standard', '', '0', '1', '10'),
(60, 53, 'Advance', '', '0', '1', '15'),
(61, 54, 'Basic', '', '0', '1', '5'),
(62, 54, 'Standard', '', '0', '1', '10'),
(63, 54, 'Advance', '', '0', '1', '15'),
(64, 55, 'Basic', '', '0', '1', '5'),
(65, 55, 'Standard', '', '0', '1', '10'),
(66, 55, 'Advance', '', '0', '1', '15'),
(67, 56, 'Basic', '', '0', '1', '5'),
(68, 56, 'Standard', '', '0', '1', '10'),
(69, 56, 'Advance', '', '0', '1', '15'),
(70, 57, 'Basic', '', '0', '1', '5'),
(71, 57, 'Standard', '', '0', '1', '10'),
(72, 57, 'Advance', '', '0', '1', '15'),
(73, 58, 'Basic', '', '0', '1', '5'),
(74, 58, 'Standard', '', '0', '1', '10'),
(75, 58, 'Advance', '', '0', '1', '15'),
(76, 59, 'Basic', '', '0', '1', '5'),
(77, 59, 'Standard', '', '0', '1', '10'),
(78, 59, 'Advance', '', '0', '1', '15'),
(79, 60, 'Basic', '', '0', '1', '5'),
(80, 60, 'Standard', '', '0', '1', '10'),
(81, 60, 'Advance', '', '0', '1', '15'),
(82, 61, 'Basic', '', '0', '1', '5'),
(83, 61, 'Standard', '', '0', '1', '10'),
(84, 61, 'Advance', '', '0', '1', '15'),
(85, 62, 'Basic', '', '0', '1', '5'),
(86, 62, 'Standard', '', '0', '1', '10'),
(87, 62, 'Advance', '', '0', '1', '15'),
(88, 63, 'Basic', '', '0', '1', '5'),
(89, 63, 'Standard', '', '0', '1', '10'),
(90, 63, 'Advance', '', '0', '1', '15'),
(91, 64, 'Basic', '', '0', '1', '5'),
(92, 64, 'Standard', '', '0', '1', '10'),
(93, 64, 'Advance', '', '0', '1', '15'),
(94, 65, 'Basic', '', '0', '1', '5'),
(95, 65, 'Standard', '', '0', '1', '10'),
(96, 65, 'Advance', '', '0', '1', '15'),
(97, 66, 'Basic', '', '0', '1', '5'),
(98, 66, 'Standard', '', '0', '1', '10'),
(99, 66, 'Advance', '', '0', '1', '15'),
(100, 67, 'Basic', '', '0', '1', '24'),
(101, 67, 'Standard', '', '0', '1', '25'),
(102, 67, 'Advance', '', '0', '1', '15'),
(103, 68, 'Basic', '', '0', '1', '5'),
(104, 68, 'Standard', '', '0', '1', '10'),
(105, 68, 'Advance', '', '0', '1', '15'),
(106, 69, 'Basic', '', '0', '1', '5'),
(107, 69, 'Standard', '', '0', '1', '10'),
(108, 69, 'Advance', '', '0', '1', '15'),
(109, 70, 'Basic', '', '0', '1', '5'),
(110, 70, 'Standard', '', '0', '1', '10'),
(111, 70, 'Advance', '', '0', '1', '15'),
(112, 71, 'Basic', '', '0', '1', '5'),
(113, 71, 'Standard', '', '0', '1', '10'),
(114, 71, 'Advance', '', '0', '1', '15'),
(115, 72, 'Basic', '', '', '', '5'),
(116, 72, 'Standard', '', '', '', '10'),
(117, 72, 'Advance', '', '', '', '15'),
(118, 73, 'Basic', '', '', '', '5'),
(119, 73, 'Standard', '', '', '', '10'),
(120, 73, 'Advance', '', '', '', '15'),
(121, 74, 'Basic', '', '0', '1', '5'),
(122, 74, 'Standard', '', '3', '1', '10'),
(123, 74, 'Advance', '', '0', '1', '15'),
(124, 75, 'Basic', '', '0', '1', '5'),
(125, 75, 'Standard', '', '0', '1', '10'),
(126, 75, 'Advance', '', '0', '1', '15'),
(127, 76, 'Basic', '', '', '', '5'),
(128, 76, 'Standard', '', '', '', '10'),
(129, 76, 'Advance', '', '', '', '15'),
(130, 77, 'Basic', '', '0', '1', '5'),
(131, 77, 'Standard', '', '0', '1', '10'),
(132, 77, 'Advance', '', '0', '1', '15'),
(133, 78, 'Basic', '', '0', '1', '5'),
(134, 78, 'Standard', '', '0', '1', '10'),
(135, 78, 'Advance', '', '0', '1', '15'),
(136, 79, 'Basic', '', '', '', '5'),
(137, 79, 'Standard', '', '', '', '10'),
(138, 79, 'Advance', '', '', '', '15'),
(139, 80, 'Basic', '', '', '', '5'),
(140, 80, 'Standard', '', '', '', '10'),
(141, 80, 'Advance', '', '', '', '15'),
(142, 81, 'Basic', '', '0', '1', '5'),
(143, 81, 'Standard', '', '0', '1', '10'),
(144, 81, 'Advance', '', '0', '1', '15'),
(145, 82, 'Basic', '', '', '', '5'),
(146, 82, 'Standard', '', '', '', '10'),
(147, 82, 'Advance', '', '', '', '15'),
(148, 83, 'Basic', '', '2', '1', '5'),
(149, 83, 'Standard', '', '5', '3', '10'),
(150, 83, 'Advance', '', '10', '6', '15'),
(151, 84, 'Basic', '', '0', '1', '5'),
(152, 84, 'Standard', '', '0', '1', '10'),
(153, 84, 'Advance', '', '0', '1', '15'),
(154, 85, 'Basic', '', '', '', '5'),
(155, 85, 'Standard', '', '', '', '10'),
(156, 85, 'Advance', '', '', '', '15'),
(157, 86, 'Basic', '', '0', '1', '5'),
(158, 86, 'Standard', '', '0', '1', '10'),
(159, 86, 'Advance', '', '0', '1', '15'),
(160, 87, 'Basic', '', '0', '1', '5'),
(161, 87, 'Standard', '', '0', '1', '10'),
(162, 87, 'Advance', '', '0', '1', '15'),
(163, 88, 'Basic', '', '5', '3', '5'),
(164, 88, 'Standard', '', '5', '3', '10'),
(165, 88, 'Advance', '', '6', '5', '15'),
(166, 89, 'Basic', '', '0', '2', '15'),
(167, 89, 'Standard', '', '0', '4', '10'),
(168, 89, 'Advance', '', '0', '7', '5'),
(169, 90, 'Basic', '', '', '', '5'),
(170, 90, 'Standard', '', '', '', '10'),
(171, 90, 'Advance', '', '', '', '15'),
(172, 91, 'Basic', '', '', '', '5'),
(173, 91, 'Standard', '', '', '', '10'),
(174, 91, 'Advance', '', '', '', '15'),
(175, 92, 'Basic', '', '', '', '5'),
(176, 92, 'Standard', '', '', '', '10'),
(177, 92, 'Advance', '', '', '', '15'),
(178, 93, 'Basic', '', '0', '1', '5'),
(179, 93, 'Standard', '', '0', '1', '10'),
(180, 93, 'Advance', '', '0', '1', '15'),
(181, 94, 'Basic', '', '0', '2', '15'),
(182, 94, 'Standard', '', '0', '4', '10'),
(183, 94, 'Advance', '', '0', '7', '05'),
(184, 95, 'Basic', '', '0', '2', '15'),
(185, 95, 'Standard', '', '0', '4', '10'),
(186, 95, 'Advance', '', '0', '7', '05'),
(187, 96, 'Basic', '', '0', '2', '15'),
(188, 96, 'Standard', '', '0', '4', '10'),
(189, 96, 'Advance', '', '0', '6', '5'),
(190, 97, 'Basic', '', '', '', '5'),
(191, 97, 'Standard', '', '', '', '10'),
(192, 97, 'Advance', '', '', '', '15'),
(193, 98, 'Basic', '', '', '', '5'),
(194, 98, 'Standard', '', '', '', '10'),
(195, 98, 'Advance', '', '', '', '15'),
(196, 99, 'Basic', '', '0', '2', '5'),
(197, 99, 'Standard', '', '0', '2', '10'),
(198, 99, 'Advance', '', '0', '2', '15'),
(199, 100, 'Basic', '', '0', '1', '5'),
(200, 100, 'Standard', '', '0', '1', '10'),
(201, 100, 'Advance', '', '0', '1', '15'),
(202, 101, 'Basic', '', '0', '1', '5'),
(203, 101, 'Standard', '', '0', '1', '10'),
(204, 101, 'Advance', '', '0', '1', '15'),
(205, 102, 'Basic', '', '0', '2', '5'),
(206, 102, 'Standard', '', '0', '5', '10'),
(207, 102, 'Advance', '', '0', '7', '15'),
(208, 103, 'Basic', '', '', '', '5'),
(209, 103, 'Standard', '', '', '', '10'),
(210, 103, 'Advance', '', '', '', '15'),
(211, 104, 'Basic', '', '0', '1', '5'),
(212, 104, 'Standard', '', '0', '1', '10'),
(213, 104, 'Advance', '', '0', '1', '15'),
(214, 105, 'Basic', '', '1', '3', '8'),
(215, 105, 'Standard', '', '1', '5', '5'),
(216, 105, 'Advance', '', '1', '1', '9'),
(217, 106, 'Basic', '', '1', '2', '15'),
(218, 106, 'Standard', '', '2', '1', '10'),
(219, 106, 'Advance', '', '4', '1', '5'),
(220, 107, 'Basic', '', '', '', '5'),
(221, 107, 'Standard', '', '', '', '10'),
(222, 107, 'Advance', '', '', '', '15'),
(223, 108, 'Basic', '', '', '', '5'),
(224, 108, 'Standard', '', '', '', '10'),
(225, 108, 'Advance', '', '', '', '15'),
(226, 109, 'Basic', '', '0', '3', '16'),
(227, 109, 'Standard', '', '0', '5', '10'),
(228, 109, 'Advance', '', '0', '7', '5'),
(229, 110, 'Basic', '', '', '', '5'),
(230, 110, 'Standard', '', '', '', '10'),
(231, 110, 'Advance', '', '', '', '15'),
(232, 111, 'Basic', '', '', '', '5'),
(233, 111, 'Standard', '', '', '', '10'),
(234, 111, 'Advance', '', '', '', '15'),
(235, 112, 'Basic', '', '0', '1', '5'),
(236, 112, 'Standard', '', '0', '1', '10'),
(237, 112, 'Advance', '', '3', '3', '91'),
(238, 113, 'Basic', 'استشارات نفسية ', '0', '1', '10'),
(239, 113, 'Standard', 'استشارة نفسية فيما يتعلق باضطرابات القلق وكيفية تنظيم الوقت ', '0', '1', '10'),
(240, 113, 'Advance', 'مدة الجلسة ساعة 60 دقيقة يتم فيها مناقشة الحالة مع العميل بسرية تامة وعمل خطة للعمل بها ومتابعة الحالة اونلاين (عن بعد) ', '0', '1', '10'),
(241, 114, 'Basic', '', '', '', '5'),
(242, 114, 'Standard', '', '', '', '10'),
(243, 114, 'Advance', '', '', '', '15'),
(244, 115, 'Basic', '', '0', '1', '5'),
(245, 115, 'Standard', '', '0', '1', '10'),
(246, 115, 'Advance', '', '0', '1', '15'),
(247, 116, 'Basic', 'إستشارة نفسية 1', '0', '1', '5'),
(248, 116, 'Standard', 'إستشارة نفسية 2', '0', '1', '10'),
(249, 116, 'Advance', 'إستشارة نفسية 3', '0', '1', '15'),
(250, 117, 'Basic', '', '', '', '5'),
(251, 117, 'Standard', '', '', '', '10'),
(252, 117, 'Advance', '', '', '', '15'),
(253, 118, 'Basic', '', '', '', '5'),
(254, 118, 'Standard', '', '', '', '10'),
(255, 118, 'Advance', '', '', '', '15'),
(256, 119, 'Basic', '', '', '', '5'),
(257, 119, 'Standard', '', '', '', '10'),
(258, 119, 'Advance', '', '', '', '15'),
(259, 120, 'Basic', '', '0', '2', '5'),
(260, 120, 'Standard', '', '0', '1', '10'),
(261, 120, 'Advance', '', '0', '1', '15'),
(262, 121, 'Basic', '', '0', '2', '5'),
(263, 121, 'Standard', '', '0', '3', '10'),
(264, 121, 'Advance', '', '0', '7', '15'),
(265, 122, 'Basic', '', '0', '1', '5'),
(266, 122, 'Standard', '', '0', '1', '10'),
(267, 122, 'Advance', '', '0', '1', '15'),
(268, 123, 'Basic', '', '', '', '5'),
(269, 123, 'Standard', '', '', '', '10'),
(270, 123, 'Advance', '', '', '', '15'),
(271, 124, 'Basic', '', '', '', '5'),
(272, 124, 'Standard', '', '', '', '10'),
(273, 124, 'Advance', '', '', '', '15'),
(274, 125, 'Basic', '', '0', '5', '5'),
(275, 125, 'Standard', '', '0', '3', '10'),
(276, 125, 'Advance', '', '0', '2', '15'),
(277, 126, 'Basic', '', '0', '1', '5'),
(278, 126, 'Standard', '', '0', '1', '10'),
(279, 126, 'Advance', '', '0', '1', '15'),
(280, 127, 'Basic', '', '', '', '5'),
(281, 127, 'Standard', '', '', '', '10'),
(282, 127, 'Advance', '', '', '', '15'),
(283, 128, 'Basic', '', '', '', '5'),
(284, 128, 'Standard', '', '', '', '10'),
(285, 128, 'Advance', '', '', '', '15'),
(286, 129, 'Basic', '', '', '', '5'),
(287, 129, 'Standard', '', '', '', '10'),
(288, 129, 'Advance', '', '', '', '15'),
(289, 130, 'Basic', '', '', '', '5'),
(290, 130, 'Standard', '', '', '', '10'),
(291, 130, 'Advance', '', '', '', '15'),
(292, 131, 'Basic', '', '', '', '5'),
(293, 131, 'Standard', '', '', '', '10'),
(294, 131, 'Advance', '', '', '', '15'),
(295, 132, 'Basic', '', '0', '1', '5'),
(296, 132, 'Standard', '', '0', '1', '10'),
(297, 132, 'Advance', '', '1', '2', '15'),
(298, 133, 'Basic', '', '', '', '5'),
(299, 133, 'Standard', '', '', '', '10'),
(300, 133, 'Advance', '', '', '', '15'),
(301, 134, 'Basic', '', '', '', '5'),
(302, 134, 'Standard', '', '', '', '10'),
(303, 134, 'Advance', '', '', '', '15'),
(304, 135, 'Basic', '', '', '', '5'),
(305, 135, 'Standard', '', '', '', '10'),
(306, 135, 'Advance', '', '', '', '15'),
(307, 136, 'Basic', '', '', '', '5'),
(308, 136, 'Standard', '', '', '', '10'),
(309, 136, 'Advance', '', '', '', '15');

-- --------------------------------------------------------

--
-- بنية الجدول `proposal_referrals`
--

CREATE TABLE `proposal_referrals` (
  `referral_id` int(10) NOT NULL,
  `proposal_id` int(10) NOT NULL,
  `order_id` int(100) NOT NULL,
  `seller_id` int(10) NOT NULL,
  `referrer_id` int(10) NOT NULL,
  `buyer_id` varchar(255) COLLATE utf8mb4_unicode_ci NOT NULL,
  `comission` varchar(255) COLLATE utf8mb4_unicode_ci NOT NULL,
  `date` text COLLATE utf8mb4_unicode_ci NOT NULL,
  `ip` varchar(255) COLLATE utf8mb4_unicode_ci NOT NULL,
  `status` text COLLATE utf8mb4_unicode_ci NOT NULL
) ENGINE=InnoDB DEFAULT CHARSET=utf8mb4 COLLATE=utf8mb4_unicode_ci;

-- --------------------------------------------------------

--
-- بنية الجدول `proposal_videosettings`
--

CREATE TABLE `proposal_videosettings` (
  `id` int(10) NOT NULL,
  `proposal_id` int(10) NOT NULL,
  `enable` int(10) NOT NULL,
  `price_per_minute` varchar(255) COLLATE utf8mb4_unicode_ci NOT NULL,
  `days_within_scheduled` int(10) NOT NULL
) ENGINE=InnoDB DEFAULT CHARSET=utf8mb4 COLLATE=utf8mb4_unicode_ci;

--
-- إرجاع أو استيراد بيانات الجدول `proposal_videosettings`
--

INSERT INTO `proposal_videosettings` (`id`, `proposal_id`, `enable`, `price_per_minute`, `days_within_scheduled`) VALUES
(378, 39, 0, '', 0),
(379, 40, 0, '', 0),
(380, 41, 0, '', 0),
(381, 42, 0, '', 0),
(382, 43, 0, '', 0),
(383, 44, 0, '', 0),
(384, 45, 0, '', 0),
(385, 46, 0, '', 0),
(386, 47, 0, '', 0),
(387, 48, 0, '', 0),
(388, 49, 0, '', 0),
(389, 50, 0, '', 0),
(390, 51, 0, '', 0),
(391, 52, 0, '', 0),
(392, 53, 0, '', 0),
(393, 54, 0, '', 0),
(394, 55, 0, '', 0),
(395, 56, 0, '', 0),
(396, 57, 0, '', 0),
(397, 58, 0, '', 0),
(398, 59, 0, '', 0),
(399, 60, 0, '', 0),
(400, 61, 0, '', 0),
(401, 62, 0, '', 0),
(402, 63, 0, '', 0),
(403, 64, 0, '', 0),
(404, 65, 0, '', 0),
(405, 66, 0, '', 0),
(406, 67, 0, '', 0),
(407, 68, 0, '', 0),
(408, 69, 0, '', 0),
(409, 70, 0, '', 0),
(410, 71, 0, '', 0),
(411, 72, 0, '', 0),
(412, 73, 0, '', 0),
(413, 74, 0, '', 0),
(414, 75, 0, '', 0),
(415, 76, 0, '', 0),
(416, 77, 0, '', 0),
(417, 78, 0, '', 0),
(418, 79, 0, '', 0),
(419, 80, 0, '', 0),
(420, 81, 0, '', 0),
(421, 82, 0, '', 0),
(422, 83, 0, '', 0),
(423, 84, 0, '', 0),
(424, 85, 0, '', 0),
(425, 86, 0, '', 0),
(426, 87, 0, '', 0),
(427, 88, 0, '', 0),
(428, 89, 0, '', 0),
(429, 90, 0, '', 0),
(430, 91, 0, '', 0),
(431, 92, 0, '', 0),
(432, 93, 0, '', 0),
(433, 94, 0, '', 0),
(434, 95, 0, '', 0),
(435, 96, 0, '', 0),
(436, 97, 0, '', 0),
(437, 98, 0, '', 0),
(438, 99, 0, '', 0),
(439, 100, 0, '', 0),
(440, 101, 0, '', 0),
(441, 102, 0, '', 0),
(442, 103, 0, '', 0),
(443, 104, 0, '', 0),
(444, 105, 0, '', 0),
(445, 106, 0, '', 0),
(446, 107, 0, '', 0),
(447, 108, 0, '', 0),
(448, 109, 0, '', 0),
(449, 110, 0, '', 0),
(450, 111, 0, '', 0),
(451, 112, 0, '', 0),
(452, 113, 0, '', 0),
(453, 114, 0, '', 0),
(454, 115, 0, '', 0),
(455, 116, 0, '', 0),
(456, 117, 0, '', 0),
(457, 118, 0, '', 0),
(458, 119, 0, '', 0),
(459, 120, 0, '', 0),
(460, 121, 0, '', 0),
(461, 122, 0, '', 0),
(462, 123, 0, '', 0),
(463, 124, 0, '', 0),
(464, 125, 0, '', 0),
(465, 126, 0, '', 0),
(466, 127, 0, '', 0),
(467, 128, 0, '', 0),
(468, 129, 1, '', 0),
(469, 130, 1, '1', 12),
(470, 131, 1, '5', 11),
(471, 132, 0, '', 0),
(472, 0, 0, '', 0),
(473, 133, 1, '2', 11),
(474, 134, 1, '2', 11),
(475, 135, 1, '5', 11),
(476, 136, 1, '10', 11);

-- --------------------------------------------------------

--
-- بنية الجدول `purchases`
--

CREATE TABLE `purchases` (
  `purchase_id` int(10) NOT NULL,
  `seller_id` int(10) NOT NULL,
  `order_id` int(10) NOT NULL,
  `reason` varchar(255) COLLATE utf8mb4_unicode_ci NOT NULL,
  `amount` varchar(255) COLLATE utf8mb4_unicode_ci NOT NULL,
  `processing_fee` text COLLATE utf8mb4_unicode_ci NOT NULL,
  `method` text COLLATE utf8mb4_unicode_ci NOT NULL,
  `date` text COLLATE utf8mb4_unicode_ci NOT NULL
) ENGINE=InnoDB DEFAULT CHARSET=utf8mb4 COLLATE=utf8mb4_unicode_ci;

--
-- إرجاع أو استيراد بيانات الجدول `purchases`
--

INSERT INTO `purchases` (`purchase_id`, `seller_id`, `order_id`, `reason`, `amount`, `processing_fee`, `method`, `date`) VALUES
(1, 26, 1, 'order', '2', '', 'coinpayments', 'January 31, 2021'),
(2, 72, 2, 'order', '2', '', 'coinpayments', 'February 01, 2021'),
(3, 48, 3, 'order', '62', '', 'paypal', 'March 08, 2022'),
(4, 48, 4, 'order', '27', '', 'paypal', 'March 09, 2022');

-- --------------------------------------------------------

--
-- بنية الجدول `recent_proposals`
--

CREATE TABLE `recent_proposals` (
  `recent_id` int(10) NOT NULL,
  `seller_id` int(10) NOT NULL,
  `proposal_id` int(10) NOT NULL
) ENGINE=InnoDB DEFAULT CHARSET=utf8mb4 COLLATE=utf8mb4_unicode_ci;

--
-- إرجاع أو استيراد بيانات الجدول `recent_proposals`
--

INSERT INTO `recent_proposals` (`recent_id`, `seller_id`, `proposal_id`) VALUES
(9, 69, 1),
(10, 1, 1),
(11, 69, 10),
(12, 7, 10),
(13, 70, 36),
(14, 33, 37),
(15, 70, 2),
(16, 70, 1),
(17, 36, 38),
(18, 47, 48),
(21, 1, 53),
(23, 71, 39),
(25, 71, 45),
(26, 71, 43),
(27, 71, 44),
(28, 71, 49),
(29, 1, 57),
(30, 1, 60),
(35, 26, 65),
(38, 72, 39),
(39, 26, 41),
(41, 26, 58),
(45, 26, 47),
(49, 26, 57),
(51, 72, 60),
(53, 26, 39),
(54, 26, 48),
(55, 26, 62),
(56, 26, 55),
(57, 70, 43),
(59, 77, 39),
(60, 77, 44),
(61, 78, 48),
(62, 81, 46),
(63, 82, 60),
(65, 82, 39),
(66, 81, 39),
(68, 26, 78),
(69, 97, 39),
(75, 99, 44),
(76, 98, 39),
(77, 105, 41),
(79, 72, 93),
(87, 123, 39),
(90, 72, 78),
(91, 127, 109),
(92, 127, 58),
(94, 129, 51),
(99, 72, 49),
(102, 72, 48),
(104, 72, 45),
(108, 72, 46),
(110, 26, 46),
(111, 26, 51),
(113, 26, 109),
(116, 26, 50),
(137, 26, 40),
(138, 66, 56),
(139, 66, 40),
(140, 66, 39),
(141, 72, 113),
(146, 72, 112),
(147, 133, 113),
(150, 136, 58),
(151, 6, 104),
(152, 6, 109),
(153, 138, 120),
(154, 145, 78),
(155, 145, 66),
(160, 146, 120),
(164, 145, 120),
(167, 145, 56),
(168, 79, 66),
(173, 48, 78),
(174, 48, 58),
(175, 26, 64),
(176, 48, 130),
(179, 26, 133),
(180, 48, 131),
(185, 147, 126),
(189, 147, 109),
(190, 147, 66),
(191, 147, 120),
(192, 147, 96),
(194, 147, 113),
(195, 148, 44),
(196, 148, 64),
(201, 148, 56),
(204, 148, 112),
(206, 148, 113),
(208, 148, 120);

-- --------------------------------------------------------

--
-- بنية الجدول `referrals`
--

CREATE TABLE `referrals` (
  `referral_id` int(10) NOT NULL,
  `seller_id` int(10) NOT NULL,
  `referred_id` int(10) NOT NULL,
  `comission` varchar(255) COLLATE utf8mb4_unicode_ci NOT NULL,
  `date` text COLLATE utf8mb4_unicode_ci NOT NULL,
  `ip` varchar(255) COLLATE utf8mb4_unicode_ci NOT NULL,
  `status` text COLLATE utf8mb4_unicode_ci NOT NULL
) ENGINE=InnoDB DEFAULT CHARSET=utf8mb4 COLLATE=utf8mb4_unicode_ci;

-- --------------------------------------------------------

--
-- بنية الجدول `reports`
--

CREATE TABLE `reports` (
  `id` int(10) NOT NULL,
  `reporter_id` int(10) NOT NULL,
  `content_id` int(10) NOT NULL,
  `content_type` varchar(255) COLLATE utf8mb4_unicode_ci NOT NULL,
  `reason` varchar(255) COLLATE utf8mb4_unicode_ci NOT NULL,
  `additional_information` text COLLATE utf8mb4_unicode_ci NOT NULL,
  `date` text COLLATE utf8mb4_unicode_ci NOT NULL,
  `status` varchar(255) COLLATE utf8mb4_unicode_ci NOT NULL
) ENGINE=InnoDB DEFAULT CHARSET=utf8mb4 COLLATE=utf8mb4_unicode_ci;

-- --------------------------------------------------------

--
-- بنية الجدول `revenues`
--

CREATE TABLE `revenues` (
  `revenue_id` int(10) NOT NULL,
  `seller_id` int(10) NOT NULL,
  `order_id` int(10) NOT NULL,
  `reason` varchar(255) COLLATE utf8mb4_unicode_ci NOT NULL,
  `amount` varchar(255) COLLATE utf8mb4_unicode_ci NOT NULL,
  `date` text COLLATE utf8mb4_unicode_ci NOT NULL,
  `end_date` text COLLATE utf8mb4_unicode_ci NOT NULL,
  `status` text COLLATE utf8mb4_unicode_ci NOT NULL
) ENGINE=InnoDB DEFAULT CHARSET=utf8mb4 COLLATE=utf8mb4_unicode_ci;

--
-- إرجاع أو استيراد بيانات الجدول `revenues`
--

INSERT INTO `revenues` (`revenue_id`, `seller_id`, `order_id`, `reason`, `amount`, `date`, `end_date`, `status`) VALUES
(1, 61, 1, 'order', '2', 'February 02, 2021', 'February 02, 2021 01:11:10', 'cleared');

-- --------------------------------------------------------

--
-- بنية الجدول `sales`
--

CREATE TABLE `sales` (
  `id` int(10) NOT NULL,
  `buyer_id` int(10) NOT NULL,
  `work_id` int(10) NOT NULL,
  `payment_method` text COLLATE utf8mb4_unicode_ci NOT NULL,
  `amount` varchar(255) COLLATE utf8mb4_unicode_ci NOT NULL,
  `profit` varchar(255) COLLATE utf8mb4_unicode_ci NOT NULL,
  `processing_fee` varchar(255) COLLATE utf8mb4_unicode_ci NOT NULL,
  `action` text COLLATE utf8mb4_unicode_ci NOT NULL,
  `date` text COLLATE utf8mb4_unicode_ci NOT NULL
) ENGINE=InnoDB DEFAULT CHARSET=utf8mb4 COLLATE=utf8mb4_unicode_ci;

--
-- إرجاع أو استيراد بيانات الجدول `sales`
--

INSERT INTO `sales` (`id`, `buyer_id`, `work_id`, `payment_method`, `amount`, `profit`, `processing_fee`, `action`, `date`) VALUES
(1, 26, 0, 'coinpayments', '2', '2', '2', 'cart', '2021-01-31'),
(2, 26, 1, 'coinpayments', '2', '0', '0', 'order_completed', '2021-02-01'),
(3, 72, 0, 'coinpayments', '2', '2', '2', 'cart', '2021-02-01'),
(4, 48, 3, 'paypal', '60', '2', '2', 'order', '2022-03-08'),
(5, 48, 4, 'paypal', '25', '2', '2', 'order', '2022-03-09');

-- --------------------------------------------------------

--
-- بنية الجدول `section_boxes`
--

CREATE TABLE `section_boxes` (
  `box_id` int(10) NOT NULL,
  `language_id` int(10) NOT NULL,
  `box_title` text COLLATE utf8mb4_unicode_ci NOT NULL,
  `box_desc` text COLLATE utf8mb4_unicode_ci NOT NULL,
  `box_image` varchar(255) COLLATE utf8mb4_unicode_ci NOT NULL,
  `isS3` int(10) NOT NULL
) ENGINE=InnoDB DEFAULT CHARSET=utf8mb4 COLLATE=utf8mb4_unicode_ci;

--
-- إرجاع أو استيراد بيانات الجدول `section_boxes`
--

INSERT INTO `section_boxes` (`box_id`, `language_id`, `box_title`, `box_desc`, `box_image`, `isS3`) VALUES
(4, 1, 'الشروط', 'أيًا كان ما تحتاجه لتبسيط قائمة المهام ، بغض النظر عن ميزانيتك\r\n', 'time.png', 0),
(5, 1, 'Your Timeline', 'Find services based on your goals and deadlines,&lt;br&gt; its that simple.', 'desk.jpg', 0),
(6, 1, 'Your Safety', 'Your payment is always secure, ALTAMKIN is built to protect your peace of mind.', 'security.jpg', 0),
(7, 2, 'الشروط', 'أيًا كان ما تحتاجه لتبسيط قائمة المهام ، بغض النظر عن ميزانيتك.', 'time.png', 0),
(8, 2, 'الجدول الزمني الخاص بك', 'ابحث عن الخدمات بناءً على أهدافك والمواعيد النهائية...الأمر بهذه البساطة.', 'desk.jpg', 0),
(9, 2, 'سلامتك', 'الدفع الخاص بك آمن دائمًا ، تم تصميم ألتمكين لحماية راحة بالك.', 'security.jpg', 0);

-- --------------------------------------------------------

--
-- بنية الجدول `sellers`
--

CREATE TABLE `sellers` (
  `seller_id` int(10) NOT NULL,
  `seller_name` varchar(255) COLLATE utf8mb4_unicode_ci NOT NULL,
  `seller_user_name` varchar(255) COLLATE utf8mb4_unicode_ci NOT NULL,
  `seller_email` text COLLATE utf8mb4_unicode_ci NOT NULL,
  `seller_wallet` text COLLATE utf8mb4_unicode_ci NOT NULL,
  `seller_phone` varchar(255) COLLATE utf8mb4_unicode_ci NOT NULL,
  `seller_payouts` int(100) NOT NULL,
  `seller_paypal_email` text COLLATE utf8mb4_unicode_ci NOT NULL,
  `seller_payoneer_email` text COLLATE utf8mb4_unicode_ci NOT NULL,
  `seller_m_account_number` bigint(100) NOT NULL,
  `seller_m_account_name` text COLLATE utf8mb4_unicode_ci NOT NULL,
  `seller_pass` text COLLATE utf8mb4_unicode_ci NOT NULL,
  `seller_image` text COLLATE utf8mb4_unicode_ci NOT NULL,
  `seller_cover_image` text COLLATE utf8mb4_unicode_ci NOT NULL,
  `seller_image_s3` int(10) NOT NULL,
  `seller_cover_image_s3` int(10) NOT NULL,
  `seller_country` text COLLATE utf8mb4_unicode_ci NOT NULL,
  `seller_city` varchar(255) COLLATE utf8mb4_unicode_ci NOT NULL,
  `seller_headline` text COLLATE utf8mb4_unicode_ci NOT NULL,
  `seller_about` text COLLATE utf8mb4_unicode_ci NOT NULL,
  `seller_level` int(10) NOT NULL,
  `seller_language` int(10) NOT NULL,
  `seller_recent_delivery` text COLLATE utf8mb4_unicode_ci NOT NULL,
  `seller_rating` int(10) NOT NULL,
  `seller_offers` int(10) NOT NULL,
  `seller_referral` int(10) NOT NULL,
  `seller_ip` varchar(255) COLLATE utf8mb4_unicode_ci NOT NULL,
  `seller_verification` text COLLATE utf8mb4_unicode_ci NOT NULL,
  `seller_vacation` text COLLATE utf8mb4_unicode_ci NOT NULL,
  `seller_vacation_reason` text COLLATE utf8mb4_unicode_ci NOT NULL,
  `seller_vacation_message` text COLLATE utf8mb4_unicode_ci NOT NULL,
  `seller_register_date` text COLLATE utf8mb4_unicode_ci NOT NULL,
  `enable_sound` varchar(255) COLLATE utf8mb4_unicode_ci NOT NULL DEFAULT 'yes',
  `enable_notifications` int(10) NOT NULL DEFAULT 1,
  `seller_activity` varchar(255) COLLATE utf8mb4_unicode_ci NOT NULL,
  `seller_timezone` varchar(255) COLLATE utf8mb4_unicode_ci NOT NULL,
  `seller_status` text COLLATE utf8mb4_unicode_ci NOT NULL,
  `device_type` varchar(15) COLLATE utf8mb4_unicode_ci NOT NULL,
  `device_token` int(10) NOT NULL,
  `inbox_push_notification_status` tinyint(1) NOT NULL,
  `order_message_push_notification_status` tinyint(1) NOT NULL,
  `order_update_push_notification_status` tinyint(1) NOT NULL,
  `buyer_req_push_notification_status` tinyint(1) NOT NULL,
  `myproposal_push_notification_status` tinyint(1) NOT NULL,
  `myaccount_push_notification_status` int(11) NOT NULL
) ENGINE=InnoDB DEFAULT CHARSET=utf8mb4 COLLATE=utf8mb4_unicode_ci;

--
-- إرجاع أو استيراد بيانات الجدول `sellers`
--

INSERT INTO `sellers` (`seller_id`, `seller_name`, `seller_user_name`, `seller_email`, `seller_wallet`, `seller_phone`, `seller_payouts`, `seller_paypal_email`, `seller_payoneer_email`, `seller_m_account_number`, `seller_m_account_name`, `seller_pass`, `seller_image`, `seller_cover_image`, `seller_image_s3`, `seller_cover_image_s3`, `seller_country`, `seller_city`, `seller_headline`, `seller_about`, `seller_level`, `seller_language`, `seller_recent_delivery`, `seller_rating`, `seller_offers`, `seller_referral`, `seller_ip`, `seller_verification`, `seller_vacation`, `seller_vacation_reason`, `seller_vacation_message`, `seller_register_date`, `enable_sound`, `enable_notifications`, `seller_activity`, `seller_timezone`, `seller_status`, `device_type`, `device_token`, `inbox_push_notification_status`, `order_message_push_notification_status`, `order_update_push_notification_status`, `buyer_req_push_notification_status`, `myproposal_push_notification_status`, `myaccount_push_notification_status`) VALUES
(2, 'هاني بن حميده', 'HANI', 'contact@gmail.com', '', '', 0, '', '', 0, '', '$2y$10$ab8AE5nDzMAY6dJ5AtrwbuWHTpETA1bKEVnnks.fx1VJFcZ2dGASu', '', '', 0, 0, '', '', '', '', 0, 0, '', 0, 0, 0, '161.8.110.226', '', '', '', '', '', 'yes', 1, '2020-12-28 00:53:13', '', 'online', '', 0, 0, 0, 0, 0, 0, 0),
(3, 'التمكين مستشار امين', 'AlTamkin', 'admin@khamsat.com', '', '', 0, '', '', 0, '', '$2y$10$gNkCm0wxwm5nlyrrbUIWaeWDevrhY.SFO23z5bt8vGbsBUj9ASBmm', '', '', 0, 0, '', '', '', '', 0, 0, '', 0, 0, 0, '188.135.118.124', '', '', '', '', '', '', 0, '2021-01-24 16:29:17', '', 'offline', '', 0, 0, 0, 0, 0, 0, 0),
(4, 'Ava Nguyen', 'Ava', 'employer@khamsat.com', '', '', 0, '', '', 0, '', '$2y$10$Il1XijHpG1fCO427vSEmyuppq3mKcEo0KaKG18ZDCsFD.2U9plK66', '', '', 0, 0, '', '', '', '', 0, 0, '', 0, 0, 0, '', '', '', '', '', '', '', 0, '', '', '', '', 0, 0, 0, 0, 0, 0, 0),
(5, 'Abhinav Balasubramanium', 'Abhinav', 'balasubramanium@amentotech.com', '', '', 0, '', '', 0, '', '$2y$10$nRvl.bFD3Uu7.4m8jz04je2YctjkFJmfZdfOujKrwfXMqBuFkv0qe', '', '', 0, 0, '', '', '', '', 0, 0, '', 0, 0, 0, '', '', '', '', '', '', '', 0, '', '', '', '', 0, 0, 0, 0, 0, 0, 0),
(6, 'مسعود عماني', 'Masoud', 'alafsah@gmail.com', '', '', 0, '', '', 0, '', '$2y$10$CgNPWHxt6uwj0yGd1q/.7.XMrALn04CuWR5Hp2USZnLnjk7eYAJLO', '', '', 0, 0, '', '', '', '', 0, 0, '', 0, 0, 0, '5.162.131.203', '', '', '', '', '', '', 0, '2021-05-10 14:48:05', '', 'online', '', 0, 0, 0, 0, 0, 0, 0),
(7, 'زاهر الحديدي الحديدي', 'Zaher', 'ZSZH12@gmail.com', '', '', 0, '', '', 0, '', '$2y$10$4Jy5QfP5VUUsJLKMi.udmubmDhuN2cf5ViipOVxs1JIUJx/2P/H06', '', '', 0, 0, '', '', '', '', 0, 0, '', 0, 0, 0, '', '', '', '', '', '', '', 0, '2021-01-16 12:36:28', '', 'offline', '', 0, 0, 0, 0, 0, 0, 0),
(8, 'zedan ahmed', 'zedan', 'zedan.a01@gmail.com', '', '', 0, '', '', 0, '', '$2y$10$wySOYywV0q.MAOAMdrNSTesczeBjMmUIIw5WBUQRADtT5Y9H7ROKO', '', '', 0, 0, '', '', '', '', 0, 0, '', 0, 0, 0, '', '', '', '', '', '', '', 0, '', '', '', '', 0, 0, 0, 0, 0, 0, 0),
(9, 'Hajer Khalfan Al Hattali', 'Hajer', 'hajeralhattali88@gmail.com', '', '+968 ', 0, '', '', 0, '', '$2y$10$0IyRZ48a0gTIyBzbLE0Doe22IvcyFGJo7rYNmiAq0P8diTwaqObwS', 'hajer_1610973891.png', '', 0, 0, 'Oman', 'Nazwa', '', '', 0, 2, '', 0, 0, 0, '188.135.114.235', 'ok', 'off', '', '', '', '', 0, '2021-10-07 17:10:19', 'Asia/Bahrain', 'deactivated', '', 0, 0, 0, 0, 0, 0, 0),
(10, 'fatma alhinai', 'fatma', 'tmkeen.nizwa@gmail.com', '', '', 0, '', '', 0, '', '$2y$10$akSz//otuhReuzfSvoIBV.trWVVbaTDS8rohyRmP4Bsbg8CNheJv2', '', '', 0, 0, '', '', '', '', 0, 0, '', 0, 0, 0, '', '', '', '', '', '', '', 0, '', '', '', '', 0, 0, 0, 0, 0, 0, 0),
(11, 'ibestvideo2020 ahmed', 'ibestvideo2020', 'ibestvideo2020@gmail.com', '', '', 0, '', '', 0, '', '$2y$10$6I3g/paJ5VB4XIZP0F2/EOu9gDsMe7lOuQA9sTY6VoTBQ2ta04tFu', '', '', 0, 0, '', '', '', '', 0, 0, '', 0, 0, 0, '', '', '', '', '', '', '', 0, '', '', '', '', 0, 0, 0, 0, 0, 0, 0),
(12, 'ashrafsaadd50 ahmed', 'ashrafsaadd50', 'ashrafsaadd50@gmail.com', '', '', 0, '', '', 0, '', '$2y$10$k.yrIf7nU5yYbdaYw/tYge1f0n9eCqiD4vtOqd8kJTti8Crunb5Wm', '', '', 0, 0, '', '', '', '', 0, 0, '', 0, 0, 0, '', '', '', '', '', '', '', 0, '', '', '', '', 0, 0, 0, 0, 0, 0, 0),
(13, 'Mazen Said', 'Mazen', 'mazensaid87@gmail.com', '', '', 0, '', '', 0, '', '$2y$10$CpyqbO0gto8pdK4.br7QjOcGcmJJEvE8b.1Y4/rx/I3b.WKOkAJ5u', '', '', 0, 0, '', '', '', '', 0, 0, '', 0, 0, 0, '', '', '', '', '', '', '', 0, '', '', '', '', 0, 0, 0, 0, 0, 0, 0),
(14, 'test test', 'test', 'pejim25627@oniaj.com', '', '', 0, '', '', 0, '', '$2y$10$h9ilnsGYuTMoDKxhIQ9VkekLR7e1MfYsPjqJHwPo/hRbSLgtGtrFa', '', '', 0, 0, '', '', '', '', 0, 0, '', 0, 0, 0, '', '', '', '', '', '', '', 0, '', '', '', '', 0, 0, 0, 0, 0, 0, 0),
(15, 'دلال الخروصي', 'Dalel', 'dalal.ksm92@gmail.com', '', '', 0, '', '', 0, '', '$2y$10$bn8py9r/OOH58Wr/KmUj7OJ7fHLJet6sVoSx/2dLr8n.Q2gSPS6Ja', '', '', 0, 0, '', '', '', '', 0, 0, '', 0, 0, 0, '', '', '', '', '', '', '', 0, '', '', '', '', 0, 0, 0, 0, 0, 0, 0),
(16, 'Sarah Alzidi', 'Sarah', 'sarah.alzidi15@gmail.com', '', '', 0, '', '', 0, '', '$2y$10$Go6thNfBbQnNcPA70gCIketanyipIXnNoHkPdSLqbd7EqxnmCOFV6', '', '', 0, 0, '', '', '', '', 0, 0, '', 0, 0, 0, '', '', '', '', '', '', '', 0, '2021-01-03 09:43:59', '', 'offline', '', 0, 0, 0, 0, 0, 0, 0),
(17, 'Muna Alhosni', 'Muna', 'hyou95505@gmail.com', '', '', 0, '', '', 0, '', '$2y$10$Jfj/EGd81fKDzYO.QmCxa.ceAE4XHmGNpV/Eavfp5QFMtgrXtvhwK', '', '', 0, 0, '', '', '', '', 0, 0, '', 0, 0, 0, '', '', '', '', '', '', '', 0, '', '', '', '', 0, 0, 0, 0, 0, 0, 0),
(18, 'Muna Alhosni', 'Muna', 'ooman40140@gmail.com', '', '', 0, '', '', 0, '', '$2y$10$e6VO06PQOlbCkjNKI2bTbuW7S3syiTZXraqrKikAVbPSbdtOyirdW', '', '', 0, 0, '', '', '', '', 0, 0, '', 0, 0, 0, '', '', '', '', '', '', '', 0, '', '', '', '', 0, 0, 0, 0, 0, 0, 0),
(19, 'سهام الخاطري', 'Sihem', 'sehamsalim3@gmail.com', '', '', 0, '', '', 0, '', '$2y$10$d2g7P1xxpUKNG5BGCUgBN.74DxKAY3qjkfVdVd4FvfkS2tGUAupYq', '', '', 0, 0, '', '', '', '', 0, 0, '', 0, 0, 0, '', '', '', '', '', '', '', 0, '', '', '', '', 0, 0, 0, 0, 0, 0, 0),
(20, 'Muna Al hosni', 'Muna', 'smtalleel33@gmail.com', '', '', 0, '', '', 0, '', '$2y$10$WSyOOmczvZk961cyYPHFeuPkNOFlqhwkiQKRZjtyRa6OpAecX70Ue', '', '', 0, 0, '', '', '', '', 0, 0, '', 0, 0, 0, '', '', '', '', '', '', '', 0, '', '', '', '', 0, 0, 0, 0, 0, 0, 0),
(21, 'Muna hosni', 'Muna', 'Hosni_99@outlook.com', '', '', 0, '', '', 0, '', '$2y$10$65omVHcvIthi6w4te8biWO0WYQDubYE1JJDjayoFyDsz8W9C9yq/C', '', '', 0, 0, '', '', '', '', 0, 0, '', 0, 0, 0, '', '', '', '', '', '', '', 0, '', '', '', '', 0, 0, 0, 0, 0, 0, 0),
(22, 'سلمى سالم الروشدي العبقرية', 'Salmi', 'salmaoman2010@hotmail.com', '', '', 0, '', '', 0, '', '$2y$10$MdrjmcKcrg9j6pkH4M0lNu.8TxRrEn09N30RPT6RnqGDtEz2gEHsy', '', '', 0, 0, '', '', '', '', 0, 0, '', 0, 0, 0, '', '', '', '', '', '', '', 0, '', '', '', '', 0, 0, 0, 0, 0, 0, 0),
(23, 'خدمة رقية الحراصيه', 'Khidma', 'r.halharrasi@gmail.com', '', '+973 71139214', 0, '', '', 0, '', '$2y$10$MTkt1htPvgeiAE4jyndDI.wviLypAFOJps9XoRsfyfof7yshqHBwW', '', 'صورة1_1613237757.png', 0, 0, 'Oman', 'مسقط', '', '', 0, 2, '', 0, 0, 0, '188.140.134.116', '', '', '', '', '', '', 0, '2021-02-13 21:39:45', 'Asia/Muscat', 'offline', '', 0, 0, 0, 0, 0, 0, 0),
(24, 'مثلاء الحسني', 'Mithel', 'f120130101090@buc.edu.om', '', '', 0, '', '', 0, '', '$2y$10$hEf9S3z25ntlZtW/McY00ur9E0vcR7eTe30.EfmojUW9k8jjW1R5C', '', '', 0, 0, '', '', '', '', 0, 0, '', 0, 0, 0, '', '', '', '', '', '', '', 0, '', '', '', '', 0, 0, 0, 0, 0, 0, 0),
(25, 'RRR Alasmi', 'RRR', 'bbct5@hotmail.com', '', '', 0, '', '', 0, '', '$2y$10$UWa9GlC5ExCbvH0hJeYKW.ebFqi/GWJ21TdhOLdFmUtVvpHhW/64m', '', '', 0, 0, '', '', '', '', 0, 0, '', 0, 0, 0, '', '', '', '', '', '', '', 0, '', '', '', '', 0, 0, 0, 0, 0, 0, 0),
(26, 'هاني بن حميده', 'Seller', 'hbh.webmaster@gmail.com', '', '+968 94118979', 0, 'hbh.webmaster@gmail.com', '', 0, '', '$2y$10$EdFalSitNpBn90z8k.Hbi.vAwO0Yydwq0DQQHS9WpdymPGpfl5eKW', 'OIP_1647100883.png', 'OIP_1647100859.jpg', 0, 0, 'سلطنة عمان', 'Muscat', '', '', 0, 2, '', 0, 0, 0, '', 'ok', 'off', '', '', '', '', 0, '2022-03-12 20:57:33', 'Asia/Muscat', 'offline', '', 0, 0, 0, 0, 0, 0, 0),
(27, 'Muayad Alasmi', 'Muayad', 'al.asmii.1994@hotmail.com', '', '', 0, '', '', 0, '', '$2y$10$RSvR80XQ0fSXaVdwTPPibuTiGTaophleVSaSrqSKtMpyFgp58Y8Qy', '', '', 0, 0, '', '', '', '', 0, 0, '', 0, 0, 0, '', '', '', '', '', '', '', 0, '', '', '', '', 0, 0, 0, 0, 0, 0, 0),
(28, 'Bbb Alasmi', 'Bbb', 'aalasmi405@gmil.com', '', '', 0, '', '', 0, '', '$2y$10$8e5PGtbgqj7blebtpDBDGOUQeL6UrZaZ.Q5zs/zrDLEkhj9qgN11C', '', '', 0, 0, '', '', '', '', 0, 0, '', 0, 0, 0, '', '', '', '', '', '', '', 0, '', '', '', '', 0, 0, 0, 0, 0, 0, 0),
(29, 'Bbb Alasmi', 'Bbb', 'aalasmi406@gmil.com', '', '', 0, '', '', 0, '', '$2y$10$fawpXsVLbhuIikleQEP9X.Ni1n76M7XQaQDSk0TZxqMYWeK0bI8Re', '', '', 0, 0, '', '', '', '', 0, 0, '', 0, 0, 0, '', '', '', '', '', '', '', 0, '', '', '', '', 0, 0, 0, 0, 0, 0, 0),
(30, 'osama mohamed', 'osama', 'osamamohamed2050@gmail.com', '', '', 0, '', '', 0, '', '$2y$10$c2Ddkma22lwX0N3S7odJFuEgKyMJP7r7NOtpGQNlWZFdKXDQKDg5C', '', '', 0, 0, '', '', '', '', 0, 0, '', 0, 0, 0, '', '', '', '', '', '', '', 0, '', '', '', '', 0, 0, 0, 0, 0, 0, 0),
(31, 'Zoon 66', 'Zoon', 'z41556794@gmail.com', '', '', 0, '', '', 0, '', '$2y$10$eMYreLqiKT/oFrz6V3dCju3CMZWrL./K2EGJkoqRwq.61ZIeJrqJC', '', '', 0, 0, '', '', '', '', 0, 0, '', 0, 0, 0, '', 'ok', 'off', '', '', '', '', 0, '2021-01-18 13:04:59', '', '', '', 0, 0, 0, 0, 0, 0, 0),
(32, 'جواهر العامري', 'Jawaher', 'jawahertranslator@gmail.com', '', '', 0, '', '', 0, '', '$2y$10$uAXMzkd5kT/xRfHwqUSOB.YitqhSkVaA.4ywlTahN6OcQKNpCMfVK', '', '', 0, 0, '', '', '', '', 0, 0, '', 0, 0, 0, '', '', '', '', '', '', '', 0, '', '', '', '', 0, 0, 0, 0, 0, 0, 0),
(33, 'مالك سليمان حمود الغاوي', 'Malek', 'malikeyyat@gmail.com', '', '+968 91927726', 0, 'malik6120@gmail.com', '', 0, '', '$2y$10$ZWJDUNneJopFcuNJF16EjOYqbGeCO3/vtRmXuTmIxRimCcmsHrARG', 'logo_1612636844.png', 'omani desw_1612637080.jpg', 0, 0, 'Oman', 'Muscat', 'موظف متمكن تقنياً', 'Photoshop, Illustrator, InDesign, XD مونتاج وموشن جرافيكس AfterEffect, Premier Pro, Vegas Pro, AfterEffect, Animate, Character Animator\r\nمصور فوتوغرافي مصمم جرافيكي\r\nموتاج وموشن جرافيكس\r\nموشن جرافيكس\r\nتحريك شخصيات ثنائي وثلاثي الأبعاد\r\nتطوير مواقع وتطبيقات هواتف ذكية\r\nبرمجة تطبيقات أخرى', 0, 2, '', 0, 0, 0, '37.40.19.41', 'ok', 'off', '', '', '', '', 0, '2021-02-06 22:54:23', 'Asia/Muscat', 'online', '', 0, 0, 0, 0, 0, 0, 0),
(34, 'ام شيخه الروشدي', 'OmChikha', '9443826aa@gmail.com', '', '', 0, '', '', 0, '', '$2y$10$Vd4KnFFV9a2AK6PhREmTnuKY65f5v8pKqH7FGQT4/efJJwaE69Z6K', '', '', 0, 0, '', '', '', '', 0, 0, '', 0, 0, 0, '', '', '', '', '', '', '', 0, '', '', '', '', 0, 0, 0, 0, 0, 0, 0),
(35, 'عائشه الروشدي', 'Aicha', '94438261aa@gmail.com', '', '', 0, '', '', 0, '', '$2y$10$oNz96NTKOpQGcUhkA7QABeZXhVQzScs6IkeuM.VDsB37balGs4.4C', '', '', 0, 0, '', '', '', '', 0, 0, '', 0, 0, 0, '', 'ok', '', '', '', '', '', 0, '2021-01-18 13:29:20', '', '', '', 0, 0, 0, 0, 0, 0, 0),
(36, 'Najood Al khanjari', 'Najood', 'nonosl2009@gmail.com', '', '+968 90606626', 0, '', '', 0, '', '$2y$10$kUBnP3YR6vBmRlrzpOC5A.9lMJt5zK.dgAHeCWUthl9RFQyosBTaS', '', '', 0, 0, 'سلطنة عمان', 'Muscat', '', 'مدرب محترف معتمد بكفاءة الICF \r\nمدرب ممارس الوالدين والمراهقين\r\nواخصائي تحليل الشخصيات بالايناجرام', 0, 2, '', 0, 0, 0, '134.0.198.250', '', '', '', '', '', '', 0, '2021-12-09 11:15:17', 'Asia/Muscat', 'offline', '', 0, 0, 0, 0, 0, 0, 0),
(37, 'عنود لافي العامري', 'Andou', '101alaamri@gmail.com', '', '+968 ', 0, '', '', 0, '', '$2y$10$AWGR8s2MtcuvMYffOYXSd.IEbjvQ/erk3RWaCQCsjCxdr/dKlW3SS', '', '', 0, 0, 'Oman', 'Oman', '', '', 0, 2, '', 0, 0, 0, '', 'ok', 'off', '', '', '', '', 0, '2021-01-20 22:28:21', 'Asia/Muscat', '', '', 0, 0, 0, 0, 0, 0, 0),
(38, 'عنود العامري', 'Andou', '102alaamri@gmail.com', '', '', 0, '', '', 0, '', '$2y$10$Z0J6Nd0NSal7GhBXi.n1tewX06xdBKcqXI/d0/sWuazpCLi7PTk8e', '', '', 0, 0, '', '', '', '', 0, 0, '', 0, 0, 0, '', '', '', '', '', '', '', 0, '', '', 'block-ban', '', 0, 0, 0, 0, 0, 0, 0),
(39, 'عنود العامري', 'Andou', '103alaamri@gmail.com', '', '', 0, '', '', 0, '', '$2y$10$JAqpEK9cUdPFHAdTeMME5OCtB0EOW5lGKabU3athvpbUcea8Vtmp2', '', '', 0, 0, '', '', '', '', 0, 0, '', 0, 0, 0, '', '', '', '', '', '', '', 0, '', '', 'block-ban', '', 0, 0, 0, 0, 0, 0, 0),
(40, 'sense2028_ sense2018_', 'sense2028_', 'hendaljilani2@gmail.com', '', '', 0, '', '', 0, '', '$2y$10$aCS.bnCXKo5jUfFFb9/DtekNGaT6qt7sqSyoNZy4U6e5T4gova4TW', '', '', 0, 0, '', '', '', '', 0, 0, '', 0, 0, 0, '', '', '', '', '', '', '', 0, '', '', '', '', 0, 0, 0, 0, 0, 0, 0),
(41, 'هند محمد علي', 'Hind', 'hendaljilani1@gmail.com', '', '', 0, '', '', 0, '', '$2y$10$bjhkGDjPP9mU2ef9JL6pD.WbsVWvx1M7mewLsgdPBut8U2RVFZHcK', '', '', 0, 0, '', '', '', '', 0, 0, '', 0, 0, 0, '', 'ok', '', '', '', '', '', 0, '2021-01-18 13:03:56', '', '', '', 0, 0, 0, 0, 0, 0, 0),
(42, 'شموع الأمل', 'Chamoun', 'shumuealamal99@gmail.com', '', '', 0, '', '', 0, '', '$2y$10$8LNqUjvNmqxkPwCN35a7k.z/yw.0HU3hPCFDLAinrSofWz7I7ZXla', '', '', 0, 0, '', '', '', '', 0, 0, '', 0, 0, 0, '', '', '', '', '', '', '', 0, '', '', '', '', 0, 0, 0, 0, 0, 0, 0),
(43, 'نورة الحديدي', 'Noura', 'nhkh1234@gmail.com', '', '', 0, '', '', 0, '', '$2y$10$AVsH/PdPlYfpRUF4rlZCluUcHcua/56XTKB/tNNX.HJ3JBM7UxmE6', '', '', 0, 0, '', '', '', '', 0, 0, '', 0, 0, 0, '', '', '', '', '', '', '', 0, '', '', '', '', 0, 0, 0, 0, 0, 0, 0),
(44, 'أسماء القريني', 'Asma', 'Civilengmiss@gmail.com', '', '', 0, '', '', 0, '', '$2y$10$eUO.BF7uhpezzktRW4MrAuBwaCLGB5svfJQltPpi5PjaFhmob1a66', '', '', 0, 0, '', '', '', '', 0, 0, '', 0, 0, 0, '', '', '', '', '', '', '', 0, '', '', '', '', 0, 0, 0, 0, 0, 0, 0),
(45, 'ام شهاب ام المبدعين', 'Om_Chiheb', 'bearl2030@hotmail.com', '', '', 0, '', '', 0, '', '$2y$10$aYZec6dSdm.GoKLUlrL/p.YAeRXdtIaI6WOibTMq7oKdnlWbvIWwq', '', '', 0, 0, '', '', '', '', 0, 0, '', 0, 0, 0, '37.40.143.71', 'ok', 'off', '', '', '', '', 0, '2021-02-13 21:12:58', '', 'offline', '', 0, 0, 0, 0, 0, 0, 0),
(46, 'Moza Alsabqi', 'Moza', 'moza170488@yahoo.com', '', '+968 ', 0, '', '', 0, '', '$2y$10$Uxv1X359VPbtZzmL27DFWuz4H7TIINSYuJNMQYuJZ/3HDCoLtvHzO', '', '', 0, 0, 'Oman', 'Muscat', 'استشارات تعليمية واستشارات في ريادة الاعمال', '- تقديم استشارات تعليمية في المجال التعليمي ما بعد دبلوم التعليم العام ( ما بعد التعليم الثانوي) كل ما يخص التعليم الجامعي ودراسات العليا خارج السلطنة وداخل السلطنة. - استشارات في طرق اعتماد الشهادات ومعادلتها والاسس والمعايير المعتمدة من وزارة التعليم العالي العمانالجامعات الموصى بالدراسة بها خارج', 0, 1, '', 0, 0, 0, '82.178.73.176', 'ok', 'off', '', '', '', '', 0, '2021-02-21 22:53:40', 'Asia/Muscat', 'offline', '', 0, 0, 0, 0, 0, 0, 0),
(47, 'ثريا ام محمد', 'om_mohamed', 'thuraya.alazri@gmail.com', '', '', 0, '', '', 0, '', '$2y$10$RDOy5sNYuYSeZfAsnChxP.Qa72qKMEStqw6F5j1B4pPpO8ylmmNLa', '', '', 0, 0, '', '', '', '', 0, 0, '', 0, 0, 0, '', 'ok', '', '', '', '', '', 0, '2021-01-18 13:28:33', '', '', '', 0, 0, 0, 0, 0, 0, 0),
(48, 'Heny Ben Hmida', 'Buyer', 'shopshowoo@gmail.com', '', '+968 ', 0, 'pay@gmail.com', '', 0, '', '$2y$10$2nyLLmi7OKIsEmIJMEW4Ou6eyVw8O9DRnuWxNGCYc30XRXAA11Hca', 'téléchargement_1647100522.png', 'téléchargement_1647100456.jpg', 0, 0, 'سلطنة عمان', 'مسقط', '', '', 0, 2, '', 0, 0, 0, '', 'ok', '', '', '', '', '', 0, '2022-03-16 23:16:48', 'Asia/Muscat', 'offline', '', 0, 0, 0, 0, 0, 0, 0),
(49, 'Asma Alwahibi', 'Asma', 'asmaalwahibi292@gmail.com', '', '', 0, '', '', 0, '', '$2y$10$RZwVYtgBdGw0tKdZdW..f.cnQMGIll3SyTLqlOPg6ZkK1INDTDqNq', '', '', 0, 0, '', '', '', '', 0, 0, '', 0, 0, 0, '', '', '', '', '', '', '', 0, '', '', '', '', 0, 0, 0, 0, 0, 0, 0),
(50, 'Maryam Aobbed', 'Maryam', 'balqeesaladmi@gmail.com', '', '', 0, '', '', 0, '', '$2y$10$UgdIVzCIwVZkmSyI1SmJMutuI56rR4iQsGGMk0BUGQlzy0a.9wlS6', '', '', 0, 0, '', '', '', '', 0, 0, '', 0, 0, 0, '', '', '', '', '', '', '', 0, '', '', '', '', 0, 0, 0, 0, 0, 0, 0),
(51, 'mahfoudha alzeidi', 'mahfoudha', 'ummalathgm@gmail.com', '', '', 0, '', '', 0, '', '$2y$10$PJcVEfXxOvi16CpM0myTbeKOXsvmMGjMZJ.INzZcjuN4L/2vYyPfS', '', '', 0, 0, '', '', '', '', 0, 0, '', 0, 0, 0, '', 'ok', '', '', '', '', '', 0, '2021-01-17 16:06:31', '', '', '', 0, 0, 0, 0, 0, 0, 0),
(52, 'نهر عبدالله Alalwia', 'Nahr', 'RESHANIA1616@GMAIL.COM', '', '', 0, '', '', 0, '', '$2y$10$GjDKCrFKg/WwmXBK3mU9eerOVzFteNNeIGjFd0mTTHgLkaReWRmQq', '', '', 0, 0, '', '', '', '', 0, 0, '', 0, 0, 0, '', '', '', '', '', '', '', 0, '', '', '', '', 0, 0, 0, 0, 0, 0, 0),
(54, 'RRR Alasmi', 'Alasmi', 'balqeesalasmi@gmail.com', '', '', 0, '', '', 0, '', '$2y$10$y98Xn4UilWG0AEQMkXmyp.h5JLaITiMCpSNZ355yPFl.eCx1AVTou', '', '', 0, 0, '', '', '', '', 0, 0, '', 0, 0, 0, '', 'ok', 'off', '', '', '', '', 0, '2021-01-18 17:40:26', '', '', '', 0, 0, 0, 0, 0, 0, 0),
(55, 'Duha Al-farai', 'Duha', 'dgood1995@outlook.com', '', '', 0, '', '', 0, '', '$2y$10$m67i3kpBFt/oV0bI32G8reX84FwvRv0qAtLlR8bBjS2TNfmxLYg5K', '', '', 0, 0, '', '', '', '', 0, 0, '', 0, 0, 0, '', '', '', '', '', '', '', 0, '', '', '', '', 0, 0, 0, 0, 0, 0, 0),
(56, 'Zahra Alnabhani', 'Zahra', '161246@students.soharuni.edu.om', '', '', 0, '', '', 0, '', '$2y$10$2ygIQXtwPNc.afUszkEyheVUe4vKQZXh2C9GttVihf.bhv1yTA5iq', '', '', 0, 0, '', '', '', '', 0, 0, '', 0, 0, 0, '', 'ok', '', '', '', '', '', 0, '2021-01-20 23:35:46', '', '', '', 0, 0, 0, 0, 0, 0, 0),
(57, 'Seham Al Shukeili', 'Seham', 'sehamalshakeili@gmail.com', '', '', 0, '', '', 0, '', '$2y$10$M9Pix66Xx8mph3G9xdk5EezxlgwfZP4SnZib3esHWFu8qV5YPhfN6', '', '', 0, 0, '', '', '', '', 0, 0, '', 0, 0, 0, '', '', '', '', '', '', '', 0, '', '', '', '', 0, 0, 0, 0, 0, 0, 0),
(58, '.A Alfarsi', 'Alfarsi', 'al.farsi12319@gmail.com', '', '', 0, '', '', 0, '', '$2y$10$Cy7ohNDDtKTGk1m5zldJVuYU59qR6NqJcTgMz23wN.puu/rnrLM2u', '', '', 0, 0, '', '', '', '', 0, 0, '', 0, 0, 0, '', 'ok', 'off', '', '', '', '', 0, '2021-01-20 23:24:36', '', '', '', 0, 0, 0, 0, 0, 0, 0),
(59, 'Faris Alfarsi', 'Faris', 'j091145@gmail.com', '', '', 0, '', '', 0, '', '$2y$10$lHu9aqqcM9zwesOI8GkAEudGeZ5wZDtm6ggxu1CBje2/a0RpoLylS', '', '', 0, 0, '', '', '', '', 0, 0, '', 0, 0, 0, '', '', '', '', '', '', '', 0, '', '', '', '', 0, 0, 0, 0, 0, 0, 0),
(60, 'Amna Al Nasiria', 'Amna', 'amnaissa4@gmail.com', '', '', 0, '', '', 0, '', '$2y$10$E8nijSr3e8ozjamsmkIzWekOPACdBFF1dJCrVeVRCEtOArKOvwqmq', '', '', 0, 0, '', '', '', '', 0, 0, '', 0, 0, 0, '', '', '', '', '', '', '', 0, '', '', '', '', 0, 0, 0, 0, 0, 0, 0),
(61, 'Buthaina Alsaidi', 'Buthaina', 'buthinaalsaidi8@gmail.com', '', '+968 ', 1, 'contact@easy-vfx.com', '', 0, '', '$2y$10$F4CarhuCZHljaTU.jkgGzeirVkpcjdIqf0OHCS9XoXEH2Cr4Y7JeK', '1608363663-5cb51d6d-b013-4867-bbd1-bcc03387e158_1610978896.png', '', 0, 0, 'Oman', 'Nazwa', '', '', 0, 2, 'February 01, 2021', 0, 0, 0, '', 'ok', 'off', '', '', '', '', 0, '2021-02-04 22:26:33', 'Asia/Bahrain', 'offline', '', 0, 0, 0, 0, 0, 0, 0),
(62, 'Lamees Al rogibe', 'Lamees', 'ttwins44@gmail.com', '', '', 0, '', '', 0, '', '$2y$10$nUClUhI5MnbYqYD7QcA6Xup4PSPYM.ooB4xDZHxYGdnnJL9gEwlei', '', '', 0, 0, '', '', '', '', 0, 0, '', 0, 0, 0, '', '', '', '', '', '', '', 0, '', '', '', '', 0, 0, 0, 0, 0, 0, 0),
(63, 'بدرية حمد سعيد السيابية سيابي', 'Badira', 'Alsyabybdrh809@gmail.com', '', '', 0, '', '', 0, '', '$2y$10$m./gQ214RG0edyGC7z8xK.oYzz5cuErQe4ZHS/AnYw3ZHeMCq6PS6', '', '', 0, 0, '', '', '', '', 0, 0, '', 0, 0, 0, '', '', '', '', '', '', '', 0, '', '', '', '', 0, 0, 0, 0, 0, 0, 0),
(64, 'خالصة الشيبانية ', 'Khalsa', 'um.retal90@gmail.com', '', '+968 ', 0, '', '', 0, '', '$2y$10$HXE5EOfH36ZeqJdNWV0EYu5swPyV9es74zac0eZveJv8dg.tzwRZi', 'A7A19344-637D-4FE5-9A58-168E807C9958_1613931957.png', '6568968A-99FD-4A34-AB98-E6B1C98669BD_1613932035.jpeg', 0, 0, 'Oman', 'Adam', 'سأكون يوماً ما أُريد', 'عملت في مجال الصحافة لمدة لا بأس بها ولدي المهارات الكافية للكتابة في كافة المجالات من خلال اطلاعي وقراءتي المستمرة، أطمح لتوسيع آفاق فكري من خلال المقالات التي أكتبها والتقارير التي أعمل على تحريرها، نيل ثقة العملاء هو أهم ما أسعى لتحقيقه.', 0, 2, '', 0, 0, 0, '37.40.4.253', 'ok', '', '', '', '', '', 0, '2021-02-21 22:41:16', 'Asia/Muscat', 'online', '', 0, 0, 0, 0, 0, 0, 0),
(65, 'Buthaina Alrawahi', 'Buthaina', 'hoooom94@outlook.sa', '', '', 0, '', '', 0, '', '$2y$10$00oPCBBAa7dy9oMZxZMupu5lsMalPMWLRBZU.rXWl5blZlrWAZ8cS', '', '', 0, 0, '', '', '', '', 0, 0, '', 0, 0, 0, '', '', '', '', '', '', '', 0, '', '', 'offline', '', 0, 0, 0, 0, 0, 0, 0),
(66, 'ايمان 88 سلطان', 'Iman_88', 'eimansultan88@gmail.com', '', '+968 ', 0, '', '', 0, '', '$2y$10$qtH8HBEj9LuFdAQ45d5uL.W3HPu.r8HlWGHmJEOx2Iwlj/jMn0xum', '', '', 0, 0, 'Oman', 'Muscat', '', '', 0, 1, '', 0, 0, 0, '', 'ok', 'off', '', '', '', '', 0, '2021-04-19 13:59:49', 'Asia/Muscat', 'offline', '', 0, 0, 0, 0, 0, 0, 0),
(67, 'Safa Alsalmi', 'Safa', 'safasalmi.ss@gmail.com', '', '', 0, '', '', 0, '', '$2y$10$EUvMNn3tM5XsF3UcCwXq7Od/VfYb6W.2S.kEtZRP64xuilMVCV/12', '', '', 0, 0, '', '', '', '', 0, 0, '', 0, 0, 0, '', '', '', '', '', '', '', 0, '2021-01-05 00:32:32', '', 'offline', '', 0, 0, 0, 0, 0, 0, 0),
(68, 'هاني بن حميده', 'Haniii', 'test-45vumgf9k@srv1.mail-tester.com', '', '+968 ', 0, '', '', 0, '', '$2y$10$9gV.hwWuUvQ83zfbAsZt8erjfHR8dGIM.rdXG8Fy9qHsbc0kixp3m', '', '', 0, 0, 'Oman', 'Oman', '', '', 1, 2, 'none', 0, 10, 1019076776, '161.8.110.226', '474879926', 'off', '', '', 'January 05, 2021', 'yes', 1, '2021-01-25 10:38:11', 'Asia/Muscat', 'offline', '', 0, 0, 0, 0, 0, 0, 0),
(69, 'Heny Ben Hmida', 'Hani_freelancer', 'heny.bhmidaaa@gmail.com', '', '+973 ', 0, 'contact@easy-vfx.com', '', 0, '', '$2y$10$jC0pxPvzZ/PpWfyg0G6LZu20aVmAq/rOa/mn9ijSYcDfqEgZ2oDxu', '', '', 0, 0, 'Oman', '', '', '', 1, 0, 'none', 0, 10, 2089453139, '161.8.110.226', 'ok', 'off', '', '', 'January 05, 2021', 'yes', 1, '2021-01-16 09:57:54', 'Asia/Dubai', 'offline', '', 0, 0, 0, 0, 0, 0, 0),
(70, 'فوزية السنانية', 'fouzeyaalsinani', 'fouzeyaalsinani@gmail.com', '', '+968 ', 0, '', '', 0, '', '$2y$10$e4JYYxRW.b/OpkDOZ1/dXuLQU4rI2ZohS6RtZFbJgJnptbnGQ5mp.', '', '', 0, 0, 'Oman', 'Nizwa', '', '', 1, 2, 'none', 0, 10, 2089453139, '82.178.38.65', 'ok', 'off', '', '', 'January 05, 2021', 'yes', 1, '2021-02-17 10:45:33', 'Asia/Muscat', 'online', '', 0, 0, 0, 0, 0, 0, 0),
(71, 'balqees alasmi', 'aalasmi405', 'aalasmi405@gmail.com', '', '+973 94985171', 0, '', '', 0, '', '$2y$10$k59GVBlnUq.K10BzQNmLeuqnryK5oqnJwFH/UTLSh3UlUtd6tiV72', '', '', 0, 0, 'Oman', '', '', '', 1, 0, 'none', 0, 10, 505697139, '188.135.113.225', '609174213', 'off', '', '', 'January 24, 2021', 'yes', 1, '2021-02-01 11:50:20', 'Asia/Dubai', 'online', '', 0, 0, 0, 0, 0, 0, 0),
(72, 'Balqees salim ', 'Bbcctt', 'baaa34761@gmail.com', '', '+968 94985171', 0, '', '', 0, '', '$2y$10$6KgDfcwqc.ox2MtyB20WPOe36wiIGf9OMkW7O75Jmxhm3PxfhOZES', '', '', 0, 0, 'Oman', 'NIZWA', '', '', 1, 2, 'none', 0, 10, 1047685081, '5.162.128.182', '', 'off', '', '', 'February 01, 2021', 'yes', 1, '2021-04-28 11:59:48', 'Asia/Dubai', 'online', '', 0, 0, 0, 0, 0, 0, 0),
(73, 'Sultanalhrrasi', 'Sultan-chess', 'Sul10oman@gmail.com', '', '+968 98055151', 0, '', '', 0, '', '$2y$10$aqeJ8/5VaQvqDkVTNDvdqeoT/Euwd1Dpb.11/p.d0qzHzdztI6jzG', '', '', 0, 0, 'Oman', 'NIZWA', '', '', 1, 2, 'none', 0, 10, 516283161, '5.36.55.148', '2054627721', 'off', '', '', 'February 13, 2021', 'yes', 1, '2021-02-13 20:09:18', 'Asia/Muscat', 'online', '', 0, 0, 0, 0, 0, 0, 0),
(74, 'Alaa Ghaith Almuzahmi', 'Alaa123', 'Alaa.ghaith638@gmail.com', '', '+968 97933739', 0, '', '', 0, '', '$2y$10$6w6xek0e7KMhbpbGmnDIQ./ZptzdjCnnZhZ5ieJk12pYHJrfzu4zS', '', '', 0, 0, 'Oman', '', '', '', 1, 0, 'none', 0, 10, 907544584, '5.21.253.109', 'ok', 'off', '', '', 'February 13, 2021', 'yes', 1, '2021-02-13 21:17:35', 'Asia/Dubai', 'online', '', 0, 0, 0, 0, 0, 0, 0),
(75, 'Rajha', 'jooj', '21956222@uofn.edu.om', '', '+968 +968 97069541', 0, '', '', 0, '', '$2y$10$sQehL.EkKtSekss.f/aMKe6rB6Wu1nYiMkcAvk7glKzNGYDdSxnOG', '', '', 0, 0, 'Oman', '', '', '', 1, 0, 'none', 0, 10, 1634691505, '5.162.132.118', '985019055', 'off', '', '', 'February 13, 2021', 'yes', 1, '2021-02-13 21:42:18', 'Asia/Dubai', 'online', '', 0, 0, 0, 0, 0, 0, 0),
(76, 'Naglaa abdullah saqer almamari', '123456', 'naglaaaa15@gmail.com', '', '+968 99593774', 0, '', '', 0, '', '$2y$10$Zcgt3DA6D.MduiEKhl8vcOVcxugz//Nhd9otUSY5sFXe6fEq5/sMa', '', '', 0, 0, 'Oman', '', '', '', 1, 0, 'none', 0, 10, 304966462, '37.40.136.119', '1703896716', 'off', '', '', 'February 13, 2021', 'yes', 1, '2021-02-13 21:22:04', 'Asia/Dubai', 'online', '', 0, 0, 0, 0, 0, 0, 0),
(77, 'Lamees Salim Al Rahbi', 'L97070773', 'lms684865@gmail.com', '', '+968 97070773', 0, '', '', 0, '', '$2y$10$ii/9/GDY8LfNED6hnhG.nuvEJDWD6wnXso51DsH8zH3gH0A8Yz8CW', '', '', 0, 0, 'Oman', 'Muscat', '', '', 1, 2, 'none', 0, 10, 145567609, '5.36.213.198', 'ok', 'off', '', '', 'February 13, 2021', 'yes', 1, '2021-02-14 13:10:39', 'Asia/Muscat', 'offline', '', 0, 0, 0, 0, 0, 0, 0),
(78, 'Amna Said Alqassabi', 'Umarwa92', 'Amna-q92@hotmail.com', '', '+968 96108318', 0, '', '', 0, '', '$2y$10$hQCN257gfj0ibAxJBDiOZ./7b4Rk7HeQkXjbKdIKvb4cb/doNQB2S', '', '', 0, 0, 'Oman', '', '', '', 1, 0, 'none', 0, 10, 1587245843, '5.36.38.187', '1534998829', 'off', '', '', 'February 13, 2021', 'yes', 1, '2021-02-13 22:29:52', 'Asia/Dubai', 'online', '', 0, 0, 0, 0, 0, 0, 0),
(79, 'Heny Ben Hmida', 'heny001', 'contact@easy-vfx.com', '', '+973 94118979', 0, '', '', 0, '', '$2y$10$frlbWGdHRNS0RjERXR9F8eh3s6rNoyDOhgM24TidXBMMMfJ.NXmG2', '', '', 0, 0, 'Oman', '', '', '', 1, 0, 'none', 0, 10, 1584663939, '161.8.110.226', 'ok', 'off', '', '', 'February 13, 2021', 'yes', 1, '2022-03-08 12:14:01', 'Asia/Dubai', 'online', '', 0, 0, 0, 0, 0, 0, 0),
(80, 'Hala', 'Alhinai', 'rwave450@gmail.com', '', '+973 97167715', 0, '', '', 0, '', '$2y$10$fmuwJZ7DkEpF1iU4ZR0Ci.imUnql5lL8LEexJLrFrYO0WNK5P7noa', '', '', 0, 0, 'Oman', '', '', '', 1, 0, 'none', 0, 10, 871160593, '82.178.121.19', '1909952432', 'off', '', '', 'February 13, 2021', 'yes', 1, '2021-02-13 22:50:04', 'Asia/Dubai', 'online', '', 0, 0, 0, 0, 0, 0, 0),
(81, 'Hanan salim', 'Hanan', 'halhabs41@gmail.com', '', '+968 92000069', 0, '', '', 0, '', '$2y$10$EuWwF9Y7hFFDvbxEfWwa1ez2EYhUnNr9QTkpNEgDW9PnyzclIJzqm', '', '', 0, 0, 'Oman', '', '', '', 1, 0, 'none', 0, 10, 1507268355, '5.36.237.89', 'ok', 'on', '', '', 'February 14, 2021', 'yes', 1, '2021-02-28 17:20:26', 'Asia/Dubai', 'online', '', 0, 0, 0, 0, 0, 0, 0),
(82, 'Saida said ALhinai', 'Umhisham', 'sintway@gmail.com', '', '+968 98892761', 0, '', '', 0, '', '$2y$10$ongdsm/WBWsM00JaZHjmju79VjOs4m0DGKzp3ptE9K0mM9/de.5Im', '', '', 0, 0, 'Oman', '', '', '', 1, 0, 'none', 0, 10, 1221015397, '5.162.131.32', '74366136', 'off', '', '', 'February 14, 2021', 'yes', 1, '2021-02-14 10:42:30', 'Asia/Dubai', 'online', '', 0, 0, 0, 0, 0, 0, 0),
(83, 'Rajaa salim alamri', 'Alamri1995', 'alharmali58@gmail.com', '', '+968 95996929', 0, '', '', 0, '', '$2y$10$kFxWJwj7w05dW0LnajV.GO9f/NBK3M/JZWdRU4cM1cfWb1JwiTskO', '', '', 0, 0, 'Oman', '', '', '', 1, 0, 'none', 0, 10, 1051702863, '5.21.206.159', '1297662704', 'off', '', '', 'February 14, 2021', 'yes', 1, '2021-02-14 10:47:26', 'Asia/Dubai', 'online', '', 0, 0, 0, 0, 0, 0, 0),
(84, 'Halla hamed saife ali al_hinai ', 'Hamed', 'www.rawnq96@gamail.com', '', '+973 93363958', 0, '', '', 0, '', '$2y$10$YjKZIm/eb/iH1mJV06nxa.dYiOmVybQElgDevQJnvI/CGv2HwRTTK', '', '', 0, 0, 'Oman', '', '', '', 1, 0, 'none', 0, 10, 1676723712, '85.154.121.17', '685760292', 'off', '', '', 'February 14, 2021', 'yes', 1, '2021-02-14 14:06:01', 'Asia/Dubai', 'online', '', 0, 0, 0, 0, 0, 0, 0),
(85, 'Reem Alaamri', 'Alamriror373_', 'alamriror373@gmail.com', '', '+968 91414255', 0, '', '', 0, '', '$2y$10$kM14frADiOegANhUJJQCeuW.l59ulHNbhvQmv41L/aCu1M6xSvGla', '', '', 0, 0, 'Oman', '', '', '', 1, 0, 'none', 0, 10, 428391212, '188.66.236.122', '1105790374', 'off', '', '', 'February 14, 2021', 'yes', 1, '2021-02-14 13:55:56', 'Asia/Dubai', 'online', '', 0, 0, 0, 0, 0, 0, 0),
(86, 'Samia Naseer alrahbi', '21550747', 'alrahbisamia099@gmail.com', '', '+973 97173817', 0, '', '', 0, '', '$2y$10$hjEWHNJCB3unY6IDNaVhf.W4lDkkfCgtyb4y5TmjAv0s6p3BgHiL6', '', '', 0, 0, 'Oman', '', '', '', 1, 0, 'none', 0, 10, 891160445, '37.40.228.215', '281053991', 'off', '', '', 'February 14, 2021', 'yes', 1, '2021-02-14 20:28:16', 'Asia/Dubai', 'online', '', 0, 0, 0, 0, 0, 0, 0),
(87, 'alia mohammed said al kalbani ', 'alia67', 'alia34am67@gmail.com', '', '+968 94250083', 0, '', '', 0, '', '$2y$10$brER2e4ziPDbldanwdkvvuFxovPXWTAl6L/GX.TzrjP036qK2epkC', '', '', 0, 0, 'Oman', '', '', '', 1, 0, 'none', 0, 10, 1627079128, '85.154.187.222', '1944635954', 'off', '', '', 'February 14, 2021', 'yes', 1, '2021-02-14 20:38:20', 'Asia/Dubai', 'offline', '', 0, 0, 0, 0, 0, 0, 0),
(88, 'alia mohammed said alkalbani ', 'alia90', 'alia56am90@gmail.com', '', '+973 94250083', 0, '', '', 0, '', '$2y$10$viE2oz2ENnRluUJBcKfVZ.Ds2nVNpnAVTFYltBlZVRO9nSwo5p9Ny', '', '', 0, 0, 'Oman', '', '', '', 1, 0, 'none', 0, 10, 1843936078, '85.154.187.222', '909432381', 'off', '', '', 'February 14, 2021', 'yes', 1, '2021-02-14 20:47:05', 'Asia/Dubai', 'online', '', 0, 0, 0, 0, 0, 0, 0),
(89, 'Noora AL_Rashdia', 'Noora2021', 'nooraalrashdia@gmail.com', '', '+968 93955606', 0, '', '', 0, '', '$2y$10$UcTB.Wej8pMMtWbk5C/Z..TJowftuctK4mToB8FKJOR4Y70mR2beq', '', '', 0, 0, 'Oman', '', '', '', 1, 0, 'none', 0, 10, 1796797091, '37.40.224.82', '227874233', 'off', '', '', 'February 15, 2021', 'yes', 1, '2021-04-25 10:02:40', 'Asia/Dubai', 'online', '', 0, 0, 0, 0, 0, 0, 0),
(90, 'Rania Mohammed Al_Moqbali', 'R9nia7', 'alialmoqbali25@gmail.com', '', '+973 92012644', 0, '', '', 0, '', '$2y$10$eOTIHiWRRCTdNiyJNXahkOYR1JMpyZ8GWOxBcrl2MSb1cIelKOSPG', '', '', 0, 0, 'Oman', '', '', '', 1, 0, 'none', 0, 10, 1328192112, '37.40.135.146', '786577610', 'off', '', '', 'February 17, 2021', 'yes', 1, '2021-02-17 14:23:50', 'Asia/Dubai', 'online', '', 0, 0, 0, 0, 0, 0, 0),
(91, 'Tahiya Al Jamoudi', 'nizwa7', 'nizwa7@moe.om', '', '+968 99880278', 0, '', '', 0, '', '$2y$10$JLBnbke0TqAng8Dc/bd.Zuj5cIl1/SeA732Bt1NiRKt.x9JzsP4HS', '', '', 0, 0, 'Oman', '', '', '', 1, 0, 'none', 0, 10, 689162109, '5.37.251.211', '1992004695', 'off', '', '', 'February 19, 2021', 'yes', 1, '2021-02-19 18:30:37', 'Asia/Dubai', 'online', '', 0, 0, 0, 0, 0, 0, 0),
(92, 'Fatma Alrawahi ', 'F_fatmaali', 'm3oman3vip@gmail.com', '', '+968 98260564 ', 0, '', '', 0, '', '$2y$10$GeOeIgAjOQePSUQ3GiE9sOFOVQrNG.MsEHQDD/AcAmebdrtSXsCIS', '', '', 0, 0, 'Oman', '', '', '', 1, 0, 'none', 0, 10, 2036923160, '37.41.124.212', '1163536165', 'off', '', '', 'March 04, 2021', 'yes', 1, '2021-03-04 23:05:42', 'Asia/Dubai', 'online', '', 0, 0, 0, 0, 0, 0, 0),
(93, 'ساميه بنت سعيد بن خلفان الدرعيه ', 'SSMMLL_112233', 'mmss112233@gmail.cim', '', '+968 98233702', 0, '', '', 0, '', '$2y$10$LGah7b5FiWUlB1SzBu5X.eok6GZM.QnTFKdFEyFQqN0mvFutTmZzi', '', '', 0, 0, 'Oman', '', '', '', 1, 0, 'none', 0, 10, 28518638, '37.41.14.125', '427809980', 'on', '', 'دروس خصوصية\nلمادة اللغه العربيه \nوالتربية الاسلاميه\nوالرياضيات \nللصفوف من اول إلى رابع', 'March 09, 2021', 'yes', 1, '2021-03-09 15:25:39', 'Asia/Dubai', 'online', '', 0, 0, 0, 0, 0, 0, 0),
(94, 'خالصة محمد الخنبشي', '965_K', 'alkhanbashi965@gmail.com', '', '+968 96513949', 0, '', '', 0, '', '$2y$10$5CG954paUWAeRcD7gEuhTeiRSSlZ82yd11tE7YtrILZ3mTqgF3wAG', '', '', 0, 0, 'Oman', '', '', '', 1, 0, 'none', 0, 10, 125159115, '5.21.255.72', 'ok', 'off', '', '', 'March 09, 2021', 'yes', 1, '2021-04-04 15:11:20', 'Asia/Dubai', 'offline', '', 0, 0, 0, 0, 0, 0, 0),
(95, 'ياسمين سعد محمد مهدي', 'yasminmahd', 'ahmeeeeeed466@gmail.com', '', '+968 94119980', 0, '', '', 0, '', '$2y$10$nhf8FCC3cmvEdFl/Q0VbCOMHt60chh/0DwIY/S/VmI3rassQKOg6u', '', '', 0, 0, 'Oman', '', '', '', 1, 0, 'none', 0, 10, 1571584349, '5.21.253.52', '2140942072', 'off', '', '', 'March 09, 2021', 'yes', 1, '2021-03-09 17:13:01', 'Asia/Dubai', 'offline', '', 0, 0, 0, 0, 0, 0, 0),
(96, 'ياسمين سعد محمد مهدي', 'yasminsaad', 'ahmeeeeed466@gmail.com', '', '+968 94119980', 0, '', '', 0, '', '$2y$10$LFZO/1bSRp5mtDdCfY6F6eV/SnrBETngJ0FQbcZ7lKl43wdvzIA4u', '', '', 0, 0, 'Oman', '', '', '', 1, 0, 'none', 0, 10, 1182438400, '5.21.253.52', 'ok', 'off', '', '', 'March 09, 2021', 'yes', 1, '2021-03-09 18:04:00', 'Asia/Dubai', 'online', '', 0, 0, 0, 0, 0, 0, 0),
(97, 'Balqees', 'Bebo098', 'balqeesbeboo99@gimel.com', '', '+968 95483193', 0, '', '', 0, '', '$2y$10$zyfyKYXEIz3ZqTTLTrUJe.jAYu0gHILimgPNGFtiTcvXjonjrGvGy', '', '', 0, 0, 'Oman', '', '', '', 1, 0, 'none', 0, 10, 438500551, '37.40.21.201', '531584039', 'off', '', '', 'March 09, 2021', 'yes', 1, '2021-03-09 19:48:54', 'Asia/Dubai', 'offline', '', 0, 0, 0, 0, 0, 0, 0),
(98, 'Asma Alhammadi', 'Bretty', '9259jumma@gmail.com', '', '+968 92595962', 0, '', '', 0, '', '$2y$10$KXopvtRpZcXjWFuq/nNULuwirW7MMVMy90qAZHNkHKlR897ELCwuK', '', '', 0, 0, 'Oman', '', '', '', 1, 0, 'none', 0, 10, 1420650992, '5.162.204.33', '661999015', 'off', '', '', 'March 09, 2021', 'yes', 1, '2021-03-10 10:28:25', 'Asia/Dubai', 'online', '', 0, 0, 0, 0, 0, 0, 0),
(99, 'عبير سعيد محمد محمد', 'abeersaid', 'abeerazz2040@gmail.com', '', '+968 91484162', 0, '', '', 0, '', '$2y$10$F5NSlwxzivgeW1CQBUFNt.zXDx2JqlKgWoYyk9ohgR3f/Rhzpkrei', '', '', 0, 0, 'Oman', '', '', '', 1, 0, 'none', 0, 10, 133100884, '190.2.150.213', 'ok', 'off', '', '', 'March 09, 2021', 'yes', 1, '2021-03-10 00:19:40', 'Asia/Dubai', 'online', '', 0, 0, 0, 0, 0, 0, 0),
(100, 'أميرة بنت سالم بن سلام السيابية ', 'Umabdullah', 'ameeraalsiyabi@gmail.com', '', '+968 97087919', 0, '', '', 0, '', '$2y$10$WpjetFCdaK7XG5fIWrqQmuzfb6rU18uP6GKAXF7JdAHATXjOH8G0q', '', '', 0, 0, 'Oman', '', '', '', 1, 0, 'none', 0, 10, 615119831, '37.40.209.192', '2087372457', 'off', '', '', 'March 10, 2021', 'yes', 1, '2021-03-10 11:26:48', 'Asia/Dubai', 'online', '', 0, 0, 0, 0, 0, 0, 0),
(101, 'Noora alharthi', 'Noora', 'sultansaidalhenai@gmail.com', '', '+968 99044230', 0, '', '', 0, '', '$2y$10$ltTA5EAw7uOP9aDHC0tsyeP1Xre127hKyHm0MfSToTNIBxvV3zytG', '', '', 0, 0, 'Oman', '', '', '', 1, 0, 'none', 0, 10, 1068652844, '78.111.40.116', 'ok', 'off', '', '', 'March 10, 2021', 'yes', 1, '2021-03-10 16:26:06', 'Asia/Dubai', 'online', '', 0, 0, 0, 0, 0, 0, 0),
(102, 'راية سيف سعيد خلفان المقبالية', '١٢٣٤٥٦٧٨٩', 'almqbalytrayt@gmail.com', '', '+968 94538142', 0, '', '', 0, '', '$2y$10$Q/M2WIWZHTDi7LsYe6zknOq1b6k1ef7JyMC6LXuHsljnRZFL7gBMq', '', '', 0, 0, 'Oman', '', '', '', 1, 0, 'none', 0, 10, 31401954, '37.41.169.145', 'ok', 'off', '', '', 'March 10, 2021', 'yes', 1, '2021-03-10 17:20:51', 'Asia/Dubai', 'online', '', 0, 0, 0, 0, 0, 0, 0),
(103, 'سلطانة خميس سليمان بالفورا ', 'Sultana_Balfoura', 'sultanabalfoura@gmail.com', '', '+968 94466723', 0, '', '', 0, '', '$2y$10$98OLjVo4/yRDKXD52Hllz.36v828ZaPyqCyD.wE0rnFs2l9Wsygaa', '', '', 0, 0, 'Oman', '', '', '', 1, 0, 'none', 0, 10, 1940968869, '188.135.117.107', 'ok', 'off', '', '', 'March 10, 2021', 'yes', 1, '2022-04-16 13:09:21', 'Asia/Dubai', 'online', '', 0, 0, 0, 0, 0, 0, 0),
(104, 'أنوار بنت سالم بن مسعود الريامي', 'AnwaarSalim', 'Awaeloh@gmail.com', '', '+968 91153397', 0, '', '', 0, '', '$2y$10$SSjd41rcQtfhhjprHiYsYOKVJgKw.vdjtvFDGsQhYvQujsJvb/3.i', '', '', 0, 0, 'Oman', 'Nizwa', '', '', 1, 2, 'none', 0, 10, 219030350, '188.135.113.89', 'ok', 'off', '', '', 'March 10, 2021', 'yes', 1, '2021-03-10 18:30:05', 'Asia/Muscat', 'online', '', 0, 0, 0, 0, 0, 0, 0),
(105, 'جهينه خلفان سالم البكري ', 'Cvjlmcvw3', 'jhooon33@icloud.com', '', '+968 97254003', 0, '', '', 0, '', '$2y$10$pmqn91KFfKG4JWGboVXdDuwQM5Z6PZ0Kqcp5itH6OyVDZMoO9UUO.', '', '', 0, 0, 'Oman', 'السويق ', 'شرح للغه الانجليزيه والرياضيات ', 'شرح دروس اللغه الانجليزيه لصفوف لاي مرحله دراسيه وشرح ماده الرياضيات لجميع الصفوف \r\nدرجه بكالوريس في اللغه الانجليزيه \r\nشهاده الايلتس \r\nحصول على معدل امتياز في الرياضيات بمعدل ٩٨', 1, 2, 'none', 0, 10, 1603664836, '138.197.133.129', '57106143', 'off', '', '', 'March 11, 2021', 'yes', 1, '2021-03-11 11:23:39', 'Asia/Muscat', 'online', '', 0, 0, 0, 0, 0, 0, 0),
(106, 'وعد حمود سالم الحبسية', 'Waad_Alhabsi', 'queenalhabs@gmail.com', '', '+968 93371463', 0, '', '', 0, '', '$2y$10$0lb.MXJYqjUDDQZnM2u/eO3NjkfyIsDiZeJfrIwxeoAdKxFmZcBB6', '31DCCECF-BD4E-459D-A0C4-C107D8724F1F_1615624506.png', '0DAD599D-9ACB-467E-8C94-5448B8B5D920_1615624701.jpeg', 0, 0, 'Oman', 'الشرقيه شمال ', '', '      Waad alhabsi\r\n- أُصمم على برنامج الفوتوشوب 💜💻.\r\n( بوسترات ، اعلانات ، شعارات ، ثيمات ، دعوات الزفاف ،توقيع وغيرها الگثير).💜💜\r\nبجودة عالية ', 1, 2, 'none', 0, 10, 453327740, '5.37.187.62', 'ok', 'off', '', '', 'March 13, 2021', 'yes', 1, '2021-03-13 17:10:04', 'Asia/Dubai', 'offline', '', 0, 0, 0, 0, 0, 0, 0),
(107, 'هبة بنت خلف بن حمد العبرية ', 'Hiba91', 'hibaalabri24@gmail.com', '', '+968 91162789 ', 0, '', '', 0, '', '$2y$10$u9OWjmgaavSIBqIQd2hla.VrxA7GGFELrN07d1K.VIBKcjip7mYfG', '', '', 0, 0, 'Oman', '', '', '', 1, 0, 'none', 0, 10, 320379679, '96.9.158.175', 'ok', 'off', '', '', 'March 13, 2021', 'yes', 1, '2021-03-13 21:33:50', 'Asia/Dubai', 'online', '', 0, 0, 0, 0, 0, 0, 0),
(108, 'عبير علي الحضرمي ', 'Abir_96', 'abeer.omani96@gmail.com', '', '+968 94044377', 0, '', '', 0, '', '$2y$10$iVeAdArUWWzC65hyqwWztedQD8BqdOZS3kcUYV7RLHjztpkf24zZm', '', '', 0, 0, 'Oman', 'نزوى ', '', '', 1, 2, 'none', 0, 10, 374640229, '82.178.226.135', '903037686', 'off', '', '', 'March 14, 2021', 'yes', 1, '2021-03-14 10:52:00', 'Asia/Muscat', 'online', '', 0, 0, 0, 0, 0, 0, 0),
(109, 'نوف مصبح البلوشي', 'Noof', 'challenging-90@hotmail.com', '', '+968 98933072', 0, '', '', 0, '', '$2y$10$uWKjq4/ypxggZvgxF/rjo.0USU6xuqPsdJiKFKQC7A8c.7r9zOpX.', '', '', 0, 0, 'Oman', '', '', '', 1, 0, 'none', 0, 10, 1651294474, '188.140.169.95', '1454821101', 'off', '', '', 'March 15, 2021', 'yes', 1, '2021-03-15 11:27:37', 'Asia/Dubai', 'online', '', 0, 0, 0, 0, 0, 0, 0),
(110, 'فهد حمد سليمان العيسائي ', 'history', 'shikan.salem@yahoo.com', '', '+968 92518528', 0, '', '', 0, '', '$2y$10$ciY.T3FmOiZFcD2AqOe73eWSbQ0P7dh78INwfh5/rlWp6hTYlj/iu', '', '', 0, 0, 'Oman', 'صحار/الرستاق', '', '', 1, 2, 'none', 0, 10, 270879613, '37.40.121.143', 'ok', 'off', '', '', 'March 15, 2021', 'yes', 1, '2021-03-17 21:14:18', 'Asia/Dubai', 'online', '', 0, 0, 0, 0, 0, 0, 0),
(111, 'ساميه حمد سليمان العيسائيه', 'FS55@hotmail.com', 'FS55@hotmail.com', '', '+973 96602728', 0, '', '', 0, '', '$2y$10$T.PI2PKF.8Mm5LAZhpqHT.Sj7dKavKDeN4nJJAhOttxh4F/chlLH6', '', '', 0, 0, 'Oman', '', '', '', 1, 0, 'none', 0, 10, 385354511, '37.40.11.51', '675271272', 'off', '', '', 'March 15, 2021', 'yes', 1, '2021-03-16 10:32:02', 'Asia/Dubai', 'online', '', 0, 0, 0, 0, 0, 0, 0),
(112, 'ساميه حمد سليمان العيسائيه', 'FS445@hotmail.com', 'FS44@hotmail.com', '', '+973 96602728', 0, '', '', 0, '', '$2y$10$nWZroalrRlQT1Sdp8iuxIuiL6OVGQ0dkuBEov9U/CVeEIPwT0RuB.', '', '', 0, 0, 'Oman', '', '', '', 1, 0, 'none', 0, 10, 351242150, '37.40.102.232', '723677273', 'on', '', 'تعليم مادة التربيه الاسلاميه', 'March 15, 2021', 'yes', 1, '2021-03-15 12:25:17', 'Asia/Dubai', 'online', '', 0, 0, 0, 0, 0, 0, 0),
(113, 'إبتسام حمد العيسائي ', 'EBTSAM', 'ebtsamalessai@gmail.com', '', '+968 95781521', 0, '', '', 0, '', '$2y$10$8zPpuHGn22rkkYuaquiEZu2KhXaTrYumu4VC4xxF/gWWRMwF8/yIe', '', '', 0, 0, 'Oman', '', '', '', 1, 0, 'none', 0, 10, 1940617605, '5.162.63.23', 'ok', 'off', '', '', 'March 15, 2021', 'yes', 1, '2021-03-16 16:29:54', 'Asia/Dubai', 'online', '', 0, 0, 0, 0, 0, 0, 0),
(114, 'ساميه حمد سليمان العيسائيه', 'FS44@gimal.com', 'FS44@gimal.com', '', '+973 96602728', 0, '', '', 0, '', '$2y$10$T/Kx7OqSyMKokbusfaIEFeieBWKRCuWkqalhs6JmKhuZApy47A6Ce', '', '', 0, 0, 'Oman', '', '', '', 1, 0, 'none', 0, 10, 160451469, '37.40.102.232', '1795471915', 'off', '', '', 'March 15, 2021', 'yes', 1, '2021-03-15 14:00:02', 'Asia/Dubai', 'online', '', 0, 0, 0, 0, 0, 0, 0),
(115, 'ساميه حمد سليمان العيسائيه', 'FS56@hotmail.com', 'FS56@hotmail.com', '', '+973 96602728', 0, '', '', 0, '', '$2y$10$mbz.At4aDmaTP1EdTyUEWuZYK/tmeHKnL.2Mdf/UVuQXDV6leQ4.6', '', '', 0, 0, 'Oman', '', '', '', 1, 0, 'none', 0, 10, 2086289418, '37.40.102.232', '1921116858', 'off', '', '', 'March 15, 2021', 'yes', 1, '2021-03-15 13:50:33', 'Asia/Dubai', 'online', '', 0, 0, 0, 0, 0, 0, 0),
(116, 'ساميه حمد سليمان العيسائيه', 'FS99@gimal.com', 'FS99@gimal.com', '', '+973 96602728', 0, '', '', 0, '', '$2y$10$cLmLhRYGaPFqZ4qLOIgeC.uwzHnona19V8itLnV6u1uf2EmylsbX.', '', '', 0, 0, 'Oman', '', '', '', 1, 0, 'none', 0, 10, 1512416367, '37.40.102.232', '1039976145', 'off', '', '', 'March 15, 2021', 'yes', 1, '2021-03-15 14:38:06', 'Asia/Dubai', 'online', '', 0, 0, 0, 0, 0, 0, 0),
(117, 'Manal Suliman Al shuaili', 'mshuaili', 'mshuaili1994@gmail.com', '', '+968 96384393', 0, '', '', 0, '', '$2y$10$Zz9rqLio96.smAdbq26diOe/5DOrY7/BNNBHYNCfSkLB2ZaQDOGEK', '', '', 0, 0, 'Oman', '', '', '', 1, 0, 'none', 0, 10, 873608171, '5.21.239.205', '2104487627', 'off', '', '', 'March 15, 2021', 'yes', 1, '2021-03-15 23:16:31', 'Asia/Dubai', 'online', '', 0, 0, 0, 0, 0, 0, 0),
(118, 'ساميه حمد سليمان العيسائيه', 'S96602728@gimal.com', 'S96602728@gimal.com', '', '+973 96602728', 0, '', '', 0, '', '$2y$10$cMDq.Ngn80ji6PFVKwWE2OT0cD3GnUwZ1ckrjgam61xoggfv4Fgpu', '', '', 0, 0, 'سلطنة عمان', '', '', '', 1, 0, 'none', 0, 10, 1699300907, '37.40.144.70', '1957344610', 'off', '', '', 'March 15, 2021', 'yes', 1, '2021-03-15 23:57:03', 'Asia/Dubai', 'online', '', 0, 0, 0, 0, 0, 0, 0),
(119, 's96602728', 's96602728@gmail.com', 's96602728@gmail.com', '', '+973 96602728', 0, '', '', 0, '', '$2y$10$YBHdHsXlPz7u.HUJdaobjOx/5Sv1Qk95dgbBqyA0F.3vGFAzhIPe.', '', '', 0, 0, 'سلطنة عمان', '', '', '', 1, 0, 'none', 0, 10, 1179969995, '37.40.11.51', 'ok', 'off', '', '', 'March 16, 2021', 'yes', 1, '2021-03-16 17:58:43', 'Asia/Dubai', 'online', '', 0, 0, 0, 0, 0, 0, 0),
(120, 'Marwa  ', 'Marwa_97', 'marwaalhashmi97113@gmail.com', '', '+968 94427817', 0, '', '', 0, '', '$2y$10$BDiuwPnYU4d7JusQzRCtK.VJW4Wwhd1GlkVtFI6eGap/vdGssZ5nO', '', '', 0, 0, 'سلطنة عمان', '', '', '', 1, 0, 'none', 0, 10, 366869053, '188.135.112.247', '1325348261', 'off', '', '', 'March 16, 2021', 'yes', 1, '2021-03-16 15:00:43', 'Asia/Dubai', 'online', '', 0, 0, 0, 0, 0, 0, 0),
(121, 'أمل زهران الشهومية', 'Amal', 'alhoor2578@gmail.com', '', '+968 92055351', 0, '', '', 0, '', '$2y$10$2vHaG.LIIkXl9k4krOvLMu4nEar/Pi0S72tDn4RCHQT59.BoeF1dy', '', '', 0, 0, 'سلطنة عمان', '', '', '', 1, 0, 'none', 0, 10, 849308713, '37.41.152.219', '450939599', 'off', '', '', 'March 16, 2021', 'yes', 1, '2021-03-16 20:39:11', 'Asia/Dubai', 'online', '', 0, 0, 0, 0, 0, 0, 0),
(122, 'جوخة بنت سعيد الكيومية ', 'Gookeh_alkayoomi', 'jokha.alkiyumi@edu.moe.om', '', '+968 95355070', 0, '', '', 0, '', '$2y$10$wyn3bNh/Ozco1z7jAMMiseCMQ0A0mynICVSdsXL6mq1glD5qNNkvC', '', '', 0, 0, 'سلطنة عمان', '', '', '', 1, 0, 'none', 0, 10, 1439219987, '37.41.127.44', '1811684688', 'off', '', '', 'March 16, 2021', 'yes', 1, '2021-03-16 23:00:29', 'Asia/Dubai', 'online', '', 0, 0, 0, 0, 0, 0, 0),
(123, 'إنتصار بنت ناصر بن محمد اليزيدية', 'Entesar49', 'E.alyazeedi94@hotmail.com', '', '+968 97853476', 0, '', '', 0, '', '$2y$10$S9ihPKnCae4cJB55r5k0xeODKSO3IJyoGK8xpEVv50yeLU72KF9Wu', '', '', 0, 0, 'سلطنة عمان', '', '', '', 1, 0, 'none', 0, 10, 1987902227, '5.36.134.185', '1702132748', 'on', 'Other', 'لتوسيع افكاركم في استخدام استخدام  الحاسب الالي', 'March 21, 2021', 'yes', 1, '2021-03-21 22:54:33', 'Asia/Dubai', 'online', '', 0, 0, 0, 0, 0, 0, 0),
(124, 'Kawthar Almaskari', 'Alkawthar96', 'alkawtharal96@gmail.com', '', '+968 92785356', 0, '', '', 0, '', '$2y$10$I3p.d7Vcp2B6CCjheuURpezxTY/nzu6OSiS1Gp0B82z1o4Ie5DRM6', '', '', 0, 0, 'سلطنة عمان', '', '', '', 1, 0, 'none', 0, 10, 656334833, '5.162.128.118', '2127499906', 'off', '', '', 'March 24, 2021', 'yes', 1, '2021-03-24 13:26:39', 'Asia/Dubai', 'online', '', 0, 0, 0, 0, 0, 0, 0),
(125, 'امل سعيد خلفان', 'Amalsaed', 'hafsa1988@icloud.com', '', '+973 91991208', 0, '', '', 0, '', '$2y$10$MIE09TmGdVrLuQzkBOFc1OHRjhL7eUCEh6V.9aelUtQEmz3ZDTigG', '', '', 0, 0, 'سلطنة عمان', '', '', '', 1, 0, 'none', 0, 10, 1015485359, '96.9.155.83', '303401393', 'off', '', '', 'March 24, 2021', 'yes', 1, '2021-03-24 15:15:36', 'Asia/Dubai', 'offline', '', 0, 0, 0, 0, 0, 0, 0),
(126, 'Shatha khalifa Almamari ', 'SHATHA', 'almamarishatha@gmail.com', '', '+968 97964426', 0, '', '', 0, '', '$2y$10$/jtcpmpVjQNgHrOdw1ATaeWOqj5LR4QSJYvrpJsmLYHnLjx1/jMhq', '', '', 0, 0, 'سلطنة عمان', '', '', '', 1, 0, 'none', 0, 10, 80483480, '188.140.173.206', '1613593785', 'off', '', '', 'March 24, 2021', 'yes', 1, '2021-03-24 16:20:51', 'Asia/Dubai', 'online', '', 0, 0, 0, 0, 0, 0, 0),
(127, 'khadj Almamari', 'khadj1257', 'khadj1257@gmail.com', '', '+968 91126600', 0, '', '', 0, '', '$2y$10$fjN9LQXBGxfleq1WLJLKEOv7NyLlX.CWvY1VRT4oFcIRbdyjB725G', '7E625FB4-DCB9-4986-8649-92D95AF24389_1616593937.png', '', 0, 0, 'سلطنة عمان', 'Alrusraq', '', 'خريجة برمجه علوم حاسوب\r\n', 1, 2, 'none', 0, 10, 55171685, '37.40.145.222', 'ok', 'off', '', '', 'March 24, 2021', 'yes', 1, '2021-03-27 09:10:54', 'Asia/Muscat', 'online', '', 0, 0, 0, 0, 0, 0, 0),
(128, 'رحمه حمد علي البوسعيدي ', 'Rahma_1986', 'r92918872@gmail.com', '', '+968 92918872', 0, '', '', 0, '', '$2y$10$/2Dsz17D80LTSnk7cYLJSejiUZnAz5SeNu/qhu5v4QG0jpiX7a/k2', '', '', 0, 0, 'سلطنة عمان', '', '', '', 1, 0, 'none', 0, 10, 489480777, '82.178.115.174', 'ok', 'off', '', '', 'March 27, 2021', 'yes', 1, '2021-03-27 11:17:20', 'Asia/Dubai', 'online', '', 0, 0, 0, 0, 0, 0, 0),
(129, 'إلهام الريامية', 'Elham', 'psy.elham@gmail.com', '', '+968 95349434', 0, '', '', 0, '', '$2y$10$cN3ccux9MdWbiP8rfA9jV.iDWmMM68zsBcgjgp3XMJfFjcj7zoiGu', '', '', 0, 0, 'سلطنة عمان', 'مسقط', '', '', 1, 2, 'none', 0, 10, 1596629127, '5.36.5.123', 'ok', 'off', '', '', 'March 28, 2021', 'yes', 1, '2021-04-28 14:12:03', 'Asia/Dubai', 'offline', '', 0, 0, 0, 0, 0, 0, 0),
(130, 'تماضر المعمرية', 'Tamadher', 'tamadher14@gmail.com', '', '+968 91701609', 0, '', '', 0, '', '$2y$10$gLxQCmNnlszjOD9axkMmPeG39i/r36NiFrYoysUKVPfLNCDt4vnRG', '', '', 0, 0, 'سلطنة عمان', 'مسقط ', '', 'أخصائية نفسية ', 1, 1, 'none', 0, 10, 2057315352, '37.40.98.4', 'ok', 'off', '', '', 'March 28, 2021', 'yes', 1, '2021-03-28 14:26:36', 'Asia/Dubai', 'offline', '', 0, 0, 0, 0, 0, 0, 0),
(131, 'اسيل عيسى العامري', 'qi.x8l', 'aseelalamari194@gmail.com', '', '+968 94425014', 0, '', '', 0, '', '$2y$10$5Z0/6ykn60p5H4jqGxMXXeMSyDMiAce/jexOy95zndXjVUOJw.xL.', '', '', 0, 0, 'سلطنة عمان', '', '', '', 1, 0, 'none', 0, 10, 1321820651, '161.8.79.110', '1134388972', 'off', '', '', 'April 02, 2021', 'yes', 1, '2021-04-02 14:10:39', 'Asia/Dubai', 'online', '', 0, 0, 0, 0, 0, 0, 0),
(132, 'نصرة عزيز خلف الريامية', 'Nasra7@', 'shnasra7@gmail.com', '', '+968 92945792', 0, '', '', 0, '', '$2y$10$QYtmiuYCqYFhL2CI/LHKNeFSnK3hXq1W7r5w3OmqSUTv6LeDoe0ba', '', '', 0, 0, 'Oman', '', '', '', 1, 0, 'none', 0, 10, 2090804908, '37.40.227.217', 'ok', 'off', '', '', 'April 30, 2021', 'yes', 1, '2021-05-03 22:27:29', 'Asia/Dubai', 'online', '', 0, 0, 0, 0, 0, 0, 0),
(133, 'ساره بنت حمد بن سنان الهنائي ', '581975', 'Sara222@hotmail.com', '', '+968 95915500', 0, '', '', 0, '', '$2y$10$tYNeHQGNUNT2lhyjy9T9deGcIkTL7FyIrtwJeLFTAP8cWKCku7EPe', '', '', 0, 0, 'Oman', '', '', '', 1, 0, 'none', 0, 10, 221261333, '37.40.4.245', '201467904', 'off', '', '', 'May 01, 2021', 'yes', 1, '2021-05-01 04:13:50', 'Asia/Dubai', 'online', '', 0, 0, 0, 0, 0, 0, 0),
(134, 'نصراء بنت سعود بن علي الحراصيه ', 'nasra', 'n.harasi7788@hotmail.com', '', '+968 92243436', 0, '', '', 0, '', '$2y$10$gA/PEyYf6lyGCvFq0uw7u.TLN6ID3P9DWqv/ld9zNn1CeNSOQXKey', '', '', 0, 0, 'Oman', '', '', '', 1, 0, 'none', 0, 10, 1672202734, '188.135.117.44', 'ok', 'off', '', '', 'May 01, 2021', 'yes', 1, '2021-05-01 11:42:12', 'Asia/Dubai', 'online', '', 0, 0, 0, 0, 0, 0, 0),
(135, 'سمية علي سعيد أمبوعلي', 'somi', 'brightfuture.hasa@gmail.com', '', '+968 96383998', 0, '', '', 0, '', '$2y$10$XPAkLeLt9Nkr34rlglWIQeNZBdjcYz1PFjizLRC97/9uG5jHxhCBi', '2222021172950_1619855897.png', '', 0, 0, 'سلطنة عمان', 'نزوى', '', '', 1, 2, 'none', 0, 10, 504735458, '82.178.0.79', 'ok', 'off', '', '', 'May 01, 2021', 'yes', 1, '2021-05-05 13:29:05', 'Asia/Muscat', 'online', '', 0, 0, 0, 0, 0, 0, 0),
(136, 'سعيده محمد ', 'Saida1234@gmail.com', 'saidamohammed829@gmail.com', '', '+968 99469005 ', 0, '', '', 0, '', '$2y$10$0OYkl7vhvlGLIrAcuqi/VujLam6IRw8x9XfK2hZAq3OzhBE/823Di', '', '', 0, 0, 'Oman', '', '', '', 1, 0, 'none', 0, 10, 1131246030, '5.36.229.100', 'ok', 'off', '', '', 'May 02, 2021', 'yes', 1, '2021-05-09 13:05:35', 'Asia/Dubai', 'online', '', 0, 0, 0, 0, 0, 0, 0),
(137, 'ساره الهنائي', 'saraalhanai4@gmail.com', 'saraalhanai4@gmail.com', '', '+968 95915500', 0, '', '', 0, '', '$2y$10$noVxHSmjTfsgDngZIeIjKeOcAxTe42oF1WpZ8KhHC9RqoeM7RN98.', '', '', 0, 0, 'Oman', '', '', '', 1, 0, 'none', 0, 10, 1505628760, '5.162.128.182', 'ok', 'off', '', '', 'May 08, 2021', 'yes', 1, '2021-05-08 11:46:28', 'Asia/Dubai', 'online', '', 0, 0, 0, 0, 0, 0, 0),
(138, 'دنيا سليم مسعود بامسيلة ', 'Dunia_Saleem', 'umalabakrh55@gmail.com', '', '+968 95355545 ', 0, '', '', 0, '', '$2y$10$lCgHCDVPcD/Iext9y6dZmuuzyQ2pJgzIYYgfoCqPD5E40hHVDnwcK', '', '', 0, 0, 'Oman', '', '', '', 1, 0, 'none', 0, 10, 1613061734, '5.37.166.123', 'ok', 'off', '', '', 'May 09, 2021', 'yes', 1, '2021-06-14 13:08:11', 'Asia/Dubai', 'online', '', 0, 0, 0, 0, 0, 0, 0),
(139, 'شيماء بنت سعيد بن ساعد الحمحامي', 'Sh__m172', 's2582643@gmail.com', '', '+968 95400807', 0, '', '', 0, '', '$2y$10$c90pbcFMnGprhOHzma/B4uTSyNJalzSBQhvETdYueFb1/QOf8xIF2', '', '', 0, 0, 'سلطنة عمان', 'دماء والطائيين ', '', 'خبرة في تصميم الفيديوهات و تحريرها و التلاعب فالصور و الكتابه و التحرير والبوسترات الإعلانية ‏ومهارة في إدارة حسابات وسائل التواصل الاجتماعي والمواقع الإلكترونية', 1, 2, 'none', 0, 10, 103812641, '5.162.85.70', '280932496', 'off', '', '', 'May 30, 2021', 'yes', 1, '2021-05-30 14:55:18', 'Asia/Muscat', 'online', '', 0, 0, 0, 0, 0, 0, 0),
(140, 'Halima Hafedh Hilal Al-shukaili ', 'Halima', 'hhh141260@gmail.com', '', '+968 91255835', 0, '', '', 0, '', '$2y$10$WAfrah4uyG9ypUF0Qr4dt.T7NBaazTW0xP4S4t2w.1gYWC2nsAWyK', '', '', 0, 0, 'Netherlands', '', '', '', 1, 0, 'none', 0, 10, 1522306782, '37.40.207.16', '1462464457', 'off', '', '', 'June 26, 2021', 'yes', 1, '2021-06-27 09:02:10', 'Asia/Dubai', 'online', '', 0, 0, 0, 0, 0, 0, 0);
INSERT INTO `sellers` (`seller_id`, `seller_name`, `seller_user_name`, `seller_email`, `seller_wallet`, `seller_phone`, `seller_payouts`, `seller_paypal_email`, `seller_payoneer_email`, `seller_m_account_number`, `seller_m_account_name`, `seller_pass`, `seller_image`, `seller_cover_image`, `seller_image_s3`, `seller_cover_image_s3`, `seller_country`, `seller_city`, `seller_headline`, `seller_about`, `seller_level`, `seller_language`, `seller_recent_delivery`, `seller_rating`, `seller_offers`, `seller_referral`, `seller_ip`, `seller_verification`, `seller_vacation`, `seller_vacation_reason`, `seller_vacation_message`, `seller_register_date`, `enable_sound`, `enable_notifications`, `seller_activity`, `seller_timezone`, `seller_status`, `device_type`, `device_token`, `inbox_push_notification_status`, `order_message_push_notification_status`, `order_update_push_notification_status`, `buyer_req_push_notification_status`, `myproposal_push_notification_status`, `myaccount_push_notification_status`) VALUES
(141, 'Umsuhaib', 'Umsuhaib', 'mahaty2018@gmail.com', '', '+968 92843400', 0, '', '', 0, '', '$2y$10$mGyYiUmpXDNWYMpJJiwCPu9V3NQ7mp0X1PuFB53vS9AZoEEHco89C', '', '', 0, 0, 'Oman', '', '', '', 1, 0, 'none', 0, 10, 1192043503, '5.37.208.8', '601426806', 'off', '', '', 'August 21, 2021', 'yes', 1, '2021-08-21 17:37:42', 'Asia/Dubai', 'online', '', 0, 0, 0, 0, 0, 0, 0),
(142, 'محمد بن خميس بن مصبح السعدي', 'alsaadi977', 'mohammedalsaadi0731@gmail.com', '', '+968 99697546', 0, '', '', 0, '', '$2y$10$qsymAjyHg.o/h/1clx1ESuKByakOXqnuaSA0ia5mpwpXWnYXsIKoq', '', '', 0, 0, 'Oman', '', '', '', 1, 0, 'none', 0, 10, 387632175, '89.147.155.94', '844868871', 'off', '', '', 'September 06, 2021', 'yes', 1, '2021-09-06 23:39:28', 'Asia/Dubai', 'online', '', 0, 0, 0, 0, 0, 0, 0),
(143, 'go@showhis.email', 'go@showhis.email', 'go@showhis.email', '', '+968 go@showhis.email', 0, '', '', 0, '', '$2y$10$xnqBS5q99v2R1v04cJBlFefMqecwK82w8Wr0uplgOjRsl6jxFLfYy', '', '', 0, 0, 'Netherlands', '', '', '', 1, 0, 'none', 0, 10, 993493778, '20.71.88.199', '1792378365', 'off', '', '', 'September 30, 2021', 'yes', 1, '2021-09-30 05:04:28', 'Europe/London', 'online', '', 0, 0, 0, 0, 0, 0, 0),
(144, ' Najood Saleem AL Khanjari', 'nonosl2009', 'nj_sl2008@hotmail.com', '', '+968 96895044022', 0, 'nono_nono_77@hotmail.com', '', 0, '', '$2y$10$F5e2S/QGf8un/mHfvgiw6e7cGYdwfav2MwxUgKjITLUkbWHuGor1W', '', '', 0, 0, 'سلطنة عمان', 'Muscat', '', 'مدرب تحويلي معتمد من Coach Transformation Academy بكفاءات ومعاير ICF_ International Coaching Federation\r\nمدرب ممارس للوالدين ,والمراهقين معتمد من CTA\r\nأخصائي تحليل شخصيات بالأيناجرام\r\nمهندس أول إدارة أداء  ', 1, 2, 'none', 0, 10, 1983395750, '134.0.198.250', 'ok', 'off', '', '', 'November 22, 2021', 'yes', 1, '2021-12-09 13:42:52', 'Asia/Dubai', 'online', '', 0, 0, 0, 0, 0, 0, 0),
(145, 'Muthla Al-Rubaiey', 'meem', 'meem266224@gmail.com', '', '+968 91737209', 0, '', '', 0, '', '$2y$10$54mzbunfj2CU63U64Ug0YuaWXEueHvXspnN91VchPmHbnk.PwpO1K', '', '', 0, 0, 'Oman', '', '', '', 1, 0, 'none', 0, 10, 692102846, '5.36.111.215', 'ok', 'off', '', '', 'November 24, 2021', 'yes', 1, '2021-12-05 09:27:21', 'Asia/Dubai', 'offline', '', 0, 0, 0, 0, 0, 0, 0),
(146, 'Muthla AlRubaiey', 'alrubaiey', 'alrubaiey.1997@gmail.com', '', '+968 91737209', 0, '', '', 0, '', '$2y$10$qMj3DWlxhkImXvMInyZncOK0PAy0ey3V1d.pZrceBZxP60WR.c8Oq', '', '', 0, 0, 'Oman', '', '', '', 1, 0, 'none', 0, 10, 1683754820, '82.178.3.151', '286107913', 'off', '', '', 'November 24, 2021', 'yes', 1, '2021-11-24 11:03:54', 'Asia/Dubai', 'online', '', 0, 0, 0, 0, 0, 0, 0),
(147, 'خلود سيف البلوشي', 'khulood', 'altmkeen.nizaw@altmkeenacademia.com', '', '+968 99819593', 0, '', '', 0, '', '$2y$10$mgwVP.b/16yUCq0ud51O7uceABpyU3HXxTz3Oi3c6k/6wQ.mKCepy', '', '', 0, 0, 'Oman', '', '', '', 1, 0, 'none', 0, 10, 1198475115, '37.40.147.187', '358177153', 'off', '', '', 'May 16, 2022', 'yes', 1, '2022-06-07 11:47:46', 'Asia/Dubai', 'online', '', 0, 0, 0, 0, 0, 0, 0),
(148, 'خلود', 'tamkeen', 'altmkeen.nizwa@altmkeenacademia.com', '', '+968 99819593', 0, '', '', 0, '', '$2y$10$qnyz05uRcOaaNAGvPh4n4u9k7tX/9mWBjW0KTg1ljH1MjRaY4PKyG', '', '', 0, 0, 'Oman', '', '', '', 1, 0, 'none', 0, 10, 18572994, '37.40.227.225', 'ok', 'off', '', '', 'May 16, 2022', 'yes', 1, '2022-07-03 23:30:55', 'Asia/Dubai', 'online', '', 0, 0, 0, 0, 0, 0, 0),
(149, 'heny test', 'htest', 'heny.bhmida@gmail.com', '', '+968 94111333', 0, '', '', 0, '', '$2y$10$ea5yoge3ienO3l1T1XoxvusFnLyREpUfr5UeVjQtYpUIpZNpmbAYm', '', '', 0, 0, 'Oman', '', '', '', 1, 0, 'none', 0, 10, 795738096, '161.8.110.226', 'ok', 'off', '', '', 'June 11, 2022', 'yes', 1, '2022-06-11 19:58:39', 'Asia/Dubai', 'online', '', 0, 0, 0, 0, 0, 0, 0),
(150, '💛 Сообщаем,на ваши данные подтвердили билетик на лото. Получите на официальном сайте -&gt;&gt; https://forms.yandex.ru/cloud/62eb57ce0f5484c5f9535cb0/?hs=39c208b122b15e087001636a19eb2d90&amp; 💛', 'xm849k', 'dedklokkk@ffo.kr', '', '+971 352362776466', 0, '', '', 0, '', '$2y$10$gf3HPdo/eRV/MWvUwIiOY.KzOBoGW/iswR/VNLxQbIzXdh3TR4Iga', '', '', 0, 0, 'Germany', '', '', '', 1, 0, 'none', 0, 10, 1489710856, '185.220.101.78', '758144241', 'off', '', '', 'August 12, 2022', 'yes', 1, '2022-08-12 00:28:29', 'Europe/London', 'online', '', 0, 0, 0, 0, 0, 0, 0),
(151, '💘 Beatrice sent you a private message! View Message: https://letsg0dancing.page.link/go?hs=39c208b122b15e087001636a19eb2d90&amp; 💘', '1z4jji', 'puschnoishura@andreicutie.com', '', '+971 987581413177', 0, '', '', 0, '', '$2y$10$C7pmH6c5o2h8F8M9yAyv1O8wbYBJui13DbXOkFc1n7PX30g6kyvUi', '', '', 0, 0, 'Romania', '', '', '', 1, 0, 'none', 0, 10, 1562896781, '185.100.87.139', '1198820388', 'off', '', '', 'September 03, 2022', 'yes', 1, '2022-09-03 15:01:17', 'Europe/London', 'online', '', 0, 0, 0, 0, 0, 0, 0),
(152, '﻿Artificial intelligence creates content for the site, no worse than a copywriter, you can also use it to write articles. 100% uniqueness :). Click Here:👉 https://stanford.io/3FXszd0?h=71da43ea65f29b38a5f62b2f8286ac06&amp;', 'rh2r0e13', 'nickterp@gmailwe.com', '', '+971 936304706177', 0, '', '', 0, '', '$2y$10$5.DpLgIbuF7MWLDTjma5a.ITRzByT0oPS2qpSfDwwEP46t5svbF2q', '', '', 0, 0, 'South Africa', '', '', '', 1, 0, 'none', 0, 10, 696373336, '45.192.157.35', '1391904620', 'off', '', '', 'November 20, 2022', 'yes', 1, '2022-11-20 21:23:13', 'Europe/London', 'online', '', 0, 0, 0, 0, 0, 0, 0),
(153, 'Artificial intelligence creates content for the site, no worse than a copywriter, you can also use it to write articles. 100% uniqueness,5-day free trial of Pro Plan :). Click Here:👉 https://bit.ly/3lwPi7J?h=5fa26a29ebc99b207ce766791fe50c2b&amp;', 'oak9ygv', 'clawsown@hs-gilching.de', '', '+971 794299388460', 0, '', '', 0, '', '$2y$10$wFp233nBV7o.Kj6xwoYj.elJPeqs.9pldAAX.ElHcLVa/9TTVHmUa', '', '', 0, 0, 'Russia', '', '', '', 1, 0, 'none', 0, 10, 1295601417, '185.156.75.84', '1417212982', 'off', '', '', 'February 15, 2023', 'yes', 1, '2023-02-15 15:16:54', 'Europe/London', 'online', '', 0, 0, 0, 0, 0, 0, 0),
(154, '🎁 Get free iPhone 15: http://awesomeinfotech.in/uploads/go.php 🎁 hs=e23662a0947ca47fbe9fe3a7dbcd29e3*', 'nftx64', 'okebepu@merepost.com', '', '+971 319018272282', 0, '', '', 0, '', '$2y$10$EZdBVSaJpVeaE68Xoth5.eNnBiHZeiLJlkPzjE3jDFjq5qwvMT1ZS', '', '', 0, 0, 'Netherlands', '', '', '', 1, 0, 'none', 0, 10, 604862027, '192.42.116.180', '1511394386', 'off', '', '', 'October 24, 2023', 'yes', 1, '2023-10-24 22:21:45', 'Europe/London', 'online', '', 0, 0, 0, 0, 0, 0, 0),
(155, 'eWDfSjAItAHcL', 'eWDfSjAItAHcL', 'jCpkSF.btwmbh@rottack.autos', '', '+968 274-660-77-97', 0, '', '', 0, '', '$2y$10$aWsLNHZg33GPehjoDfL3eOFfSA/JLeiOGd.4Og3/N/sRJpuRbsywq', '', '', 0, 0, 'Germany', '', '', '', 1, 0, 'none', 0, 10, 1344053543, '78.47.215.39', '1458204521', 'off', '', '', 'November 10, 2023', 'yes', 1, '2023-11-10 09:13:56', '', 'online', '', 0, 0, 0, 0, 0, 0, 0),
(156, 'BjBrblxSPxwKT', 'BjBrblxSPxwKT', 'OFseca.tmptq@flexduck.click', '', '+968 393-966-23-37', 0, '', '', 0, '', '$2y$10$dfApr3N/vgw6iuENBC6Bnea6FNt4MtQLT3KhdV7Ircn6gxH9nw1LK', '', '', 0, 0, 'Singapore', '', '', '', 1, 0, 'none', 0, 10, 51537538, '103.179.44.142', '1860081766', 'off', '', '', 'November 18, 2023', 'yes', 1, '2023-11-18 20:28:15', '', 'online', '', 0, 0, 0, 0, 0, 0, 0),
(157, 'bxRwwXUDH', 'bxRwwXUDH', 'jvzVAj.qmtctmh@flexduck.click', '', '+968 556-295-68-00', 0, '', '', 0, '', '$2y$10$VcrH7UFW2L10WfWjfWT1QuOCCdZPdgykZfgic/aRzjKCSMTwggMcC', '', '', 0, 0, 'Latvia', '', '', '', 1, 0, 'none', 0, 10, 203360052, '192.144.39.104', '1930753534', 'off', '', '', 'November 27, 2023', 'yes', 1, '2023-11-27 01:08:49', '', 'online', '', 0, 0, 0, 0, 0, 0, 0),
(158, '20.01hgg8tcs2vevqrnz6xfzn6jpb@mail4u.run', '20.01hgg8tcs2vevqrnz6xfzn6jpb@mail4u.run', '20.01hgg8tcs2vevqrnz6xfzn6jpb@mail4u.run', '', '+971 20.01hgg8tcs2vevqrnz6xfzn6jpb@mail4u.run', 0, '', '', 0, '', '$2y$10$TltN7D6fn/CUeD/XZeR9Kuq5212n5YkMWdftzyX9JaekHB/cb5s2a', '', '', 0, 0, 'Russia', '', '', '', 1, 0, 'none', 0, 10, 114415848, '45.87.253.188', '72245849', 'off', '', '', 'December 02, 2023', 'yes', 1, '2023-12-02 09:13:11', 'Europe/London', 'online', '', 0, 0, 0, 0, 0, 0, 0),
(159, 'Itzayana', 'Itzayana', 'ajdjjy.hmqwcd@rottack.autos', '', '+968 664-432-31-01', 0, '', '', 0, '', '$2y$10$fhGoO2a96xiHFAI4TK6of.VMaacQWV41u4ZMOHiAvysvyIW//azSe', '', '', 0, 0, 'Latvia', '', '', '', 1, 0, 'none', 0, 10, 696013879, '192.144.39.60', '453022239', 'off', '', '', 'December 15, 2023', 'yes', 1, '2023-12-15 13:25:33', '', 'online', '', 0, 0, 0, 0, 0, 0, 0),
(160, 'NLEiKVXvRhKwl', 'NLEiKVXvRhKwl', 'fStjEv.hdqtjpt@kerfuffle.asia', '', '+968 400-798-44-75', 0, '', '', 0, '', '$2y$10$XyBESt5DP96zXCmOAFVHDeXl87Q6mmQRyoMvDp2EqHJyAk8Gjiwh.', '', '', 0, 0, 'Japan', '', '', '', 1, 0, 'none', 0, 10, 271815230, '103.179.45.194', '1554456129', 'off', '', '', 'December 20, 2023', 'yes', 1, '2023-12-20 00:39:55', '', 'online', '', 0, 0, 0, 0, 0, 0, 0),
(161, 'Ariel', 'Ariel', 'KOQEOJ.mjmcbpt@spinapp.bar', '', '+968 961-366-82-48', 0, '', '', 0, '', '$2y$10$BWmZTfqJNOUug0Wx3l.GoudEwZdZDiUBt.oiCNHklLWEVmq7gf4Za', '', '', 0, 0, 'Latvia', '', '', '', 1, 0, 'none', 0, 10, 1965615648, '192.144.37.32', '84415796', 'off', '', '', 'December 31, 2023', 'yes', 1, '2023-12-31 16:48:17', '', 'online', '', 0, 0, 0, 0, 0, 0, 0),
(162, 'Marvin', 'Marvin', 'yYHKCp.mqhdqjp@spinapp.bar', '', '+968 848-491-79-10', 0, '', '', 0, '', '$2y$10$QUo0pR.Aok.LK3GTjTykIO18oAV6HhQ1K48uz24nZdGX3epDKE7lK', '', '', 0, 0, 'Latvia', '', '', '', 1, 0, 'none', 0, 10, 2124132776, '192.144.37.32', '1035946790', 'off', '', '', 'December 31, 2023', 'yes', 1, '2023-12-31 18:15:30', '', 'online', '', 0, 0, 0, 0, 0, 0, 0),
(163, 'Louise', 'Louise', 'JjrceI.pcpwddp@purline.top', '', '+968 123-332-94-78', 0, '', '', 0, '', '$2y$10$u1IH1ZOK9U7H1Qz7hLlpW.zPfHUWVnjKc5S7uon59bOVukVfwlK0O', '', '', 0, 0, 'Latvia', '', '', '', 1, 0, 'none', 0, 10, 1242040895, '192.144.39.93', '118334486', 'off', '', '', 'January 08, 2024', 'yes', 1, '2024-01-08 16:43:51', '', 'online', '', 0, 0, 0, 0, 0, 0, 0),
(164, 'Bethany', 'Bethany', 'uPNwRH.qpbwbqt@wheelry.boats', '', '+968 040-229-70-22', 0, '', '', 0, '', '$2y$10$JOzdSeuda.MXCh57YE1H5.lYtkw9litRPwCtkMAq.PM7h0ea85n2S', '', '', 0, 0, 'Latvia', '', '', '', 1, 0, 'none', 0, 10, 722217344, '192.144.39.155', '248485520', 'off', '', '', 'January 17, 2024', 'yes', 1, '2024-01-17 16:15:34', '', 'online', '', 0, 0, 0, 0, 0, 0, 0),
(165, '29.01hk6ek3ekyt9cj52d8p8kgj8y@mail5u.xyz', '29.01hk6ek3ekyt9cj52d8p8kgj8y@mail5u.xyz', '29.01hk6ek3ekyt9cj52d8p8kgj8y@mail5u.xyz', '', '+971 29.01hk6ek3ekyt9cj52d8p8kgj8y@mail5u.xyz', 0, '', '', 0, '', '$2y$10$agzvdQAd9i1/RDtqxgHm4.SnfrFBr/w0ce.RAH03r4nfkoIlRWTRG', '', '', 0, 0, 'Russia', '', '', '', 1, 0, 'none', 0, 10, 829922377, '188.130.128.221', '973822974', 'off', '', '', 'January 18, 2024', 'yes', 1, '2024-01-18 17:20:07', 'Europe/London', 'online', '', 0, 0, 0, 0, 0, 0, 0),
(166, 'Nolan', 'Nolan', 'RkIzAW.mtpjqq@synaxarion.asia', '', '+968 684-457-53-33', 0, '', '', 0, '', '$2y$10$a3c0Yhm/1.KhyBC09RsYI.hV1FQi3XrnnFRmLv5BA7qtpSb.MAaKm', '', '', 0, 0, 'Moldova', '', '', '', 1, 0, 'none', 0, 10, 1777982255, '45.86.86.63', '1531676652', 'off', '', '', 'January 30, 2024', 'yes', 1, '2024-01-30 19:17:55', '', 'online', '', 0, 0, 0, 0, 0, 0, 0),
(167, 'evVTIfrgtPRJ', 'phkPquFfEoam', 'riveracarrie1997@yahoo.com', '', '+971 6984227348', 0, '', '', 0, '', '$2y$10$KSkYyqxktqSFDAmduqDtGOTJUqFiqD9tb9SbIhM.dIXnuoqw48MMK', '', '', 0, 0, 'Cambodia', '', '', '', 1, 0, 'none', 0, 10, 2132936414, '103.120.135.48', '1789234443', 'off', '', '', 'February 03, 2024', 'yes', 1, '2024-02-03 15:10:21', 'Europe/London', 'online', '', 0, 0, 0, 0, 0, 0, 0),
(168, 'Allyson', 'Allyson', 'BwDjYB.qqwcbqh@carnana.art', '', '+968 193-433-92-36', 0, '', '', 0, '', '$2y$10$DN6Yqu0GntUM/Y2hor0OOefrZLAhA8oooOUtwOANAinvo4MGduEC.', '', '', 0, 0, 'United States', '', '', '', 1, 0, 'none', 0, 10, 615944156, '62.3.6.70', '337254809', 'off', '', '', 'February 09, 2024', 'yes', 1, '2024-02-09 14:15:59', '', 'online', '', 0, 0, 0, 0, 0, 0, 0),
(169, 'Celia', 'Celia', 'SJpPKu.tcbdhd@spinapp.bar', '', '+968 937-359-20-30', 0, '', '', 0, '', '$2y$10$hV5kFC2QA.fzlEYQiyKPvOGJrF21ZRYZTWcgfT.gVn3RaBdFt7fOC', '', '', 0, 0, 'France', '', '', '', 1, 0, 'none', 0, 10, 1822375179, '51.254.111.94', '687054072', 'off', '', '', 'February 14, 2024', 'yes', 1, '2024-02-14 16:22:48', '', 'online', '', 0, 0, 0, 0, 0, 0, 0),
(170, 'Fletcher', 'Fletcher', 'YYIQjQ.qtwdhpch@spectrail.world', '', '+968 687-342-90-95', 0, '', '', 0, '', '$2y$10$rn8eLnCfZ96jP78SkH6qve/6jbSdYMH7BmV9O4Y9dtUeLahUi.Bpa', '', '', 0, 0, 'Moldova', '', '', '', 1, 0, 'none', 0, 10, 1102367750, '176.123.1.195', '118388645', 'off', '', '', 'March 03, 2024', 'yes', 1, '2024-03-03 12:37:09', '', 'online', '', 0, 0, 0, 0, 0, 0, 0),
(171, 'pToewnYi', 'eIZmHjPNs', 'leonapigott651@outlook.com', '', '+971 6819709358', 0, '', '', 0, '', '$2y$10$XofqpXIXwcNdDF.u4CxG5OZJ.6Xq.K9UkZ8PYh1vFhG6nRi1XlozS', '', '', 0, 0, 'Iran', '', '', '', 1, 0, 'none', 0, 10, 845298540, '78.39.80.66', '615755018', 'off', '', '', 'March 07, 2024', 'yes', 1, '2024-03-07 05:57:02', 'Europe/London', 'online', '', 0, 0, 0, 0, 0, 0, 0),
(172, 'krishay', 'krishay', 'bbtcthtdh.q@monochord.xyz', '', '+968 589-594-50-95', 0, '', '', 0, '', '$2y$10$HAwQLYoC.aQrRGZWTmfEE.wspTdaLAcue9TZ8spkrBw6kmluu0SdW', '', '', 0, 0, 'Moldova', '', '', '', 1, 0, 'none', 0, 10, 286302344, '194.110.247.121', '1998206744', 'off', '', '', 'March 19, 2024', 'yes', 1, '2024-03-19 21:03:22', '', 'online', '', 0, 0, 0, 0, 0, 0, 0),
(173, 'georgann', 'georgann', 'wbjpjjtjj.q@monochord.xyz', '', '+968 205-073-22-32', 0, '', '', 0, '', '$2y$10$mbBhaNGP4QxmS40ryvtFjuLBqrfV45ZDgPqMGRConpYj2CF8DWbQ.', '', '', 0, 0, 'Moldova', '', '', '', 1, 0, 'none', 0, 10, 604081786, '176.123.1.195', '102332867', 'off', '', '', 'March 22, 2024', 'yes', 1, '2024-03-22 17:45:59', '', 'online', '', 0, 0, 0, 0, 0, 0, 0),
(174, 'XWSbVhwrEUa', 'pmELgBJvF', 'vauvarovpt@outlook.com', '', '+971 9754397925', 0, '', '', 0, '', '$2y$10$eE2qQNQE1.XXEpfadcuw.e49eY5k5pN.iRe.Ayz56n7ohK8I1XPgq', '', '', 0, 0, 'Canada', '', '', '', 1, 0, 'none', 0, 10, 833719660, '68.151.225.212', '1162179095', 'off', '', '', 'March 24, 2024', 'yes', 1, '2024-03-24 04:30:43', 'Europe/London', 'online', '', 0, 0, 0, 0, 0, 0, 0);

-- --------------------------------------------------------

--
-- بنية الجدول `seller_accounts`
--

CREATE TABLE `seller_accounts` (
  `account_id` int(10) NOT NULL,
  `seller_id` int(10) NOT NULL,
  `withdrawn` varchar(255) COLLATE utf8mb4_unicode_ci NOT NULL DEFAULT '0',
  `current_balance` varchar(255) COLLATE utf8mb4_unicode_ci NOT NULL DEFAULT '0',
  `used_purchases` varchar(255) COLLATE utf8mb4_unicode_ci NOT NULL DEFAULT '0',
  `pending_clearance` varchar(255) COLLATE utf8mb4_unicode_ci NOT NULL DEFAULT '0',
  `month_earnings` varchar(255) COLLATE utf8mb4_unicode_ci NOT NULL DEFAULT '0'
) ENGINE=InnoDB DEFAULT CHARSET=utf8mb4 COLLATE=utf8mb4_unicode_ci;

--
-- إرجاع أو استيراد بيانات الجدول `seller_accounts`
--

INSERT INTO `seller_accounts` (`account_id`, `seller_id`, `withdrawn`, `current_balance`, `used_purchases`, `pending_clearance`, `month_earnings`) VALUES
(1, 46, '0', '0', '0', '0', '0'),
(2, 68, '0', '0', '0', '0', '0'),
(3, 69, '0', '0', '0', '0', '0'),
(4, 3, '0', '0', '0', '0', '0'),
(5, 66, '0', '0', '0', '0', '0'),
(6, 1, '0', '0', '0', '0', '0'),
(7, 33, '0', '0', '0', '0', '0'),
(8, 7, '0', '0', '0', '0', '0'),
(9, 70, '0', '0', '0', '0', '0'),
(10, 51, '0', '0', '0', '0', '0'),
(11, 36, '0', '0', '0', '0', '0'),
(12, 37, '0', '0', '0', '0', '0'),
(13, 41, '0', '0', '0', '0', '0'),
(14, 56, '0', '0', '0', '0', '0'),
(15, 31, '0', '0', '0', '0', '0'),
(16, 35, '0', '0', '0', '0', '0'),
(17, 47, '0', '0', '0', '0', '0'),
(18, 9, '0', '0', '0', '0', '0'),
(19, 54, '0', '0', '0', '0', '0'),
(20, 45, '0', '0', '0', '0', '0'),
(21, 61, '0', '2', '0', '0', '2'),
(22, 64, '0', '0', '0', '0', '0'),
(23, 58, '0', '0', '0', '0', '0'),
(24, 71, '0', '0', '0', '0', '0'),
(25, 26, '0', '0', '0', '0', '0'),
(26, 72, '0', '0', '0', '0', '0'),
(27, 73, '0', '0', '0', '0', '0'),
(28, 74, '0', '0', '0', '0', '0'),
(29, 75, '0', '0', '0', '0', '0'),
(30, 76, '0', '0', '0', '0', '0'),
(31, 77, '0', '0', '0', '0', '0'),
(32, 23, '0', '0', '0', '0', '0'),
(33, 78, '0', '0', '0', '0', '0'),
(34, 79, '0', '0', '0', '0', '0'),
(35, 80, '0', '0', '0', '0', '0'),
(36, 81, '0', '0', '0', '0', '0'),
(37, 82, '0', '0', '0', '0', '0'),
(38, 83, '0', '0', '0', '0', '0'),
(39, 84, '0', '0', '0', '0', '0'),
(40, 85, '0', '0', '0', '0', '0'),
(41, 86, '0', '0', '0', '0', '0'),
(42, 87, '0', '0', '0', '0', '0'),
(43, 88, '0', '0', '0', '0', '0'),
(44, 89, '0', '0', '0', '0', '0'),
(45, 90, '0', '0', '0', '0', '0'),
(46, 91, '0', '0', '0', '0', '0'),
(47, 92, '0', '0', '0', '0', '0'),
(48, 93, '0', '0', '0', '0', '0'),
(49, 94, '0', '0', '0', '0', '0'),
(50, 95, '0', '0', '0', '0', '0'),
(51, 96, '0', '0', '0', '0', '0'),
(52, 97, '0', '0', '0', '0', '0'),
(53, 98, '0', '0', '0', '0', '0'),
(54, 99, '0', '0', '0', '0', '0'),
(55, 100, '0', '0', '0', '0', '0'),
(56, 101, '0', '0', '0', '0', '0'),
(57, 102, '0', '0', '0', '0', '0'),
(58, 103, '0', '0', '0', '0', '0'),
(59, 104, '0', '0', '0', '0', '0'),
(60, 105, '0', '0', '0', '0', '0'),
(61, 106, '0', '0', '0', '0', '0'),
(62, 107, '0', '0', '0', '0', '0'),
(63, 108, '0', '0', '0', '0', '0'),
(64, 109, '0', '0', '0', '0', '0'),
(65, 110, '0', '0', '0', '0', '0'),
(66, 111, '0', '0', '0', '0', '0'),
(67, 112, '0', '0', '0', '0', '0'),
(68, 113, '0', '0', '0', '0', '0'),
(69, 114, '0', '0', '0', '0', '0'),
(70, 115, '0', '0', '0', '0', '0'),
(71, 116, '0', '0', '0', '0', '0'),
(72, 117, '0', '0', '0', '0', '0'),
(73, 118, '0', '0', '0', '0', '0'),
(74, 119, '0', '0', '0', '0', '0'),
(75, 120, '0', '0', '0', '0', '0'),
(76, 121, '0', '0', '0', '0', '0'),
(77, 122, '0', '0', '0', '0', '0'),
(78, 123, '0', '0', '0', '0', '0'),
(79, 6, '0', '0', '0', '0', '0'),
(80, 124, '0', '0', '0', '0', '0'),
(81, 125, '0', '0', '0', '0', '0'),
(82, 126, '0', '0', '0', '0', '0'),
(83, 127, '0', '0', '0', '0', '0'),
(84, 128, '0', '0', '0', '0', '0'),
(85, 129, '0', '0', '0', '0', '0'),
(86, 130, '0', '0', '0', '0', '0'),
(87, 131, '0', '0', '0', '0', '0'),
(88, 132, '0', '0', '0', '0', '0'),
(89, 133, '0', '0', '0', '0', '0'),
(90, 134, '0', '0', '0', '0', '0'),
(91, 135, '0', '0', '0', '0', '0'),
(92, 136, '0', '0', '0', '0', '0'),
(93, 137, '0', '0', '0', '0', '0'),
(94, 138, '0', '0', '0', '0', '0'),
(95, 139, '0', '0', '0', '0', '0'),
(96, 140, '0', '0', '0', '0', '0'),
(97, 141, '0', '0', '0', '0', '0'),
(98, 142, '0', '0', '0', '0', '0'),
(99, 143, '0', '0', '0', '0', '0'),
(100, 144, '0', '0', '0', '0', '0'),
(101, 145, '0', '0', '0', '0', '0'),
(102, 146, '0', '0', '0', '0', '0'),
(103, 48, '0', '0', '0', '0', '0'),
(104, 147, '0', '0', '0', '0', '0'),
(105, 148, '0', '0', '0', '0', '0'),
(106, 149, '0', '0', '0', '0', '0'),
(107, 150, '0', '0', '0', '0', '0'),
(108, 151, '0', '0', '0', '0', '0'),
(109, 152, '0', '0', '0', '0', '0'),
(110, 153, '0', '0', '0', '0', '0'),
(111, 154, '0', '0', '0', '0', '0'),
(112, 155, '0', '0', '0', '0', '0'),
(113, 156, '0', '0', '0', '0', '0'),
(114, 157, '0', '0', '0', '0', '0'),
(115, 158, '0', '0', '0', '0', '0'),
(116, 159, '0', '0', '0', '0', '0'),
(117, 160, '0', '0', '0', '0', '0'),
(118, 161, '0', '0', '0', '0', '0'),
(119, 162, '0', '0', '0', '0', '0'),
(120, 163, '0', '0', '0', '0', '0'),
(121, 164, '0', '0', '0', '0', '0'),
(122, 165, '0', '0', '0', '0', '0'),
(123, 166, '0', '0', '0', '0', '0'),
(124, 167, '0', '0', '0', '0', '0'),
(125, 168, '0', '0', '0', '0', '0'),
(126, 169, '0', '0', '0', '0', '0'),
(127, 170, '0', '0', '0', '0', '0'),
(128, 171, '0', '0', '0', '0', '0'),
(129, 172, '0', '0', '0', '0', '0'),
(130, 173, '0', '0', '0', '0', '0'),
(131, 174, '0', '0', '0', '0', '0');

-- --------------------------------------------------------

--
-- بنية الجدول `seller_languages`
--

CREATE TABLE `seller_languages` (
  `language_id` int(10) NOT NULL,
  `language_title` text COLLATE utf8mb4_unicode_ci NOT NULL
) ENGINE=InnoDB DEFAULT CHARSET=utf8mb4 COLLATE=utf8mb4_unicode_ci;

--
-- إرجاع أو استيراد بيانات الجدول `seller_languages`
--

INSERT INTO `seller_languages` (`language_id`, `language_title`) VALUES
(1, 'English'),
(2, 'العربية');

-- --------------------------------------------------------

--
-- بنية الجدول `seller_levels`
--

CREATE TABLE `seller_levels` (
  `level_id` int(10) NOT NULL
) ENGINE=InnoDB DEFAULT CHARSET=utf8mb4 COLLATE=utf8mb4_unicode_ci;

--
-- إرجاع أو استيراد بيانات الجدول `seller_levels`
--

INSERT INTO `seller_levels` (`level_id`) VALUES
(1),
(2),
(3),
(4);

-- --------------------------------------------------------

--
-- بنية الجدول `seller_levels_meta`
--

CREATE TABLE `seller_levels_meta` (
  `id` int(10) NOT NULL,
  `language_id` int(10) NOT NULL,
  `level_id` int(10) NOT NULL,
  `title` varchar(255) COLLATE utf8mb4_unicode_ci NOT NULL
) ENGINE=InnoDB DEFAULT CHARSET=utf8mb4 COLLATE=utf8mb4_unicode_ci;

--
-- إرجاع أو استيراد بيانات الجدول `seller_levels_meta`
--

INSERT INTO `seller_levels_meta` (`id`, `language_id`, `level_id`, `title`) VALUES
(1, 1, 1, 'New Seller'),
(2, 1, 2, 'Level One'),
(3, 1, 3, 'Level Two'),
(4, 1, 4, 'Top Rated A'),
(5, 2, 4, 'الأعلى تقييمًا A'),
(6, 2, 3, 'المستوى الثاني'),
(7, 2, 2, 'المستوى الاول'),
(8, 2, 1, 'New Seller');

-- --------------------------------------------------------

--
-- بنية الجدول `seller_payment_settings`
--

CREATE TABLE `seller_payment_settings` (
  `id` int(10) NOT NULL,
  `level_id` int(10) NOT NULL,
  `commission_percentage` int(10) NOT NULL,
  `payout_day` int(100) NOT NULL,
  `payout_time` varchar(255) COLLATE utf8mb4_unicode_ci NOT NULL,
  `payout_anyday` int(10) NOT NULL
) ENGINE=InnoDB DEFAULT CHARSET=utf8mb4 COLLATE=utf8mb4_unicode_ci;

--
-- إرجاع أو استيراد بيانات الجدول `seller_payment_settings`
--

INSERT INTO `seller_payment_settings` (`id`, `level_id`, `commission_percentage`, `payout_day`, `payout_time`, `payout_anyday`) VALUES
(1, 1, 20, 26, '15:00', 0),
(2, 2, 15, 20, '01:00', 0),
(3, 3, 10, 15, '01:00', 0),
(4, 4, 5, 1, '03:00', 1);

-- --------------------------------------------------------

--
-- بنية الجدول `seller_reviews`
--

CREATE TABLE `seller_reviews` (
  `review_id` int(10) NOT NULL,
  `order_id` int(10) NOT NULL,
  `review_seller_id` int(10) NOT NULL,
  `seller_rating` int(10) NOT NULL,
  `seller_review` text COLLATE utf8mb4_unicode_ci NOT NULL
) ENGINE=InnoDB DEFAULT CHARSET=utf8mb4 COLLATE=utf8mb4_unicode_ci;

--
-- إرجاع أو استيراد بيانات الجدول `seller_reviews`
--

INSERT INTO `seller_reviews` (`review_id`, `order_id`, `review_seller_id`, `seller_rating`, `seller_review`) VALUES
(1, 1, 61, 1, 'great');

-- --------------------------------------------------------

--
-- بنية الجدول `seller_settings`
--

CREATE TABLE `seller_settings` (
  `id` int(100) NOT NULL,
  `seller_id` int(10) NOT NULL,
  `id_type` varchar(255) COLLATE utf8mb4_unicode_ci NOT NULL,
  `id_file` varchar(255) COLLATE utf8mb4_unicode_ci NOT NULL,
  `full_name` varchar(255) COLLATE utf8mb4_unicode_ci NOT NULL,
  `address` varchar(255) COLLATE utf8mb4_unicode_ci NOT NULL,
  `mobile_no` varchar(255) COLLATE utf8mb4_unicode_ci NOT NULL,
  `preferred_currency` varchar(255) COLLATE utf8mb4_unicode_ci NOT NULL,
  `bank_name` varchar(255) COLLATE utf8mb4_unicode_ci NOT NULL,
  `bank_country` varchar(255) COLLATE utf8mb4_unicode_ci NOT NULL,
  `bank_state_province_region` varchar(255) COLLATE utf8mb4_unicode_ci NOT NULL,
  `bank_city` varchar(255) COLLATE utf8mb4_unicode_ci NOT NULL,
  `account_name` varchar(255) COLLATE utf8mb4_unicode_ci NOT NULL,
  `account_no` varchar(255) COLLATE utf8mb4_unicode_ci NOT NULL,
  `iban_number` varchar(255) COLLATE utf8mb4_unicode_ci NOT NULL,
  `swift_code` text COLLATE utf8mb4_unicode_ci NOT NULL
) ENGINE=InnoDB DEFAULT CHARSET=utf8mb4 COLLATE=utf8mb4_unicode_ci;

--
-- إرجاع أو استيراد بيانات الجدول `seller_settings`
--

INSERT INTO `seller_settings` (`id`, `seller_id`, `id_type`, `id_file`, `full_name`, `address`, `mobile_no`, `preferred_currency`, `bank_name`, `bank_country`, `bank_state_province_region`, `bank_city`, `account_name`, `account_no`, `iban_number`, `swift_code`) VALUES
(17, 131, '', '', '', '', '', '', '', '', '', '', '', '', '', ''),
(18, 132, '', '', '', '', '', '', '', '', '', '', '', '', '', ''),
(19, 133, '', '', '', '', '', '', '', '', '', '', '', '', '', ''),
(20, 134, '', '', '', '', '', '', '', '', '', '', '', '', '', ''),
(21, 135, '', '', '', '', '', '', '', '', '', '', '', '', '', ''),
(22, 136, '', '', '', '', '', '', '', '', '', '', '', '', '', ''),
(23, 137, '', '', '', '', '', '', '', '', '', '', '', '', '', ''),
(24, 138, '', '', '', '', '', '', '', '', '', '', '', '', '', ''),
(25, 139, '', '', '', '', '', '', '', '', '', '', '', '', '', ''),
(26, 140, '', '', '', '', '', '', '', '', '', '', '', '', '', ''),
(27, 141, '', '', '', '', '', '', '', '', '', '', '', '', '', ''),
(28, 142, '', '', '', '', '', '', '', '', '', '', '', '', '', ''),
(29, 143, '', '', '', '', '', '', '', '', '', '', '', '', '', ''),
(30, 36, '', '', '', '', '', '', 'Muscat', 'سلطنة عمان', 'Muscat,Al Cornish', 'Muscat', 'Najood Saleem Al Khanjari', '0339000451770011', '', ''),
(31, 144, '', '', '', '', '', '', 'Bank Muscat', 'سلطنة عمان', 'Muttrah/Cournish', 'Muscat', 'Najood Saleem', '0339000451770089', '', ''),
(32, 145, '', '', '', '', '', '', '', '', '', '', '', '', '', ''),
(33, 146, '', '', '', '', '', '', '', '', '', '', '', '', '', ''),
(34, 147, '', '', '', '', '', '', '', '', '', '', '', '', '', ''),
(35, 148, '', '', '', '', '', '', '', '', '', '', '', '', '', ''),
(36, 149, '', '', '', '', '', '', '', '', '', '', '', '', '', ''),
(37, 150, '', '', '', '', '', '', '', '', '', '', '', '', '', ''),
(38, 151, '', '', '', '', '', '', '', '', '', '', '', '', '', ''),
(39, 152, '', '', '', '', '', '', '', '', '', '', '', '', '', ''),
(40, 153, '', '', '', '', '', '', '', '', '', '', '', '', '', ''),
(41, 154, '', '', '', '', '', '', '', '', '', '', '', '', '', ''),
(42, 155, '', '', '', '', '', '', '', '', '', '', '', '', '', ''),
(43, 156, '', '', '', '', '', '', '', '', '', '', '', '', '', ''),
(44, 157, '', '', '', '', '', '', '', '', '', '', '', '', '', ''),
(45, 158, '', '', '', '', '', '', '', '', '', '', '', '', '', ''),
(46, 159, '', '', '', '', '', '', '', '', '', '', '', '', '', ''),
(47, 160, '', '', '', '', '', '', '', '', '', '', '', '', '', ''),
(48, 161, '', '', '', '', '', '', '', '', '', '', '', '', '', ''),
(49, 162, '', '', '', '', '', '', '', '', '', '', '', '', '', ''),
(50, 163, '', '', '', '', '', '', '', '', '', '', '', '', '', ''),
(51, 164, '', '', '', '', '', '', '', '', '', '', '', '', '', ''),
(52, 165, '', '', '', '', '', '', '', '', '', '', '', '', '', ''),
(53, 166, '', '', '', '', '', '', '', '', '', '', '', '', '', ''),
(54, 167, '', '', '', '', '', '', '', '', '', '', '', '', '', ''),
(55, 168, '', '', '', '', '', '', '', '', '', '', '', '', '', ''),
(56, 169, '', '', '', '', '', '', '', '', '', '', '', '', '', ''),
(57, 170, '', '', '', '', '', '', '', '', '', '', '', '', '', ''),
(58, 171, '', '', '', '', '', '', '', '', '', '', '', '', '', ''),
(59, 172, '', '', '', '', '', '', '', '', '', '', '', '', '', ''),
(60, 173, '', '', '', '', '', '', '', '', '', '', '', '', '', ''),
(61, 174, '', '', '', '', '', '', '', '', '', '', '', '', '', '');

-- --------------------------------------------------------

--
-- بنية الجدول `seller_skills`
--

CREATE TABLE `seller_skills` (
  `skill_id` int(10) NOT NULL,
  `skill_title` text COLLATE utf8mb4_unicode_ci NOT NULL
) ENGINE=InnoDB DEFAULT CHARSET=utf8mb4 COLLATE=utf8mb4_unicode_ci;

--
-- إرجاع أو استيراد بيانات الجدول `seller_skills`
--

INSERT INTO `seller_skills` (`skill_id`, `skill_title`) VALUES
(1, 'Adobe CC'),
(2, 'تطوير مواقع'),
(3, 'تطوير تطبيقات'),
(4, 'دعم فني تقني'),
(5, 'ترجمة'),
(6, 'تصوير فوتوغرافي'),
(7, 'معالجة الصور والتلاعب بها'),
(8, 'محرر فيديو'),
(9, 'والكتابة والتحرير'),
(10, 'Coaching'),
(11, 'Presentations prepare '),
(12, 'Parents coaching'),
(13, 'Personality analysis');

-- --------------------------------------------------------

--
-- بنية الجدول `seller_type_status`
--

CREATE TABLE `seller_type_status` (
  `id` int(10) NOT NULL,
  `seller_id` int(10) NOT NULL,
  `message_group_id` text COLLATE utf8mb4_unicode_ci NOT NULL,
  `time` varchar(255) COLLATE utf8mb4_unicode_ci NOT NULL,
  `status` text COLLATE utf8mb4_unicode_ci NOT NULL
) ENGINE=InnoDB DEFAULT CHARSET=utf8mb4 COLLATE=utf8mb4_unicode_ci;

--
-- إرجاع أو استيراد بيانات الجدول `seller_type_status`
--

INSERT INTO `seller_type_status` (`id`, `seller_id`, `message_group_id`, `time`, `status`) VALUES
(1, 71, '1397187541', '2021-01-24 16:37:13', 'untyping'),
(2, 33, '1397187541', '2021-02-06 22:30:33', 'untyping'),
(3, 33, '1607530402', '2021-02-06 22:31:39', 'untyping'),
(4, 72, '1607530402', '2021-02-08 11:12:46', 'untyping'),
(5, 26, '1359501721', '2021-02-08 13:22:33', 'untyping'),
(6, 26, '123089710', '2021-02-08 13:22:56', 'untyping'),
(7, 94, '1610109251', '2021-04-04 15:08:47', 'untyping'),
(8, 94, '115642628', '2021-04-04 15:09:42', 'untyping'),
(9, 148, '1115906239', '2022-07-03 21:42:42', 'untyping'),
(10, 148, '793156982', '2022-07-03 21:44:19', 'untyping');

-- --------------------------------------------------------

--
-- بنية الجدول `send_offers`
--

CREATE TABLE `send_offers` (
  `offer_id` int(10) NOT NULL,
  `request_id` int(10) NOT NULL,
  `sender_id` int(10) NOT NULL,
  `proposal_id` int(10) NOT NULL,
  `description` text COLLATE utf8mb4_unicode_ci NOT NULL,
  `delivery_time` text COLLATE utf8mb4_unicode_ci NOT NULL,
  `amount` text COLLATE utf8mb4_unicode_ci NOT NULL,
  `status` text COLLATE utf8mb4_unicode_ci NOT NULL
) ENGINE=InnoDB DEFAULT CHARSET=utf8mb4 COLLATE=utf8mb4_unicode_ci;

-- --------------------------------------------------------

--
-- بنية الجدول `site_currencies`
--

CREATE TABLE `site_currencies` (
  `id` int(10) NOT NULL,
  `currency_id` int(10) NOT NULL,
  `code` varchar(255) COLLATE utf8mb4_unicode_ci NOT NULL,
  `position` varchar(255) COLLATE utf8mb4_unicode_ci NOT NULL,
  `format` varchar(255) COLLATE utf8mb4_unicode_ci NOT NULL,
  `rate` varchar(255) COLLATE utf8mb4_unicode_ci NOT NULL
) ENGINE=InnoDB DEFAULT CHARSET=utf8mb4 COLLATE=utf8mb4_unicode_ci;

-- --------------------------------------------------------

--
-- بنية الجدول `skills_relation`
--

CREATE TABLE `skills_relation` (
  `relation_id` int(10) NOT NULL,
  `seller_id` int(10) NOT NULL,
  `skill_id` int(10) NOT NULL,
  `skill_level` text COLLATE utf8mb4_unicode_ci NOT NULL
) ENGINE=InnoDB DEFAULT CHARSET=utf8mb4 COLLATE=utf8mb4_unicode_ci;

--
-- إرجاع أو استيراد بيانات الجدول `skills_relation`
--

INSERT INTO `skills_relation` (`relation_id`, `seller_id`, `skill_id`, `skill_level`) VALUES
(1, 33, 1, 'Expert'),
(2, 33, 2, 'Expert'),
(3, 33, 3, 'Expert'),
(4, 33, 4, 'Expert'),
(5, 33, 5, 'Expert'),
(6, 33, 6, 'Intermediate'),
(7, 33, 7, 'Expert'),
(8, 33, 8, 'Intermediate'),
(9, 70, 5, 'Expert'),
(10, 64, 9, 'Expert'),
(11, 64, 4, 'Beginner'),
(12, 82, 6, 'Intermediate'),
(13, 83, 8, 'متوسط'),
(14, 64, 5, 'Intermediate'),
(15, 123, 4, 'Intermediate'),
(16, 127, 8, 'Beginner'),
(17, 129, 6, 'Beginner'),
(18, 129, 7, 'Intermediate'),
(19, 129, 8, 'Intermediate'),
(20, 139, 8, 'Expert'),
(21, 139, 7, 'Expert'),
(22, 139, 3, 'Intermediate'),
(23, 139, 6, 'Intermediate'),
(24, 36, 10, 'Expert'),
(25, 36, 9, 'Expert'),
(26, 36, 11, 'Expert'),
(27, 36, 12, 'Expert'),
(28, 36, 13, 'Expert'),
(29, 144, 10, 'Expert'),
(30, 144, 13, 'Expert'),
(31, 144, 12, 'Expert'),
(32, 144, 11, 'Expert'),
(33, 103, 3, 'Intermediate');

-- --------------------------------------------------------

--
-- بنية الجدول `slider`
--

CREATE TABLE `slider` (
  `slide_id` int(10) NOT NULL,
  `language_id` int(10) NOT NULL,
  `slide_name` text COLLATE utf8mb4_unicode_ci NOT NULL,
  `slide_desc` text COLLATE utf8mb4_unicode_ci NOT NULL,
  `slide_image` text COLLATE utf8mb4_unicode_ci NOT NULL,
  `slide_url` text COLLATE utf8mb4_unicode_ci NOT NULL,
  `isS3` int(10) NOT NULL
) ENGINE=InnoDB DEFAULT CHARSET=utf8mb4 COLLATE=utf8mb4_unicode_ci;

--
-- إرجاع أو استيراد بيانات الجدول `slider`
--

INSERT INTO `slider` (`slide_id`, `language_id`, `slide_name`, `slide_desc`, `slide_image`, `slide_url`, `isS3`) VALUES
(27, 1, '', '', 'cover-01.jpg', 'https://www.altamkin.com/ALTAMKIN/', 0);

-- --------------------------------------------------------

--
-- بنية الجدول `smtp_settings`
--

CREATE TABLE `smtp_settings` (
  `id` int(10) NOT NULL,
  `library` varchar(255) COLLATE utf8mb4_unicode_ci NOT NULL,
  `enable_smtp` varchar(255) COLLATE utf8mb4_unicode_ci NOT NULL,
  `host` text COLLATE utf8mb4_unicode_ci NOT NULL,
  `port` text COLLATE utf8mb4_unicode_ci NOT NULL,
  `secure` text COLLATE utf8mb4_unicode_ci NOT NULL,
  `username` text COLLATE utf8mb4_unicode_ci NOT NULL,
  `password` text COLLATE utf8mb4_unicode_ci NOT NULL
) ENGINE=InnoDB DEFAULT CHARSET=utf8mb4 COLLATE=utf8mb4_unicode_ci;

--
-- إرجاع أو استيراد بيانات الجدول `smtp_settings`
--

INSERT INTO `smtp_settings` (`id`, `library`, `enable_smtp`, `host`, `port`, `secure`, `username`, `password`) VALUES
(1, 'swift_mailer', 'yes', 'mail.altamkin.com', '587', '', '_mainaccount@altamkin.com', 'iPOjG04_jYu@dEs0v5');

-- --------------------------------------------------------

--
-- بنية الجدول `spam_words`
--

CREATE TABLE `spam_words` (
  `id` int(10) NOT NULL,
  `word` varchar(255) COLLATE utf8mb4_unicode_ci NOT NULL
) ENGINE=InnoDB DEFAULT CHARSET=utf8mb4 COLLATE=utf8mb4_unicode_ci;

--
-- إرجاع أو استيراد بيانات الجدول `spam_words`
--

INSERT INTO `spam_words` (`id`, `word`) VALUES
(1, 'PayPal'),
(2, 'payoneer'),
(3, 'pay'),
(4, 'mobile'),
(5, 'contact'),
(6, 'email'),
(7, 'skype'),
(8, 'number'),
(9, '.com'),
(10, 'direct'),
(12, 'Pay'),
(13, 'Poop'),
(15, 'bad word'),
(16, 'siva'),
(17, 'Machi'),
(18, 'city'),
(19, 'facebook');

-- --------------------------------------------------------

--
-- بنية الجدول `starred_messages`
--

CREATE TABLE `starred_messages` (
  `id` int(10) NOT NULL,
  `seller_id` int(10) NOT NULL,
  `message_group_id` int(10) NOT NULL
) ENGINE=InnoDB DEFAULT CHARSET=utf8mb4 COLLATE=utf8mb4_unicode_ci;

-- --------------------------------------------------------

--
-- بنية الجدول `support_conversations`
--

CREATE TABLE `support_conversations` (
  `id` int(11) NOT NULL,
  `ticket_id` int(11) NOT NULL,
  `admin_id` int(11) NOT NULL,
  `sender_id` int(11) NOT NULL,
  `message` text NOT NULL,
  `date` text NOT NULL,
  `attachment` text DEFAULT NULL,
  `isS3` int(10) NOT NULL
) ENGINE=InnoDB DEFAULT CHARSET=utf8mb4;

-- --------------------------------------------------------

--
-- بنية الجدول `support_tickets`
--

CREATE TABLE `support_tickets` (
  `ticket_id` int(10) NOT NULL,
  `enquiry_id` int(10) NOT NULL,
  `number` int(11) NOT NULL,
  `sender_id` int(10) NOT NULL,
  `subject` text COLLATE utf8mb4_unicode_ci NOT NULL,
  `message` text COLLATE utf8mb4_unicode_ci NOT NULL,
  `order_number` text COLLATE utf8mb4_unicode_ci NOT NULL,
  `order_rule` text COLLATE utf8mb4_unicode_ci NOT NULL,
  `attachment` text COLLATE utf8mb4_unicode_ci NOT NULL,
  `date` text COLLATE utf8mb4_unicode_ci NOT NULL,
  `status` text COLLATE utf8mb4_unicode_ci NOT NULL,
  `isS3` int(10) NOT NULL
) ENGINE=InnoDB DEFAULT CHARSET=utf8mb4 COLLATE=utf8mb4_unicode_ci;

--
-- إرجاع أو استيراد بيانات الجدول `support_tickets`
--

INSERT INTO `support_tickets` (`ticket_id`, `enquiry_id`, `number`, `sender_id`, `subject`, `message`, `order_number`, `order_rule`, `attachment`, `date`, `status`, `isS3`) VALUES
(1, 2, 702142278, 69, 'test tickets', 'text test ticket', '123456', 'Buyer', '', '09:54 Jan 05, 2021', 'close', 0),
(2, 1, 99544431, 1, 'test tickets', 'Test ', '51254215', 'Buyer', '', '12:18 Jan 25, 2021', 'Close', 0);

-- --------------------------------------------------------

--
-- بنية الجدول `temp_extras`
--

CREATE TABLE `temp_extras` (
  `id` int(10) NOT NULL,
  `reference_no` varchar(255) COLLATE utf8mb4_unicode_ci NOT NULL,
  `buyer_id` int(10) NOT NULL,
  `item_id` int(10) NOT NULL,
  `proposal_id` int(10) NOT NULL,
  `name` text COLLATE utf8mb4_unicode_ci NOT NULL,
  `price` text COLLATE utf8mb4_unicode_ci NOT NULL
) ENGINE=InnoDB DEFAULT CHARSET=utf8mb4 COLLATE=utf8mb4_unicode_ci;

-- --------------------------------------------------------

--
-- بنية الجدول `temp_orders`
--

CREATE TABLE `temp_orders` (
  `id` int(10) NOT NULL,
  `reference_no` varchar(255) COLLATE utf8mb4_unicode_ci NOT NULL,
  `buyer_id` int(10) NOT NULL,
  `content_id` int(10) NOT NULL,
  `qty` int(10) NOT NULL,
  `price` varchar(255) COLLATE utf8mb4_unicode_ci NOT NULL,
  `total` varchar(255) COLLATE utf8mb4_unicode_ci NOT NULL,
  `delivery_id` int(10) NOT NULL,
  `revisions` varchar(255) COLLATE utf8mb4_unicode_ci NOT NULL,
  `minutes` int(10) NOT NULL,
  `video` int(10) NOT NULL,
  `extras` text COLLATE utf8mb4_unicode_ci NOT NULL,
  `type` varchar(255) COLLATE utf8mb4_unicode_ci NOT NULL,
  `currency` varchar(255) COLLATE utf8mb4_unicode_ci NOT NULL,
  `method` varchar(255) COLLATE utf8mb4_unicode_ci NOT NULL,
  `message` text COLLATE utf8mb4_unicode_ci NOT NULL,
  `status` varchar(255) COLLATE utf8mb4_unicode_ci NOT NULL
) ENGINE=InnoDB DEFAULT CHARSET=utf8mb4 COLLATE=utf8mb4_unicode_ci;

--
-- إرجاع أو استيراد بيانات الجدول `temp_orders`
--

INSERT INTO `temp_orders` (`id`, `reference_no`, `buyer_id`, `content_id`, `qty`, `price`, `total`, `delivery_id`, `revisions`, `minutes`, `video`, `extras`, `type`, `currency`, `method`, `message`, `status`) VALUES
(126, '196308672', 1, 53, 1, '2', '2', 1, '0', 0, 0, '', 'cart_item', '', '', '', ''),
(127, '28012743247555711', 1, 196308672, 1, '2', '4', 0, '', 0, 0, '', 'cart', '', 'paypal', '', ''),
(134, '1573568571', 1, 53, 1, '2', '2', 1, '0', 0, 0, '', 'cart_item', '', '', '', ''),
(135, '1475401832', 1, 53, 1, '2', '2', 1, '0', 0, 0, '', 'cart_item', '', '', '', ''),
(136, '1075568429', 1, 53, 1, '2', '2', 1, '0', 0, 0, '', 'cart_item', '', '', '', ''),
(141, '891509660', 1, 53, 1, '2', '2', 1, '0', 0, 0, '', 'cart_item', '', '', '', ''),
(142, '1129015074', 26, 55, 1, '2', '2', 1, '0', 0, 0, '', 'cart_item', '', '', '', ''),
(143, '689247065', 26, 55, 1, '2', '2', 1, '0', 0, 0, '', 'cart_item', '', '', '', ''),
(144, '1474943831', 26, 55, 1, '2', '2', 1, '0', 0, 0, '', 'cart_item', '', '', '', ''),
(145, '1282940855', 26, 55, 1, '2', '2', 1, '0', 0, 0, '', 'cart_item', '', '', '', ''),
(148, '677833725', 26, 55, 1, '2', '2', 1, '0', 0, 0, '', 'cart_item', '', '', '', ''),
(151, '715663646', 26, 55, 1, '2', '3.18', 1, '0', 0, 0, '', 'cart_item', '', '', '', ''),
(152, '589034158', 26, 55, 1, '2', '3.18', 1, '0', 0, 0, '', 'cart_item', '', '', '', ''),
(153, '1334484083', 26, 55, 1, '2', '3.18', 1, '0', 0, 0, '', 'cart_item', '', '', '', ''),
(154, '775233204', 26, 55, 1, '2', '3.18', 1, '0', 0, 0, '', 'cart_item', '', '', '', ''),
(155, '1367364997', 26, 55, 1, '2', '3.18', 1, '0', 0, 0, '', 'cart_item', '', '', '', ''),
(156, '744212174', 26, 55, 1, '2', '3.18', 1, '0', 0, 0, '', 'cart_item', '', '', '', ''),
(157, '890794558', 26, 55, 1, '2', '2', 1, '0', 0, 0, '', 'cart_item', '', '', '', ''),
(170, '1407518348', 72, 39, 1, '2', '2', 1, '0', 0, 0, '', 'cart_item', '', '', '', ''),
(171, '0KN03845VC798234C', 72, 1407518348, 1, '2', '4', 0, '', 0, 0, '', 'cart', '', 'paypal', '', ''),
(182, '790458970', 26, 47, 1, '8', '8', 2, '0', 0, 0, '', 'cart_item', '', '', '', ''),
(183, '2LB90678JJ9074544', 26, 790458970, 1, '8', '10', 0, '', 0, 0, '', 'cart', '', 'paypal', '', ''),
(184, '623967363', 26, 47, 1, '8', '8', 2, '0', 0, 0, '', 'cart_item', '', '', '', ''),
(185, '50F15476G10888215', 26, 623967363, 1, '8', '10', 0, '', 0, 0, '', 'cart', '', 'paypal', '', ''),
(186, '714806670', 26, 47, 1, '8', '8', 2, '0', 0, 0, '', 'cart_item', '', '', '', ''),
(187, '35U881511A150740G', 26, 714806670, 1, '8', '10', 0, '', 0, 0, '', 'cart', '', 'paypal', '', ''),
(192, '64574375', 26, 47, 1, '8', '8', 2, '0', 0, 0, '', 'cart_item', '', '', '', ''),
(193, '9PG98605BS8948455', 26, 64574375, 1, '8', '10', 0, '', 0, 0, '', 'cart', '', 'paypal', '', ''),
(194, '478083040', 26, 47, 1, '8', '8', 2, '0', 0, 0, '', 'cart_item', '', '', '', ''),
(195, '4XG53199VM6254440', 26, 478083040, 1, '8', '10', 0, '', 0, 0, '', 'cart', '', 'paypal', '', ''),
(196, '1743364036', 26, 47, 1, '8', '8', 2, '0', 0, 0, '', 'cart_item', '', '', '', ''),
(197, '38744239SD6274901', 26, 1743364036, 1, '8', '10', 0, '', 0, 0, '', 'cart', '', 'paypal', '', ''),
(202, '99199797', 26, 47, 1, '8', '8', 2, '0', 0, 0, '', 'cart_item', '', '', '', ''),
(203, '6P145114H5419791U', 26, 99199797, 1, '8', '10', 0, '', 0, 0, '', 'cart', '', 'paypal', '', ''),
(220, '347725266', 72, 93, 1, '10', '10', 1, '0', 0, 0, '', 'cart_item', '', '', '', ''),
(221, '83F77933LM651924X', 72, 347725266, 1, '10', '12', 0, '', 0, 0, '', 'cart', '', 'paypal', '', ''),
(224, '616933900', 26, 57, 1, '5', '5', 1, '0', 0, 0, '', 'cart_item', '', '', '', ''),
(227, '924663777', 26, 57, 1, '5', '5', 1, '0', 0, 0, '', 'cart_item', '', '', '', ''),
(228, '5NS48937GN002342N', 26, 924663777, 1, '5', '7', 0, '', 0, 0, '', 'cart', '', 'paypal', '', ''),
(229, '964175051', 26, 57, 1, '5', '5', 1, '0', 0, 0, '', 'cart_item', '', '', '', ''),
(230, '1J365032UA606254G', 26, 964175051, 1, '5', '7', 0, '', 0, 0, '', 'cart', '', 'paypal', '', ''),
(231, '213182691', 26, 57, 1, '5', '5', 1, '0', 0, 0, '', 'cart_item', '', '', '', ''),
(232, '1VM25476YS874050Y', 26, 213182691, 1, '5', '7', 0, '', 0, 0, '', 'cart', '', 'paypal', '', ''),
(235, '860622784', 26, 57, 1, '5', '5', 1, '0', 0, 0, '', 'cart_item', '', '', '', ''),
(236, '3GX30476791004023', 26, 860622784, 1, '5', '7', 0, '', 0, 0, '', 'cart', '', 'paypal', '', ''),
(237, '685601554', 26, 57, 1, '5', '5', 1, '0', 0, 0, '', 'cart_item', '', '', '', ''),
(238, '9R4402001B789283Y', 26, 685601554, 1, '5', '7', 0, '', 0, 0, '', 'cart', '', 'paypal', '', ''),
(241, '359634655', 26, 57, 1, '5', '5', 1, '0', 0, 0, '', 'cart_item', '', '', '', ''),
(242, '9NY43104J67335518', 26, 359634655, 1, '5', '7', 0, '', 0, 0, '', 'cart', '', 'paypal', '', ''),
(243, '659965877', 26, 57, 1, '5', '5', 1, '0', 0, 0, '', 'cart_item', '', '', '', ''),
(244, '19N3118300176154X', 26, 659965877, 1, '5', '7', 0, '', 0, 0, '', 'cart', '', 'paypal', '', ''),
(245, '1455339692', 26, 57, 1, '5', '5', 1, '0', 0, 0, '', 'cart_item', '', '', '', ''),
(246, '47A01563W5304472N', 26, 1455339692, 1, '5', '7', 0, '', 0, 0, '', 'cart', '', 'paypal', '', ''),
(247, '881073758', 26, 57, 1, '5', '5', 1, '0', 0, 0, '', 'cart_item', '', '', '', ''),
(248, '0WN01936AK139383B', 26, 881073758, 1, '5', '7', 0, '', 0, 0, '', 'cart', '', 'paypal', '', ''),
(249, '446587394', 26, 57, 1, '5', '5', 1, '0', 0, 0, '', 'cart_item', '', '', '', ''),
(250, '7B442973B3196754R', 26, 446587394, 1, '5', '7', 0, '', 0, 0, '', 'cart', '', 'paypal', '', ''),
(251, '1927419985', 26, 57, 1, '5', '5', 1, '0', 0, 0, '', 'cart_item', '', '', '', ''),
(252, '75S12809BW477743F', 26, 1927419985, 1, '5', '7', 0, '', 0, 0, '', 'cart', '', 'paypal', '', ''),
(253, '137917687', 26, 57, 1, '5', '5', 1, '0', 0, 0, '', 'cart_item', '', '', '', ''),
(254, '0BC456230W744192N', 26, 137917687, 1, '5', '7', 0, '', 0, 0, '', 'cart', '', 'paypal', '', ''),
(255, '268217247', 26, 57, 1, '5', '5', 1, '0', 0, 0, '', 'cart_item', '', '', '', ''),
(256, '8KH77758FT334962X', 26, 268217247, 1, '5', '7', 0, '', 0, 0, '', 'cart', '', 'paypal', '', ''),
(257, '181579351', 26, 57, 1, '5', '5', 1, '0', 0, 0, '', 'cart_item', '', '', '', ''),
(258, '3FF58392K7709023V', 26, 181579351, 1, '5', '7', 0, '', 0, 0, '', 'cart', '', 'paypal', '', ''),
(263, '1183361981', 26, 57, 1, '5', '5', 1, '0', 0, 0, '', 'cart_item', '', '', '', ''),
(264, '89R64715TG3325800', 26, 1183361981, 1, '5', '7', 0, '', 0, 0, '', 'cart', '', 'paypal', '', ''),
(265, '891564642', 26, 57, 1, '5', '5', 1, '0', 0, 0, '', 'cart_item', '', '', '', ''),
(266, '5A263764UM022411V', 26, 891564642, 1, '5', '7', 0, '', 0, 0, '', 'cart', '', 'paypal', '', ''),
(275, '257078482', 72, 93, 1, '10', '10', 1, '0', 0, 0, '', 'cart_item', '', '', '', ''),
(276, '6DG125260D2529335', 72, 257078482, 1, '10', '12', 0, '', 0, 0, '', 'cart', '', 'paypal', '', 'completed'),
(277, '1438542951', 26, 57, 1, '5', '5', 1, '0', 0, 0, '', 'cart_item', '', '', '', ''),
(278, '7AE26201XJ144240V', 26, 1438542951, 1, '5', '7', 0, '', 0, 0, '', 'cart', '', 'paypal', '', ''),
(279, '363669778', 72, 93, 1, '10', '10', 1, '0', 0, 0, '', 'cart_item', '', '', '', ''),
(280, '3X443286SY709722U', 72, 363669778, 1, '10', '12', 0, '', 0, 0, '', 'cart', '', 'paypal', '', ''),
(281, '1456172270', 72, 93, 1, '10', '10', 1, '0', 0, 0, '', 'cart_item', '', '', '', ''),
(282, '4D940133NK336501R', 72, 1456172270, 1, '10', '12', 0, '', 0, 0, '', 'cart', '', 'paypal', '', ''),
(283, '852585060', 72, 93, 1, '10', '10', 1, '0', 0, 0, '', 'cart_item', '', '', '', ''),
(284, '3H350086JV8155911', 72, 852585060, 1, '10', '12', 0, '', 0, 0, '', 'cart', '', 'paypal', '', 'completed'),
(285, '1559202743', 72, 93, 1, '10', '10', 1, '0', 0, 0, '', 'cart_item', '', '', '', ''),
(286, '55Y74439BF9435703', 72, 1559202743, 1, '10', '12', 0, '', 0, 0, '', 'cart', '', 'paypal', '', ''),
(287, '393028672', 72, 93, 1, '10', '10', 1, '0', 0, 0, '', 'cart_item', '', '', '', ''),
(288, '8F441547VC7356707', 72, 393028672, 1, '10', '12', 0, '', 0, 0, '', 'cart', '', 'paypal', '', ''),
(291, '336041727', 72, 93, 1, '10', '10', 1, '0', 0, 0, '', 'cart_item', '', '', '', ''),
(292, '0VF10176DX2706243', 72, 336041727, 1, '10', '12', 0, '', 0, 0, '', 'cart', '', 'paypal', '', ''),
(293, '846711358', 72, 93, 1, '10', '10', 1, '0', 0, 0, '', 'cart_item', '', '', '', ''),
(294, '6YN528999C5119420', 72, 846711358, 1, '10', '12', 0, '', 0, 0, '', 'cart', '', 'paypal', '', ''),
(303, '337432768', 72, 93, 1, '10', '10', 1, '0', 0, 0, '', 'cart_item', '', '', '', ''),
(304, '29T10880NG630415J', 72, 337432768, 1, '10', '12', 0, '', 0, 0, '', 'cart', '', 'paypal', '', ''),
(305, '1016508298', 72, 93, 1, '10', '10', 1, '0', 0, 0, '', 'cart_item', '', '', '', ''),
(306, '7R521596NJ922025B', 72, 1016508298, 1, '10', '12', 0, '', 0, 0, '', 'cart', '', 'paypal', '', ''),
(307, '1806074809', 72, 93, 1, '10', '10', 1, '0', 0, 0, '', 'cart_item', '', '', '', ''),
(308, '44X21129GW145303Y', 72, 1806074809, 1, '10', '12', 0, '', 0, 0, '', 'cart', '', 'paypal', '', ''),
(309, '1370166719', 72, 93, 1, '10', '10', 1, '0', 0, 0, '', 'cart_item', '', '', '', ''),
(310, '5MG3911618304445T', 72, 1370166719, 1, '10', '12', 0, '', 0, 0, '', 'cart', '', 'paypal', '', ''),
(311, '1907214471', 26, 57, 1, '5', '5', 1, '0', 0, 0, '', 'cart_item', '', '', '', ''),
(312, '8BM09887079238013', 26, 1907214471, 1, '5', '7', 0, '', 0, 0, '', 'cart', '', 'paypal', '', ''),
(315, '2125940280', 72, 93, 1, '10', '10', 1, '0', 0, 0, '', 'cart_item', '', '', '', ''),
(316, '0PT86677YA764823R', 72, 2125940280, 1, '10', '12', 0, '', 0, 0, '', 'cart', '', 'paypal', '', ''),
(317, '1639136555', 72, 46, 1, '5', '5', 2, '0', 0, 0, '', 'cart_item', '', '', '', ''),
(318, '70C79465EU002543N', 72, 1639136555, 1, '5', '7', 0, '', 0, 0, '', 'cart', '', 'paypal', '', ''),
(319, '938371231', 72, 46, 1, '5', '5', 2, '0', 0, 0, '', 'cart_item', '', '', '', ''),
(320, '7604731999436450G', 72, 938371231, 1, '5', '7', 0, '', 0, 0, '', 'cart', '', 'paypal', '', ''),
(321, '784414015', 72, 46, 1, '5', '5', 2, '0', 0, 0, '', 'cart_item', '', '', '', ''),
(322, '8FD97248KJ7820053', 72, 784414015, 1, '5', '7', 0, '', 0, 0, '', 'cart', '', 'paypal', '', ''),
(323, '1470676366', 72, 46, 1, '5', '5', 2, '0', 0, 0, '', 'cart_item', '', '', '', ''),
(324, '9XV80078G7684301F', 72, 1470676366, 1, '5', '7', 0, '', 0, 0, '', 'cart', '', 'paypal', '', ''),
(325, '324884479', 72, 46, 1, '5', '5', 2, '0', 0, 0, '', 'cart_item', '', '', '', ''),
(326, '5EW01327GM1972247', 72, 324884479, 1, '5', '7', 0, '', 0, 0, '', 'cart', '', 'paypal', '', ''),
(331, '602489547', 72, 46, 1, '5', '5', 2, '0', 0, 0, '', 'cart_item', '', '', '', ''),
(332, '6UK9104077864323G', 72, 602489547, 1, '5', '7', 0, '', 0, 0, '', 'cart', '', 'paypal', '', ''),
(333, '838017527', 72, 46, 1, '5', '5', 2, '0', 0, 0, '', 'cart_item', '', '', '', ''),
(334, '24T666905N5570051', 72, 838017527, 1, '5', '7', 0, '', 0, 0, '', 'cart', '', 'paypal', '', ''),
(335, '1297088642', 72, 46, 1, '5', '5', 2, '0', 0, 0, '', 'cart_item', '', '', '', ''),
(336, '3D5611820T073034U', 72, 1297088642, 1, '5', '7', 0, '', 0, 0, '', 'cart', '', 'paypal', '', ''),
(337, '82075635', 72, 46, 1, '5', '5', 2, '0', 0, 0, '', 'cart_item', '', '', '', ''),
(338, '43N86122YM172825G', 72, 82075635, 1, '5', '7', 0, '', 0, 0, '', 'cart', '', 'paypal', '', ''),
(343, '1015300539', 72, 46, 1, '5', '5', 2, '0', 0, 0, '', 'cart_item', '', '', '', ''),
(344, '7LS54430BR264441P', 72, 1015300539, 1, '5', '7', 0, '', 0, 0, '', 'cart', '', 'paypal', '', ''),
(355, '1199247530', 72, 46, 1, '5', '5', 2, '0', 0, 0, '', 'cart_item', '', '', '', ''),
(356, '8FK269396T718913W', 72, 1199247530, 1, '5', '7', 0, '', 0, 0, '', 'cart', '', 'paypal', '', ''),
(357, '162284655', 145, 120, 1, '10', '10', 1, '0', 0, 0, '', 'cart_item', '', '', '', ''),
(362, '1U865157P9022463P', 48, 58, 1, '25', '27', 8, '0', 0, 0, '', 'proposal', '', 'paypal', '', ''),
(365, '9C687088PN820902H', 48, 58, 1, '25', '27', 8, '0', 0, 0, '', 'proposal', '', 'paypal', '', ''),
(366, '60L033270D059863E', 48, 58, 1, '25', '27', 8, '0', 0, 0, '', 'proposal', '', 'paypal', '', ''),
(367, '9YX54085LN081710B', 48, 58, 1, '25', '27', 8, '0', 0, 0, '', 'proposal', '', 'paypal', '', '');

-- --------------------------------------------------------

--
-- بنية الجدول `terms`
--

CREATE TABLE `terms` (
  `term_id` int(10) NOT NULL,
  `language_id` int(10) NOT NULL,
  `term_title` text COLLATE utf8mb4_unicode_ci NOT NULL,
  `term_link` text COLLATE utf8mb4_unicode_ci NOT NULL,
  `term_description` text COLLATE utf8mb4_unicode_ci NOT NULL
) ENGINE=InnoDB DEFAULT CHARSET=utf8mb4 COLLATE=utf8mb4_unicode_ci;

--
-- إرجاع أو استيراد بيانات الجدول `terms`
--

INSERT INTO `terms` (`term_id`, `language_id`, `term_title`, `term_link`, `term_description`) VALUES
(1, 1, 'Terms &amp; Conditions', 'Legal-Notice', '\n<p>SOON</p>\n'),
(2, 1, 'Refunds Policy', 'refund', '\n<p><span style=\"color: rgb(0, 0, 0);\">It is a long established fact that a reader will be distracted by the readable content of a page when looking at its layout. The point of using Lorem Ipsum is that it has a more-or-less normal distribution of letters, as opposed to using \'Content here, content here\', making it look like readable English.</span></p><p><span style=\"color: rgb(0, 0, 0);\">Many desktop publishing packages and web page editors now use Lorem Ipsum as their default model text, and a search for \'lorem ipsum\' will uncover many web sites still in their infancy. Various versions have evolved over the years, sometimes by accident, sometimes on purpose (injected humour and the like).</span></p><p><span style=\"color: rgb(0, 0, 0);\">Why do we use it? It is a long established fact that a reader will be distracted by the readable content of a page when looking at its layout. The point of using Lorem Ipsum is that it has a more-or-less normal distribution of letters, as opposed to using \'Content here, content here\', making it look like readable English.</span></p><p><span style=\"color: rgb(0, 0, 0);\">Many desktop publishing packages and web page editors now use Lorem Ipsum as their default model text, and a search for \'lorem ipsum\' will uncover many web sites still in their infancy. Various versions have evolved over the years, sometimes by accident, sometimes on purpose (injected humour and the like).</span></p><p><span style=\"color: rgb(0, 0, 0);\">Where does it come from? Contrary to popular belief, Lorem Ipsum is not simply random text. It has roots in a piece of classical Latin literature from 45 BC, making it over 2000 years old. Richard McClintock, a Latin professor at Hampden-Sydney College in Virginia, looked up one of the more obscure Latin words, consectetur, from a Lorem Ipsum passage, and going through the cites of the word in classical literature, discovered the undoubtable source. Lorem Ipsum comes from sections 1.10.32 and 1.10.33 of \"de Finibus Bonorum et Malorum\" (The Extremes of Good and Evil) by Cicero, written in 45 BC. This book is a treatise on the theory of ethics, very popular during the Renaissance. The first line of Lorem Ipsum, \"Lorem ipsum dolor sit amet..\", comes from a line in section 1.10.32. The standard chunk of Lorem Ipsum used since the 1500s is reproduced below for those interested. Sections 1.10.32 and 1.10.33 from \"de Finibus Bonorum et Malorum\" by Cicero are also reproduced in their exact original form, accompanied by English versions from the 1914 translation by H. Rackham.</span><br></p>\r\n\r\n\r\n\n'),
(3, 2, 'شروط الخدمة', 'Legal-Notice-ar', '\n<h3 style=\"text-align: right; \"><b><span style=\"font-size: 18px;\">&#1575;&#1604;&#1588;&#1585;&#1608;&#1591; &#1608;&#1575;&#1604;&#1575;&#1581;&#1603;&#1575;&#1605;</span></b></h3><p style=\"text-align: right; \"><span style=\"font-size: 18px;\">&nbsp;&#1610;&#1607;&#1583;&#1601; &#1605;&#1608;&#1602;&#1593; &#1575;&#1604;&#1578;&#1605;&#1603;&#1610;&#1606; &#1604;&#1578;&#1587;&#1607;&#1610;&#1604; &#1575;&#1604;&#1581;&#1589;&#1608;&#1604; &#1593;&#1604;&#1609; &#1575;&#1604;&#1575;&#1587;&#1578;&#1588;&#1575;&#1585;&#1577; &#1575;&#1604;&#1589;&#1581;&#1610;&#1581;&#1577; &#1605;&#1606; &#1602;&#1576;&#1604; &#1605;&#1587;&#1578;&#1588;&#1575;&#1585;&#1610;&#1606; &#1605;&#1578;&#1582;&#1589;&#1589;&#1610;&#1606; &#1593;&#1606; &#1576;&#1593;&#1583;.</span><br></p><p style=\"text-align: right; \"><span style=\"font-size: 18px;\">&nbsp;&#1608;&#1578;&#1605;&#1579;&#1604; &#1607;&#1584;&#1607; &#1575;&#1604;&#1588;&#1585;&#1608;&#1591; &#1608;&#1575;&#1604;&#1575;&#1581;&#1603;&#1575;&#1605; &#1575;&#1578;&#1601;&#1575;&#1602; &#1585;&#1587;&#1605;&#1610; &#1608;&#1593;&#1602;&#1583; &#1576;&#1610;&#1606; &#1605;&#1608;&#1602;&#1593; &#1575;&#1604;&#1578;&#1605;&#1603;&#1610;&#1606; &#1608;&#1575;&#1604;&#1605;&#1587;&#1578;&#1582;&#1583;&#1605;&#1548; &#1608;&#1603;&#1584;&#1604;&#1603; &#1575;&#1604;&#1605;&#1587;&#1578;&#1588;&#1575;&#1585;.</span><br></p><p style=\"text-align: right; \">&#1571;&#1610; &#1575;&#1587;&#1578;&#1582;&#1583;&#1575;&#1605; &#1605;&#1606; &#1602;&#1576;&#1604;&#1603; &#1603;&#1605;&#1587;&#1578;&#1582;&#1583;&#1605; &#1604;&#1571;&#1610; &#1605;&#1606; &#1575;&#1604;&#1582;&#1583;&#1605;&#1575;&#1578; &#1575;&#1604;&#1578;&#1610; &#1610;&#1602;&#1583;&#1605;&#1607;&#1575; &#1605;&#1608;&#1602;&#1593;<span style=\"font-size: 18px;\"> \"&#1575;&#1604;&#1578;&#1605;&#1603;&#1610;&#1606;\" &#1610;&#1593;&#1578;&#1576;&#1585; &#1605;&#1608;&#1575;&#1601;&#1602;&#1577; &#1605;&#1606;&#1603; &#1593;&#1604;&#1609; &#1607;&#1584;&#1575; &#1575;&#1604;&#1593;&#1602;&#1583; &#1608;&#1571;&#1581;&#1603;&#1575;&#1605;&#1607;&#1548; &#1608;&#1578;&#1576;&#1593;&#1575;&#1611; &#1604;&#1584;&#1604;&#1603;&#1548; &#1610;&#1580;&#1576; &#1593;&#1604;&#1610;&#1603; &#1593;&#1583;&#1605; &#1575;&#1587;&#1578;&#1582;&#1583;&#1575;&#1605; &#1575;&#1604;&#1605;&#1608;&#1602;&#1593; &#1601;&#1610; &#1581;&#1575;&#1604; &#1604;&#1605; &#1578;&#1603;&#1606; &#1605;&#1608;&#1575;&#1601;&#1602;&#1575;&#1611; &#1593;&#1604;&#1609; &#1575;&#1604;&#1571;&#1581;&#1603;&#1575;&#1605; &#1608;&#1575;&#1604;&#1588;&#1585;&#1608;&#1591; &#1575;&#1604;&#1608;&#1575;&#1585;&#1583;&#1577; &#1601;&#1610; &#1607;&#1584;&#1575; &#1575;&#1604;&#1593;&#1602;&#1583;.</span><br></p><p style=\"text-align: right; \"><span style=\"font-size: 18px;\">&nbsp;&#1607;&#1584;&#1575; &#1608;&#1610;&#1581;&#1578;&#1601;&#1592;&nbsp; &#1605;&#1608;&#1602;&#1593; &#1575;&#1604;&#1578;&#1605;&#1603;&#1610;&#1606; &#1576;&#1581;&#1602; &#1578;&#1593;&#1583;&#1610;&#1604; &#1571;&#1608; &#1578;&#1594;&#1610;&#1610;&#1585; &#1607;&#1584;&#1607; &#1575;&#1604;&#1571;&#1581;&#1603;&#1575;&#1605; &#1608;&#1575;&#1604;&#1588;&#1585;&#1608;&#1591; &#1601;&#1610; &#1571;&#1610; &#1608;&#1602;&#1578;&#1548; &#1603;&#1605;&#1575; &#1608;&#1587;&#1610;&#1578;&#1605; &#1606;&#1588;&#1585;&#1607;&#1575; &#1593;&#1604;&#1609; &#1575;&#1604;&#1605;&#1608;&#1602;&#1593; &#1575;&#1604;&#1573;&#1604;&#1603;&#1578;&#1585;&#1608;&#1606;&#1610;&#1548; &#1608;&#1578;&#1603;&#1608;&#1606; &#1605;&#1587;&#1572;&#1608;&#1604;&#1575; &#1603;&#1605;&#1587;&#1578;&#1582;&#1583;&#1605; &#1571;&#1608; &#1603;&#1605;&#1587;&#1578;&#1588;&#1575;&#1585; &#1593;&#1606; &#1605;&#1585;&#1575;&#1580;&#1593;&#1577; &#1607;&#1584;&#1607; &#1575;&#1604;&#1588;&#1585;&#1608;&#1591; &#1608;&#1575;&#1604;&#1571;&#1581;&#1603;&#1575;&#1605; &#1576;&#1588;&#1603;&#1604; &#1583;&#1608;&#1585;&#1610;.</span><br></p><p style=\"text-align: right; \"><span style=\"font-size: 18px;\">&nbsp;&#1603;&#1605;&#1575; &#1606;&#1571;&#1605;&#1604; &#1605;&#1606;&#1603; &#1605;&#1585;&#1575;&#1580;&#1593;&#1577; &#1587;&#1610;&#1575;&#1587;&#1577; &#1575;&#1604;&#1582;&#1589;&#1608;&#1589;&#1610;&#1577;&#1548; &#1604;&#1605;&#1593;&#1585;&#1601;&#1577; &#1575;&#1604;&#1605;&#1586;&#1610;&#1583; &#1581;&#1608;&#1604; &#1591;&#1585;&#1610;&#1602;&#1577; &#1575;&#1587;&#1578;&#1582;&#1583;&#1575;&#1605; &#1575;&#1604;&#1605;&#1608;&#1602;&#1593;&#1548; &#1608;&#1581;&#1602;&#1608;&#1602; &#1575;&#1604;&#1571;&#1591;&#1585;&#1575;&#1601;.</span><br></p><p style=\"text-align: right; \"><span style=\"font-size: 18px;\">&nbsp;&#1581;&#1610;&#1579; &#1610;&#1603;&#1608;&#1606; &#1575;&#1587;&#1578;&#1582;&#1583;&#1575;&#1605;&#1603; &#1604;&#1605;&#1608;&#1602;&#1593; &#1575;&#1604;&#1578;&#1605;&#1603;&#1610;&#1606; &#1571;&#1606;&#1578; &#1578;&#1602;&#1585; &#1576;&#1605;&#1608;&#1575;&#1601;&#1602;&#1578;&#1603; &#1575;&#1604;&#1603;&#1575;&#1605;&#1604;&#1577; &#1593;&#1604;&#1609; &#1607;&#1584;&#1607; &#1575;&#1604;&#1588;&#1585;&#1608;&#1591;.</span><br></p><h3 style=\"text-align: right; \"><b>&#1571;&#1608;&#1604;&#1575;: &#1593;&#1605;&#1585; &#1575;&#1604;&#1605;&#1587;&#1578;&#1582;&#1583;&#1605;&nbsp;</b></h3><p style=\"text-align: right; \"><span style=\"font-size: 18px;\">&nbsp;&#1610;&#1602;&#1585; &#1575;&#1604;&#1605;&#1587;&#1578;&#1582;&#1583;&#1605; &#1575;&#1604;&#1605;&#1587;&#1580;&#1604; &#1601;&#1610; &#1605;&#1608;&#1602;&#1593; &#1575;&#1604;&#1578;&#1605;&#1603;&#1610;&#1606; &#1571;&#1606; &#1593;&#1605;&#1585;&#1607; &#1604;&#1575; &#1610;&#1602;&#1604; &#1593;&#1606; 18 &#1587;&#1606;&#1577; &#1605;&#1610;&#1604;&#1575;&#1583;&#1610;&#1577; &#1593;&#1606;&#1583; &#1575;&#1604;&#1578;&#1587;&#1580;&#1610;&#1604;&#1548; &#1608;&#1602;&#1583; &#1610;&#1591;&#1604;&#1576; &#1605;&#1608;&#1602;&#1593; \"&#1575;&#1604;&#1578;&#1605;&#1603;&#1610;&#1606;\" &#1608;&#1579;&#1575;&#1574;&#1602; &#1578;&#1579;&#1576;&#1578; &#1584;&#1604;&#1603; &#1573;&#1584;&#1575; &#1583;&#1593;&#1578; &#1575;&#1604;&#1581;&#1575;&#1580;&#1577;.</span><br></p><p style=\"text-align: right; \"><span style=\"font-size: 18px;\">&nbsp;&#1603;&#1605;&#1575; &#1610;&#1602;&#1585; &#1575;&#1604;&#1605;&#1587;&#1578;&#1582;&#1583;&#1605; &#1576;&#1571;&#1606;&#1607; &#1610;&#1578;&#1605;&#1578;&#1593; &#1576;&#1603;&#1575;&#1605;&#1604; &#1602;&#1608;&#1575;&#1607; &#1575;&#1604;&#1593;&#1602;&#1604;&#1610;&#1577; &#1608;&#1587;&#1591;&#1604;&#1578;&#1607; &#1604;&#1604;&#1578;&#1593;&#1575;&#1602;&#1583;&#1548; &#1608;&#1571;&#1606;&#1607; &#1576;&#1584;&#1604;&#1603; &#1604;&#1606; &#1610;&#1603;&#1608;&#1606; &#1605;&#1606;&#1578;&#1607;&#1603;&#1575;&#1611; &#1604;&#1571;&#1610; &#1602;&#1575;&#1606;&#1608;&#1606; &#1571;&#1608; &#1593;&#1602;&#1583;.</span><br></p><h3 style=\"text-align: right; \"><b>&#1579;&#1575;&#1606;&#1610;&#1575;: &#1578;&#1582;&#1589;&#1589; &#1575;&#1604;&#1605;&#1587;&#1578;&#1588;&#1575;&#1585; &#1608;&#1582;&#1576;&#1585;&#1578;&#1607;</b></h3><p style=\"text-align: right; \"><span style=\"font-size: 18px;\">&nbsp;&#1610;&#1604;&#1578;&#1586;&#1605; &#1575;&#1604;&#1605;&#1587;&#1578;&#1588;&#1575;&#1585; &#1575;&#1604;&#1605;&#1587;&#1580;&#1604; &#1601;&#1610; &#1605;&#1608;&#1602;&#1593; &#1575;&#1604;&#1578;&#1605;&#1603;&#1610;&#1606; &#1576;&#1571;&#1606;&#1607; &#1610;&#1605;&#1578;&#1604;&#1603; &#1575;&#1604;&#1578;&#1582;&#1589;&#1589; &#1608;&#1575;&#1604;&#1582;&#1576;&#1585;&#1577; &#1575;&#1604;&#1578;&#1610; &#1578;&#1571;&#1607;&#1604;&#1607; &#1604;&#1578;&#1602;&#1583;&#1610;&#1605; &#1575;&#1604;&#1582;&#1583;&#1605;&#1577;&#1548; &#1608;&#1571;&#1606; &#1610;&#1603;&#1578;&#1576; &#1584;&#1604;&#1603; &#1601;&#1610; &#1575;&#1604;&#1608;&#1589;&#1601; &#1604;&#1605;&#1580;&#1575;&#1604;&#1607; &#1593;&#1606;&#1583; &#1593;&#1585;&#1590; &#1575;&#1604;&#1582;&#1583;&#1605;&#1577; &#1604;&#1604;&#1605;&#1587;&#1578;&#1582;&#1583;&#1605;&#1548;&#1608;&#1602;&#1583; &#1610;&#1591;&#1604;&#1576; &#1608;&#1579;&#1575;&#1574;&#1602; &#1575;&#1604;&#1605;&#1608;&#1602;&#1593; &#1578;&#1579;&#1576;&#1578; &#1584;&#1604;&#1603; &#1601;&#1610; &#1581;&#1575;&#1604; &#1583;&#1593;&#1578; &#1575;&#1604;&#1581;&#1575;&#1580;&#1577;.</span><br></p><h3 style=\"text-align: right; \"><b>&#1579;&#1575;&#1604;&#1579;&#1575;: &#1591;&#1604;&#1576; &#1608;&#1579;&#1575;&#1574;&#1602; &#1602;&#1576;&#1604; &#1575;&#1604;&#1578;&#1587;&#1580;&#1610;&#1604; &#1601;&#1610; &#1575;&#1604;&#1605;&#1608;&#1602;&#1593;</b></h3><p style=\"text-align: right; \"><span style=\"font-size: 18px;\">&nbsp;&#1601;&#1610; &#1576;&#1593;&#1590; &#1575;&#1604;&#1581;&#1575;&#1604;&#1575;&#1578;&#1548; &#1602;&#1583; &#1578;&#1578;&#1591;&#1604;&#1576; &#1593;&#1605;&#1604;&#1610;&#1577; &#1575;&#1604;&#1578;&#1587;&#1580;&#1610;&#1604; &#1601;&#1610; &#1605;&#1608;&#1602;&#1593; &#1575;&#1604;&#1578;&#1605;&#1603;&#1610;&#1606; &#1575;&#1604;&#1578;&#1581;&#1602;&#1602; &#1605;&#1606; &#1575;&#1604;&#1588;&#1582;&#1589;&#1610;&#1577;&#1548; &#1605;&#1579;&#1604; &#1575;&#1604;&#1607;&#1608;&#1610;&#1577; &#1571;&#1608; &#1580;&#1608;&#1575;&#1586; &#1575;&#1604;&#1587;&#1601;&#1585;&#1548; &#1608;&#1584;&#1604;&#1603; &#1604;&#1573;&#1579;&#1576;&#1575;&#1578; &#1607;&#1608;&#1610;&#1577; &#1575;&#1604;&#1605;&#1587;&#1578;&#1582;&#1583;&#1605; &#1571;&#1608; &#1575;&#1604;&#1605;&#1587;&#1578;&#1588;&#1575;&#1585;&#1548; &#1602;&#1576;&#1604; &#1575;&#1604;&#1587;&#1605;&#1575;&#1581; &#1576;&#1575;&#1587;&#1578;&#1605;&#1585;&#1575;&#1585;&#1610;&#1577; &#1575;&#1587;&#1578;&#1582;&#1583;&#1575;&#1605; &#1575;&#1604;&#1605;&#1608;&#1602;&#1593;. &#1608;&#1601;&#1610; &#1581;&#1575;&#1604; &#1593;&#1583;&#1605; &#1578;&#1586;&#1608;&#1610;&#1583; &#1575;&#1604;&#1605;&#1608;&#1602;&#1593; &#1576;&#1584;&#1604;&#1603;&#1548; &#1601;&#1610;&#1581;&#1602; &#1604;&#1604;&#1605;&#1608;&#1602;&#1593; &#1578;&#1593;&#1604;&#1610;&#1602; &#1571;&#1608; &#1573;&#1604;&#1594;&#1575;&#1569; &#1581;&#1587;&#1575;&#1576; &#1575;&#1604;&#1605;&#1587;&#1578;&#1582;&#1583;&#1605; &#1571;&#1608; &#1575;&#1604;&#1605;&#1587;&#1578;&#1588;&#1575;&#1585;.</span><br></p><h3 style=\"text-align: right; \"><b>&#1585;&#1575;&#1576;&#1593;&#1575;: &#1578;&#1593;&#1604;&#1610;&#1602; &#1575;&#1587;&#1578;&#1582;&#1583;&#1575;&#1605; &#1575;&#1604;&#1581;&#1587;&#1575;&#1576; &#1604;&#1604;&#1578;&#1581;&#1602;&#1602;</b></h3><p style=\"text-align: right; \"><span style=\"font-size: 18px;\">&nbsp;&#1610;&#1581;&#1602; &#1604;&#1601;&#1585;&#1610;&#1602; &#1605;&#1608;&#1602;&#1593; &#1575;&#1604;&#1578;&#1605;&#1603;&#1610;&#1606; &#1578;&#1593;&#1604;&#1610;&#1602; &#1575;&#1587;&#1578;&#1582;&#1583;&#1575;&#1605; &#1581;&#1587;&#1575;&#1576; &#1571;&#1610; &#1605;&#1587;&#1578;&#1582;&#1583;&#1605; &#1571;&#1608; &#1605;&#1587;&#1578;&#1588;&#1575;&#1585; &#1604;&#1604;&#1578;&#1581;&#1602;&#1602; &#1605;&#1606; &#1588;&#1582;&#1589;&#1610;&#1578;&#1607;&#1548; &#1571;&#1608; &#1593;&#1606;&#1583; &#1605;&#1582;&#1575;&#1604;&#1601;&#1578;&#1607; &#1604;&#1604;&#1588;&#1585;&#1608;&#1591;&#1548; &#1603;&#1605;&#1575; &#1608;&#1610;&#1581;&#1602; &#1604;&#1607;&#1605; &#1591;&#1604;&#1576; &#1608;&#1579;&#1575;&#1574;&#1602; &#1604;&#1604;&#1578;&#1581;&#1602;&#1602; &#1605;&#1606; &#1575;&#1604;&#1588;&#1582;&#1589;&#1610;&#1577;&#1548; &#1582;&#1575;&#1589;&#1577; &#1604;&#1604;&#1578;&#1581;&#1602;&#1602; &#1605;&#1606; &#1605;&#1604;&#1603;&#1610;&#1578;&#1607; &#1604;&#1576;&#1591;&#1575;&#1602;&#1575;&#1578; &#1575;&#1604;&#1583;&#1601;&#1593; &#1575;&#1604;&#1605;&#1587;&#1578;&#1582;&#1583;&#1605;&#1577;.</span><br></p><h3 style=\"text-align: right; \"><b>&#1582;&#1575;&#1605;&#1587;&#1575;: &#1593;&#1583;&#1605; &#1575;&#1606;&#1588;&#1575;&#1569; &#1571;&#1603;&#1579;&#1585; &#1605;&#1606; &#1581;&#1587;&#1575;&#1576;</b></h3><p style=\"text-align: right; \"><span style=\"font-size: 18px;\">&#1610;&#1604;&#1578;&#1586;&#1605; &#1575;&#1604;&#1605;&#1587;&#1578;&#1582;&#1583;&#1605; &#1608;&#1575;&#1604;&#1605;&#1587;&#1578;&#1588;&#1575;&#1585; &#1576;&#1593;&#1583;&#1605; &#1573;&#1606;&#1588;&#1575;&#1569; &#1571;&#1603;&#1579;&#1585; &#1605;&#1606; &#1581;&#1587;&#1575;&#1576; &#1608;&#1575;&#1581;&#1583; &#1601;&#1610;&nbsp; &#1605;&#1608;&#1602;&#1593; &#1575;&#1604;&#1578;&#1605;&#1603;&#1610;&#1606;&#1548; &#1608;&#1601;&#1610; &#1581;&#1575;&#1604; &#1608;&#1575;&#1580;&#1607; &#1605;&#1588;&#1603;&#1604;&#1577; &#1601;&#1610; &#1581;&#1587;&#1575;&#1576;&#1607; &#1575;&#1604;&#1571;&#1608;&#1604; &#1601;&#1593;&#1604;&#1610;&#1607; &#1575;&#1604;&#1605;&#1578;&#1575;&#1576;&#1593;&#1577; &#1605;&#1593; &#1601;&#1585;&#1610;&#1602; &#1575;&#1604;&#1583;&#1593;&#1605; &#1575;&#1604;&#1601;&#1606;&#1610; &#1604;&#1581;&#1604; &#1575;&#1604;&#1605;&#1588;&#1603;&#1604;&#1577;.</span><br></p><p style=\"text-align: right; \"><span style=\"font-size: 18px;\">&nbsp;&#1603;&#1605;&#1575; &#1608;&#1610;&#1602;&#1585; &#1575;&#1604;&#1605;&#1587;&#1578;&#1582;&#1583;&#1605; &#1608;&#1575;&#1604;&#1605;&#1587;&#1578;&#1588;&#1575;&#1585; &#1576;&#1571;&#1606;&#1607; &#1604;&#1605; &#1610;&#1587;&#1576;&#1602; &#1571;&#1606; &#1578;&#1605; &#1573;&#1610;&#1602;&#1575;&#1601; &#1575;&#1587;&#1578;&#1582;&#1583;&#1575;&#1605;&#1607; &#1604;&#1582;&#1583;&#1605;&#1575;&#1578; &#1605;&#1608;&#1602;&#1593; &#1575;&#1604;&#1578;&#1605;&#1603;&#1610;&#1606; &#1575;&#1608; &#1605;&#1606;&#1593;&#1607; &#1605;&#1606; &#1575;&#1587;&#1578;&#1582;&#1583;&#1575;&#1605;&#1607;&#1575; &#1601;&#1610; &#1575;&#1610; &#1608;&#1602;&#1578; &#1605;&#1606; &#1575;&#1604;&#1571;&#1608;&#1602;&#1575;&#1578;.</span><br></p><h3 style=\"text-align: right; \"><b>&#1587;&#1575;&#1583;&#1587;&#1575;: &#1575;&#1587;&#1578;&#1582;&#1583;&#1575;&#1605; &#1571;&#1603;&#1579;&#1585; &#1605;&#1606; &#1588;&#1582;&#1589; &#1604;&#1604;&#1581;&#1587;&#1575;&#1576;</b></h3><p style=\"text-align: right; \"><span style=\"font-size: 18px;\">&nbsp;&#1610;&#1578;&#1593;&#1607;&#1583; &#1603;&#1604; &#1605;&#1606; &#1575;&#1604;&#1605;&#1587;&#1578;&#1582;&#1583;&#1605; &#1608;&#1575;&#1604;&#1605;&#1587;&#1578;&#1588;&#1575;&#1585; &#1575;&#1604;&#1605;&#1587;&#1580;&#1604; &#1601;&#1610; &#1605;&#1608;&#1602;&#1593; &#1575;&#1604;&#1578;&#1605;&#1603;&#1610;&#1606; &#1571;&#1606;&#1607; &#1575;&#1604;&#1588;&#1582;&#1589; &#1575;&#1604;&#1608;&#1581;&#1610;&#1583; &#1604;&#1604;&#1581;&#1587;&#1575;&#1576; &#1575;&#1604;&#1584;&#1610; &#1587;&#1610;&#1606;&#1588;&#1574;&#1607; &#1601;&#1610; &#1575;&#1604;&#1605;&#1608;&#1602;&#1593;&#1548; &#1608;&#1610;&#1603;&#1608;&#1606; &#1605;&#1587;&#1572;&#1608;&#1604;&#1575; &#1593;&#1606; &#1603;&#1604; &#1605;&#1575; &#1610;&#1578;&#1605; &#1578;&#1583;&#1575;&#1608;&#1604;&#1607; &#1593;&#1576;&#1585; &#1581;&#1587;&#1575;&#1576;&#1607;&#1548; &#1608;&#1576;&#1571;&#1606;&#1607; &#1604;&#1606; &#1610;&#1587;&#1605;&#1581; &#1604;&#1571;&#1610; &#1588;&#1582;&#1589; &#1570;&#1582;&#1585; &#1576;&#1575;&#1587;&#1578;&#1582;&#1583;&#1575;&#1605; &#1581;&#1587;&#1575;&#1576;&#1607; &#1601;&#1610; &#1605;&#1608;&#1602;&#1593; &#1575;&#1604;&#1578;&#1605;&#1603;&#1610;&#1606;.</span><br></p><h3 style=\"text-align: right; \"><b>&#1587;&#1575;&#1576;&#1593;&#1575;: &#1575;&#1587;&#1605; &#1593;&#1606;&#1583; &#1575;&#1604;&#1578;&#1587;&#1580;&#1610;&#1604; (&#1604;&#1604;&#1605;&#1587;&#1578;&#1582;&#1583;&#1605; &#1571;&#1608; &#1575;&#1604;&#1605;&#1587;&#1578;&#1588;&#1575;&#1585;)</b></h3><p style=\"text-align: right; \"><span style=\"font-size: 18px;\">&nbsp;&#1610;&#1580;&#1576; &#1575;&#1606; &#1610;&#1603;&#1608;&#1606; &#1575;&#1587;&#1605; &#1575;&#1604;&#1578;&#1587;&#1580;&#1610;&#1604; &#1575;&#1587;&#1605; &#1604;&#1607; &#1605;&#1593;&#1606;&#1610;&#1548; &#1608;&#1604;&#1610;&#1587; &#1605;&#1580;&#1585;&#1583; &#1585;&#1605;&#1608;&#1586; &#1571;&#1608; &#1571;&#1585;&#1602;&#1575;&#1605;&#1548; &#1603;&#1605;&#1575; &#1610;&#1605;&#1606;&#1593; &#1575;&#1587;&#1578;&#1582;&#1583;&#1575;&#1605; &#1571;&#1587;&#1605;&#1575;&#1569; &#1578;&#1581;&#1585;&#1590; &#1593;&#1604;&#1609; &#1575;&#1604;&#1603;&#1585;&#1575;&#1607;&#1610;&#1577;&#1548; &#1571;&#1608; &#1575;&#1604;&#1593;&#1606;&#1601;&#1548; &#1571;&#1608; &#1575;&#1587;&#1578;&#1582;&#1583;&#1575;&#1605; &#1571;&#1610; &#1605;&#1606; &#1575;&#1604;&#1593;&#1604;&#1575;&#1605;&#1575;&#1578; &#1575;&#1604;&#1578;&#1580;&#1575;&#1585;&#1610;&#1577; &#1603;&#1575;&#1587;&#1605; &#1604;&#1604;&#1605;&#1587;&#1578;&#1582;&#1583;&#1605;&#1548; &#1603;&#1584;&#1604;&#1603; &#1604;&#1575; &#1610;&#1587;&#1605;&#1581; &#1601;&#1610; &#1575;&#1604;&#1608;&#1602;&#1578; &#1575;&#1604;&#1581;&#1575;&#1604;&#1610; &#1576;&#1575;&#1587;&#1578;&#1582;&#1583;&#1575;&#1605; &#1571;&#1587;&#1605;&#1575;&#1569; &#1588;&#1585;&#1603;&#1575;&#1578; &#1571;&#1608; &#1607;&#1610;&#1574;&#1575;&#1578; &#1603;&#1575;&#1587;&#1605; &#1605;&#1587;&#1578;&#1582;&#1583;&#1605;&#1548; &#1608;&#1610;&#1604;&#1578;&#1586;&#1605; &#1575;&#1604;&#1605;&#1587;&#1578;&#1582;&#1583;&#1605; &#1576;&#1603;&#1578;&#1575;&#1576;&#1577; &#1575;&#1587;&#1605;&#1607; &#1575;&#1604;&#1581;&#1602;&#1610;&#1602;&#1610; &#1601;&#1610; &#1605;&#1604;&#1601;&#1607; &#1575;&#1604;&#1588;&#1582;&#1589;&#1610;&#1548; &#1593;&#1604;&#1605;&#1575; &#1571;&#1606; &#1607;&#1584;&#1575; &#1575;&#1604;&#1575;&#1587;&#1605; &#1594;&#1610;&#1585; &#1602;&#1575;&#1576;&#1604; &#1604;&#1604;&#1578;&#1593;&#1583;&#1610;&#1604;. &#1608;&#1601;&#1610; &#1581;&#1575;&#1604; &#1585;&#1594;&#1576;&#1577; &#1575;&#1604;&#1605;&#1587;&#1578;&#1582;&#1583;&#1605; &#1571;&#1608; &#1575;&#1604;&#1605;&#1587;&#1578;&#1588;&#1575;&#1585; &#1576;&#1608;&#1590;&#1593; &#1589;&#1608;&#1585;&#1578;&#1607; &#1575;&#1604;&#1588;&#1582;&#1589;&#1610;&#1577;&#1548; &#1601;&#1573;&#1606;&#1607; &#1610;&#1604;&#1578;&#1586;&#1605; &#1576;&#1608;&#1590;&#1593; &#1589;&#1608;&#1585;&#1577; &#1581;&#1602;&#1610;&#1602;&#1610;&#1577;&#1548; &#1608;&#1593;&#1583;&#1605; &#1608;&#1590;&#1593; &#1589;&#1608;&#1585;&#1577; &#1604;&#1588;&#1582;&#1589; &#1570;&#1582;&#1585; &#1590;&#1605;&#1606; &#1581;&#1587;&#1575;&#1576;&#1607;&#1548; &#1603;&#1605;&#1575; &#1610;&#1605;&#1606;&#1593; &#1608;&#1590;&#1593; &#1589;&#1608;&#1585; &#1578;&#1585;&#1608;&#1610;&#1580;&#1610;&#1577;&#1548; &#1571;&#1608; &#1589;&#1608;&#1585; &#1601;&#1610;&#1607;&#1575; &#1582;&#1583;&#1588; &#1604;&#1604;&#1581;&#1610;&#1575;&#1569; &#1575;&#1604;&#1593;&#1575;&#1605; &#1571;&#1608; &#1589;&#1608;&#1585; &#1578;&#1581;&#1585;&#1590; &#1593;&#1604;&#1609; &#1575;&#1604;&#1603;&#1585;&#1575;&#1607;&#1610;&#1577;&#1548; &#1575;&#1604;&#1593;&#1606;&#1601;&#1548; &#1571;&#1608; &#1575;&#1604;&#1593;&#1606;&#1589;&#1585;&#1610;&#1577;.</span><br></p><h3 style=\"text-align: right; \"><b>&#1579;&#1575;&#1605;&#1606;&#1575;: &#1590;&#1605;&#1575;&#1606; &#1575;&#1604;&#1581;&#1602;&#1608;&#1602;</b></h3><p style=\"text-align: right; \"><span style=\"font-size: 18px;\">&#1602;&#1608;&#1605; &#1605;&#1608;&#1602;&#1593; &#1575;&#1604;&#1578;&#1605;&#1603;&#1610;&#1606;&nbsp; &#1576;&#1590;&#1605;&#1575;&#1606; &#1581;&#1602;&#1608;&#1602; &#1575;&#1604;&#1591;&#1585;&#1601;&#1610;&#1606; &#1601;&#1610; &#1581;&#1575;&#1604; &#1575;&#1604;&#1578;&#1586;&#1575;&#1605;&#1607;&#1605;&#1575; &#1576;&#1575;&#1604;&#1588;&#1585;&#1608;&#1591;.&#1578;&#1578;&#1578;&#1610; &#1608;&#1605;&#1588;&#1575;&#1585;&#1603;&#1578;&#1607;&#1605; &#1604;&#1571;&#1610; &#1576;&#1610;&#1575;&#1606;&#1575;&#1578; &#1588;&#1582;&#1589;&#1610;&#1577; &#1582;&#1575;&#1589;&#1577;&#1548; &#1571;&#1608; &#1576;&#1606;&#1603;&#1610;&#1577;&#1548; &#1571;&#1608; &#1594;&#1610;&#1585;&#1607;&#1575; &#1578;&#1603;&#1608;&#1606; &#1593;&#1604;&#1609; &#1605;&#1587;&#1572;&#1608;&#1604;&#1610;&#1578;&#1607;&#1605; &#1575;&#1604;&#1588;&#1582;&#1589;&#1610;&#1577;.</span><br></p><p style=\"text-align: right; \"><span style=\"font-size: 18px;\">&rlm;&#1608;&#1610;&#1590;&#1605;&#1606; &#1575;&#1604;&#1605;&#1608;&#1602;&#1593; &#1573;&#1593;&#1591;&#1575;&#1569; &#1575;&#1604;&#1605;&#1587;&#1578;&#1588;&#1575;&#1585; &#1603;&#1604; &#1605;&#1587;&#1578;&#1581;&#1602;&#1575;&#1578;&#1607; &#1575;&#1604;&#1605;&#1575;&#1604;&#1610;&#1577; &#1604;&#1604;&#1603;&#1604; &#1582;&#1583;&#1605;&#1577; &#1601;&#1610; &#1605;&#1583;&#1577; &#1604;&#1575; &#1578;&#1586;&#1610;&#1583; &#1593;&#1606; 45 &#1610;&#1608;&#1605;&#1548; &#1608;&#1584;&#1604;&#1603; &#1576;&#1593;&#1583; &#1575;&#1602;&#1578;&#1591;&#1575;&#1593; &rlm;20% &#1605;&#1606; &#1603;&#1604; &#1582;&#1583;&#1605;&#1577; &#1578;&#1605; &#1576;&#1610;&#1593;&#1607;&#1575; &#1593;&#1605;&#1608;&#1604;&#1577; &#1604;&#1604;&#1605;&#1608;&#1602;&#1593;.</span><br></p><h3 style=\"text-align: right; \"><b>&#1578;&#1575;&#1587;&#1593;&#1575;: &#1575;&#1604;&#1573;&#1588;&#1593;&#1575;&#1585;&#1575;&#1578;</b></h3><p style=\"text-align: right; \"><span style=\"font-size: 18px;\">&nbsp;&#1610;&#1581;&#1602; &#1604;&#1605;&#1608;&#1602;&#1593; &#1575;&#1604;&#1578;&#1605;&#1603;&#1610;&#1606; &#1571;&#1606; &#1610;&#1585;&#1587;&#1604; &#1604;&#1603; &#1573;&#1588;&#1593;&#1575;&#1585;&#1575;&#1578; &#1593;&#1575;&#1605;&#1577; &#1593;&#1606; &#1575;&#1604;&#1582;&#1583;&#1605;&#1577; &#1571;&#1608; &#1575;&#1604;&#1605;&#1608;&#1602;&#1593;&#1548; &#1571;&#1608; &#1573;&#1585;&#1587;&#1575;&#1604; &#1576;&#1585;&#1610;&#1583; &#1573;&#1604;&#1603;&#1578;&#1585;&#1608;&#1606;&#1610; &#1573;&#1604;&#1609; &#1593;&#1606;&#1608;&#1575;&#1606;&#1603; &#1575;&#1604;&#1576;&#1585;&#1610;&#1583;&#1610; &#1575;&#1604;&#1605;&#1615;&#1587;&#1580;&#1604; &#1601;&#1610; &#1605;&#1593;&#1604;&#1608;&#1605;&#1575;&#1578; &#1575;&#1604;&#1581;&#1587;&#1575;&#1576; &#1604;&#1583;&#1609; &#1575;&#1604;&#1605;&#1608;&#1602;&#1593;.</span><br></p><h3 style=\"text-align: right; \"><b>&#1593;&#1575;&#1588;&#1585;&#1575;: (&#1582;&#1575;&#1589; &#1576;&#1576;&#1610;&#1575;&#1606;&#1575;&#1578; &#1575;&#1604;&#1605;&#1587;&#1578;&#1588;&#1575;&#1585;)</b></h3><p style=\"text-align: right; \"><span style=\"font-size: 18px;\">&nbsp;&#1610;&#1590;&#1605;&#1606; &#1575;&#1604;&#1605;&#1587;&#1578;&#1588;&#1575;&#1585; &#1571;&#1606; &#1580;&#1605;&#1610;&#1593; &#1575;&#1604;&#1605;&#1593;&#1604;&#1608;&#1605;&#1575;&#1578; &#1575;&#1604;&#1578;&#1610; &#1610;&#1602;&#1608;&#1605; &#1576;&#1573;&#1590;&#1575;&#1601;&#1578;&#1607;&#1575; &#1601;&#1610; &#1581;&#1587;&#1575;&#1576;&#1607; &#1601;&#1610; &#1605;&#1608;&#1602;&#1593; &#1575;&#1604;&#1578;&#1605;&#1603;&#1610;&#1606; &#1589;&#1581;&#1610;&#1581;&#1577;&#1548; &#1603;&#1605;&#1575; &#1608;&#1610;&#1578;&#1581;&#1605;&#1604; &#1603;&#1575;&#1605;&#1604; &#1575;&#1604;&#1605;&#1587;&#1572;&#1608;&#1604;&#1610;&#1577; &#1593;&#1606; &#1571;&#1610; &#1605;&#1593;&#1604;&#1608;&#1605;&#1575;&#1578; &#1582;&#1575;&#1591;&#1574;&#1577; &#1610;&#1602;&#1608;&#1605; &#1576;&#1578;&#1586;&#1608;&#1610;&#1583;&#1607;&#1575;. &#1603;&#1584;&#1604;&#1603; &#1610;&#1580;&#1576; &#1571;&#1606; &#1578;&#1593;&#1576;&#1585; &#1575;&#1604;&#1606;&#1576;&#1584;&#1577; &#1575;&#1604;&#1588;&#1582;&#1589;&#1610;&#1577; &#1593;&#1606; &#1575;&#1604;&#1605;&#1587;&#1578;&#1588;&#1575;&#1585;&#1548; &#1608;&#1605;&#1607;&#1575;&#1585;&#1575;&#1578;&#1607;&#1548; &#1608;&#1578;&#1582;&#1589;&#1589;&#1607; &#1576;&#1588;&#1603;&#1604; &#1605;&#1582;&#1578;&#1589;&#1585;&#1548; &#1608;&#1604;&#1575; &#1610;&#1587;&#1605;&#1581; &#1576;&#1573;&#1590;&#1575;&#1601;&#1577; &#1571;&#1585;&#1602;&#1575;&#1605; &#1607;&#1575;&#1578;&#1601;&#1610;&#1577; &#1571;&#1608; &#1571;&#1585;&#1602;&#1575;&#1605; &#1580;&#1608;&#1575;&#1604; &#1571;&#1608; &#1593;&#1606;&#1575;&#1608;&#1610;&#1606; &#1608;&#1587;&#1575;&#1574;&#1604; &#1575;&#1604;&#1578;&#1608;&#1575;&#1589;&#1604; &#1575;&#1604;&#1575;&#1580;&#1578;&#1605;&#1575;&#1593;&#1610;&#1548; &#1571;&#1608; &#1593;&#1576;&#1575;&#1585;&#1575;&#1578; &#1578;&#1585;&#1608;&#1610;&#1580;&#1610;&#1577; &#1604;&#1605;&#1588;&#1575;&#1585;&#1610;&#1593; &#1571;&#1582;&#1585;&#1609; &#1590;&#1605;&#1606; &#1575;&#1604;&#1606;&#1576;&#1584;&#1577;. &#1603;&#1605;&#1575; &#1608;&#1610;&#1602;&#1585; &#1576;&#1578;&#1602;&#1583;&#1610;&#1605; &#1605;&#1593;&#1604;&#1608;&#1605;&#1575;&#1578; &#1589;&#1581;&#1610;&#1581;&#1577; &#1608;&#1583;&#1602;&#1610;&#1602;&#1577; &#1608;&#1610;&#1602;&#1608;&#1605; &#1576;&#1578;&#1581;&#1583;&#1610;&#1579;&#1607;&#1575; &#1576;&#1588;&#1603;&#1604; &#1583;&#1608;&#1585;&#1610;.</span><br></p><p style=\"text-align: right; \"><b><span style=\"font-size: 18px;\">&#1575;&#1604;&#1581;&#1575;&#1583;&#1610; &#1593;&#1588;&#1585;: &#1578;&#1593;&#1604;&#1610;&#1602; &#1571;&#1608; &#1573;&#1610;&#1602;&#1575;&#1601; &#1575;&#1604;&#1581;&#1587;&#1575;&#1576;</span><br></b></p><p style=\"text-align: right; \"><span style=\"font-size: 18px;\">&nbsp;&#1610;&#1581;&#1602; &#1604;&#1604;&#1605;&#1608;&#1602;&#1593; &#1575;&#1604;&#1578;&#1605;&#1603;&#1610;&#1606; &#1578;&#1593;&#1604;&#1610;&#1602; &#1571;&#1608; &#1573;&#1610;&#1602;&#1575;&#1601; &#1575;&#1604;&#1581;&#1587;&#1575;&#1576; &#1608;&#1573;&#1606;&#1607;&#1575;&#1569; &#1607;&#1584;&#1575; &#1575;&#1604;&#1593;&#1602;&#1583; &#1576;&#1571;&#1579;&#1585; &#1601;&#1608;&#1585;&#1610; &#1601;&#1610; &#1571;&#1610; &#1608;&#1602;&#1578; &#1608;&#1584;&#1604;&#1603; &#1601;&#1610; &#1575;&#1604;&#1571;&#1581;&#1608;&#1575;&#1604; &#1575;&#1604;&#1578;&#1575;&#1604;&#1610;&#1577;:</span></p><p style=\"text-align: right; \"><span style=\"font-size: 18px;\">&nbsp;&#1605;&#1581;&#1575;&#1608;&#1604;&#1577; &#1575;&#1604;&#1605;&#1587;&#1578;&#1582;&#1583;&#1605; &#1571;&#1608; &#1575;&#1604;&#1605;&#1587;&#1578;&#1588;&#1575;&#1585; &#1578;&#1576;&#1575;&#1583;&#1604; &#1571;&#1585;&#1602;&#1575;&#1605; &#1571;&#1608; &#1576;&#1610;&#1575;&#1606;&#1575;&#1578; &#1582;&#1604;&#1575;&#1604; &#1575;&#1604;&#1605;&#1581;&#1575;&#1583;&#1579;&#1577; &#1576;&#1594;&#1585;&#1590; &#1575;&#1604;&#1578;&#1608;&#1575;&#1589;&#1604; &#1582;&#1575;&#1585;&#1580; &#1575;&#1604;&#1605;&#1608;&#1602;&#1593;&#1548; &#1608;&#1610;&#1603;&#1608;&#1606; &#1575;&#1604;&#1573;&#1610;&#1602;&#1575;&#1601; &#1606;&#1607;&#1575;&#1574;&#1610;&#1575;.</span><br></p><p style=\"text-align: right; \"><span style=\"font-size: 18px;\">&nbsp;&#1575;&#1587;&#1578;&#1582;&#1583;&#1575;&#1605; &#1575;&#1604;&#1605;&#1587;&#1578;&#1582;&#1583;&#1605; &#1608;&#1587;&#1610;&#1604;&#1577; &#1583;&#1601;&#1593; &#1605;&#1587;&#1585;&#1608;&#1602;&#1577; &#1571;&#1608; &#1594;&#1610;&#1585; &#1605;&#1605;&#1604;&#1608;&#1603;&#1577; &#1605;&#1606; &#1602;&#1576;&#1604;&#1607;.</span><br></p><p style=\"text-align: right; \"><span style=\"font-size: 18px;\">&nbsp;&#1575;&#1606;&#1578;&#1581;&#1575;&#1604; &#1575;&#1604;&#1605;&#1587;&#1578;&#1582;&#1583;&#1605; &#1575;&#1608; &#1575;&#1604;&#1605;&#1587;&#1578;&#1588;&#1575;&#1585; &#1604;&#1588;&#1582;&#1589;&#1610;&#1577; &#1571;&#1582;&#1585;&#1609; &#1601;&#1610; &#1575;&#1604;&#1605;&#1608;&#1602;&#1593;.</span><br></p><p style=\"text-align: right; \"><span style=\"font-size: 18px;\">&nbsp;&#1575;&#1587;&#1578;&#1582;&#1583;&#1575;&#1605; &#1575;&#1604;&#1581;&#1587;&#1575;&#1576; &#1605;&#1606; &#1602;&#1576;&#1604; &#1571;&#1603;&#1579;&#1585; &#1605;&#1606; &#1588;&#1582;&#1589; &#1587;&#1608;&#1575;&#1569; &#1603;&#1575;&#1606; &#1601;&#1585;&#1610;&#1602;&#1575; &#1571;&#1608; &#1588;&#1585;&#1603;&#1577;&#1548; &#1581;&#1610;&#1579; &#1610;&#1587;&#1605;&#1581; &#1601;&#1602;&#1591; &#1604;&#1588;&#1582;&#1589; &#1608;&#1575;&#1581;&#1583; &#1576;&#1575;&#1587;&#1578;&#1582;&#1583;&#1575;&#1605; &#1575;&#1604;&#1581;&#1587;&#1575;&#1576; &#1601;&#1610; &#1605;&#1608;&#1602;&#1593; &#1575;&#1604;&#1578;&#1605;&#1603;&#1610;&#1606;.</span><br></p><p style=\"text-align: right; \"><span style=\"font-size: 18px;\">&nbsp;&#1602;&#1610;&#1575;&#1605; &#1575;&#1604;&#1605;&#1587;&#1578;&#1582;&#1583;&#1605; &#1576;&#1604;&#1593;&#1576; &#1583;&#1608;&#1585; &#1575;&#1604;&#1608;&#1587;&#1610;&#1591; &#1601;&#1610; &#1575;&#1604;&#1575;&#1587;&#1578;&#1588;&#1575;&#1585;&#1575;&#1578;&#1548; &#1576;&#1581;&#1610;&#1579; &#1610;&#1591;&#1604;&#1576; &#1575;&#1604;&#1575;&#1587;&#1578;&#1588;&#1575;&#1585;&#1577; &#1603;&#1605;&#1587;&#1578;&#1582;&#1583;&#1605; &#1579;&#1605; &#1610;&#1602;&#1608;&#1605; &#1576;&#1605;&#1606;&#1581;&#1607;&#1575; &#1604;&#1588;&#1582;&#1589; &#1570;&#1582;&#1585;.</span><br></p><p style=\"text-align: right; \"><span style=\"font-size: 18px;\">&nbsp;&#1578;&#1587;&#1576;&#1576; &#1575;&#1604;&#1605;&#1587;&#1578;&#1588;&#1575;&#1585; &#1576;&#1571;&#1610; &#1590;&#1585;&#1585; &#1578;&#1580;&#1575;&#1607; &#1575;&#1604;&#1605;&#1587;&#1578;&#1582;&#1583;&#1605; &#1571;&#1608; &#1605;&#1608;&#1602;&#1593; &#1575;&#1604;&#1578;&#1605;&#1603;&#1610;&#1606;.</span><br></p><p style=\"text-align: right; \"><span style=\"font-size: 18px;\">&nbsp;&#1573;&#1606;&#1588;&#1575;&#1569; &#1575;&#1604;&#1605;&#1587;&#1578;&#1588;&#1575;&#1585; &#1604;&#1571;&#1603;&#1579;&#1585; &#1605;&#1606; &#1581;&#1587;&#1575;&#1576; (&#1604;&#1571;&#1610; &#1587;&#1576;&#1576; &#1603;&#1575;&#1606;).</span><br></p><p style=\"text-align: right; \"><span style=\"font-size: 18px;\">&nbsp;&#1575;&#1587;&#1578;&#1582;&#1583;&#1575;&#1605; &#1575;&#1604;&#1582;&#1583;&#1605;&#1577; &#1571;&#1608; &#1575;&#1604;&#1605;&#1608;&#1602;&#1593; &#1604;&#1604;&#1578;&#1587;&#1576;&#1576; &#1576;&#1573;&#1610;&#1584;&#1575;&#1569; &#1571;&#1608; &#1605;&#1590;&#1575;&#1610;&#1602;&#1577; &#1571;&#1608; &#1573;&#1586;&#1593;&#1575;&#1580; &#1575;&#1604;&#1594;&#1610;&#1585;.</span><br></p><p style=\"text-align: right; \"><span style=\"font-size: 18px;\">&nbsp;&#1605;&#1581;&#1575;&#1608;&#1604;&#1577; &#1593;&#1585;&#1602;&#1604;&#1577; &#1575;&#1604;&#1578;&#1588;&#1594;&#1610;&#1604; &#1575;&#1604;&#1587;&#1604;&#1610;&#1605; &#1604;&#1604;&#1604;&#1605;&#1608;&#1602;&#1593; &#1571;&#1608; &#1605;&#1581;&#1575;&#1608;&#1604;&#1577; &#1573;&#1604;&#1581;&#1575;&#1602; &#1575;&#1604;&#1590;&#1585;&#1585; &#1576;&#1575;&#1604;&#1582;&#1583;&#1605;&#1577; &#1576;&#1571;&#1610; &#1588;&#1603;&#1604; &#1605;&#1606; &#1575;&#1604;&#1571;&#1588;&#1603;&#1575;&#1604;. &#1573;&#1584;&#1575; &#1585;&#1571;&#1578; &#1573;&#1583;&#1575;&#1585;&#1577; &#1578;&#1591;&#1576;&#1610;&#1602; &#1605;&#1587;&#1578;&#1588;&#1575;&#1585;&#1610; &#1573;&#1587;&#1575;&#1569;&#1577; &#1604;&#1575;&#1587;&#1578;&#1582;&#1583;&#1575;&#1605; &#1575;&#1604;&#1578;&#1591;&#1576;&#1610;&#1602; &#1571;&#1608; &#1575;&#1604;&#1582;&#1583;&#1605;&#1577;.&nbsp;</span><br></p><p style=\"text-align: right; \"><span style=\"font-size: 18px;\">&#1603;&#1605;&#1575; &#1608;&#1573;&#1606; &#1575;&#1604;&#1578;&#1591;&#1576;&#1610;&#1602; &#1594;&#1610;&#1585; &#1605;&#1604;&#1586;&#1605; &#1576;&#1573;&#1585;&#1587;&#1575;&#1604; &#1573;&#1582;&#1591;&#1575;&#1585; &#1587;&#1575;&#1576;&#1602; &#1576;&#1573;&#1610;&#1602;&#1575;&#1601; &#1575;&#1604;&#1581;&#1587;&#1575;&#1576; &#1608;&#1573;&#1606;&#1607;&#1575;&#1569; &#1575;&#1604;&#1593;&#1602;&#1583;.</span><br></p><h3 style=\"text-align: right; \"><b>&#1575;&#1604;&#1585;&#1575;&#1576;&#1593; &#1593;&#1588;&#1585;</b>: &#1575;&#1587;&#1578;&#1593;&#1575;&#1583;&#1577; &#1575;&#1604;&#1605;&#1576;&#1604;&#1594; &#1575;&#1604;&#1605;&#1587;&#1583;&#1583;</h3><p style=\"text-align: right; \"><span style=\"font-size: 18px;\">&nbsp;&#1601;&#1610; &#1581;&#1575;&#1604; &#1608;&#1580;&#1608;&#1583; &#1605;&#1588;&#1603;&#1604;&#1577; &#1601;&#1610; &#1578;&#1602;&#1583;&#1610;&#1605; &#1575;&#1604;&#1575;&#1587;&#1578;&#1588;&#1575;&#1585;&#1577;&#1548; &#1575;&#1608; &#1581;&#1583;&#1608;&#1579; &#1582;&#1604;&#1604; &#1601;&#1606;&#1610;&#1548; &#1601;&#1587;&#1610;&#1578;&#1605; &#1573;&#1593;&#1575;&#1583;&#1577; &#1575;&#1604;&#1605;&#1576;&#1604;&#1594; &#1575;&#1604;&#1601;&#1593;&#1604;&#1610; &#1575;&#1604;&#1584;&#1610; &#1578;&#1605; &#1578;&#1581;&#1589;&#1610;&#1604;&#1607; &#1605;&#1606; &#1602;&#1576;&#1604; &#1575;&#1604;&#1605;&#1587;&#1578;&#1582;&#1583;&#1605; &#1576;&#1593;&#1583; &#1602;&#1610;&#1575;&#1605;&#1607; &#1576;&#1573;&#1585;&#1587;&#1575;&#1604; &#1591;&#1604;&#1576; &#1604;&#1604;&#1583;&#1593;&#1605; &#1575;&#1604;&#1601;&#1606;&#1610; &#1576;&#1571;&#1587;&#1576;&#1575;&#1576; &#1575;&#1604;&#1605;&#1588;&#1603;&#1604;&#1577;&#1548; &#1608;&#1591;&#1604;&#1576;&#1607; &#1604;&#1575;&#1587;&#1578;&#1593;&#1575;&#1583;&#1577; &#1575;&#1604;&#1605;&#1576;&#1604;&#1594;.</span><br></p><p style=\"text-align: right; \"><span style=\"font-size: 18px;\">&nbsp;&#1603;&#1584;&#1604;&#1603; &#1601;&#1610; &#1581;&#1575;&#1604; &#1593;&#1583;&#1605; &#1578;&#1608;&#1575;&#1580;&#1583; (&#1575;&#1604;&#1605;&#1587;&#1578;&#1588;&#1575;&#1585;) &#1601;&#1610; &#1575;&#1604;&#1605;&#1608;&#1593;&#1583; &#1575;&#1604;&#1605;&#1581;&#1583;&#1583; &#1604;&#1604;&#1575;&#1587;&#1578;&#1588;&#1575;&#1585;&#1577; &#1576;&#1593;&#1583; &#1578;&#1571;&#1603;&#1610;&#1583;&#1607;&#1575; &#1605;&#1606; &#1602;&#1576;&#1604; &#1575;&#1604;&#1591;&#1585;&#1601;&#1610;&#1606;. &#1608;&#1593;&#1606;&#1583;&#1607;&#1575; &#1587;&#1610;&#1602;&#1608;&#1605; &#1601;&#1585;&#1610;&#1602; &#1605;&#1608;&#1602;&#1593; &#1575;&#1604;&#1578;&#1605;&#1603;&#1610;&#1606; &#1576;&#1575;&#1604;&#1578;&#1581;&#1602;&#1602; &#1605;&#1606; &#1575;&#1604;&#1591;&#1604;&#1576;&#1548; &#1579;&#1605; &#1575;&#1604;&#1593;&#1605;&#1604; &#1593;&#1604;&#1609; &#1573;&#1593;&#1575;&#1583;&#1577; &#1575;&#1604;&#1605;&#1576;&#1604;&#1594; &#1575;&#1604;&#1605;&#1587;&#1583;&#1583; &#1601;&#1610; &#1581;&#1575;&#1604; &#1603;&#1575;&#1606; &#1575;&#1604;&#1591;&#1604;&#1576; &#1589;&#1581;&#1610;&#1581;.</span><br></p><p style=\"text-align: right; \"><span style=\"font-size: 18px;\">&nbsp;&#1603;&#1605;&#1575; &#1571;&#1606; &#1593;&#1605;&#1604;&#1610;&#1577; &#1573;&#1593;&#1575;&#1583;&#1577; &#1575;&#1604;&#1605;&#1576;&#1604;&#1594; (&#1604;&#1604;&#1605;&#1587;&#1578;&#1582;&#1583;&#1605;) &#1578;&#1578;&#1605; &#1581;&#1589;&#1585;&#1575; &#1573;&#1604;&#1609; &#1608;&#1587;&#1610;&#1604;&#1577; &#1575;&#1604;&#1583;&#1601;&#1593; &#1575;&#1604;&#1578;&#1610; &#1578;&#1605; &#1575;&#1587;&#1578;&#1582;&#1583;&#1575;&#1605;&#1607;&#1575; &#1605;&#1606; &#1602;&#1576;&#1604; (&#1575;&#1604;&#1605;&#1587;&#1578;&#1582;&#1583;&#1605;)&#1548; &#1608;&#1584;&#1604;&#1603; &#1576;&#1593;&#1583; &#1573;&#1578;&#1605;&#1575;&#1605; &#1578;&#1581;&#1589;&#1610;&#1604;&#1607;&#1575; &#1601;&#1610; &#1575;&#1604;&#1581;&#1587;&#1575;&#1576; &#1575;&#1604;&#1576;&#1606;&#1603;&#1610; &#1604;&#1604;&#1605;&#1608;&#1602;&#1593;.</span><br></p><p style=\"text-align: right; \"><span style=\"font-size: 18px;\">&nbsp;&#1608;&#1601;&#1610; &#1581;&#1575;&#1604; &#1593;&#1583;&#1605; &#1578;&#1605;&#1603;&#1610;&#1606; &#1608;&#1587;&#1610;&#1604;&#1577; &#1575;&#1604;&#1583;&#1601;&#1593;..&#1578;&#1608;&#1601;&#1610;&#1585; &#1582;&#1610;&#1575;&#1585; &#1573;&#1593;&#1575;&#1583;&#1577; &#1575;&#1604;&#1605;&#1576;&#1604;&#1594;&#1548; &#1601;&#1587;&#1610;&#1578;&#1605; &#1608;&#1590;&#1593; &#1575;&#1604;&#1605;&#1576;&#1604;&#1594; &#1601;&#1610; &#1581;&#1587;&#1575;&#1576; (&#1575;&#1604;&#1605;&#1587;&#1578;&#1582;&#1583;&#1605;) &#1604;&#1583;&#1609; &#1604;&#1605;&#1608;&#1602;&#1593; &#1575;&#1604;&#1578;&#1605;&#1603;&#1610;&#1606;&#1548; &#1605;&#1605;&#1575; &#1610;&#1605;&#1603;&#1606;&#1607; &#1605;&#1606; &#1575;&#1587;&#1578;&#1582;&#1583;&#1575;&#1605;&#1607; &#1601;&#1610; &#1575;&#1587;&#1578;&#1588;&#1575;&#1585;&#1575;&#1578; &#1571;&#1582;&#1585;&#1609;.</span><br></p><p style=\"text-align: right; \"><span style=\"font-size: 18px;\">&nbsp;&#1605;&#1604;&#1575;&#1581;&#1592;&#1577;: &#1578;&#1581;&#1589;&#1610;&#1604; &#1575;&#1604;&#1605;&#1576;&#1604;&#1594; &#1601;&#1610; &#1581;&#1587;&#1575;&#1576; &#1575;&#1604;&#1605;&#1608;&#1602;&#1593;&#1548; &#1603;&#1584;&#1604;&#1603; &#1593;&#1605;&#1604;&#1610;&#1577; &#1573;&#1593;&#1575;&#1583;&#1607; &#1575;&#1604;&#1605;&#1576;&#1604;&#1594; &#1604;&#1604;&#1581;&#1587;&#1575;&#1576; &#1575;&#1604;&#1576;&#1606;&#1603;&#1610; (&#1604;&#1604;&#1605;&#1587;&#1578;&#1582;&#1583;&#1605;)&#1548; &#1602;&#1583; &#1610;&#1587;&#1578;&#1594;&#1585;&#1602; &#1576;&#1590;&#1593;&#1577; &#1571;&#1610;&#1575;&#1605;&#1548; &#1608;&#1584;&#1604;&#1603; &#1591;&#1576;&#1602;&#1575; &#1604;&#1587;&#1610;&#1575;&#1587;&#1575;&#1578; &#1575;&#1604;&#1576;&#1606;&#1603; &#1608;&#1587;&#1610;&#1575;&#1587;&#1575;&#1578; &#1576;&#1591;&#1575;&#1602;&#1575;&#1578; &#1575;&#1604;&#1573;&#1574;&#1578;&#1605;&#1575;&#1606; &#1601;&#1610; &#1575;&#1604;&#1583;&#1601;&#1593; &#1608;&#1575;&#1604;&#1578;&#1581;&#1589;&#1610;&#1604;&#1548; &#1603;&#1584;&#1604;&#1603; &#1608;&#1601;&#1602;&#1575; &#1604;&#1571;&#1610;&#1575;&#1605; &#1575;&#1604;&#1593;&#1605;&#1604; &#1575;&#1604;&#1582;&#1575;&#1589;&#1577; &#1576;&#1575;&#1604;&#1576;&#1606;&#1608;&#1603;.</span><br></p><p style=\"text-align: right; \"><span style=\"font-size: 18px;\">&#1608;&#1601;&#1610; &#1581;&#1575;&#1604; &#1585;&#1594;&#1576;&#1577; (&#1575;&#1604;&#1605;&#1587;&#1578;&#1582;&#1583;&#1605;) &#1573;&#1604;&#1594;&#1575;&#1569; &#1575;&#1604;&#1573;&#1587;&#1578;&#1588;&#1575;&#1585;&#1577; &#1576;&#1587;&#1576;&#1576; &#1585;&#1594;&#1576;&#1578;&#1607; &#1575;&#1604;&#1581;&#1589;&#1608;&#1604; &#1593;&#1604;&#1609; &#1575;&#1604;&#1582;&#1583;&#1605;&#1577; &#1601;&#1610; &#1608;&#1602;&#1578; &#1605;&#1581;&#1583;&#1583; &#1604;&#1575; &#1610;&#1578;&#1606;&#1575;&#1587;&#1576; &#1605;&#1593; &#1605;&#1608;&#1575;&#1593;&#1610;&#1583; (&#1575;&#1604;&#1605;&#1587;&#1578;&#1588;&#1575;&#1585;)&#1548; &#1571;&#1608; &#1585;&#1594;&#1576;&#1578;&#1607; &#1573;&#1604;&#1594;&#1575;&#1569; &#1575;&#1604;&#1575;&#1587;&#1578;&#1588;&#1575;&#1585;&#1577; &#1604;&#1571;&#1610; &#1587;&#1576;&#1576; &#1570;&#1582;&#1585;&#1548; &#1576;&#1582;&#1604;&#1575;&#1601; &#1608;&#1580;&#1608;&#1583; &#1582;&#1604;&#1604; &#1601;&#1606;&#1610; &#1601;&#1610; &#1575;&#1604;&#1605;&#1608;&#1602;&#1593;&#1548; &#1601;&#1604;&#1606; &#1610;&#1578;&#1605; &#1602;&#1576;&#1608;&#1604; &#1591;&#1604;&#1576; &#1573;&#1587;&#1578;&#1593;&#1575;&#1583;&#1577; &#1575;&#1604;&#1605;&#1576;&#1604;&#1594; &#1608;&#1604;&#1603;&#1606; &#1587;&#1610;&#1578;&#1605; &#1608;&#1590;&#1593; &#1575;&#1604;&#1605;&#1576;&#1604;&#1594; &#1601;&#1610; &#1581;&#1587;&#1575;&#1576; (&#1575;&#1604;&#1605;&#1587;&#1578;&#1582;&#1583;&#1605;) &#1601;&#1610; &#1575;&#1604;&#1605;&#1608;&#1602;&#1593;&#1548; &#1581;&#1610;&#1579; &#1576;&#1573;&#1605;&#1603;&#1575;&#1606;&#1607; &#1575;&#1604;&#1575;&#1587;&#1578;&#1601;&#1575;&#1583;&#1577; &#1605;&#1606;&#1607; &#1604;&#1573;&#1587;&#1578;&#1588;&#1575;&#1585;&#1577; &#1571;&#1582;&#1585;&#1609; &#1605;&#1593; &#1584;&#1575;&#1578; (&#1575;&#1604;&#1605;&#1587;&#1578;&#1588;&#1575;&#1585;)&#1548; &#1571;&#1608; &#1605;&#1593; &#1571;&#1610; (&#1605;&#1587;&#1578;&#1588;&#1575;&#1585;) &#1570;&#1582;&#1585;&#1548; &#1593;&#1604;&#1609; &#1571;&#1606; &#1610;&#1587;&#1583;&#1583; &#1575;&#1604;&#1601;&#1585;&#1602; &#1601;&#1610; &#1581;&#1575;&#1604; &#1575;&#1582;&#1578;&#1604;&#1575;&#1601; &#1587;&#1593;&#1585; &#1575;&#1604;&#1575;&#1587;&#1578;&#1588;&#1575;&#1585;&#1577;&#1548; &#1608;&#1610;&#1578;&#1605; &#1584;&#1604;&#1603; &#1605;&#1606; &#1582;&#1604;&#1575;&#1604; &#1578;&#1602;&#1583;&#1610;&#1605; &#1575;&#1604;&#1591;&#1604;&#1576; &#1593;&#1576;&#1585; &#1573;&#1585;&#1587;&#1575;&#1604; &#1585;&#1587;&#1575;&#1604;&#1577; &#1593;&#1604;&#1609; &#1575;&#1604;&#1576;&#1585;&#1610;&#1583; &#1575;&#1604;&#1573;&#1604;&#1603;&#1578;&#1585;&#1608;&#1606;&#1610; &#1575;&#1604;&#1582;&#1575;&#1589; &#1576;&#1575;&#1604;&#1605;&#1608;&#1602;&#1593; .</span><br></p><p style=\"text-align: right; \"><span style=\"font-size: 18px;\">&#1603;&#1605;&#1575; &#1604;&#1575; &#1610;&#1581;&#1602; &#1604;&#1600; (&#1604;&#1605;&#1587;&#1578;&#1582;&#1583;&#1605;) &#1575;&#1604;&#1605;&#1591;&#1575;&#1604;&#1576;&#1577;&nbsp; &#1576;&#1573;&#1587;&#1578;&#1585;&#1583;&#1575;&#1583; &#1575;&#1604;&#1605;&#1576;&#1604;&#1594; &#1575;&#1604;&#1605;&#1583;&#1601;&#1608;&#1593; &#1605;&#1602;&#1575;&#1576;&#1604; &#1575;&#1604;&#1575;&#1587;&#1578;&#1588;&#1575;&#1585;&#1577; &#1601;&#1610; &#1581;&#1575;&#1604; &#1593;&#1583;&#1605; &#1583;&#1582;&#1608;&#1604;&#1607; &#1604;&#1604;&#1605;&#1608;&#1602;&#1593; &#1601;&#1610; &#1575;&#1604;&#1608;&#1602;&#1578; &#1575;&#1604;&#1605;&#1581;&#1583;&#1583; &#1604;&#1604;&#1575;&#1587;&#1578;&#1588;&#1575;&#1585;&#1577;&#1548; &#1608;&#1575;&#1604;&#1584;&#1610; &#1578;&#1605; &#1578;&#1571;&#1603;&#1610;&#1583;&#1607; &#1605;&#1606; &#1602;&#1576;&#1604; &#1603;&#1604; &#1605;&#1606; (&#1575;&#1604;&#1605;&#1587;&#1578;&#1588;&#1575;&#1585;) &#1608; (&#1575;&#1604;&#1605;&#1587;&#1578;&#1582;&#1583;&#1605;)&#1548; &#1603;&#1584;&#1604;&#1603; &#1604;&#1575; &#1610;&#1581;&#1602; &#1604;(&#1575;&#1604;&#1605;&#1587;&#1578;&#1582;&#1583;&#1605;) &#1575;&#1604;&#1605;&#1591;&#1575;&#1604;&#1576;&#1577; &#1576;&#1571;&#1610; &#1578;&#1593;&#1608;&#1610;&#1590; &#1593;&#1606; &#1575;&#1604;&#1608;&#1602;&#1578; &#1575;&#1604;&#1584;&#1610; &#1604;&#1605; &#1610;&#1578;&#1608;&#1575;&#1580;&#1583; &#1576;&#1607; &#1601;&#1610; &#1575;&#1604;&#1589;&#1601;&#1581;&#1577; &#1575;&#1604;&#1605;&#1582;&#1589;&#1589;&#1577; &#1604;&#1604;&#1575;&#1587;&#1578;&#1588;&#1575;&#1585;&#1577; &#1601;&#1610; &#1575;&#1604;&#1605;&#1608;&#1593;&#1583; &#1601;&#1610; &#1575;&#1604;&#1608;&#1602;&#1578; &#1575;&#1604;&#1605;&#1581;&#1583;&#1583; &#1604;&#1604;&#1575;&#1587;&#1578;&#1588;&#1575;&#1585;&#1577;.</span><br></p><h3 style=\"text-align: right; \"><b>&#1575;&#1604;&#1582;&#1575;&#1605;&#1587; &#1593;&#1588;&#1585;: &#1581;&#1602;&#1608;&#1602; &#1575;&#1604;&#1605;&#1604;&#1603;&#1610;&#1577; &#1575;&#1604;&#1601;&#1603;&#1585;&#1610;&#1577;</b></h3><p style=\"text-align: right; \"><span style=\"font-size: 18px;\">&nbsp;&#1580;&#1605;&#1610;&#1593; &#1581;&#1602;&#1608;&#1602; &#1575;&#1604;&#1605;&#1604;&#1603;&#1610;&#1577; &#1575;&#1604;&#1601;&#1603;&#1585;&#1610;&#1577; &#1604;&#1607;&#1584;&#1607; &#1575;&#1604;&#1582;&#1583;&#1605;&#1575;&#1578;&#1548; &#1608;&#1603;&#1575;&#1601;&#1577; &#1575;&#1604;&#1605;&#1608;&#1575;&#1583; &#1575;&#1604;&#1605;&#1578;&#1593;&#1604;&#1602;&#1577; &#1576;&#1607;&#1575;&#1548; &#1571;&#1608; &#1575;&#1604;&#1578;&#1610; &#1578;&#1592;&#1607;&#1585; &#1601;&#1610; &#1605;&#1608;&#1602;&#1593; &#1575;&#1604;&#1578;&#1605;&#1603;&#1610;&#1606;(&#1571;&#1610; &#1605;&#1581;&#1578;&#1608;&#1609; &#1610;&#1602;&#1608;&#1605; &#1575;&#1604;&#1605;&#1608;&#1602;&#1593; &#1576;&#1578;&#1602;&#1583;&#1610;&#1605;&#1607; &#1571;&#1608; &#1576;&#1573;&#1583;&#1585;&#1575;&#1580;&#1607;) &#1607;&#1608; &#1605;&#1604;&#1603;&#1610;&#1577; &#1582;&#1575;&#1589;&#1577; &#1604;&#1605;&#1608;&#1602;&#1593; &#1575;&#1604;&#1578;&#1605;&#1603;&#1610;&#1606;.</span><br></p><p style=\"text-align: right; \"><span style=\"font-size: 18px;\">&nbsp;&#1608;&#1610;&#1580;&#1576; &#1593;&#1583;&#1605; &#1575;&#1604;&#1602;&#1610;&#1575;&#1605; &#1576;&#1573;&#1593;&#1575;&#1583;&#1577; &#1573;&#1606;&#1578;&#1575;&#1580; &#1571;&#1608; &#1575;&#1604;&#1587;&#1605;&#1575;&#1581; &#1604;&#1571;&#1610; &#1588;&#1582;&#1589;&#1548; &#1604;&#1571;&#1610; &#1587;&#1576;&#1576; &#1605;&#1606; &#1575;&#1604;&#1571;&#1587;&#1576;&#1575;&#1576;&#1548; &#1576;&#1575;&#1587;&#1578;&#1582;&#1583;&#1575;&#1605; &#1571;&#1608; &#1573;&#1593;&#1575;&#1583;&#1577; &#1573;&#1606;&#1578;&#1575;&#1580; &#1575;&#1604;&#1582;&#1583;&#1605;&#1575;&#1578; &#1571;&#1608; &#1571;&#1610; &#1593;&#1604;&#1575;&#1605;&#1575;&#1578; &#1578;&#1580;&#1575;&#1585;&#1610;&#1577; &#1571;&#1608; &#1594;&#1610;&#1585;&#1607;&#1575; &#1605;&#1606; &#1575;&#1604;&#1576;&#1610;&#1575;&#1606;&#1575;&#1578; &#1571;&#1608; &#1575;&#1604;&#1571;&#1587;&#1605;&#1575;&#1569; &#1575;&#1604;&#1578;&#1580;&#1575;&#1585;&#1610;&#1577; &#1575;&#1604;&#1578;&#1610; &#1578;&#1592;&#1607;&#1585; &#1601;&#1610; &#1575;&#1604;&#1582;&#1583;&#1605;&#1575;&#1578;.</span><br></p><h3 style=\"text-align: right; \"><b>&#1575;&#1604;&#1587;&#1575;&#1583;&#1587; &#1593;&#1588;&#1585;: &#1575;&#1604;&#1605;&#1587;&#1572;&#1608;&#1604;&#1610;&#1577; &#1575;&#1604;&#1605;&#1587;&#1578;&#1588;&#1575;&#1585;</b></h3><p style=\"text-align: right; \"><span style=\"font-size: 18px;\">&nbsp;&#1575;&#1604;&#1605;&#1593;&#1604;&#1608;&#1605;&#1575;&#1578; &#1608;&#1575;&#1604;&#1578;&#1608;&#1589;&#1610;&#1575;&#1578; &#1608;&#1575;&#1604;&#1582;&#1583;&#1605;&#1575;&#1578; &#1571;&#1608; &#1571;&#1610; &#1605;&#1606;&#1607;&#1575; &#1575;&#1604;&#1578;&#1610; &#1578;&#1602;&#1583;&#1605; &#1605;&#1606; &#1582;&#1604;&#1575;&#1604; &#1575;&#1604;&#1578;&#1591;&#1576;&#1610;&#1602; &#1607;&#1610; &#1604;&#1571;&#1594;&#1585;&#1575;&#1590; &#1575;&#1604;&#1575;&#1587;&#1578;&#1588;&#1575;&#1585;&#1575;&#1578;&#1548; &#1608;&#1610;&#1602;&#1583;&#1605;&#1607;&#1575; &#1575;&#1604;&#1605;&#1587;&#1578;&#1588;&#1575;&#1585; &#1576;&#1606;&#1575;&#1569; &#1593;&#1604;&#1609; &#1591;&#1604;&#1576; &#1575;&#1604;&#1605;&#1587;&#1578;&#1582;&#1583;&#1605;.</span><br></p><p style=\"text-align: right; \"><span style=\"font-size: 18px;\">&nbsp;&#1603;&#1605;&#1575; &#1610;&#1578;&#1593;&#1607;&#1583; &#1605;&#1608;&#1602;&#1593; &#1575;&#1604;&#1578;&#1605;&#1603;&#1610;&#1606; &#1575;&#1604;&#1581;&#1601;&#1575;&#1592; &#1593;&#1604;&#1609; &#1575;&#1604;&#1605;&#1593;&#1604;&#1608;&#1605;&#1575;&#1578; &#1602;&#1583;&#1585; &#1575;&#1604;&#1573;&#1605;&#1603;&#1575;&#1606;&#1548; &#1603;&#1584;&#1604;&#1603; &#1575;&#1604;&#1581;&#1601;&#1575;&#1592; &#1593;&#1604;&#1609; &#1589;&#1581;&#1577; &#1575;&#1604;&#1576;&#1610;&#1575;&#1606;&#1575;&#1578;&#1548; &#1608;&#1578;&#1581;&#1583;&#1610;&#1579; &#1575;&#1604;&#1605;&#1608;&#1602;&#1593; &#1608;&#1575;&#1604;&#1578;&#1591;&#1576;&#1610;&#1602; &#1608;&#1605;&#1581;&#1578;&#1608;&#1610;&#1575;&#1578;&#1607;&#1548; &#1604;&#1603;&#1606; &#1575;&#1604;&#1605;&#1608;&#1602;&#1593; &#1604;&#1575; &#1610;&#1590;&#1605;&#1606; &#1571;&#1606; &#1605;&#1581;&#1578;&#1608;&#1610;&#1575;&#1578; &#1575;&#1604;&#1605;&#1608;&#1602;&#1593; &#1582;&#1575;&#1604;&#1610;&#1577; &#1605;&#1606; &#1575;&#1604;&#1571;&#1582;&#1591;&#1575;&#1569; &#1608;&#1575;&#1604;&#1593;&#1610;&#1608;&#1576; &#1608;&#1575;&#1604;&#1576;&#1585;&#1575;&#1605;&#1580; &#1575;&#1604;&#1590;&#1575;&#1585;&#1577; &#1608;&#1575;&#1604;&#1601;&#1610;&#1585;&#1608;&#1587;&#1575;&#1578; &#1608;&#1604;&#1575; &#1578;&#1590;&#1605;&#1606; &#1589;&#1581;&#1577; &#1608;&#1583;&#1602;&#1577; &#1608;&#1581;&#1583;&#1575;&#1579;&#1577; &#1605;&#1608;&#1602;&#1593; &#1575;&#1604;&#1608;&#1610;&#1576;.</span><br></p>\r\n\r\n\n');
INSERT INTO `terms` (`term_id`, `language_id`, `term_title`, `term_link`, `term_description`) VALUES
(4, 2, 'بيان الخصوصيه', 'privacy-statement-ar', '\n<h4 style=\"text-align: right; \"><u>&#1587;&#1610;&#1575;&#1587;&#1577; &#1575;&#1604;&#1582;&#1589;&#1608;&#1589;&#1610;&#1577;</u></h4><div style=\"text-align: right;\"><br></div><div style=\"text-align: right;\">&nbsp;&#1605;&#1608;&#1602;&#1593; &#1575;&#1604;&#1578;&#1605;&#1603;&#1610;&#1606; &#1607;&#1608;&#1593;&#1576;&#1575;&#1585;&#1577; &#1593;&#1606; &#1605;&#1606;&#1589;&#1577; &#1573;&#1604;&#1603;&#1578;&#1585;&#1608;&#1606;&#1610;&#1577; &#1578;&#1605;&#1603;&#1606; &#1575;&#1604;&#1593;&#1605;&#1610;&#1604; &#1605;&#1606; &#1575;&#1604;&#1581;&#1589;&#1608;&#1604; &#1593;&#1604;&#1609; &#1575;&#1587;&#1578;&#1588;&#1575;&#1585;&#1577; &#1605;&#1578;&#1582;&#1589;&#1589;&#1577; &#1605;&#1606; &#1602;&#1576;&#1604; &#1575;&#1604;&#1605;&#1587;&#1578;&#1588;&#1575;&#1585;&#1548; &#1608;&#1606;&#1581;&#1606; &#1605;&#1604;&#1578;&#1586;&#1605;&#1608;&#1606; &#1576;&#1581;&#1605;&#1575;&#1610;&#1577; &#1608;&#1575;&#1581;&#1578;&#1585;&#1575;&#1605; &#1582;&#1589;&#1608;&#1589;&#1610;&#1578;&#1603;&#1605;. &#1608;&#1607;&#1584;&#1607; &#1575;&#1604;&#1587;&#1610;&#1575;&#1587;&#1575;&#1578; &#1575;&#1604;&#1582;&#1575;&#1589;&#1577; &#1576;&#1606;&#1575; &#1601;&#1610; &#1605;&#1608;&#1602;&#1593; &#1575;&#1604;&#1578;&#1605;&#1603;&#1610;&#1606; &#1608;&#1594;&#1610;&#1585;&#1607;&#1575; &#1605;&#1606; &#1575;&#1604;&#1576;&#1606;&#1608;&#1583; &#1575;&#1604;&#1605;&#1588;&#1575;&#1585; &#1573;&#1604;&#1610;&#1607;&#1575; &#1583;&#1575;&#1582;&#1604; &#1575;&#1604;&#1605;&#1608;&#1602;&#1593; &#1578;&#1581;&#1583;&#1583; &#1571;&#1587;&#1575;&#1587; &#1575;&#1604;&#1578;&#1593;&#1575;&#1605;&#1604; &#1576;&#1610;&#1606;&#1606;&#1575; &#1608;&#1576;&#1610;&#1606; &#1605;&#1602;&#1583;&#1605; &#1575;&#1604;&#1582;&#1583;&#1605;&#1577; \"&#1575;&#1604;&#1605;&#1587;&#1578;&#1588;&#1575;&#1585;\" &#1608;&#1576;&#1610;&#1606; &#1605;&#1587;&#1578;&#1602;&#1576;&#1604; &#1575;&#1604;&#1582;&#1583;&#1605;&#1577; \"&#1575;&#1604;&#1593;&#1605;&#1610;&#1604;\". &#1604;&#1584;&#1604;&#1603; &#1606;&#1585;&#1580;&#1608; &#1605;&#1606;&#1603; &#1602;&#1585;&#1575;&#1569;&#1578;&#1607;&#1575; &#1576;&#1593;&#1606;&#1575;&#1610;&#1577; &#1604;&#1578;&#1601;&#1607;&#1605; &#1603;&#1610;&#1601;&#1610;&#1577; &#1578;&#1593;&#1575;&#1605;&#1604;&#1606;&#1575; &#1605;&#1593; &#1605;&#1593;&#1604;&#1608;&#1605;&#1575;&#1578;&#1603;&#1605; &#1575;&#1604;&#1588;&#1582;&#1589;&#1610;&#1577; &#1608;&#1605;&#1593; &#1575;&#1604;&#1576;&#1610;&#1575;&#1606;&#1575;&#1578; &#1575;&#1604;&#1578;&#1610; &#1610;&#1578;&#1605; &#1578;&#1583;&#1575;&#1608;&#1604;&#1607;&#1575; &#1593;&#1576;&#1585; &#1575;&#1604;&#1605;&#1608;&#1602;&#1593;. &#1608;&#1605;&#1606; &#1582;&#1604;&#1575;&#1604; &#1578;&#1587;&#1580;&#1610;&#1604;&#1603;&#1605; &#1605;&#1593;&#1606;&#1575; &#1601;&#1573;&#1606;&#1603;&#1605; &#1578;&#1608;&#1575;&#1601;&#1602;&#1608;&#1606; &#1593;&#1604;&#1609; &#1575;&#1604;&#1576;&#1606;&#1608;&#1583; &#1575;&#1604;&#1605;&#1588;&#1575;&#1585; &#1573;&#1604;&#1610;&#1607;&#1575; &#1601;&#1610; &#1587;&#1610;&#1575;&#1587;&#1577; &#1575;&#1604;&#1582;&#1589;&#1608;&#1589;&#1610;&#1577; &#1608;&#1594;&#1610;&#1585;&#1607;&#1575; &#1605;&#1606; &#1575;&#1604;&#1588;&#1585;&#1608;&#1591; &#1608;&#1575;&#1604;&#1575;&#1581;&#1603;&#1575;&#1605; &#1575;&#1604;&#1608;&#1575;&#1585;&#1583;&#1577; &#1601;&#1610; &#1575;&#1604;&#1605;&#1608;&#1602;&#1593;&nbsp;</div><div style=\"text-align: right;\"><br></div><h4 style=\"text-align: right;\"><b><u>&#1575;&#1604;&#1581;&#1601;&#1575;&#1592; &#1593;&#1604;&#1609; &#1587;&#1585;&#1610;&#1577; &#1575;&#1604;&#1605;&#1593;&#1604;&#1608;&#1605;&#1575;&#1578;</u></b></h4><div style=\"text-align: right;\"><br></div><div style=\"text-align: right;\">&nbsp;&#1605;&#1606; &#1571;&#1607;&#1583;&#1575;&#1601; &#1605;&#1608;&#1602;&#1593; &#1575;&#1604;&#1578;&#1605;&#1603;&#1610;&#1606; &#1575;&#1604;&#1581;&#1601;&#1575;&#1592; &#1593;&#1604;&#1609; &#1582;&#1589;&#1608;&#1589;&#1610;&#1577; &#1575;&#1604;&#1605;&#1587;&#1578;&#1582;&#1583;&#1605;&#1610;&#1606;&#1548; &#1604;&#1584;&#1575; &#1606;&#1581;&#1606; &#1606;&#1604;&#1578;&#1586;&#1605; &#1576;&#1593;&#1583;&#1605; &#1575;&#1604;&#1603;&#1588;&#1601; &#1593;&#1606; &#1571;&#1610; &#1605;&#1593;&#1604;&#1608;&#1605;&#1575;&#1578; &#1588;&#1582;&#1589;&#1610;&#1577; &#1587;&#1608;&#1575;&#1569; &#1604;&#1604;&#1605;&#1587;&#1578;&#1588;&#1575;&#1585; &#1571;&#1608; &#1575;&#1604;&#1593;&#1605;&#1610;&#1604; &#1605;&#1579;&#1604; \"&#1575;&#1604;&#1575;&#1587;&#1605;&#1548; &#1575;&#1604;&#1593;&#1606;&#1608;&#1575;&#1606;&#1548; &#1575;&#1604;&#1576;&#1585;&#1610;&#1583; &#1575;&#1604;&#1573;&#1604;&#1603;&#1578;&#1585;&#1608;&#1606;&#1610;&#1548; &#1608;&#1594;&#1610;&#1585;&#1607;&#1575;\" &#1604;&#1571;&#1610; &#1580;&#1607;&#1577; &#1603;&#1575;&#1606;&#1578;&#1548; &#1608;&#1601;&#1610; &#1581;&#1583;&#1608;&#1583; &#1575;&#1604;&#1602;&#1608;&#1575;&#1606;&#1610;&#1606; &#1575;&#1604;&#1605;&#1587;&#1605;&#1608;&#1581; &#1576;&#1607;&#1575; &#1601;&#1610;&nbsp; &#1587;&#1604;&#1591;&#1606;&#1577; &#1593;&#1605;&#1575;&#1606;&#1548; &#1608;&#1604;&#1606; &#1610;&#1587;&#1605;&#1581; &#1576;&#1575;&#1604;&#1608;&#1589;&#1608;&#1604; &#1604;&#1607;&#1584;&#1607; &#1575;&#1604;&#1605;&#1593;&#1604;&#1608;&#1605;&#1575;&#1578; &#1582;&#1575;&#1585;&#1580; &#1601;&#1585;&#1610;&#1602; &#1575;&#1604;&#1593;&#1605;&#1604; &#1575;&#1604;&#1605;&#1588;&#1585;&#1601; &#1593;&#1604;&#1609; &#1575;&#1604;&#1605;&#1608;&#1602;&#1593;.</div><div style=\"text-align: right;\"><br></div><h4 style=\"text-align: right;\"><b><u>&#1581;&#1575;&#1604;&#1575;&#1578; &#1575;&#1604;&#1582;&#1604;&#1604; &#1575;&#1604;&#1578;&#1602;&#1606;&#1610; &#1571;&#1608; &#1575;&#1606;&#1602;&#1591;&#1575;&#1593; &#1575;&#1604;&#1582;&#1583;&#1605;&#1577;</u></b></h4><div style=\"text-align: right;\"><br></div><div style=\"text-align: right;\">&nbsp;&#1605;&#1608;&#1602;&#1593; &#1575;&#1604;&#1578;&#1605;&#1603;&#1610;&#1606; &#1610;&#1576;&#1584;&#1604; &#1602;&#1589;&#1575;&#1585;&#1609; &#1580;&#1607;&#1583;&#1607; &#1601;&#1610; &#1578;&#1602;&#1583;&#1610;&#1605; &#1575;&#1604;&#1575;&#1587;&#1578;&#1588;&#1575;&#1585;&#1575;&#1578; &#1601;&#1610; &#1576;&#1610;&#1574;&#1577; &#1570;&#1605;&#1606;&#1577; &#1605;&#1587;&#1578;&#1602;&#1585;&#1577; &#1608;&#1601;&#1610; &#1575;&#1604;&#1608;&#1602;&#1578; &#1575;&#1604;&#1605;&#1606;&#1575;&#1587;&#1576; &#1548; &#1578;&#1581;&#1575;&#1601;&#1592; &#1593;&#1604;&#1609; &#1582;&#1589;&#1608;&#1589;&#1610;&#1578;&#1603;&#1548; &#1608;&#1601;&#1610; &#1581;&#1575;&#1604; &#1581;&#1583;&#1608;&#1579; &#1591;&#1575;&#1585;&#1574;&#1548; &#1603;&#1582;&#1604;&#1604; &#1578;&#1602;&#1606;&#1610; &#1578;&#1587;&#1576;&#1576; &#1601;&#1610; &#1575;&#1606;&#1602;&#1591;&#1575;&#1593; &#1573;&#1578;&#1605;&#1575;&#1605; &#1591;&#1604;&#1576; &#1575;&#1604;&#1575;&#1587;&#1578;&#1588;&#1575;&#1585;&#1577; &#1606;&#1585;&#1580;&#1608; &#1605;&#1606;&#1603;&#1605; &#1575;&#1604;&#1578;&#1608;&#1575;&#1589;&#1604; &#1605;&#1593; &#1601;&#1585;&#1610;&#1602; &#1575;&#1604;&#1583;&#1593;&#1605; &#1575;&#1604;&#1601;&#1606;&#1610; &#1575;&#1604;&#1582;&#1575;&#1589; &#1576;&#1575;&#1604;&#1605;&#1608;&#1602;&#1593;&#1548; &#1608;&#1587;&#1610;&#1578;&#1605; &#1575;&#1604;&#1578;&#1581;&#1602;&#1602; &#1608;&#1581;&#1604; &#1575;&#1604;&#1573;&#1588;&#1603;&#1575;&#1604;&#1610;&#1577; &#1575;&#1604;&#1578;&#1610; &#1604;&#1583;&#1610;&#1603;&#1605; &#1576;&#1588;&#1603;&#1604; &#1605;&#1607;&#1606;&#1610;. &#1608;&#1587;&#1585;&#1610;&#1593;</div><div style=\"text-align: right;\"><br></div><h4 style=\"text-align: right;\"><b><u>&#1575;&#1604;&#1581;&#1587;&#1575;&#1576; &#1575;&#1604;&#1588;&#1582;&#1589;&#1610; &#1608;&#1603;&#1604;&#1605;&#1577; &#1575;&#1604;&#1587;&#1585;</u></b></h4><div style=\"text-align: right;\"><br></div><div style=\"text-align: right;\">&nbsp;&#1610;&#1604;&#1578;&#1586;&#1605; &#1575;&#1604;&#1605;&#1587;&#1578;&#1588;&#1575;&#1585; &#1608;&#1575;&#1604;&#1593;&#1605;&#1610;&#1604; &#1576;&#1575;&#1604;&#1581;&#1601;&#1575;&#1592; &#1593;&#1604;&#1609; &#1587;&#1585;&#1610;&#1577; &#1575;&#1604;&#1605;&#1593;&#1604;&#1608;&#1605;&#1575;&#1578; &#1575;&#1604;&#1605;&#1578;&#1583;&#1575;&#1608;&#1604;&#1577; &#1582;&#1604;&#1575;&#1604; &#1605;&#1606;&#1581; &#1575;&#1604;&#1575;&#1587;&#1578;&#1588;&#1575;&#1585;&#1577; &#1593;&#1605;&#1608;&#1605;&#1575;&#1611;&#1548; &#1608;&#1603;&#1584;&#1604;&#1603; &#1593;&#1606;&#1583; &#1578;&#1587;&#1580;&#1610;&#1604; &#1575;&#1604;&#1583;&#1582;&#1608;&#1604; &#1608;&#1603;&#1604;&#1605;&#1577; &#1575;&#1604;&#1587;&#1585;&#1548; &#1581;&#1610;&#1579; &#1587;&#1610;&#1578;&#1581;&#1605;&#1604; &#1575;&#1604;&#1605;&#1587;&#1578;&#1588;&#1575;&#1585; &#1571;&#1608; &#1575;&#1604;&#1593;&#1605;&#1610;&#1604; &#1603;&#1575;&#1601;&#1577; &#1575;&#1604;&#1605;&#1587;&#1572;&#1608;&#1604;&#1610;&#1575;&#1578; &#1575;&#1604;&#1605;&#1578;&#1585;&#1578;&#1576;&#1577; &#1593;&#1604;&#1609; &#1575;&#1587;&#1578;&#1582;&#1583;&#1575;&#1605; &#1575;&#1604;&#1581;&#1587;&#1575;&#1576; &#1605;&#1606; &#1602;&#1576;&#1604; &#1575;&#1604;&#1594;&#1610;&#1585;&#1548; &#1583;&#1608;&#1606; &#1571;&#1583;&#1606;&#1609; &#1605;&#1587;&#1572;&#1608;&#1604;&#1610;&#1577; &#1578;&#1602;&#1593; &#1604;&#1609;&#1605;&#1608;&#1602;&#1593; &#1575;&#1604;&#1578;&#1605;&#1603;&#1610;&#1606;. &#1603;&#1605;&#1575; &#1610;&#1578;&#1581;&#1605;&#1604; &#1575;&#1604;&#1605;&#1587;&#1578;&#1588;&#1575;&#1585; &#1608;&#1575;&#1604;&#1593;&#1605;&#1610;&#1604; &#1605;&#1587;&#1574;&#1608;&#1604;&#1610;&#1577; &#1580;&#1605;&#1610;&#1593; &#1575;&#1604;&#1576;&#1610;&#1575;&#1606;&#1575;&#1578; &#1608;&#1575;&#1604;&#1605;&#1593;&#1604;&#1608;&#1605;&#1575;&#1578; &#1608;&#1575;&#1604;&#1608;&#1579;&#1575;&#1574;&#1602; &#1575;&#1604;&#1578;&#1610; &#1610;&#1578;&#1588;&#1575;&#1585;&#1603;&#1608;&#1606;&#1607;&#1575; &#1593;&#1576;&#1585; &#1605;&#1608;&#1602;&#1593; &#1575;&#1604;&#1578;&#1605;&#1603;&#1610;&#1606;.</div><div style=\"text-align: right;\"><br></div><h4 style=\"text-align: right;\"><b><u>&#1575;&#1604;&#1606;&#1589; &#1575;&#1604;&#1605;&#1578;&#1583;&#1575;&#1608;&#1604; &#1571;&#1579;&#1606;&#1575;&#1569; &#1578;&#1602;&#1583;&#1610;&#1605; &#1575;&#1604;&#1582;&#1583;&#1605;&#1577;</u></b></h4><div style=\"text-align: right;\"><br></div><div style=\"text-align: right;\">&nbsp;&#1610;&#1605;&#1606;&#1593; &#1578;&#1583;&#1575;&#1608;&#1604; &#1571;&#1610; &#1576;&#1610;&#1575;&#1606;&#1575;&#1578; &#1588;&#1582;&#1589;&#1610;&#1577; &#1587;&#1608;&#1575;&#1569; &#1605;&#1606; &#1602;&#1576;&#1604; &#1575;&#1604;&#1593;&#1605;&#1610;&#1604; &#1571;&#1608; &#1575;&#1604;&#1605;&#1587;&#1578;&#1588;&#1575;&#1585; (&#1605;&#1579;&#1604;: &#1585;&#1602;&#1605; &#1575;&#1604;&#1607;&#1575;&#1578;&#1601;&#1548; &#1575;&#1604;&#1576;&#1585;&#1610;&#1583; &#1575;&#1604;&#1573;&#1604;&#1603;&#1578;&#1585;&#1608;&#1606;&#1610;&#1548; &#1581;&#1587;&#1575;&#1576;&#1575;&#1578; &#1575;&#1604;&#1578;&#1608;&#1575;&#1589;&#1604; &#1575;&#1604;&#1575;&#1580;&#1578;&#1605;&#1575;&#1593;&#1610; ...&#1575;&#1604;&#1582;)&#1548; &#1603;&#1605;&#1575; &#1610;&#1605;&#1606;&#1593; &#1578;&#1583;&#1575;&#1608;&#1604; &#1571;&#1610; &#1576;&#1610;&#1575;&#1606;&#1575;&#1578; &#1571;&#1608; &#1570;&#1585;&#1575;&#1569; &#1571;&#1608; &#1605;&#1593;&#1604;&#1608;&#1605;&#1575;&#1578; &#1578;&#1605;&#1587; &#1575;&#1604;&#1583;&#1610;&#1606; &#1571;&#1608; &#1575;&#1604;&#1605;&#1584;&#1607;&#1576; &#1571;&#1608; &#1575;&#1604;&#1593;&#1585;&#1602; &#1571;&#1608; &#1575;&#1604;&#1580;&#1606;&#1587; ..&#1575;&#1604;&#1582;&#1548; &#1603;&#1605;&#1575; &#1610;&#1605;&#1606;&#1593; &#1605;&#1606;&#1593;&#1575; &#1576;&#1575;&#1578;&#1575; &#1575;&#1604;&#1582;&#1608;&#1590; &#1601;&#1610; &#1575;&#1604;&#1587;&#1610;&#1575;&#1587;&#1577;&#1548; &#1571;&#1608; &#1575;&#1604;&#1578;&#1593;&#1585;&#1590; &#1604;&#1604;&#1585;&#1605;&#1608;&#1586; &#1575;&#1604;&#1587;&#1610;&#1575;&#1587;&#1610;&#1577;&#1548; &#1571;&#1608; &#1575;&#1604;&#1602;&#1575;&#1583;&#1577; &#1608;&#1586;&#1593;&#1605;&#1575;&#1569; &#1575;&#1604;&#1583;&#1608;&#1604;&#1548; &#1581;&#1610;&#1579; &#1587;&#1610;&#1578;&#1605; &#1578;&#1591;&#1576;&#1610;&#1602; &#1588;&#1585;&#1608;&#1591; &#1608;&#1571;&#1581;&#1603;&#1575;&#1605; &#1575;&#1604;&#1605;&#1608;&#1602;&#1593; &#1601;&#1610; &#1605;&#1579;&#1604; &#1607;&#1584;&#1607; &#1575;&#1604;&#1571;&#1581;&#1608;&#1575;&#1604;&#1548; &#1603;&#1584;&#1604;&#1603; &#1578;&#1591;&#1576;&#1610;&#1602; &#1575;&#1604;&#1602;&#1608;&#1575;&#1606;&#1610;&#1606; &#1584;&#1575;&#1578; &#1575;&#1604;&#1589;&#1604;&#1577;.<br></div><div style=\"text-align: right;\"><br></div><h4 style=\"text-align: right; \"><b><u>&#1575;&#1604;&#1585;&#1602;&#1575;&#1576;&#1577; &#1593;&#1604;&#1609; &#1575;&#1604;&#1605;&#1581;&#1578;&#1608;&#1609;</u></b></h4><div style=\"text-align: right;\"><br></div><div style=\"text-align: right;\">&#1605;&#1608;&#1602;&#1593; &#1575;&#1604;&#1578;&#1605;&#1603;&#1610;&#1606; &#1604;&#1607; &#1575;&#1604;&#1581;&#1602; &#1576;&#1575;&#1604;&#1575;&#1581;&#1578;&#1601;&#1575;&#1592; &#1601;&#1610; &#1573;&#1583;&#1575;&#1585;&#1577; &#1608;&#1605;&#1585;&#1575;&#1602;&#1576;&#1577; &#1603;&#1575;&#1601;&#1577; &#1605;&#1581;&#1578;&#1608;&#1610;&#1575;&#1578; &#1575;&#1604;&#1605;&#1606;&#1589;&#1577;&#1548; &#1608;&#1604;&#1584;&#1604;&#1603; &#1610;&#1581;&#1578;&#1601;&#1592; &#1576;&#1575;&#1604;&#1581;&#1602; &#1601;&#1610; &#1581;&#1584;&#1601; &#1571;&#1608; &#1578;&#1581;&#1585;&#1610;&#1585; &#1571;&#1608; &#1573;&#1586;&#1575;&#1604;&#1577; &#1571;&#1610; &#1605;&#1587;&#1578;&#1588;&#1575;&#1585; &#1571;&#1608; &#1593;&#1605;&#1610;&#1604; &#1610;&#1606;&#1588;&#1585; &#1571;&#1605;&#1608;&#1585; &#1605;&#1582;&#1575;&#1604;&#1601;&#1577; &#1604;&#1571;&#1607;&#1583;&#1575;&#1601; &#1575;&#1604;&#1605;&#1608;&#1602;&#1593; &#1608;&#1588;&#1585;&#1608;&#1591;&#1607; &#1608;&#1571;&#1581;&#1603;&#1575;&#1605;&#1607;&#1548; &#1571;&#1608; &#1578;&#1603;&#1608;&#1606; &#1605;&#1582;&#1575;&#1604;&#1601;&#1577; &#1604;&#1604;&#1606;&#1592;&#1575;&#1605; &#1575;&#1604;&#1593;&#1575;&#1605; &#1571;&#1608; &#1575;&#1604;&#1570;&#1583;&#1575;&#1576; &#1575;&#1604;&#1593;&#1575;&#1605;&#1577; &#1608;&#1610;&#1581;&#1602; &#1604;&#1604;&#1605;&#1608;&#1602;&#1593; &#1575;&#1604;&#1585;&#1580;&#1608;&#1593; &#1593;&#1604;&#1609; &#1575;&#1604;&#1605;&#1578;&#1587;&#1576;&#1576; &#1601;&#1610; &#1584;&#1604;&#1603;.<br></div><div style=\"text-align: right;\"><br></div><div style=\"text-align: right;\">&nbsp;&#1608;&#1604;&#1584;&#1604;&#1603;&#1548; &#1593;&#1606;&#1583; &#1605;&#1608;&#1575;&#1601;&#1602;&#1578;&#1603; &#1593;&#1604;&#1609; &#1575;&#1604;&#1578;&#1587;&#1580;&#1610;&#1604; &#1601;&#1610; &#1575;&#1604;&#1605;&#1608;&#1602;&#1593; &#1601;&#1571;&#1606;&#1578; &#1578;&#1608;&#1575;&#1601;&#1602; &#1590;&#1605;&#1606;&#1610;&#1575; &#1593;&#1604;&#1609; &#1580;&#1605;&#1610;&#1593; &#1575;&#1604;&#1588;&#1585;&#1608;&#1591; &#1608;&#1575;&#1604;&#1571;&#1581;&#1603;&#1575;&#1605; &#1575;&#1604;&#1582;&#1575;&#1589;&#1577; &#1601;&#1610; &#1575;&#1604;&#1605;&#1608;&#1602;&#1593;&#1548; &#1608;&#1593;&#1604;&#1609; &#1605;&#1575; &#1587;&#1610;&#1578;&#1585;&#1578;&#1576; &#1593;&#1604;&#1610;&#1607;&#1575; &#1593;&#1606;&#1583; &#1605;&#1582;&#1575;&#1604;&#1601;&#1578;&#1607;&#1575;.</div><div style=\"text-align: right;\"><br></div><div style=\"text-align: right; \"><br></div>\r\n\r\n\r\n\r\n\r\n\r\n\r\n\r\n\r\n\n');

-- --------------------------------------------------------

--
-- بنية الجدول `top_proposals`
--

CREATE TABLE `top_proposals` (
  `id` int(10) NOT NULL,
  `proposal_id` int(10) NOT NULL
) ENGINE=InnoDB DEFAULT CHARSET=utf8mb4 COLLATE=utf8mb4_unicode_ci;

-- --------------------------------------------------------

--
-- بنية الجدول `unread_messages`
--

CREATE TABLE `unread_messages` (
  `id` int(10) NOT NULL,
  `seller_id` int(10) NOT NULL,
  `message_group_id` int(10) NOT NULL
) ENGINE=InnoDB DEFAULT CHARSET=utf8mb4 COLLATE=utf8mb4_unicode_ci;

-- --------------------------------------------------------

--
-- بنية الجدول `video_calls`
--

CREATE TABLE `video_calls` (
  `id` int(10) NOT NULL,
  `order_id` int(10) NOT NULL,
  `sender_id` int(10) NOT NULL,
  `receiver_id` int(10) NOT NULL,
  `call_number` varchar(255) COLLATE utf8mb4_unicode_ci NOT NULL,
  `call_token` longtext COLLATE utf8mb4_unicode_ci NOT NULL,
  `status` text COLLATE utf8mb4_unicode_ci NOT NULL
) ENGINE=InnoDB DEFAULT CHARSET=utf8mb4 COLLATE=utf8mb4_unicode_ci;

-- --------------------------------------------------------

--
-- بنية الجدول `video_call_messages`
--

CREATE TABLE `video_call_messages` (
  `id` int(255) NOT NULL,
  `call_id` int(10) NOT NULL,
  `sender_id` int(10) NOT NULL,
  `message` text COLLATE utf8mb4_unicode_ci NOT NULL,
  `file` varchar(255) COLLATE utf8mb4_unicode_ci NOT NULL,
  `status` varchar(255) COLLATE utf8mb4_unicode_ci NOT NULL
) ENGINE=InnoDB DEFAULT CHARSET=utf8mb4 COLLATE=utf8mb4_unicode_ci;

-- --------------------------------------------------------

--
-- بنية الجدول `video_schedules`
--

CREATE TABLE `video_schedules` (
  `id` int(10) NOT NULL,
  `title` text COLLATE utf8mb4_unicode_ci NOT NULL,
  `duration` text COLLATE utf8mb4_unicode_ci NOT NULL
) ENGINE=InnoDB DEFAULT CHARSET=utf8mb4 COLLATE=utf8mb4_unicode_ci;

--
-- إرجاع أو استيراد بيانات الجدول `video_schedules`
--

INSERT INTO `video_schedules` (`id`, `title`, `duration`) VALUES
(10, '1 Day', '1'),
(11, '2 Days', '2'),
(12, '3 Days', '3');

-- --------------------------------------------------------

--
-- بنية الجدول `withdrawals`
--

CREATE TABLE `withdrawals` (
  `id` int(10) NOT NULL,
  `seller_id` int(10) NOT NULL,
  `method` text COLLATE utf8mb4_unicode_ci NOT NULL,
  `amount` int(10) NOT NULL,
  `date` text COLLATE utf8mb4_unicode_ci NOT NULL
) ENGINE=InnoDB DEFAULT CHARSET=utf8mb4 COLLATE=utf8mb4_unicode_ci;

--
-- Indexes for dumped tables
--

--
-- Indexes for table `admins`
--
ALTER TABLE `admins`
  ADD PRIMARY KEY (`admin_id`);

--
-- Indexes for table `admin_logs`
--
ALTER TABLE `admin_logs`
  ADD PRIMARY KEY (`id`);

--
-- Indexes for table `admin_notifications`
--
ALTER TABLE `admin_notifications`
  ADD PRIMARY KEY (`id`);

--
-- Indexes for table `admin_rights`
--
ALTER TABLE `admin_rights`
  ADD PRIMARY KEY (`id`);

--
-- Indexes for table `announcement_bar`
--
ALTER TABLE `announcement_bar`
  ADD PRIMARY KEY (`id`);

--
-- Indexes for table `api_settings`
--
ALTER TABLE `api_settings`
  ADD PRIMARY KEY (`id`);

--
-- Indexes for table `app_info`
--
ALTER TABLE `app_info`
  ADD PRIMARY KEY (`id`);

--
-- Indexes for table `app_license`
--
ALTER TABLE `app_license`
  ADD PRIMARY KEY (`id`);

--
-- Indexes for table `archived_messages`
--
ALTER TABLE `archived_messages`
  ADD PRIMARY KEY (`id`);

--
-- Indexes for table `article_cat`
--
ALTER TABLE `article_cat`
  ADD PRIMARY KEY (`article_cat_id`);

--
-- Indexes for table `buyer_requests`
--
ALTER TABLE `buyer_requests`
  ADD PRIMARY KEY (`request_id`);

--
-- Indexes for table `buyer_reviews`
--
ALTER TABLE `buyer_reviews`
  ADD PRIMARY KEY (`review_id`);

--
-- Indexes for table `cart`
--
ALTER TABLE `cart`
  ADD PRIMARY KEY (`cart_id`);

--
-- Indexes for table `cart_extras`
--
ALTER TABLE `cart_extras`
  ADD PRIMARY KEY (`id`);

--
-- Indexes for table `categories`
--
ALTER TABLE `categories`
  ADD PRIMARY KEY (`cat_id`);

--
-- Indexes for table `categories_children`
--
ALTER TABLE `categories_children`
  ADD PRIMARY KEY (`child_id`);

--
-- Indexes for table `cats_meta`
--
ALTER TABLE `cats_meta`
  ADD PRIMARY KEY (`id`);

--
-- Indexes for table `chat_type_status`
--
ALTER TABLE `chat_type_status`
  ADD PRIMARY KEY (`id`);

--
-- Indexes for table `child_cats_meta`
--
ALTER TABLE `child_cats_meta`
  ADD PRIMARY KEY (`id`);

--
-- Indexes for table `comments`
--
ALTER TABLE `comments`
  ADD PRIMARY KEY (`id`);

--
-- Indexes for table `contact_support`
--
ALTER TABLE `contact_support`
  ADD PRIMARY KEY (`contact_id`);

--
-- Indexes for table `contact_support_meta`
--
ALTER TABLE `contact_support_meta`
  ADD PRIMARY KEY (`id`);

--
-- Indexes for table `countries`
--
ALTER TABLE `countries`
  ADD PRIMARY KEY (`id`);

--
-- Indexes for table `coupons`
--
ALTER TABLE `coupons`
  ADD PRIMARY KEY (`coupon_id`);

--
-- Indexes for table `coupons_used`
--
ALTER TABLE `coupons_used`
  ADD PRIMARY KEY (`id`);

--
-- Indexes for table `currencies`
--
ALTER TABLE `currencies`
  ADD PRIMARY KEY (`id`);

--
-- Indexes for table `currency_converter_settings`
--
ALTER TABLE `currency_converter_settings`
  ADD PRIMARY KEY (`id`);

--
-- Indexes for table `delivery_times`
--
ALTER TABLE `delivery_times`
  ADD PRIMARY KEY (`delivery_id`);

--
-- Indexes for table `dusupay_orders`
--
ALTER TABLE `dusupay_orders`
  ADD PRIMARY KEY (`id`);

--
-- Indexes for table `enquiry_types`
--
ALTER TABLE `enquiry_types`
  ADD PRIMARY KEY (`enquiry_id`);

--
-- Indexes for table `expenses`
--
ALTER TABLE `expenses`
  ADD PRIMARY KEY (`id`);

--
-- Indexes for table `favorites`
--
ALTER TABLE `favorites`
  ADD PRIMARY KEY (`favourite_id`);

--
-- Indexes for table `featured_proposals`
--
ALTER TABLE `featured_proposals`
  ADD PRIMARY KEY (`featured_id`);

--
-- Indexes for table `footer_links`
--
ALTER TABLE `footer_links`
  ADD PRIMARY KEY (`link_id`);

--
-- Indexes for table `general_settings`
--
ALTER TABLE `general_settings`
  ADD PRIMARY KEY (`id`);

--
-- Indexes for table `hide_seller_messages`
--
ALTER TABLE `hide_seller_messages`
  ADD PRIMARY KEY (`id`);

--
-- Indexes for table `home_cards`
--
ALTER TABLE `home_cards`
  ADD PRIMARY KEY (`card_id`);

--
-- Indexes for table `home_section`
--
ALTER TABLE `home_section`
  ADD PRIMARY KEY (`section_id`);

--
-- Indexes for table `home_section_slider`
--
ALTER TABLE `home_section_slider`
  ADD PRIMARY KEY (`slide_id`);

--
-- Indexes for table `ideas`
--
ALTER TABLE `ideas`
  ADD PRIMARY KEY (`id`);

--
-- Indexes for table `inbox_messages`
--
ALTER TABLE `inbox_messages`
  ADD PRIMARY KEY (`message_id`);

--
-- Indexes for table `inbox_sellers`
--
ALTER TABLE `inbox_sellers`
  ADD PRIMARY KEY (`inbox_seller_id`);

--
-- Indexes for table `instant_deliveries`
--
ALTER TABLE `instant_deliveries`
  ADD PRIMARY KEY (`id`);

--
-- Indexes for table `knowledge_bank`
--
ALTER TABLE `knowledge_bank`
  ADD PRIMARY KEY (`article_id`);

--
-- Indexes for table `languages`
--
ALTER TABLE `languages`
  ADD PRIMARY KEY (`id`);

--
-- Indexes for table `languages_relation`
--
ALTER TABLE `languages_relation`
  ADD PRIMARY KEY (`relation_id`);

--
-- Indexes for table `messages_offers`
--
ALTER TABLE `messages_offers`
  ADD PRIMARY KEY (`offer_id`);

--
-- Indexes for table `missed_calls`
--
ALTER TABLE `missed_calls`
  ADD PRIMARY KEY (`id`);

--
-- Indexes for table `my_buyers`
--
ALTER TABLE `my_buyers`
  ADD PRIMARY KEY (`id`);

--
-- Indexes for table `my_sellers`
--
ALTER TABLE `my_sellers`
  ADD PRIMARY KEY (`id`);

--
-- Indexes for table `notifications`
--
ALTER TABLE `notifications`
  ADD PRIMARY KEY (`notification_id`);

--
-- Indexes for table `orders`
--
ALTER TABLE `orders`
  ADD PRIMARY KEY (`order_id`);

--
-- Indexes for table `order_conversations`
--
ALTER TABLE `order_conversations`
  ADD PRIMARY KEY (`c_id`);

--
-- Indexes for table `order_extend_time`
--
ALTER TABLE `order_extend_time`
  ADD PRIMARY KEY (`id`);

--
-- Indexes for table `order_extras`
--
ALTER TABLE `order_extras`
  ADD PRIMARY KEY (`id`);

--
-- Indexes for table `order_schedules`
--
ALTER TABLE `order_schedules`
  ADD PRIMARY KEY (`id`);

--
-- Indexes for table `order_tips`
--
ALTER TABLE `order_tips`
  ADD PRIMARY KEY (`id`);

--
-- Indexes for table `package_attributes`
--
ALTER TABLE `package_attributes`
  ADD PRIMARY KEY (`attribute_id`);

--
-- Indexes for table `pages`
--
ALTER TABLE `pages`
  ADD PRIMARY KEY (`id`);

--
-- Indexes for table `pages_meta`
--
ALTER TABLE `pages_meta`
  ADD PRIMARY KEY (`id`);

--
-- Indexes for table `payment_settings`
--
ALTER TABLE `payment_settings`
  ADD PRIMARY KEY (`id`);

--
-- Indexes for table `payouts`
--
ALTER TABLE `payouts`
  ADD PRIMARY KEY (`id`);

--
-- Indexes for table `plugins`
--
ALTER TABLE `plugins`
  ADD PRIMARY KEY (`id`);

--
-- Indexes for table `posts`
--
ALTER TABLE `posts`
  ADD PRIMARY KEY (`id`);

--
-- Indexes for table `posts_meta`
--
ALTER TABLE `posts_meta`
  ADD PRIMARY KEY (`id`);

--
-- Indexes for table `post_categories`
--
ALTER TABLE `post_categories`
  ADD PRIMARY KEY (`id`);

--
-- Indexes for table `post_categories_meta`
--
ALTER TABLE `post_categories_meta`
  ADD PRIMARY KEY (`id`);

--
-- Indexes for table `post_comments`
--
ALTER TABLE `post_comments`
  ADD PRIMARY KEY (`id`);

--
-- Indexes for table `proposals`
--
ALTER TABLE `proposals`
  ADD PRIMARY KEY (`proposal_id`);

--
-- Indexes for table `proposals_extras`
--
ALTER TABLE `proposals_extras`
  ADD PRIMARY KEY (`id`);

--
-- Indexes for table `proposals_faq`
--
ALTER TABLE `proposals_faq`
  ADD PRIMARY KEY (`id`);

--
-- Indexes for table `proposal_modifications`
--
ALTER TABLE `proposal_modifications`
  ADD PRIMARY KEY (`modification_id`);

--
-- Indexes for table `proposal_packages`
--
ALTER TABLE `proposal_packages`
  ADD PRIMARY KEY (`package_id`);

--
-- Indexes for table `proposal_referrals`
--
ALTER TABLE `proposal_referrals`
  ADD PRIMARY KEY (`referral_id`);

--
-- Indexes for table `proposal_videosettings`
--
ALTER TABLE `proposal_videosettings`
  ADD PRIMARY KEY (`id`);

--
-- Indexes for table `purchases`
--
ALTER TABLE `purchases`
  ADD PRIMARY KEY (`purchase_id`);

--
-- Indexes for table `recent_proposals`
--
ALTER TABLE `recent_proposals`
  ADD PRIMARY KEY (`recent_id`);

--
-- Indexes for table `referrals`
--
ALTER TABLE `referrals`
  ADD PRIMARY KEY (`referral_id`);

--
-- Indexes for table `reports`
--
ALTER TABLE `reports`
  ADD PRIMARY KEY (`id`);

--
-- Indexes for table `revenues`
--
ALTER TABLE `revenues`
  ADD PRIMARY KEY (`revenue_id`);

--
-- Indexes for table `sales`
--
ALTER TABLE `sales`
  ADD PRIMARY KEY (`id`);

--
-- Indexes for table `section_boxes`
--
ALTER TABLE `section_boxes`
  ADD PRIMARY KEY (`box_id`);

--
-- Indexes for table `sellers`
--
ALTER TABLE `sellers`
  ADD PRIMARY KEY (`seller_id`);

--
-- Indexes for table `seller_accounts`
--
ALTER TABLE `seller_accounts`
  ADD PRIMARY KEY (`account_id`);

--
-- Indexes for table `seller_languages`
--
ALTER TABLE `seller_languages`
  ADD PRIMARY KEY (`language_id`);

--
-- Indexes for table `seller_levels`
--
ALTER TABLE `seller_levels`
  ADD PRIMARY KEY (`level_id`);

--
-- Indexes for table `seller_levels_meta`
--
ALTER TABLE `seller_levels_meta`
  ADD PRIMARY KEY (`id`);

--
-- Indexes for table `seller_payment_settings`
--
ALTER TABLE `seller_payment_settings`
  ADD PRIMARY KEY (`id`);

--
-- Indexes for table `seller_reviews`
--
ALTER TABLE `seller_reviews`
  ADD PRIMARY KEY (`review_id`);

--
-- Indexes for table `seller_settings`
--
ALTER TABLE `seller_settings`
  ADD PRIMARY KEY (`id`);

--
-- Indexes for table `seller_skills`
--
ALTER TABLE `seller_skills`
  ADD PRIMARY KEY (`skill_id`);

--
-- Indexes for table `seller_type_status`
--
ALTER TABLE `seller_type_status`
  ADD PRIMARY KEY (`id`);

--
-- Indexes for table `send_offers`
--
ALTER TABLE `send_offers`
  ADD PRIMARY KEY (`offer_id`);

--
-- Indexes for table `site_currencies`
--
ALTER TABLE `site_currencies`
  ADD PRIMARY KEY (`id`);

--
-- Indexes for table `skills_relation`
--
ALTER TABLE `skills_relation`
  ADD PRIMARY KEY (`relation_id`);

--
-- Indexes for table `slider`
--
ALTER TABLE `slider`
  ADD PRIMARY KEY (`slide_id`);

--
-- Indexes for table `smtp_settings`
--
ALTER TABLE `smtp_settings`
  ADD PRIMARY KEY (`id`);

--
-- Indexes for table `spam_words`
--
ALTER TABLE `spam_words`
  ADD PRIMARY KEY (`id`);

--
-- Indexes for table `starred_messages`
--
ALTER TABLE `starred_messages`
  ADD PRIMARY KEY (`id`);

--
-- Indexes for table `support_conversations`
--
ALTER TABLE `support_conversations`
  ADD PRIMARY KEY (`id`);

--
-- Indexes for table `support_tickets`
--
ALTER TABLE `support_tickets`
  ADD PRIMARY KEY (`ticket_id`);

--
-- Indexes for table `temp_extras`
--
ALTER TABLE `temp_extras`
  ADD PRIMARY KEY (`id`);

--
-- Indexes for table `temp_orders`
--
ALTER TABLE `temp_orders`
  ADD PRIMARY KEY (`id`);

--
-- Indexes for table `terms`
--
ALTER TABLE `terms`
  ADD PRIMARY KEY (`term_id`);

--
-- Indexes for table `top_proposals`
--
ALTER TABLE `top_proposals`
  ADD PRIMARY KEY (`id`);

--
-- Indexes for table `unread_messages`
--
ALTER TABLE `unread_messages`
  ADD PRIMARY KEY (`id`);

--
-- Indexes for table `video_calls`
--
ALTER TABLE `video_calls`
  ADD PRIMARY KEY (`id`);

--
-- Indexes for table `video_call_messages`
--
ALTER TABLE `video_call_messages`
  ADD PRIMARY KEY (`id`);

--
-- Indexes for table `video_schedules`
--
ALTER TABLE `video_schedules`
  ADD PRIMARY KEY (`id`);

--
-- Indexes for table `withdrawals`
--
ALTER TABLE `withdrawals`
  ADD PRIMARY KEY (`id`);

--
-- AUTO_INCREMENT for dumped tables
--

--
-- AUTO_INCREMENT for table `admins`
--
ALTER TABLE `admins`
  MODIFY `admin_id` int(10) NOT NULL AUTO_INCREMENT, AUTO_INCREMENT=11;

--
-- AUTO_INCREMENT for table `admin_logs`
--
ALTER TABLE `admin_logs`
  MODIFY `id` int(100) NOT NULL AUTO_INCREMENT, AUTO_INCREMENT=500;

--
-- AUTO_INCREMENT for table `admin_notifications`
--
ALTER TABLE `admin_notifications`
  MODIFY `id` int(10) NOT NULL AUTO_INCREMENT, AUTO_INCREMENT=2;

--
-- AUTO_INCREMENT for table `admin_rights`
--
ALTER TABLE `admin_rights`
  MODIFY `id` int(10) NOT NULL AUTO_INCREMENT, AUTO_INCREMENT=3;

--
-- AUTO_INCREMENT for table `announcement_bar`
--
ALTER TABLE `announcement_bar`
  MODIFY `id` int(10) NOT NULL AUTO_INCREMENT, AUTO_INCREMENT=5;

--
-- AUTO_INCREMENT for table `api_settings`
--
ALTER TABLE `api_settings`
  MODIFY `id` int(10) NOT NULL AUTO_INCREMENT, AUTO_INCREMENT=2;

--
-- AUTO_INCREMENT for table `app_info`
--
ALTER TABLE `app_info`
  MODIFY `id` int(100) NOT NULL AUTO_INCREMENT, AUTO_INCREMENT=2;

--
-- AUTO_INCREMENT for table `app_license`
--
ALTER TABLE `app_license`
  MODIFY `id` int(100) NOT NULL AUTO_INCREMENT, AUTO_INCREMENT=3;

--
-- AUTO_INCREMENT for table `archived_messages`
--
ALTER TABLE `archived_messages`
  MODIFY `id` int(10) NOT NULL AUTO_INCREMENT;

--
-- AUTO_INCREMENT for table `article_cat`
--
ALTER TABLE `article_cat`
  MODIFY `article_cat_id` int(11) NOT NULL AUTO_INCREMENT, AUTO_INCREMENT=2;

--
-- AUTO_INCREMENT for table `buyer_requests`
--
ALTER TABLE `buyer_requests`
  MODIFY `request_id` int(10) NOT NULL AUTO_INCREMENT, AUTO_INCREMENT=2;

--
-- AUTO_INCREMENT for table `buyer_reviews`
--
ALTER TABLE `buyer_reviews`
  MODIFY `review_id` int(10) NOT NULL AUTO_INCREMENT;

--
-- AUTO_INCREMENT for table `cart`
--
ALTER TABLE `cart`
  MODIFY `cart_id` int(10) NOT NULL AUTO_INCREMENT, AUTO_INCREMENT=22;

--
-- AUTO_INCREMENT for table `cart_extras`
--
ALTER TABLE `cart_extras`
  MODIFY `id` int(10) NOT NULL AUTO_INCREMENT, AUTO_INCREMENT=19;

--
-- AUTO_INCREMENT for table `categories`
--
ALTER TABLE `categories`
  MODIFY `cat_id` int(10) NOT NULL AUTO_INCREMENT, AUTO_INCREMENT=12;

--
-- AUTO_INCREMENT for table `categories_children`
--
ALTER TABLE `categories_children`
  MODIFY `child_id` int(10) NOT NULL AUTO_INCREMENT, AUTO_INCREMENT=124;

--
-- AUTO_INCREMENT for table `cats_meta`
--
ALTER TABLE `cats_meta`
  MODIFY `id` int(10) NOT NULL AUTO_INCREMENT, AUTO_INCREMENT=820;

--
-- AUTO_INCREMENT for table `chat_type_status`
--
ALTER TABLE `chat_type_status`
  MODIFY `id` int(10) NOT NULL AUTO_INCREMENT, AUTO_INCREMENT=33;

--
-- AUTO_INCREMENT for table `child_cats_meta`
--
ALTER TABLE `child_cats_meta`
  MODIFY `id` int(10) NOT NULL AUTO_INCREMENT, AUTO_INCREMENT=6955;

--
-- AUTO_INCREMENT for table `comments`
--
ALTER TABLE `comments`
  MODIFY `id` int(10) NOT NULL AUTO_INCREMENT, AUTO_INCREMENT=8;

--
-- AUTO_INCREMENT for table `contact_support`
--
ALTER TABLE `contact_support`
  MODIFY `contact_id` int(10) NOT NULL AUTO_INCREMENT, AUTO_INCREMENT=2;

--
-- AUTO_INCREMENT for table `contact_support_meta`
--
ALTER TABLE `contact_support_meta`
  MODIFY `id` int(10) NOT NULL AUTO_INCREMENT, AUTO_INCREMENT=2;

--
-- AUTO_INCREMENT for table `countries`
--
ALTER TABLE `countries`
  MODIFY `id` int(10) NOT NULL AUTO_INCREMENT, AUTO_INCREMENT=246;

--
-- AUTO_INCREMENT for table `coupons`
--
ALTER TABLE `coupons`
  MODIFY `coupon_id` int(10) NOT NULL AUTO_INCREMENT;

--
-- AUTO_INCREMENT for table `coupons_used`
--
ALTER TABLE `coupons_used`
  MODIFY `id` int(100) NOT NULL AUTO_INCREMENT;

--
-- AUTO_INCREMENT for table `currencies`
--
ALTER TABLE `currencies`
  MODIFY `id` int(10) NOT NULL AUTO_INCREMENT, AUTO_INCREMENT=160;

--
-- AUTO_INCREMENT for table `currency_converter_settings`
--
ALTER TABLE `currency_converter_settings`
  MODIFY `id` int(10) NOT NULL AUTO_INCREMENT, AUTO_INCREMENT=2;

--
-- AUTO_INCREMENT for table `delivery_times`
--
ALTER TABLE `delivery_times`
  MODIFY `delivery_id` int(10) NOT NULL AUTO_INCREMENT, AUTO_INCREMENT=9;

--
-- AUTO_INCREMENT for table `dusupay_orders`
--
ALTER TABLE `dusupay_orders`
  MODIFY `id` int(10) NOT NULL AUTO_INCREMENT, AUTO_INCREMENT=115;

--
-- AUTO_INCREMENT for table `enquiry_types`
--
ALTER TABLE `enquiry_types`
  MODIFY `enquiry_id` int(10) NOT NULL AUTO_INCREMENT, AUTO_INCREMENT=5;

--
-- AUTO_INCREMENT for table `expenses`
--
ALTER TABLE `expenses`
  MODIFY `id` int(10) NOT NULL AUTO_INCREMENT;

--
-- AUTO_INCREMENT for table `favorites`
--
ALTER TABLE `favorites`
  MODIFY `favourite_id` int(10) NOT NULL AUTO_INCREMENT, AUTO_INCREMENT=2;

--
-- AUTO_INCREMENT for table `featured_proposals`
--
ALTER TABLE `featured_proposals`
  MODIFY `featured_id` int(10) NOT NULL AUTO_INCREMENT, AUTO_INCREMENT=14;

--
-- AUTO_INCREMENT for table `footer_links`
--
ALTER TABLE `footer_links`
  MODIFY `link_id` int(10) NOT NULL AUTO_INCREMENT, AUTO_INCREMENT=40;

--
-- AUTO_INCREMENT for table `general_settings`
--
ALTER TABLE `general_settings`
  MODIFY `id` int(10) NOT NULL AUTO_INCREMENT, AUTO_INCREMENT=3;

--
-- AUTO_INCREMENT for table `hide_seller_messages`
--
ALTER TABLE `hide_seller_messages`
  MODIFY `id` int(10) NOT NULL AUTO_INCREMENT;

--
-- AUTO_INCREMENT for table `home_cards`
--
ALTER TABLE `home_cards`
  MODIFY `card_id` int(10) NOT NULL AUTO_INCREMENT, AUTO_INCREMENT=13;

--
-- AUTO_INCREMENT for table `home_section`
--
ALTER TABLE `home_section`
  MODIFY `section_id` int(10) NOT NULL AUTO_INCREMENT, AUTO_INCREMENT=2;

--
-- AUTO_INCREMENT for table `home_section_slider`
--
ALTER TABLE `home_section_slider`
  MODIFY `slide_id` int(100) NOT NULL AUTO_INCREMENT, AUTO_INCREMENT=10;

--
-- AUTO_INCREMENT for table `ideas`
--
ALTER TABLE `ideas`
  MODIFY `id` int(100) NOT NULL AUTO_INCREMENT, AUTO_INCREMENT=8;

--
-- AUTO_INCREMENT for table `inbox_messages`
--
ALTER TABLE `inbox_messages`
  MODIFY `message_id` int(10) NOT NULL AUTO_INCREMENT, AUTO_INCREMENT=15;

--
-- AUTO_INCREMENT for table `inbox_sellers`
--
ALTER TABLE `inbox_sellers`
  MODIFY `inbox_seller_id` int(10) NOT NULL AUTO_INCREMENT, AUTO_INCREMENT=24;

--
-- AUTO_INCREMENT for table `instant_deliveries`
--
ALTER TABLE `instant_deliveries`
  MODIFY `id` int(10) NOT NULL AUTO_INCREMENT, AUTO_INCREMENT=267;

--
-- AUTO_INCREMENT for table `knowledge_bank`
--
ALTER TABLE `knowledge_bank`
  MODIFY `article_id` int(11) NOT NULL AUTO_INCREMENT, AUTO_INCREMENT=2;

--
-- AUTO_INCREMENT for table `languages`
--
ALTER TABLE `languages`
  MODIFY `id` int(10) NOT NULL AUTO_INCREMENT, AUTO_INCREMENT=3;

--
-- AUTO_INCREMENT for table `languages_relation`
--
ALTER TABLE `languages_relation`
  MODIFY `relation_id` int(10) NOT NULL AUTO_INCREMENT, AUTO_INCREMENT=46;

--
-- AUTO_INCREMENT for table `messages_offers`
--
ALTER TABLE `messages_offers`
  MODIFY `offer_id` int(10) NOT NULL AUTO_INCREMENT;

--
-- AUTO_INCREMENT for table `missed_calls`
--
ALTER TABLE `missed_calls`
  MODIFY `id` int(100) NOT NULL AUTO_INCREMENT, AUTO_INCREMENT=73;

--
-- AUTO_INCREMENT for table `my_buyers`
--
ALTER TABLE `my_buyers`
  MODIFY `id` int(10) NOT NULL AUTO_INCREMENT, AUTO_INCREMENT=4;

--
-- AUTO_INCREMENT for table `my_sellers`
--
ALTER TABLE `my_sellers`
  MODIFY `id` int(10) NOT NULL AUTO_INCREMENT, AUTO_INCREMENT=4;

--
-- AUTO_INCREMENT for table `notifications`
--
ALTER TABLE `notifications`
  MODIFY `notification_id` int(10) NOT NULL AUTO_INCREMENT, AUTO_INCREMENT=98;

--
-- AUTO_INCREMENT for table `orders`
--
ALTER TABLE `orders`
  MODIFY `order_id` int(10) NOT NULL AUTO_INCREMENT, AUTO_INCREMENT=5;

--
-- AUTO_INCREMENT for table `order_conversations`
--
ALTER TABLE `order_conversations`
  MODIFY `c_id` int(10) NOT NULL AUTO_INCREMENT, AUTO_INCREMENT=7;

--
-- AUTO_INCREMENT for table `order_extend_time`
--
ALTER TABLE `order_extend_time`
  MODIFY `id` int(10) NOT NULL AUTO_INCREMENT, AUTO_INCREMENT=174;

--
-- AUTO_INCREMENT for table `order_extras`
--
ALTER TABLE `order_extras`
  MODIFY `id` int(10) NOT NULL AUTO_INCREMENT;

--
-- AUTO_INCREMENT for table `order_schedules`
--
ALTER TABLE `order_schedules`
  MODIFY `id` int(10) NOT NULL AUTO_INCREMENT, AUTO_INCREMENT=28;

--
-- AUTO_INCREMENT for table `order_tips`
--
ALTER TABLE `order_tips`
  MODIFY `id` int(10) NOT NULL AUTO_INCREMENT, AUTO_INCREMENT=10;

--
-- AUTO_INCREMENT for table `package_attributes`
--
ALTER TABLE `package_attributes`
  MODIFY `attribute_id` int(100) NOT NULL AUTO_INCREMENT, AUTO_INCREMENT=7;

--
-- AUTO_INCREMENT for table `pages`
--
ALTER TABLE `pages`
  MODIFY `id` int(10) NOT NULL AUTO_INCREMENT, AUTO_INCREMENT=12;

--
-- AUTO_INCREMENT for table `pages_meta`
--
ALTER TABLE `pages_meta`
  MODIFY `id` int(11) NOT NULL AUTO_INCREMENT, AUTO_INCREMENT=21;

--
-- AUTO_INCREMENT for table `payment_settings`
--
ALTER TABLE `payment_settings`
  MODIFY `id` int(10) NOT NULL AUTO_INCREMENT, AUTO_INCREMENT=2;

--
-- AUTO_INCREMENT for table `payouts`
--
ALTER TABLE `payouts`
  MODIFY `id` int(255) NOT NULL AUTO_INCREMENT, AUTO_INCREMENT=2;

--
-- AUTO_INCREMENT for table `plugins`
--
ALTER TABLE `plugins`
  MODIFY `id` int(10) NOT NULL AUTO_INCREMENT, AUTO_INCREMENT=13;

--
-- AUTO_INCREMENT for table `posts`
--
ALTER TABLE `posts`
  MODIFY `id` int(11) NOT NULL AUTO_INCREMENT, AUTO_INCREMENT=33;

--
-- AUTO_INCREMENT for table `posts_meta`
--
ALTER TABLE `posts_meta`
  MODIFY `id` int(11) NOT NULL AUTO_INCREMENT, AUTO_INCREMENT=39;

--
-- AUTO_INCREMENT for table `post_categories`
--
ALTER TABLE `post_categories`
  MODIFY `id` int(11) NOT NULL AUTO_INCREMENT, AUTO_INCREMENT=42;

--
-- AUTO_INCREMENT for table `post_categories_meta`
--
ALTER TABLE `post_categories_meta`
  MODIFY `id` int(11) NOT NULL AUTO_INCREMENT, AUTO_INCREMENT=29;

--
-- AUTO_INCREMENT for table `post_comments`
--
ALTER TABLE `post_comments`
  MODIFY `id` int(10) NOT NULL AUTO_INCREMENT, AUTO_INCREMENT=19;

--
-- AUTO_INCREMENT for table `proposals`
--
ALTER TABLE `proposals`
  MODIFY `proposal_id` int(10) NOT NULL AUTO_INCREMENT, AUTO_INCREMENT=137;

--
-- AUTO_INCREMENT for table `proposals_extras`
--
ALTER TABLE `proposals_extras`
  MODIFY `id` int(10) NOT NULL AUTO_INCREMENT, AUTO_INCREMENT=16;

--
-- AUTO_INCREMENT for table `proposals_faq`
--
ALTER TABLE `proposals_faq`
  MODIFY `id` int(10) NOT NULL AUTO_INCREMENT, AUTO_INCREMENT=5;

--
-- AUTO_INCREMENT for table `proposal_modifications`
--
ALTER TABLE `proposal_modifications`
  MODIFY `modification_id` int(10) NOT NULL AUTO_INCREMENT, AUTO_INCREMENT=3;

--
-- AUTO_INCREMENT for table `proposal_packages`
--
ALTER TABLE `proposal_packages`
  MODIFY `package_id` int(100) NOT NULL AUTO_INCREMENT, AUTO_INCREMENT=310;

--
-- AUTO_INCREMENT for table `proposal_referrals`
--
ALTER TABLE `proposal_referrals`
  MODIFY `referral_id` int(10) NOT NULL AUTO_INCREMENT;

--
-- AUTO_INCREMENT for table `proposal_videosettings`
--
ALTER TABLE `proposal_videosettings`
  MODIFY `id` int(10) NOT NULL AUTO_INCREMENT, AUTO_INCREMENT=477;

--
-- AUTO_INCREMENT for table `purchases`
--
ALTER TABLE `purchases`
  MODIFY `purchase_id` int(10) NOT NULL AUTO_INCREMENT, AUTO_INCREMENT=5;

--
-- AUTO_INCREMENT for table `recent_proposals`
--
ALTER TABLE `recent_proposals`
  MODIFY `recent_id` int(10) NOT NULL AUTO_INCREMENT, AUTO_INCREMENT=209;

--
-- AUTO_INCREMENT for table `referrals`
--
ALTER TABLE `referrals`
  MODIFY `referral_id` int(10) NOT NULL AUTO_INCREMENT;

--
-- AUTO_INCREMENT for table `reports`
--
ALTER TABLE `reports`
  MODIFY `id` int(10) NOT NULL AUTO_INCREMENT;

--
-- AUTO_INCREMENT for table `revenues`
--
ALTER TABLE `revenues`
  MODIFY `revenue_id` int(10) NOT NULL AUTO_INCREMENT, AUTO_INCREMENT=2;

--
-- AUTO_INCREMENT for table `sales`
--
ALTER TABLE `sales`
  MODIFY `id` int(10) NOT NULL AUTO_INCREMENT, AUTO_INCREMENT=6;

--
-- AUTO_INCREMENT for table `section_boxes`
--
ALTER TABLE `section_boxes`
  MODIFY `box_id` int(10) NOT NULL AUTO_INCREMENT, AUTO_INCREMENT=10;

--
-- AUTO_INCREMENT for table `sellers`
--
ALTER TABLE `sellers`
  MODIFY `seller_id` int(10) NOT NULL AUTO_INCREMENT, AUTO_INCREMENT=175;

--
-- AUTO_INCREMENT for table `seller_accounts`
--
ALTER TABLE `seller_accounts`
  MODIFY `account_id` int(10) NOT NULL AUTO_INCREMENT, AUTO_INCREMENT=132;

--
-- AUTO_INCREMENT for table `seller_languages`
--
ALTER TABLE `seller_languages`
  MODIFY `language_id` int(10) NOT NULL AUTO_INCREMENT, AUTO_INCREMENT=5;

--
-- AUTO_INCREMENT for table `seller_levels`
--
ALTER TABLE `seller_levels`
  MODIFY `level_id` int(10) NOT NULL AUTO_INCREMENT, AUTO_INCREMENT=5;

--
-- AUTO_INCREMENT for table `seller_levels_meta`
--
ALTER TABLE `seller_levels_meta`
  MODIFY `id` int(10) NOT NULL AUTO_INCREMENT, AUTO_INCREMENT=9;

--
-- AUTO_INCREMENT for table `seller_payment_settings`
--
ALTER TABLE `seller_payment_settings`
  MODIFY `id` int(10) NOT NULL AUTO_INCREMENT, AUTO_INCREMENT=5;

--
-- AUTO_INCREMENT for table `seller_reviews`
--
ALTER TABLE `seller_reviews`
  MODIFY `review_id` int(10) NOT NULL AUTO_INCREMENT, AUTO_INCREMENT=2;

--
-- AUTO_INCREMENT for table `seller_settings`
--
ALTER TABLE `seller_settings`
  MODIFY `id` int(100) NOT NULL AUTO_INCREMENT, AUTO_INCREMENT=62;

--
-- AUTO_INCREMENT for table `seller_skills`
--
ALTER TABLE `seller_skills`
  MODIFY `skill_id` int(10) NOT NULL AUTO_INCREMENT, AUTO_INCREMENT=14;

--
-- AUTO_INCREMENT for table `seller_type_status`
--
ALTER TABLE `seller_type_status`
  MODIFY `id` int(10) NOT NULL AUTO_INCREMENT, AUTO_INCREMENT=11;

--
-- AUTO_INCREMENT for table `send_offers`
--
ALTER TABLE `send_offers`
  MODIFY `offer_id` int(10) NOT NULL AUTO_INCREMENT;

--
-- AUTO_INCREMENT for table `site_currencies`
--
ALTER TABLE `site_currencies`
  MODIFY `id` int(10) NOT NULL AUTO_INCREMENT, AUTO_INCREMENT=8;

--
-- AUTO_INCREMENT for table `skills_relation`
--
ALTER TABLE `skills_relation`
  MODIFY `relation_id` int(10) NOT NULL AUTO_INCREMENT, AUTO_INCREMENT=34;

--
-- AUTO_INCREMENT for table `slider`
--
ALTER TABLE `slider`
  MODIFY `slide_id` int(10) NOT NULL AUTO_INCREMENT, AUTO_INCREMENT=34;

--
-- AUTO_INCREMENT for table `smtp_settings`
--
ALTER TABLE `smtp_settings`
  MODIFY `id` int(10) NOT NULL AUTO_INCREMENT, AUTO_INCREMENT=2;

--
-- AUTO_INCREMENT for table `spam_words`
--
ALTER TABLE `spam_words`
  MODIFY `id` int(10) NOT NULL AUTO_INCREMENT, AUTO_INCREMENT=20;

--
-- AUTO_INCREMENT for table `starred_messages`
--
ALTER TABLE `starred_messages`
  MODIFY `id` int(10) NOT NULL AUTO_INCREMENT;

--
-- AUTO_INCREMENT for table `support_conversations`
--
ALTER TABLE `support_conversations`
  MODIFY `id` int(11) NOT NULL AUTO_INCREMENT, AUTO_INCREMENT=44;

--
-- AUTO_INCREMENT for table `support_tickets`
--
ALTER TABLE `support_tickets`
  MODIFY `ticket_id` int(10) NOT NULL AUTO_INCREMENT, AUTO_INCREMENT=3;

--
-- AUTO_INCREMENT for table `temp_extras`
--
ALTER TABLE `temp_extras`
  MODIFY `id` int(10) NOT NULL AUTO_INCREMENT, AUTO_INCREMENT=47;

--
-- AUTO_INCREMENT for table `temp_orders`
--
ALTER TABLE `temp_orders`
  MODIFY `id` int(10) NOT NULL AUTO_INCREMENT, AUTO_INCREMENT=373;

--
-- AUTO_INCREMENT for table `terms`
--
ALTER TABLE `terms`
  MODIFY `term_id` int(10) NOT NULL AUTO_INCREMENT, AUTO_INCREMENT=5;

--
-- AUTO_INCREMENT for table `top_proposals`
--
ALTER TABLE `top_proposals`
  MODIFY `id` int(10) NOT NULL AUTO_INCREMENT, AUTO_INCREMENT=2;

--
-- AUTO_INCREMENT for table `unread_messages`
--
ALTER TABLE `unread_messages`
  MODIFY `id` int(10) NOT NULL AUTO_INCREMENT;

--
-- AUTO_INCREMENT for table `video_calls`
--
ALTER TABLE `video_calls`
  MODIFY `id` int(10) NOT NULL AUTO_INCREMENT, AUTO_INCREMENT=100;

--
-- AUTO_INCREMENT for table `video_call_messages`
--
ALTER TABLE `video_call_messages`
  MODIFY `id` int(255) NOT NULL AUTO_INCREMENT, AUTO_INCREMENT=31;

--
-- AUTO_INCREMENT for table `video_schedules`
--
ALTER TABLE `video_schedules`
  MODIFY `id` int(10) NOT NULL AUTO_INCREMENT, AUTO_INCREMENT=13;

--
-- AUTO_INCREMENT for table `withdrawals`
--
ALTER TABLE `withdrawals`
  MODIFY `id` int(10) NOT NULL AUTO_INCREMENT;
COMMIT;

